[INFO] fetching crate googleapis-tonic-google-cloud-dialogflow-v2 0.11.0...
[INFO] testing googleapis-tonic-google-cloud-dialogflow-v2-0.11.0 against nightly-2024-10-28+rustflags=-Zrandomize-layout for randomize-layout
[INFO] extracting crate googleapis-tonic-google-cloud-dialogflow-v2 0.11.0 into /workspace/builds/worker-7-tc2/source
[INFO] validating manifest of crates.io crate googleapis-tonic-google-cloud-dialogflow-v2 0.11.0 on toolchain nightly-2024-10-28
[INFO] running `Command { std: CARGO_HOME="/workspace/cargo-home" RUSTUP_HOME="/workspace/rustup-home" "/workspace/cargo-home/bin/cargo" "+nightly-2024-10-28" "metadata" "--manifest-path" "Cargo.toml" "--no-deps", kill_on_drop: false }`
[INFO] started tweaking crates.io crate googleapis-tonic-google-cloud-dialogflow-v2 0.11.0
[INFO] finished tweaking crates.io crate googleapis-tonic-google-cloud-dialogflow-v2 0.11.0
[INFO] tweaked toml for crates.io crate googleapis-tonic-google-cloud-dialogflow-v2 0.11.0 written to /workspace/builds/worker-7-tc2/source/Cargo.toml
[INFO] running `Command { std: CARGO_HOME="/workspace/cargo-home" RUSTUP_HOME="/workspace/rustup-home" "/workspace/cargo-home/bin/cargo" "+nightly-2024-10-28" "generate-lockfile" "--manifest-path" "Cargo.toml", kill_on_drop: false }`
[INFO] [stderr]     Updating crates.io index
[INFO] [stderr]      Locking 58 packages to latest compatible versions
[INFO] [stderr]       Adding googleapis-tonic-google-api v0.9.0 (available: v0.10.0)
[INFO] [stderr]       Adding googleapis-tonic-google-longrunning v0.9.0 (available: v0.10.0)
[INFO] running `Command { std: CARGO_HOME="/workspace/cargo-home" RUSTUP_HOME="/workspace/rustup-home" "/workspace/cargo-home/bin/cargo" "+nightly-2024-10-28" "fetch" "--manifest-path" "Cargo.toml", kill_on_drop: false }`
[INFO] [stderr]     Blocking waiting for file lock on package cache
[INFO] [stderr]     Blocking waiting for file lock on package cache
[INFO] running `Command { std: "docker" "create" "-v" "/var/lib/crater-agent-workspace/builds/worker-7-tc2/target:/opt/rustwide/target:rw,Z" "-v" "/var/lib/crater-agent-workspace/builds/worker-7-tc2/source:/opt/rustwide/workdir:ro,Z" "-v" "/var/lib/crater-agent-workspace/cargo-home:/opt/rustwide/cargo-home:ro,Z" "-v" "/var/lib/crater-agent-workspace/rustup-home:/opt/rustwide/rustup-home:ro,Z" "-e" "SOURCE_DIR=/opt/rustwide/workdir" "-e" "CARGO_TARGET_DIR=/opt/rustwide/target" "-e" "CARGO_HOME=/opt/rustwide/cargo-home" "-e" "RUSTUP_HOME=/opt/rustwide/rustup-home" "-w" "/opt/rustwide/workdir" "-m" "1610612736" "--user" "0:0" "--network" "none" "ghcr.io/rust-lang/crates-build-env/linux@sha256:4a844ea9eb2546a2d2c7022eacef16ef2e8229c7fbb2c7d4d55a9ceca922f72d" "/opt/rustwide/cargo-home/bin/cargo" "+nightly-2024-10-28" "metadata" "--no-deps" "--format-version=1", kill_on_drop: false }`
[INFO] [stdout] c413cc314a5f320f12c61826484cc3ffa6e2cd8e9d4ff6354d759f07e8fd9730
[INFO] running `Command { std: "docker" "start" "-a" "c413cc314a5f320f12c61826484cc3ffa6e2cd8e9d4ff6354d759f07e8fd9730", kill_on_drop: false }`
[INFO] running `Command { std: "docker" "inspect" "c413cc314a5f320f12c61826484cc3ffa6e2cd8e9d4ff6354d759f07e8fd9730", kill_on_drop: false }`
[INFO] running `Command { std: "docker" "rm" "-f" "c413cc314a5f320f12c61826484cc3ffa6e2cd8e9d4ff6354d759f07e8fd9730", kill_on_drop: false }`
[INFO] [stdout] c413cc314a5f320f12c61826484cc3ffa6e2cd8e9d4ff6354d759f07e8fd9730
[INFO] running `Command { std: "docker" "create" "-v" "/var/lib/crater-agent-workspace/builds/worker-7-tc2/target:/opt/rustwide/target:rw,Z" "-v" "/var/lib/crater-agent-workspace/builds/worker-7-tc2/source:/opt/rustwide/workdir:ro,Z" "-v" "/var/lib/crater-agent-workspace/cargo-home:/opt/rustwide/cargo-home:ro,Z" "-v" "/var/lib/crater-agent-workspace/rustup-home:/opt/rustwide/rustup-home:ro,Z" "-e" "SOURCE_DIR=/opt/rustwide/workdir" "-e" "CARGO_TARGET_DIR=/opt/rustwide/target" "-e" "CARGO_INCREMENTAL=0" "-e" "RUST_BACKTRACE=full" "-e" "RUSTFLAGS=--cap-lints=forbid -Zrandomize-layout" "-e" "RUSTDOCFLAGS=--cap-lints=forbid" "-e" "CARGO_HOME=/opt/rustwide/cargo-home" "-e" "RUSTUP_HOME=/opt/rustwide/rustup-home" "-w" "/opt/rustwide/workdir" "-m" "1610612736" "--user" "0:0" "--network" "none" "ghcr.io/rust-lang/crates-build-env/linux@sha256:4a844ea9eb2546a2d2c7022eacef16ef2e8229c7fbb2c7d4d55a9ceca922f72d" "/opt/rustwide/cargo-home/bin/cargo" "+nightly-2024-10-28" "build" "--frozen" "--message-format=json", kill_on_drop: false }`
[INFO] [stdout] 464f254ad4a33f2d724b45bbd8a6521395df005a17d163acd3b263df0c698fd3
[INFO] running `Command { std: "docker" "start" "-a" "464f254ad4a33f2d724b45bbd8a6521395df005a17d163acd3b263df0c698fd3", kill_on_drop: false }`
[INFO] [stderr]    Compiling googleapis-tonic-google-longrunning v0.9.0
[INFO] [stderr]    Compiling googleapis-tonic-google-cloud-dialogflow-v2 v0.11.0 (/opt/rustwide/workdir)
[INFO] [stderr]     Finished `dev` profile [unoptimized + debuginfo] target(s) in 4.11s
[INFO] running `Command { std: "docker" "inspect" "464f254ad4a33f2d724b45bbd8a6521395df005a17d163acd3b263df0c698fd3", kill_on_drop: false }`
[INFO] running `Command { std: "docker" "rm" "-f" "464f254ad4a33f2d724b45bbd8a6521395df005a17d163acd3b263df0c698fd3", kill_on_drop: false }`
[INFO] [stdout] 464f254ad4a33f2d724b45bbd8a6521395df005a17d163acd3b263df0c698fd3
[INFO] running `Command { std: "docker" "create" "-v" "/var/lib/crater-agent-workspace/builds/worker-7-tc2/target:/opt/rustwide/target:rw,Z" "-v" "/var/lib/crater-agent-workspace/builds/worker-7-tc2/source:/opt/rustwide/workdir:ro,Z" "-v" "/var/lib/crater-agent-workspace/cargo-home:/opt/rustwide/cargo-home:ro,Z" "-v" "/var/lib/crater-agent-workspace/rustup-home:/opt/rustwide/rustup-home:ro,Z" "-e" "SOURCE_DIR=/opt/rustwide/workdir" "-e" "CARGO_TARGET_DIR=/opt/rustwide/target" "-e" "CARGO_INCREMENTAL=0" "-e" "RUST_BACKTRACE=full" "-e" "RUSTFLAGS=--cap-lints=forbid -Zrandomize-layout" "-e" "RUSTDOCFLAGS=--cap-lints=forbid" "-e" "CARGO_HOME=/opt/rustwide/cargo-home" "-e" "RUSTUP_HOME=/opt/rustwide/rustup-home" "-w" "/opt/rustwide/workdir" "-m" "1610612736" "--user" "0:0" "--network" "none" "ghcr.io/rust-lang/crates-build-env/linux@sha256:4a844ea9eb2546a2d2c7022eacef16ef2e8229c7fbb2c7d4d55a9ceca922f72d" "/opt/rustwide/cargo-home/bin/cargo" "+nightly-2024-10-28" "test" "--frozen" "--no-run" "--message-format=json", kill_on_drop: false }`
[INFO] [stdout] 5fbaa2ddde86646d41cf9fb5cf7a474dbc63a583adcb4e2a78478709cc06251e
[INFO] running `Command { std: "docker" "start" "-a" "5fbaa2ddde86646d41cf9fb5cf7a474dbc63a583adcb4e2a78478709cc06251e", kill_on_drop: false }`
[INFO] [stderr]    Compiling googleapis-tonic-google-cloud-dialogflow-v2 v0.11.0 (/opt/rustwide/workdir)
[INFO] [stderr]     Finished `test` profile [unoptimized + debuginfo] target(s) in 3.29s
[INFO] running `Command { std: "docker" "inspect" "5fbaa2ddde86646d41cf9fb5cf7a474dbc63a583adcb4e2a78478709cc06251e", kill_on_drop: false }`
[INFO] running `Command { std: "docker" "rm" "-f" "5fbaa2ddde86646d41cf9fb5cf7a474dbc63a583adcb4e2a78478709cc06251e", kill_on_drop: false }`
[INFO] [stdout] 5fbaa2ddde86646d41cf9fb5cf7a474dbc63a583adcb4e2a78478709cc06251e
[INFO] running `Command { std: "docker" "create" "-v" "/var/lib/crater-agent-workspace/builds/worker-7-tc2/target:/opt/rustwide/target:rw,Z" "-v" "/var/lib/crater-agent-workspace/builds/worker-7-tc2/source:/opt/rustwide/workdir:ro,Z" "-v" "/var/lib/crater-agent-workspace/cargo-home:/opt/rustwide/cargo-home:ro,Z" "-v" "/var/lib/crater-agent-workspace/rustup-home:/opt/rustwide/rustup-home:ro,Z" "-e" "SOURCE_DIR=/opt/rustwide/workdir" "-e" "CARGO_TARGET_DIR=/opt/rustwide/target" "-e" "CARGO_INCREMENTAL=0" "-e" "RUST_BACKTRACE=full" "-e" "RUSTFLAGS=--cap-lints=forbid -Zrandomize-layout" "-e" "RUSTDOCFLAGS=--cap-lints=forbid" "-e" "CARGO_HOME=/opt/rustwide/cargo-home" "-e" "RUSTUP_HOME=/opt/rustwide/rustup-home" "-w" "/opt/rustwide/workdir" "-m" "1610612736" "--user" "0:0" "--network" "none" "ghcr.io/rust-lang/crates-build-env/linux@sha256:4a844ea9eb2546a2d2c7022eacef16ef2e8229c7fbb2c7d4d55a9ceca922f72d" "/opt/rustwide/cargo-home/bin/cargo" "+nightly-2024-10-28" "test" "--frozen", kill_on_drop: false }`
[INFO] [stdout] 5dd87c7d90cfcf0180bf5b95a80b4d2ce1cec1835c419541a334374b90f2f1e1
[INFO] running `Command { std: "docker" "start" "-a" "5dd87c7d90cfcf0180bf5b95a80b4d2ce1cec1835c419541a334374b90f2f1e1", kill_on_drop: false }`
[INFO] [stderr]     Finished `test` profile [unoptimized + debuginfo] target(s) in 0.03s
[INFO] [stderr]      Running unittests src/lib.rs (/opt/rustwide/target/debug/deps/googleapis_tonic_google_cloud_dialogflow_v2-a68122c146f57b3d)
[INFO] [stdout] 
[INFO] [stdout] running 0 tests
[INFO] [stdout] 
[INFO] [stdout] test result: ok. 0 passed; 0 failed; 0 ignored; 0 measured; 0 filtered out; finished in 0.00s
[INFO] [stdout] 
[INFO] [stderr]    Doc-tests googleapis_tonic_google_cloud_dialogflow_v2
[INFO] [stdout] 
[INFO] [stdout] running 3 tests
[INFO] [stdout] test src/vec_u8_hash_map/google.cloud.dialogflow.v2.rs - vec_u8_hash_map::google::cloud::dialogflow::v2::StreamingRecognitionResult (line 5319) ... FAILED
[INFO] [stdout] test src/vec_u8_hash_map/google.cloud.dialogflow.v2.rs - vec_u8_hash_map::google::cloud::dialogflow::v2::Participant::documents_metadata_filters (line 5758) ... FAILED
[INFO] [stdout] test src/vec_u8_hash_map/google.cloud.dialogflow.v2.rs - vec_u8_hash_map::google::cloud::dialogflow::v2::AssistQueryParameters::documents_metadata_filters (line 6729) ... FAILED
[INFO] [stdout] 
[INFO] [stdout] failures:
[INFO] [stdout] 
[INFO] [stdout] ---- src/vec_u8_hash_map/google.cloud.dialogflow.v2.rs - vec_u8_hash_map::google::cloud::dialogflow::v2::StreamingRecognitionResult (line 5319) stdout ----
[INFO] [stdout] error: prefix `question` is unknown
[INFO] [stdout]   --> src/vec_u8_hash_map/google.cloud.dialogflow.v2.rs:5329:21
[INFO] [stdout]    |
[INFO] [stdout] 10 | 8   | " that is the question" | TRANSCRIPT              | true
[INFO] [stdout]    |                     ^^^^^^^^ unknown prefix
[INFO] [stdout]    |
[INFO] [stdout]    = note: prefixed identifiers and literals are reserved since Rust 2021
[INFO] [stdout] help: consider inserting whitespace here
[INFO] [stdout]    |
[INFO] [stdout] 10 | 8   | " that is the question " | TRANSCRIPT              | true
[INFO] [stdout]    |                             +
[INFO] [stdout] 
[INFO] [stdout] error[E0765]: unterminated double quote string
[INFO] [stdout]   --> src/vec_u8_hash_map/google.cloud.dialogflow.v2.rs:5329:29
[INFO] [stdout]    |
[INFO] [stdout] 10 | 8   | " that is the question" | TRANSCRIPT              | true
[INFO] [stdout]    |                             ^^^^^^^^^^^^^^^^^^^^^^^^^^^^^^^^^^
[INFO] [stdout] 
[INFO] [stdout] error: aborting due to 2 previous errors
[INFO] [stdout] 
[INFO] [stdout] For more information about this error, try `rustc --explain E0765`.
[INFO] [stdout] Couldn't compile the test.
[INFO] [stdout] ---- src/vec_u8_hash_map/google.cloud.dialogflow.v2.rs - vec_u8_hash_map::google::cloud::dialogflow::v2::Participant::documents_metadata_filters (line 5758) stdout ----
[INFO] [stdout] error: expected one of `,`, `.`, `?`, `}`, or an operator, found `value`
[INFO] [stdout]  --> src/vec_u8_hash_map/google.cloud.dialogflow.v2.rs:5761:4
[INFO] [stdout]   |
[INFO] [stdout] 3 | documents_metadata_filters {
[INFO] [stdout]   | -------------------------- while parsing this struct
[INFO] [stdout] 4 |    key: "market"
[INFO] [stdout]   |                 -
[INFO] [stdout]   |                 |
[INFO] [stdout]   |                 expected one of `,`, `.`, `?`, `}`, or an operator
[INFO] [stdout]   |                 help: try adding a comma: `,`
[INFO] [stdout] 5 |    value: "US,CA"
[INFO] [stdout]   |    ^^^^^ unexpected token
[INFO] [stdout] 
[INFO] [stdout] error: expected `;`, found `documents_metadata_filters`
[INFO] [stdout]  --> src/vec_u8_hash_map/google.cloud.dialogflow.v2.rs:5762:2
[INFO] [stdout]   |
[INFO] [stdout] 6 | }
[INFO] [stdout]   |  ^ help: add `;` here
[INFO] [stdout] 7 | documents_metadata_filters {
[INFO] [stdout]   | -------------------------- unexpected token
[INFO] [stdout] 
[INFO] [stdout] error: expected one of `,`, `.`, `?`, `}`, or an operator, found `value`
[INFO] [stdout]  --> src/vec_u8_hash_map/google.cloud.dialogflow.v2.rs:5765:4
[INFO] [stdout]   |
[INFO] [stdout] 7 | documents_metadata_filters {
[INFO] [stdout]   | -------------------------- while parsing this struct
[INFO] [stdout] 8 |    key: "user"
[INFO] [stdout]   |               -
[INFO] [stdout]   |               |
[INFO] [stdout]   |               expected one of `,`, `.`, `?`, `}`, or an operator
[INFO] [stdout]   |               help: try adding a comma: `,`
[INFO] [stdout] 9 |    value: "agent"
[INFO] [stdout]   |    ^^^^^ unexpected token
[INFO] [stdout] 
[INFO] [stdout] error[E0422]: cannot find struct, variant or union type `documents_metadata_filters` in this scope
[INFO] [stdout]  --> src/vec_u8_hash_map/google.cloud.dialogflow.v2.rs:5763:1
[INFO] [stdout]   |
[INFO] [stdout] 7 | documents_metadata_filters {
[INFO] [stdout]   | ^^^^^^^^^^^^^^^^^^^^^^^^^^ not found in this scope
[INFO] [stdout] 
[INFO] [stdout] error: aborting due to 4 previous errors
[INFO] [stdout] 
[INFO] [stdout] For more information about this error, try `rustc --explain E0422`.
[INFO] [stdout] Couldn't compile the test.
[INFO] [stdout] ---- src/vec_u8_hash_map/google.cloud.dialogflow.v2.rs - vec_u8_hash_map::google::cloud::dialogflow::v2::AssistQueryParameters::documents_metadata_filters (line 6729) stdout ----
[INFO] [stdout] error: expected one of `,`, `.`, `?`, `}`, or an operator, found `value`
[INFO] [stdout]  --> src/vec_u8_hash_map/google.cloud.dialogflow.v2.rs:6732:4
[INFO] [stdout]   |
[INFO] [stdout] 3 | documents_metadata_filters {
[INFO] [stdout]   | -------------------------- while parsing this struct
[INFO] [stdout] 4 |    key: "market"
[INFO] [stdout]   |                 -
[INFO] [stdout]   |                 |
[INFO] [stdout]   |                 expected one of `,`, `.`, `?`, `}`, or an operator
[INFO] [stdout]   |                 help: try adding a comma: `,`
[INFO] [stdout] 5 |    value: "US,CA"
[INFO] [stdout]   |    ^^^^^ unexpected token
[INFO] [stdout] 
[INFO] [stdout] error: expected `;`, found `documents_metadata_filters`
[INFO] [stdout]  --> src/vec_u8_hash_map/google.cloud.dialogflow.v2.rs:6733:2
[INFO] [stdout]   |
[INFO] [stdout] 6 | }
[INFO] [stdout]   |  ^ help: add `;` here
[INFO] [stdout] 7 | documents_metadata_filters {
[INFO] [stdout]   | -------------------------- unexpected token
[INFO] [stdout] 
[INFO] [stdout] error: expected one of `,`, `.`, `?`, `}`, or an operator, found `value`
[INFO] [stdout]  --> src/vec_u8_hash_map/google.cloud.dialogflow.v2.rs:6736:4
[INFO] [stdout]   |
[INFO] [stdout] 7 | documents_metadata_filters {
[INFO] [stdout]   | -------------------------- while parsing this struct
[INFO] [stdout] 8 |    key: "user"
[INFO] [stdout]   |               -
[INFO] [stdout]   |               |
[INFO] [stdout]   |               expected one of `,`, `.`, `?`, `}`, or an operator
[INFO] [stdout]   |               help: try adding a comma: `,`
[INFO] [stdout] 9 |    value: "agent"
[INFO] [stdout]   |    ^^^^^ unexpected token
[INFO] [stdout] 
[INFO] [stdout] error[E0422]: cannot find struct, variant or union type `documents_metadata_filters` in this scope
[INFO] [stdout]  --> src/vec_u8_hash_map/google.cloud.dialogflow.v2.rs:6734:1
[INFO] [stdout]   |
[INFO] [stdout] 7 | documents_metadata_filters {
[INFO] [stdout]   | ^^^^^^^^^^^^^^^^^^^^^^^^^^ not found in this scope
[INFO] [stdout] 
[INFO] [stdout] error: aborting due to 4 previous errors
[INFO] [stdout] 
[INFO] [stdout] For more information about this error, try `rustc --explain E0422`.
[INFO] [stdout] Couldn't compile the test.
[INFO] [stdout] 
[INFO] [stdout] failures:
[INFO] [stdout]     src/vec_u8_hash_map/google.cloud.dialogflow.v2.rs - vec_u8_hash_map::google::cloud::dialogflow::v2::AssistQueryParameters::documents_metadata_filters (line 6729)
[INFO] [stdout]     src/vec_u8_hash_map/google.cloud.dialogflow.v2.rs - vec_u8_hash_map::google::cloud::dialogflow::v2::Participant::documents_metadata_filters (line 5758)
[INFO] [stdout]     src/vec_u8_hash_map/google.cloud.dialogflow.v2.rs - vec_u8_hash_map::google::cloud::dialogflow::v2::StreamingRecognitionResult (line 5319)
[INFO] [stdout] 
[INFO] [stdout] test result: FAILED. 0 passed; 3 failed; 0 ignored; 0 measured; 0 filtered out; finished in 0.05s
[INFO] [stdout] 
[INFO] [stderr] error: doctest failed, to rerun pass `--doc`
[INFO] running `Command { std: "docker" "inspect" "5dd87c7d90cfcf0180bf5b95a80b4d2ce1cec1835c419541a334374b90f2f1e1", kill_on_drop: false }`
[INFO] running `Command { std: "docker" "rm" "-f" "5dd87c7d90cfcf0180bf5b95a80b4d2ce1cec1835c419541a334374b90f2f1e1", kill_on_drop: false }`
[INFO] [stdout] 5dd87c7d90cfcf0180bf5b95a80b4d2ce1cec1835c419541a334374b90f2f1e1
