[INFO] fetching crate googleapis-tonic-google-cloud-dialogflow-cx-v3 0.9.0...
[INFO] testing googleapis-tonic-google-cloud-dialogflow-cx-v3-0.9.0 against nightly-2024-10-28 for randomize-layout
[INFO] extracting crate googleapis-tonic-google-cloud-dialogflow-cx-v3 0.9.0 into /workspace/builds/worker-2-tc1/source
[INFO] validating manifest of crates.io crate googleapis-tonic-google-cloud-dialogflow-cx-v3 0.9.0 on toolchain nightly-2024-10-28
[INFO] running `Command { std: CARGO_HOME="/workspace/cargo-home" RUSTUP_HOME="/workspace/rustup-home" "/workspace/cargo-home/bin/cargo" "+nightly-2024-10-28" "metadata" "--manifest-path" "Cargo.toml" "--no-deps", kill_on_drop: false }`
[INFO] started tweaking crates.io crate googleapis-tonic-google-cloud-dialogflow-cx-v3 0.9.0
[INFO] finished tweaking crates.io crate googleapis-tonic-google-cloud-dialogflow-cx-v3 0.9.0
[INFO] tweaked toml for crates.io crate googleapis-tonic-google-cloud-dialogflow-cx-v3 0.9.0 written to /workspace/builds/worker-2-tc1/source/Cargo.toml
[INFO] running `Command { std: CARGO_HOME="/workspace/cargo-home" RUSTUP_HOME="/workspace/rustup-home" "/workspace/cargo-home/bin/cargo" "+nightly-2024-10-28" "generate-lockfile" "--manifest-path" "Cargo.toml", kill_on_drop: false }`
[INFO] [stderr]     Updating crates.io index
[INFO] [stderr]      Locking 58 packages to latest compatible versions
[INFO] [stderr]       Adding googleapis-tonic-google-api v0.9.0 (available: v0.10.0)
[INFO] [stderr]       Adding googleapis-tonic-google-longrunning v0.9.0 (available: v0.10.0)
[INFO] running `Command { std: CARGO_HOME="/workspace/cargo-home" RUSTUP_HOME="/workspace/rustup-home" "/workspace/cargo-home/bin/cargo" "+nightly-2024-10-28" "fetch" "--manifest-path" "Cargo.toml", kill_on_drop: false }`
[INFO] [stderr]  Downloading crates ...
[INFO] [stderr]   Downloaded googleapis-tonic-google-longrunning v0.9.0
[INFO] [stderr]   Downloaded googleapis-tonic-google-type v0.8.0
[INFO] [stderr]   Downloaded googleapis-tonic-google-rpc v0.8.0
[INFO] running `Command { std: "docker" "create" "-v" "/var/lib/crater-agent-workspace/builds/worker-2-tc1/target:/opt/rustwide/target:rw,Z" "-v" "/var/lib/crater-agent-workspace/builds/worker-2-tc1/source:/opt/rustwide/workdir:ro,Z" "-v" "/var/lib/crater-agent-workspace/cargo-home:/opt/rustwide/cargo-home:ro,Z" "-v" "/var/lib/crater-agent-workspace/rustup-home:/opt/rustwide/rustup-home:ro,Z" "-e" "SOURCE_DIR=/opt/rustwide/workdir" "-e" "CARGO_TARGET_DIR=/opt/rustwide/target" "-e" "CARGO_HOME=/opt/rustwide/cargo-home" "-e" "RUSTUP_HOME=/opt/rustwide/rustup-home" "-w" "/opt/rustwide/workdir" "-m" "1610612736" "--user" "0:0" "--network" "none" "ghcr.io/rust-lang/crates-build-env/linux@sha256:4a844ea9eb2546a2d2c7022eacef16ef2e8229c7fbb2c7d4d55a9ceca922f72d" "/opt/rustwide/cargo-home/bin/cargo" "+nightly-2024-10-28" "metadata" "--no-deps" "--format-version=1", kill_on_drop: false }`
[INFO] [stdout] 7b1784044d970ac280450c0d375ca67b4ecea06b339c261869d596942e215996
[INFO] running `Command { std: "docker" "start" "-a" "7b1784044d970ac280450c0d375ca67b4ecea06b339c261869d596942e215996", kill_on_drop: false }`
[INFO] running `Command { std: "docker" "inspect" "7b1784044d970ac280450c0d375ca67b4ecea06b339c261869d596942e215996", kill_on_drop: false }`
[INFO] running `Command { std: "docker" "rm" "-f" "7b1784044d970ac280450c0d375ca67b4ecea06b339c261869d596942e215996", kill_on_drop: false }`
[INFO] [stdout] 7b1784044d970ac280450c0d375ca67b4ecea06b339c261869d596942e215996
[INFO] running `Command { std: "docker" "create" "-v" "/var/lib/crater-agent-workspace/builds/worker-2-tc1/target:/opt/rustwide/target:rw,Z" "-v" "/var/lib/crater-agent-workspace/builds/worker-2-tc1/source:/opt/rustwide/workdir:ro,Z" "-v" "/var/lib/crater-agent-workspace/cargo-home:/opt/rustwide/cargo-home:ro,Z" "-v" "/var/lib/crater-agent-workspace/rustup-home:/opt/rustwide/rustup-home:ro,Z" "-e" "SOURCE_DIR=/opt/rustwide/workdir" "-e" "CARGO_TARGET_DIR=/opt/rustwide/target" "-e" "CARGO_INCREMENTAL=0" "-e" "RUST_BACKTRACE=full" "-e" "RUSTFLAGS=--cap-lints=forbid" "-e" "RUSTDOCFLAGS=--cap-lints=forbid" "-e" "CARGO_HOME=/opt/rustwide/cargo-home" "-e" "RUSTUP_HOME=/opt/rustwide/rustup-home" "-w" "/opt/rustwide/workdir" "-m" "1610612736" "--user" "0:0" "--network" "none" "ghcr.io/rust-lang/crates-build-env/linux@sha256:4a844ea9eb2546a2d2c7022eacef16ef2e8229c7fbb2c7d4d55a9ceca922f72d" "/opt/rustwide/cargo-home/bin/cargo" "+nightly-2024-10-28" "build" "--frozen" "--message-format=json", kill_on_drop: false }`
[INFO] [stdout] e011d1289b9e291f91a137cc35a7500177c3913af076d741b67efe074678962a
[INFO] running `Command { std: "docker" "start" "-a" "e011d1289b9e291f91a137cc35a7500177c3913af076d741b67efe074678962a", kill_on_drop: false }`
[INFO] [stderr]    Compiling pin-project-lite v0.2.15
[INFO] [stderr]    Compiling bytes v1.8.0
[INFO] [stderr]    Compiling either v1.13.0
[INFO] [stderr]    Compiling futures-task v0.3.31
[INFO] [stderr]    Compiling tower-layer v0.3.3
[INFO] [stderr]    Compiling syn v2.0.86
[INFO] [stderr]    Compiling tokio v1.41.0
[INFO] [stderr]    Compiling futures-util v0.3.31
[INFO] [stderr]    Compiling itertools v0.13.0
[INFO] [stderr]    Compiling http v1.1.0
[INFO] [stderr]    Compiling tokio-stream v0.1.16
[INFO] [stderr]    Compiling http-body v1.0.1
[INFO] [stderr]    Compiling http-body-util v0.1.2
[INFO] [stderr]    Compiling prost-derive v0.13.3
[INFO] [stderr]    Compiling pin-project-internal v1.1.7
[INFO] [stderr]    Compiling tracing-attributes v0.1.27
[INFO] [stderr]    Compiling async-trait v0.1.83
[INFO] [stderr]    Compiling pin-project v1.1.7
[INFO] [stderr]    Compiling tracing v0.1.40
[INFO] [stderr]    Compiling prost v0.13.3
[INFO] [stderr]    Compiling prost-types v0.13.3
[INFO] [stderr]    Compiling tonic v0.12.3
[INFO] [stderr]    Compiling googleapis-tonic-google-rpc v0.8.0
[INFO] [stderr]    Compiling googleapis-tonic-google-api v0.9.0
[INFO] [stderr]    Compiling googleapis-tonic-google-type v0.8.0
[INFO] [stderr]    Compiling googleapis-tonic-google-longrunning v0.9.0
[INFO] [stderr]    Compiling googleapis-tonic-google-cloud-dialogflow-cx-v3 v0.9.0 (/opt/rustwide/workdir)
[INFO] [stderr]     Finished `dev` profile [unoptimized + debuginfo] target(s) in 9.61s
[INFO] running `Command { std: "docker" "inspect" "e011d1289b9e291f91a137cc35a7500177c3913af076d741b67efe074678962a", kill_on_drop: false }`
[INFO] running `Command { std: "docker" "rm" "-f" "e011d1289b9e291f91a137cc35a7500177c3913af076d741b67efe074678962a", kill_on_drop: false }`
[INFO] [stdout] e011d1289b9e291f91a137cc35a7500177c3913af076d741b67efe074678962a
[INFO] running `Command { std: "docker" "create" "-v" "/var/lib/crater-agent-workspace/builds/worker-2-tc1/target:/opt/rustwide/target:rw,Z" "-v" "/var/lib/crater-agent-workspace/builds/worker-2-tc1/source:/opt/rustwide/workdir:ro,Z" "-v" "/var/lib/crater-agent-workspace/cargo-home:/opt/rustwide/cargo-home:ro,Z" "-v" "/var/lib/crater-agent-workspace/rustup-home:/opt/rustwide/rustup-home:ro,Z" "-e" "SOURCE_DIR=/opt/rustwide/workdir" "-e" "CARGO_TARGET_DIR=/opt/rustwide/target" "-e" "CARGO_INCREMENTAL=0" "-e" "RUST_BACKTRACE=full" "-e" "RUSTFLAGS=--cap-lints=forbid" "-e" "RUSTDOCFLAGS=--cap-lints=forbid" "-e" "CARGO_HOME=/opt/rustwide/cargo-home" "-e" "RUSTUP_HOME=/opt/rustwide/rustup-home" "-w" "/opt/rustwide/workdir" "-m" "1610612736" "--user" "0:0" "--network" "none" "ghcr.io/rust-lang/crates-build-env/linux@sha256:4a844ea9eb2546a2d2c7022eacef16ef2e8229c7fbb2c7d4d55a9ceca922f72d" "/opt/rustwide/cargo-home/bin/cargo" "+nightly-2024-10-28" "test" "--frozen" "--no-run" "--message-format=json", kill_on_drop: false }`
[INFO] [stdout] 175208c49ae1f5dc47340dbea8b59b1826c73bc4a9b1787583065709b22f0c49
[INFO] running `Command { std: "docker" "start" "-a" "175208c49ae1f5dc47340dbea8b59b1826c73bc4a9b1787583065709b22f0c49", kill_on_drop: false }`
[INFO] [stderr]    Compiling googleapis-tonic-google-cloud-dialogflow-cx-v3 v0.9.0 (/opt/rustwide/workdir)
[INFO] [stderr]     Finished `test` profile [unoptimized + debuginfo] target(s) in 3.79s
[INFO] running `Command { std: "docker" "inspect" "175208c49ae1f5dc47340dbea8b59b1826c73bc4a9b1787583065709b22f0c49", kill_on_drop: false }`
[INFO] running `Command { std: "docker" "rm" "-f" "175208c49ae1f5dc47340dbea8b59b1826c73bc4a9b1787583065709b22f0c49", kill_on_drop: false }`
[INFO] [stdout] 175208c49ae1f5dc47340dbea8b59b1826c73bc4a9b1787583065709b22f0c49
[INFO] running `Command { std: "docker" "create" "-v" "/var/lib/crater-agent-workspace/builds/worker-2-tc1/target:/opt/rustwide/target:rw,Z" "-v" "/var/lib/crater-agent-workspace/builds/worker-2-tc1/source:/opt/rustwide/workdir:ro,Z" "-v" "/var/lib/crater-agent-workspace/cargo-home:/opt/rustwide/cargo-home:ro,Z" "-v" "/var/lib/crater-agent-workspace/rustup-home:/opt/rustwide/rustup-home:ro,Z" "-e" "SOURCE_DIR=/opt/rustwide/workdir" "-e" "CARGO_TARGET_DIR=/opt/rustwide/target" "-e" "CARGO_INCREMENTAL=0" "-e" "RUST_BACKTRACE=full" "-e" "RUSTFLAGS=--cap-lints=forbid" "-e" "RUSTDOCFLAGS=--cap-lints=forbid" "-e" "CARGO_HOME=/opt/rustwide/cargo-home" "-e" "RUSTUP_HOME=/opt/rustwide/rustup-home" "-w" "/opt/rustwide/workdir" "-m" "1610612736" "--user" "0:0" "--network" "none" "ghcr.io/rust-lang/crates-build-env/linux@sha256:4a844ea9eb2546a2d2c7022eacef16ef2e8229c7fbb2c7d4d55a9ceca922f72d" "/opt/rustwide/cargo-home/bin/cargo" "+nightly-2024-10-28" "test" "--frozen", kill_on_drop: false }`
[INFO] [stdout] c1bc96495c6c17d1255a19f4475e6b0c5ba1126d6e18ed565cbc0362d339bba3
[INFO] running `Command { std: "docker" "start" "-a" "c1bc96495c6c17d1255a19f4475e6b0c5ba1126d6e18ed565cbc0362d339bba3", kill_on_drop: false }`
[INFO] [stderr]     Finished `test` profile [unoptimized + debuginfo] target(s) in 0.03s
[INFO] [stderr]      Running unittests src/lib.rs (/opt/rustwide/target/debug/deps/googleapis_tonic_google_cloud_dialogflow_cx_v3-ea2eda7e1e9afae3)
[INFO] [stdout] 
[INFO] [stdout] running 0 tests
[INFO] [stdout] 
[INFO] [stdout] test result: ok. 0 passed; 0 failed; 0 ignored; 0 measured; 0 filtered out; finished in 0.00s
[INFO] [stdout] 
[INFO] [stderr]    Doc-tests googleapis_tonic_google_cloud_dialogflow_cx_v3
[INFO] [stdout] 
[INFO] [stdout] running 3 tests
[INFO] [stdout] test src/vec_u8_hash_map/google.cloud.dialogflow.cx.v3.rs - vec_u8_hash_map::google::cloud::dialogflow::cx::v3::StreamingRecognitionResult (line 7609) ... FAILED
[INFO] [stdout] test src/vec_u8_hash_map/google.cloud.dialogflow.cx.v3.rs - vec_u8_hash_map::google::cloud::dialogflow::cx::v3::QueryParameters::payload (line 7748) ... FAILED
[INFO] [stdout] test src/vec_u8_hash_map/google.cloud.dialogflow.cx.v3.rs - vec_u8_hash_map::google::cloud::dialogflow::cx::v3::webhook::GenericWebService::allowed_ca_certs (line 10653) ... FAILED
[INFO] [stdout] 
[INFO] [stdout] failures:
[INFO] [stdout] 
[INFO] [stdout] ---- src/vec_u8_hash_map/google.cloud.dialogflow.cx.v3.rs - vec_u8_hash_map::google::cloud::dialogflow::cx::v3::StreamingRecognitionResult (line 7609) stdout ----
[INFO] [stdout] error: prefix `question` is unknown
[INFO] [stdout]   --> src/vec_u8_hash_map/google.cloud.dialogflow.cx.v3.rs:7619:21
[INFO] [stdout]    |
[INFO] [stdout] 10 | 8   | " that is the question" | TRANSCRIPT              | true
[INFO] [stdout]    |                     ^^^^^^^^ unknown prefix
[INFO] [stdout]    |
[INFO] [stdout]    = note: prefixed identifiers and literals are reserved since Rust 2021
[INFO] [stdout] help: consider inserting whitespace here
[INFO] [stdout]    |
[INFO] [stdout] 10 | 8   | " that is the question " | TRANSCRIPT              | true
[INFO] [stdout]    |                             +
[INFO] [stdout] 
[INFO] [stdout] error[E0765]: unterminated double quote string
[INFO] [stdout]   --> src/vec_u8_hash_map/google.cloud.dialogflow.cx.v3.rs:7619:29
[INFO] [stdout]    |
[INFO] [stdout] 10 | 8   | " that is the question" | TRANSCRIPT              | true
[INFO] [stdout]    |                             ^^^^^^^^^^^^^^^^^^^^^^^^^^^^^^^^^^
[INFO] [stdout] 
[INFO] [stdout] error: aborting due to 2 previous errors
[INFO] [stdout] 
[INFO] [stdout] For more information about this error, try `rustc --explain E0765`.
[INFO] [stdout] Couldn't compile the test.
[INFO] [stdout] ---- src/vec_u8_hash_map/google.cloud.dialogflow.cx.v3.rs - vec_u8_hash_map::google::cloud::dialogflow::cx::v3::QueryParameters::payload (line 7748) stdout ----
[INFO] [stdout] error: expected one of `.`, `;`, `?`, `}`, or an operator, found `:`
[INFO] [stdout]  --> src/vec_u8_hash_map/google.cloud.dialogflow.cx.v3.rs:7750:14
[INFO] [stdout]   |
[INFO] [stdout] 4 |   "telephony": {
[INFO] [stdout]   |              ^ expected one of `.`, `;`, `?`, `}`, or an operator
[INFO] [stdout] 
[INFO] [stdout] error: aborting due to 1 previous error
[INFO] [stdout] 
[INFO] [stdout] Couldn't compile the test.
[INFO] [stdout] ---- src/vec_u8_hash_map/google.cloud.dialogflow.cx.v3.rs - vec_u8_hash_map::google::cloud::dialogflow::cx::v3::webhook::GenericWebService::allowed_ca_certs (line 10653) stdout ----
[INFO] [stdout] error: unknown start of token: \
[INFO] [stdout]  --> src/vec_u8_hash_map/google.cloud.dialogflow.cx.v3.rs:10654:49
[INFO] [stdout]   |
[INFO] [stdout] 3 | openssl x509 -req -days 200 -in example.com.csr \
[INFO] [stdout]   |                                                 ^
[INFO] [stdout] 
[INFO] [stdout] error: unknown start of token: \
[INFO] [stdout]  --> src/vec_u8_hash_map/google.cloud.dialogflow.cx.v3.rs:10655:32
[INFO] [stdout]   |
[INFO] [stdout] 4 |       -signkey example.com.key \
[INFO] [stdout]   |                                ^
[INFO] [stdout] 
[INFO] [stdout] error: unknown start of token: \
[INFO] [stdout]  --> src/vec_u8_hash_map/google.cloud.dialogflow.cx.v3.rs:10656:28
[INFO] [stdout]   |
[INFO] [stdout] 5 |       -out example.com.crt \
[INFO] [stdout]   |                            ^
[INFO] [stdout] 
[INFO] [stdout] error: expected one of `!`, `.`, `::`, `;`, `?`, `{`, `}`, or an operator, found `x509`
[INFO] [stdout]  --> src/vec_u8_hash_map/google.cloud.dialogflow.cx.v3.rs:10654:9
[INFO] [stdout]   |
[INFO] [stdout] 3 | openssl x509 -req -days 200 -in example.com.csr \
[INFO] [stdout]   |         ^^^^ expected one of 8 possible tokens
[INFO] [stdout] 
[INFO] [stdout] error: aborting due to 4 previous errors
[INFO] [stdout] 
[INFO] [stdout] Couldn't compile the test.
[INFO] [stdout] 
[INFO] [stdout] failures:
[INFO] [stdout]     src/vec_u8_hash_map/google.cloud.dialogflow.cx.v3.rs - vec_u8_hash_map::google::cloud::dialogflow::cx::v3::QueryParameters::payload (line 7748)
[INFO] [stdout]     src/vec_u8_hash_map/google.cloud.dialogflow.cx.v3.rs - vec_u8_hash_map::google::cloud::dialogflow::cx::v3::StreamingRecognitionResult (line 7609)
[INFO] [stdout]     src/vec_u8_hash_map/google.cloud.dialogflow.cx.v3.rs - vec_u8_hash_map::google::cloud::dialogflow::cx::v3::webhook::GenericWebService::allowed_ca_certs (line 10653)
[INFO] [stdout] 
[INFO] [stdout] test result: FAILED. 0 passed; 3 failed; 0 ignored; 0 measured; 0 filtered out; finished in 0.03s
[INFO] [stdout] 
[INFO] [stderr] error: doctest failed, to rerun pass `--doc`
[INFO] running `Command { std: "docker" "inspect" "c1bc96495c6c17d1255a19f4475e6b0c5ba1126d6e18ed565cbc0362d339bba3", kill_on_drop: false }`
[INFO] running `Command { std: "docker" "rm" "-f" "c1bc96495c6c17d1255a19f4475e6b0c5ba1126d6e18ed565cbc0362d339bba3", kill_on_drop: false }`
[INFO] [stdout] c1bc96495c6c17d1255a19f4475e6b0c5ba1126d6e18ed565cbc0362d339bba3
