[INFO] fetching crate googleapis-tonic-google-cloud-dataqna-v1alpha 0.9.0...
[INFO] testing googleapis-tonic-google-cloud-dataqna-v1alpha-0.9.0 against nightly-2024-10-28 for randomize-layout
[INFO] extracting crate googleapis-tonic-google-cloud-dataqna-v1alpha 0.9.0 into /workspace/builds/worker-1-tc1/source
[INFO] validating manifest of crates.io crate googleapis-tonic-google-cloud-dataqna-v1alpha 0.9.0 on toolchain nightly-2024-10-28
[INFO] running `Command { std: CARGO_HOME="/workspace/cargo-home" RUSTUP_HOME="/workspace/rustup-home" "/workspace/cargo-home/bin/cargo" "+nightly-2024-10-28" "metadata" "--manifest-path" "Cargo.toml" "--no-deps", kill_on_drop: false }`
[INFO] started tweaking crates.io crate googleapis-tonic-google-cloud-dataqna-v1alpha 0.9.0
[INFO] finished tweaking crates.io crate googleapis-tonic-google-cloud-dataqna-v1alpha 0.9.0
[INFO] tweaked toml for crates.io crate googleapis-tonic-google-cloud-dataqna-v1alpha 0.9.0 written to /workspace/builds/worker-1-tc1/source/Cargo.toml
[INFO] running `Command { std: CARGO_HOME="/workspace/cargo-home" RUSTUP_HOME="/workspace/rustup-home" "/workspace/cargo-home/bin/cargo" "+nightly-2024-10-28" "generate-lockfile" "--manifest-path" "Cargo.toml", kill_on_drop: false }`
[INFO] [stderr]     Blocking waiting for file lock on package cache
[INFO] [stderr]     Updating crates.io index
[INFO] [stderr]     Blocking waiting for file lock on package cache
[INFO] [stderr]      Locking 56 packages to latest compatible versions
[INFO] [stderr]       Adding googleapis-tonic-google-api v0.9.0 (available: v0.10.0)
[INFO] running `Command { std: CARGO_HOME="/workspace/cargo-home" RUSTUP_HOME="/workspace/rustup-home" "/workspace/cargo-home/bin/cargo" "+nightly-2024-10-28" "fetch" "--manifest-path" "Cargo.toml", kill_on_drop: false }`
[INFO] [stderr]     Blocking waiting for file lock on package cache
[INFO] [stderr]     Blocking waiting for file lock on package cache
[INFO] running `Command { std: "docker" "create" "-v" "/var/lib/crater-agent-workspace/builds/worker-1-tc1/target:/opt/rustwide/target:rw,Z" "-v" "/var/lib/crater-agent-workspace/builds/worker-1-tc1/source:/opt/rustwide/workdir:ro,Z" "-v" "/var/lib/crater-agent-workspace/cargo-home:/opt/rustwide/cargo-home:ro,Z" "-v" "/var/lib/crater-agent-workspace/rustup-home:/opt/rustwide/rustup-home:ro,Z" "-e" "SOURCE_DIR=/opt/rustwide/workdir" "-e" "CARGO_TARGET_DIR=/opt/rustwide/target" "-e" "CARGO_HOME=/opt/rustwide/cargo-home" "-e" "RUSTUP_HOME=/opt/rustwide/rustup-home" "-w" "/opt/rustwide/workdir" "-m" "1610612736" "--user" "0:0" "--network" "none" "ghcr.io/rust-lang/crates-build-env/linux@sha256:4a844ea9eb2546a2d2c7022eacef16ef2e8229c7fbb2c7d4d55a9ceca922f72d" "/opt/rustwide/cargo-home/bin/cargo" "+nightly-2024-10-28" "metadata" "--no-deps" "--format-version=1", kill_on_drop: false }`
[INFO] [stdout] 7f73cbe12023688e9e3ada1177416c0be27f557e6635096b770e2ccf467484a6
[INFO] running `Command { std: "docker" "start" "-a" "7f73cbe12023688e9e3ada1177416c0be27f557e6635096b770e2ccf467484a6", kill_on_drop: false }`
[INFO] running `Command { std: "docker" "inspect" "7f73cbe12023688e9e3ada1177416c0be27f557e6635096b770e2ccf467484a6", kill_on_drop: false }`
[INFO] running `Command { std: "docker" "rm" "-f" "7f73cbe12023688e9e3ada1177416c0be27f557e6635096b770e2ccf467484a6", kill_on_drop: false }`
[INFO] [stdout] 7f73cbe12023688e9e3ada1177416c0be27f557e6635096b770e2ccf467484a6
[INFO] running `Command { std: "docker" "create" "-v" "/var/lib/crater-agent-workspace/builds/worker-1-tc1/target:/opt/rustwide/target:rw,Z" "-v" "/var/lib/crater-agent-workspace/builds/worker-1-tc1/source:/opt/rustwide/workdir:ro,Z" "-v" "/var/lib/crater-agent-workspace/cargo-home:/opt/rustwide/cargo-home:ro,Z" "-v" "/var/lib/crater-agent-workspace/rustup-home:/opt/rustwide/rustup-home:ro,Z" "-e" "SOURCE_DIR=/opt/rustwide/workdir" "-e" "CARGO_TARGET_DIR=/opt/rustwide/target" "-e" "CARGO_INCREMENTAL=0" "-e" "RUST_BACKTRACE=full" "-e" "RUSTFLAGS=--cap-lints=forbid" "-e" "RUSTDOCFLAGS=--cap-lints=forbid" "-e" "CARGO_HOME=/opt/rustwide/cargo-home" "-e" "RUSTUP_HOME=/opt/rustwide/rustup-home" "-w" "/opt/rustwide/workdir" "-m" "1610612736" "--user" "0:0" "--network" "none" "ghcr.io/rust-lang/crates-build-env/linux@sha256:4a844ea9eb2546a2d2c7022eacef16ef2e8229c7fbb2c7d4d55a9ceca922f72d" "/opt/rustwide/cargo-home/bin/cargo" "+nightly-2024-10-28" "build" "--frozen" "--message-format=json", kill_on_drop: false }`
[INFO] [stdout] 694442bb24d284744cb5c7e62da5203e97b49c13a1321a55cebbe4c8d68da521
[INFO] running `Command { std: "docker" "start" "-a" "694442bb24d284744cb5c7e62da5203e97b49c13a1321a55cebbe4c8d68da521", kill_on_drop: false }`
[INFO] [stderr]    Compiling googleapis-tonic-google-cloud-dataqna-v1alpha v0.9.0 (/opt/rustwide/workdir)
[INFO] [stderr]     Finished `dev` profile [unoptimized + debuginfo] target(s) in 0.55s
[INFO] running `Command { std: "docker" "inspect" "694442bb24d284744cb5c7e62da5203e97b49c13a1321a55cebbe4c8d68da521", kill_on_drop: false }`
[INFO] running `Command { std: "docker" "rm" "-f" "694442bb24d284744cb5c7e62da5203e97b49c13a1321a55cebbe4c8d68da521", kill_on_drop: false }`
[INFO] [stdout] 694442bb24d284744cb5c7e62da5203e97b49c13a1321a55cebbe4c8d68da521
[INFO] running `Command { std: "docker" "create" "-v" "/var/lib/crater-agent-workspace/builds/worker-1-tc1/target:/opt/rustwide/target:rw,Z" "-v" "/var/lib/crater-agent-workspace/builds/worker-1-tc1/source:/opt/rustwide/workdir:ro,Z" "-v" "/var/lib/crater-agent-workspace/cargo-home:/opt/rustwide/cargo-home:ro,Z" "-v" "/var/lib/crater-agent-workspace/rustup-home:/opt/rustwide/rustup-home:ro,Z" "-e" "SOURCE_DIR=/opt/rustwide/workdir" "-e" "CARGO_TARGET_DIR=/opt/rustwide/target" "-e" "CARGO_INCREMENTAL=0" "-e" "RUST_BACKTRACE=full" "-e" "RUSTFLAGS=--cap-lints=forbid" "-e" "RUSTDOCFLAGS=--cap-lints=forbid" "-e" "CARGO_HOME=/opt/rustwide/cargo-home" "-e" "RUSTUP_HOME=/opt/rustwide/rustup-home" "-w" "/opt/rustwide/workdir" "-m" "1610612736" "--user" "0:0" "--network" "none" "ghcr.io/rust-lang/crates-build-env/linux@sha256:4a844ea9eb2546a2d2c7022eacef16ef2e8229c7fbb2c7d4d55a9ceca922f72d" "/opt/rustwide/cargo-home/bin/cargo" "+nightly-2024-10-28" "test" "--frozen" "--no-run" "--message-format=json", kill_on_drop: false }`
[INFO] [stdout] 115edd14137c45992a4378d4c3f4486fd68fc4d461e9f69d03cd5e6bb6a239fb
[INFO] running `Command { std: "docker" "start" "-a" "115edd14137c45992a4378d4c3f4486fd68fc4d461e9f69d03cd5e6bb6a239fb", kill_on_drop: false }`
[INFO] [stderr]    Compiling googleapis-tonic-google-cloud-dataqna-v1alpha v0.9.0 (/opt/rustwide/workdir)
[INFO] [stderr]     Finished `test` profile [unoptimized + debuginfo] target(s) in 0.45s
[INFO] running `Command { std: "docker" "inspect" "115edd14137c45992a4378d4c3f4486fd68fc4d461e9f69d03cd5e6bb6a239fb", kill_on_drop: false }`
[INFO] running `Command { std: "docker" "rm" "-f" "115edd14137c45992a4378d4c3f4486fd68fc4d461e9f69d03cd5e6bb6a239fb", kill_on_drop: false }`
[INFO] [stdout] 115edd14137c45992a4378d4c3f4486fd68fc4d461e9f69d03cd5e6bb6a239fb
[INFO] running `Command { std: "docker" "create" "-v" "/var/lib/crater-agent-workspace/builds/worker-1-tc1/target:/opt/rustwide/target:rw,Z" "-v" "/var/lib/crater-agent-workspace/builds/worker-1-tc1/source:/opt/rustwide/workdir:ro,Z" "-v" "/var/lib/crater-agent-workspace/cargo-home:/opt/rustwide/cargo-home:ro,Z" "-v" "/var/lib/crater-agent-workspace/rustup-home:/opt/rustwide/rustup-home:ro,Z" "-e" "SOURCE_DIR=/opt/rustwide/workdir" "-e" "CARGO_TARGET_DIR=/opt/rustwide/target" "-e" "CARGO_INCREMENTAL=0" "-e" "RUST_BACKTRACE=full" "-e" "RUSTFLAGS=--cap-lints=forbid" "-e" "RUSTDOCFLAGS=--cap-lints=forbid" "-e" "CARGO_HOME=/opt/rustwide/cargo-home" "-e" "RUSTUP_HOME=/opt/rustwide/rustup-home" "-w" "/opt/rustwide/workdir" "-m" "1610612736" "--user" "0:0" "--network" "none" "ghcr.io/rust-lang/crates-build-env/linux@sha256:4a844ea9eb2546a2d2c7022eacef16ef2e8229c7fbb2c7d4d55a9ceca922f72d" "/opt/rustwide/cargo-home/bin/cargo" "+nightly-2024-10-28" "test" "--frozen", kill_on_drop: false }`
[INFO] [stdout] 49de4e2588008e9e54b2c6637438b48aacba5913b795d5d67a17fbb64117635f
[INFO] running `Command { std: "docker" "start" "-a" "49de4e2588008e9e54b2c6637438b48aacba5913b795d5d67a17fbb64117635f", kill_on_drop: false }`
[INFO] [stderr]     Finished `test` profile [unoptimized + debuginfo] target(s) in 0.03s
[INFO] [stderr]      Running unittests src/lib.rs (/opt/rustwide/target/debug/deps/googleapis_tonic_google_cloud_dataqna_v1alpha-b07aab227f4dca5e)
[INFO] [stdout] 
[INFO] [stdout] running 0 tests
[INFO] [stdout] 
[INFO] [stdout] test result: ok. 0 passed; 0 failed; 0 ignored; 0 measured; 0 filtered out; finished in 0.00s
[INFO] [stdout] 
[INFO] [stderr]    Doc-tests googleapis_tonic_google_cloud_dataqna_v1alpha
[INFO] [stdout] 
[INFO] [stdout] running 4 tests
[INFO] [stdout] test src/vec_u8_hash_map/google.cloud.dataqna.v1alpha.rs - vec_u8_hash_map::google::cloud::dataqna::v1alpha::auto_suggestion_service_client::AutoSuggestionServiceClient (line 270) ... FAILED
[INFO] [stdout] test src/vec_u8_hash_map/google.cloud.dataqna.v1alpha.rs - vec_u8_hash_map::google::cloud::dataqna::v1alpha::suggestion_info::MatchInfo (line 183) ... FAILED
[INFO] [stdout] test src/vec_u8_hash_map/google.cloud.dataqna.v1alpha.rs - vec_u8_hash_map::google::cloud::dataqna::v1alpha::AnnotatedString (line 22) ... FAILED
[INFO] [stdout] test src/vec_u8_hash_map/google.cloud.dataqna.v1alpha.rs - vec_u8_hash_map::google::cloud::dataqna::v1alpha::auto_suggestion_service_client::AutoSuggestionServiceClient (line 282) ... FAILED
[INFO] [stdout] 
[INFO] [stdout] failures:
[INFO] [stdout] 
[INFO] [stdout] ---- src/vec_u8_hash_map/google.cloud.dataqna.v1alpha.rs - vec_u8_hash_map::google::cloud::dataqna::v1alpha::auto_suggestion_service_client::AutoSuggestionServiceClient (line 270) stdout ----
[INFO] [stdout] error: expected one of `!`, `.`, `::`, `;`, `?`, `{`, `}`, or an operator, found `:`
[INFO] [stdout]  --> src/vec_u8_hash_map/google.cloud.dataqna.v1alpha.rs:272:9
[INFO] [stdout]   |
[INFO] [stdout] 4 |   parent: "locations/us/projects/my-project"
[INFO] [stdout]   |         ^ expected one of 8 possible tokens
[INFO] [stdout] 
[INFO] [stdout] error: aborting due to 1 previous error
[INFO] [stdout] 
[INFO] [stdout] Couldn't compile the test.
[INFO] [stdout] ---- src/vec_u8_hash_map/google.cloud.dataqna.v1alpha.rs - vec_u8_hash_map::google::cloud::dataqna::v1alpha::suggestion_info::MatchInfo (line 183) stdout ----
[INFO] [stdout] error: expected `:`, found `=`
[INFO] [stdout]  --> src/vec_u8_hash_map/google.cloud.dataqna.v1alpha.rs:185:18
[INFO] [stdout]   |
[INFO] [stdout] 4 |   text_formatted = "top product_group"
[INFO] [stdout]   |                  ^
[INFO] [stdout]   |
[INFO] [stdout] help: replace equals symbol with a colon
[INFO] [stdout]   |
[INFO] [stdout] 4 |   text_formatted: "top product_group"
[INFO] [stdout]   |                 ~
[INFO] [stdout] 
[INFO] [stdout] error: expected one of `,`, `.`, `?`, `}`, or an operator, found `html_formatted`
[INFO] [stdout]  --> src/vec_u8_hash_map/google.cloud.dataqna.v1alpha.rs:186:3
[INFO] [stdout]   |
[INFO] [stdout] 3 | annotated_suggestion {
[INFO] [stdout]   | -------------------- while parsing this struct
[INFO] [stdout] 4 |   text_formatted = "top product_group"
[INFO] [stdout]   |                                       - expected one of `,`, `.`, `?`, `}`, or an operator
[INFO] [stdout] 5 |   html_formatted = "top <b>product_group</b>"
[INFO] [stdout]   |   ^^^^^^^^^^^^^^ unexpected token
[INFO] [stdout] 
[INFO] [stdout] error: expected `;`, found `query_matches`
[INFO] [stdout]   --> src/vec_u8_hash_map/google.cloud.dataqna.v1alpha.rs:191:2
[INFO] [stdout]    |
[INFO] [stdout] 10 | }
[INFO] [stdout]    |  ^ help: add `;` here
[INFO] [stdout] 11 |
[INFO] [stdout] 12 | query_matches {
[INFO] [stdout]    | ------------- unexpected token
[INFO] [stdout] 
[INFO] [stdout] error: expected identifier, found `{`
[INFO] [stdout]   --> src/vec_u8_hash_map/google.cloud.dataqna.v1alpha.rs:194:3
[INFO] [stdout]    |
[INFO] [stdout] 12 | query_matches {
[INFO] [stdout]    | ------------- while parsing this struct
[INFO] [stdout] 13 |   { start_char_index: 0, length: 3 }
[INFO] [stdout]    |   ^ expected identifier
[INFO] [stdout] 
[INFO] [stdout] error[E0422]: cannot find struct, variant or union type `query_matches` in this scope
[INFO] [stdout]   --> src/vec_u8_hash_map/google.cloud.dataqna.v1alpha.rs:193:1
[INFO] [stdout]    |
[INFO] [stdout] 12 | query_matches {
[INFO] [stdout]    | ^^^^^^^^^^^^^ not found in this scope
[INFO] [stdout] 
[INFO] [stdout] error: aborting due to 5 previous errors
[INFO] [stdout] 
[INFO] [stdout] For more information about this error, try `rustc --explain E0422`.
[INFO] [stdout] Couldn't compile the test.
[INFO] [stdout] ---- src/vec_u8_hash_map/google.cloud.dataqna.v1alpha.rs - vec_u8_hash_map::google::cloud::dataqna::v1alpha::AnnotatedString (line 22) stdout ----
[INFO] [stdout] error: this is a block expression, not an array
[INFO] [stdout]  --> src/vec_u8_hash_map/google.cloud.dataqna.v1alpha.rs:24:4
[INFO] [stdout]   |
[INFO] [stdout] 4 |    {DIMENSION, 4, 12}, // 'countries'
[INFO] [stdout]   |    ^^^^^^^^^^^^^^^^^^
[INFO] [stdout]   |
[INFO] [stdout] help: to make an array, use square brackets instead of curly braces
[INFO] [stdout]   |
[INFO] [stdout] 4 |    [DIMENSION, 4, 12], // 'countries'
[INFO] [stdout]   |    ~                ~
[INFO] [stdout] 
[INFO] [stdout] error: this is a block expression, not an array
[INFO] [stdout]  --> src/vec_u8_hash_map/google.cloud.dataqna.v1alpha.rs:25:4
[INFO] [stdout]   |
[INFO] [stdout] 5 |    {METRIC, 17, 26}, // 'population'
[INFO] [stdout]   |    ^^^^^^^^^^^^^^^^
[INFO] [stdout]   |
[INFO] [stdout] help: to make an array, use square brackets instead of curly braces
[INFO] [stdout]   |
[INFO] [stdout] 5 |    [METRIC, 17, 26], // 'population'
[INFO] [stdout]   |    ~              ~
[INFO] [stdout] 
[INFO] [stdout] error: this is a block expression, not an array
[INFO] [stdout]  --> src/vec_u8_hash_map/google.cloud.dataqna.v1alpha.rs:26:4
[INFO] [stdout]   |
[INFO] [stdout] 6 |    {FILTER, 31, 36}  // 'Africa'
[INFO] [stdout]   |    ^^^^^^^^^^^^^^^^
[INFO] [stdout]   |
[INFO] [stdout] help: to make an array, use square brackets instead of curly braces
[INFO] [stdout]   |
[INFO] [stdout] 6 |    [FILTER, 31, 36]  // 'Africa'
[INFO] [stdout]   |    ~              ~
[INFO] [stdout] 
[INFO] [stdout] error[E0425]: cannot find value `markups` in this scope
[INFO] [stdout]  --> src/vec_u8_hash_map/google.cloud.dataqna.v1alpha.rs:23:1
[INFO] [stdout]   |
[INFO] [stdout] 3 | markups = [
[INFO] [stdout]   | ^^^^^^^
[INFO] [stdout]   |
[INFO] [stdout] help: you might have meant to introduce a new binding
[INFO] [stdout]   |
[INFO] [stdout] 3 | let markups = [
[INFO] [stdout]   | +++
[INFO] [stdout] 
[INFO] [stdout] error: aborting due to 4 previous errors
[INFO] [stdout] 
[INFO] [stdout] For more information about this error, try `rustc --explain E0425`.
[INFO] [stdout] Couldn't compile the test.
[INFO] [stdout] ---- src/vec_u8_hash_map/google.cloud.dataqna.v1alpha.rs - vec_u8_hash_map::google::cloud::dataqna::v1alpha::auto_suggestion_service_client::AutoSuggestionServiceClient (line 282) stdout ----
[INFO] [stdout] error: expected one of `,`, `:`, or `}`, found `{`
[INFO] [stdout]  --> src/vec_u8_hash_map/google.cloud.dataqna.v1alpha.rs:284:19
[INFO] [stdout]   |
[INFO] [stdout] 3 | suggestions {
[INFO] [stdout]   | ----------- while parsing this struct
[INFO] [stdout] 4 |   suggestion_info {
[INFO] [stdout]   |   --------------- ^ expected one of `,`, `:`, or `}`
[INFO] [stdout]   |   |
[INFO] [stdout]   |   while parsing this struct field
[INFO] [stdout]   |
[INFO] [stdout] help: try naming a field
[INFO] [stdout]   |
[INFO] [stdout] 4 |   suggestion_info: suggestion_info {
[INFO] [stdout]   |   ++++++++++++++++
[INFO] [stdout] 
[INFO] [stdout] error: expected `;`, found `suggestions`
[INFO] [stdout]   --> src/vec_u8_hash_map/google.cloud.dataqna.v1alpha.rs:305:2
[INFO] [stdout]    |
[INFO] [stdout] 25 | }
[INFO] [stdout]    |  ^ help: add `;` here
[INFO] [stdout] 26 | suggestions {
[INFO] [stdout]    | ----------- unexpected token
[INFO] [stdout] 
[INFO] [stdout] error: expected one of `,`, `:`, or `}`, found `{`
[INFO] [stdout]   --> src/vec_u8_hash_map/google.cloud.dataqna.v1alpha.rs:307:19
[INFO] [stdout]    |
[INFO] [stdout] 26 | suggestions {
[INFO] [stdout]    | ----------- while parsing this struct
[INFO] [stdout] 27 |   suggestion_info {
[INFO] [stdout]    |   --------------- ^ expected one of `,`, `:`, or `}`
[INFO] [stdout]    |   |
[INFO] [stdout]    |   while parsing this struct field
[INFO] [stdout]    |
[INFO] [stdout] help: try naming a field
[INFO] [stdout]    |
[INFO] [stdout] 27 |   suggestion_info: suggestion_info {
[INFO] [stdout]    |   ++++++++++++++++
[INFO] [stdout] 
[INFO] [stdout] error[E0422]: cannot find struct, variant or union type `suggestions` in this scope
[INFO] [stdout]   --> src/vec_u8_hash_map/google.cloud.dataqna.v1alpha.rs:306:1
[INFO] [stdout]    |
[INFO] [stdout] 26 | suggestions {
[INFO] [stdout]    | ^^^^^^^^^^^ not found in this scope
[INFO] [stdout] 
[INFO] [stdout] error: aborting due to 4 previous errors
[INFO] [stdout] 
[INFO] [stdout] For more information about this error, try `rustc --explain E0422`.
[INFO] [stdout] Couldn't compile the test.
[INFO] [stdout] 
[INFO] [stdout] failures:
[INFO] [stdout]     src/vec_u8_hash_map/google.cloud.dataqna.v1alpha.rs - vec_u8_hash_map::google::cloud::dataqna::v1alpha::AnnotatedString (line 22)
[INFO] [stdout]     src/vec_u8_hash_map/google.cloud.dataqna.v1alpha.rs - vec_u8_hash_map::google::cloud::dataqna::v1alpha::auto_suggestion_service_client::AutoSuggestionServiceClient (line 270)
[INFO] [stdout]     src/vec_u8_hash_map/google.cloud.dataqna.v1alpha.rs - vec_u8_hash_map::google::cloud::dataqna::v1alpha::auto_suggestion_service_client::AutoSuggestionServiceClient (line 282)
[INFO] [stdout]     src/vec_u8_hash_map/google.cloud.dataqna.v1alpha.rs - vec_u8_hash_map::google::cloud::dataqna::v1alpha::suggestion_info::MatchInfo (line 183)
[INFO] [stdout] 
[INFO] [stdout] test result: FAILED. 0 passed; 4 failed; 0 ignored; 0 measured; 0 filtered out; finished in 0.05s
[INFO] [stdout] 
[INFO] [stderr] error: doctest failed, to rerun pass `--doc`
[INFO] running `Command { std: "docker" "inspect" "49de4e2588008e9e54b2c6637438b48aacba5913b795d5d67a17fbb64117635f", kill_on_drop: false }`
[INFO] running `Command { std: "docker" "rm" "-f" "49de4e2588008e9e54b2c6637438b48aacba5913b795d5d67a17fbb64117635f", kill_on_drop: false }`
[INFO] [stdout] 49de4e2588008e9e54b2c6637438b48aacba5913b795d5d67a17fbb64117635f
