[INFO] fetching crate googleapis-tonic-google-cloud-dataproc-v1 0.14.0...
[INFO] testing googleapis-tonic-google-cloud-dataproc-v1-0.14.0 against nightly-2024-10-28 for randomize-layout
[INFO] extracting crate googleapis-tonic-google-cloud-dataproc-v1 0.14.0 into /workspace/builds/worker-6-tc1/source
[INFO] validating manifest of crates.io crate googleapis-tonic-google-cloud-dataproc-v1 0.14.0 on toolchain nightly-2024-10-28
[INFO] running `Command { std: CARGO_HOME="/workspace/cargo-home" RUSTUP_HOME="/workspace/rustup-home" "/workspace/cargo-home/bin/cargo" "+nightly-2024-10-28" "metadata" "--manifest-path" "Cargo.toml" "--no-deps", kill_on_drop: false }`
[INFO] started tweaking crates.io crate googleapis-tonic-google-cloud-dataproc-v1 0.14.0
[INFO] finished tweaking crates.io crate googleapis-tonic-google-cloud-dataproc-v1 0.14.0
[INFO] tweaked toml for crates.io crate googleapis-tonic-google-cloud-dataproc-v1 0.14.0 written to /workspace/builds/worker-6-tc1/source/Cargo.toml
[INFO] running `Command { std: CARGO_HOME="/workspace/cargo-home" RUSTUP_HOME="/workspace/rustup-home" "/workspace/cargo-home/bin/cargo" "+nightly-2024-10-28" "generate-lockfile" "--manifest-path" "Cargo.toml", kill_on_drop: false }`
[INFO] [stderr]     Updating crates.io index
[INFO] [stderr]      Locking 58 packages to latest compatible versions
[INFO] [stderr]       Adding googleapis-tonic-google-api v0.9.0 (available: v0.10.0)
[INFO] [stderr]       Adding googleapis-tonic-google-longrunning v0.9.0 (available: v0.10.0)
[INFO] running `Command { std: CARGO_HOME="/workspace/cargo-home" RUSTUP_HOME="/workspace/rustup-home" "/workspace/cargo-home/bin/cargo" "+nightly-2024-10-28" "fetch" "--manifest-path" "Cargo.toml", kill_on_drop: false }`
[INFO] running `Command { std: "docker" "create" "-v" "/var/lib/crater-agent-workspace/builds/worker-6-tc1/target:/opt/rustwide/target:rw,Z" "-v" "/var/lib/crater-agent-workspace/builds/worker-6-tc1/source:/opt/rustwide/workdir:ro,Z" "-v" "/var/lib/crater-agent-workspace/cargo-home:/opt/rustwide/cargo-home:ro,Z" "-v" "/var/lib/crater-agent-workspace/rustup-home:/opt/rustwide/rustup-home:ro,Z" "-e" "SOURCE_DIR=/opt/rustwide/workdir" "-e" "CARGO_TARGET_DIR=/opt/rustwide/target" "-e" "CARGO_HOME=/opt/rustwide/cargo-home" "-e" "RUSTUP_HOME=/opt/rustwide/rustup-home" "-w" "/opt/rustwide/workdir" "-m" "1610612736" "--user" "0:0" "--network" "none" "ghcr.io/rust-lang/crates-build-env/linux@sha256:4a844ea9eb2546a2d2c7022eacef16ef2e8229c7fbb2c7d4d55a9ceca922f72d" "/opt/rustwide/cargo-home/bin/cargo" "+nightly-2024-10-28" "metadata" "--no-deps" "--format-version=1", kill_on_drop: false }`
[INFO] [stdout] d6d43a709e57bb0def747caaf3dd539ef4df8677182d298a605c84e57b1e136b
[INFO] running `Command { std: "docker" "start" "-a" "d6d43a709e57bb0def747caaf3dd539ef4df8677182d298a605c84e57b1e136b", kill_on_drop: false }`
[INFO] running `Command { std: "docker" "inspect" "d6d43a709e57bb0def747caaf3dd539ef4df8677182d298a605c84e57b1e136b", kill_on_drop: false }`
[INFO] running `Command { std: "docker" "rm" "-f" "d6d43a709e57bb0def747caaf3dd539ef4df8677182d298a605c84e57b1e136b", kill_on_drop: false }`
[INFO] [stdout] d6d43a709e57bb0def747caaf3dd539ef4df8677182d298a605c84e57b1e136b
[INFO] running `Command { std: "docker" "create" "-v" "/var/lib/crater-agent-workspace/builds/worker-6-tc1/target:/opt/rustwide/target:rw,Z" "-v" "/var/lib/crater-agent-workspace/builds/worker-6-tc1/source:/opt/rustwide/workdir:ro,Z" "-v" "/var/lib/crater-agent-workspace/cargo-home:/opt/rustwide/cargo-home:ro,Z" "-v" "/var/lib/crater-agent-workspace/rustup-home:/opt/rustwide/rustup-home:ro,Z" "-e" "SOURCE_DIR=/opt/rustwide/workdir" "-e" "CARGO_TARGET_DIR=/opt/rustwide/target" "-e" "CARGO_INCREMENTAL=0" "-e" "RUST_BACKTRACE=full" "-e" "RUSTFLAGS=--cap-lints=forbid" "-e" "RUSTDOCFLAGS=--cap-lints=forbid" "-e" "CARGO_HOME=/opt/rustwide/cargo-home" "-e" "RUSTUP_HOME=/opt/rustwide/rustup-home" "-w" "/opt/rustwide/workdir" "-m" "1610612736" "--user" "0:0" "--network" "none" "ghcr.io/rust-lang/crates-build-env/linux@sha256:4a844ea9eb2546a2d2c7022eacef16ef2e8229c7fbb2c7d4d55a9ceca922f72d" "/opt/rustwide/cargo-home/bin/cargo" "+nightly-2024-10-28" "build" "--frozen" "--message-format=json", kill_on_drop: false }`
[INFO] [stdout] e5811b7c9f076393d435fd046fdab17219388b4139041a551786969d0feb6ffc
[INFO] running `Command { std: "docker" "start" "-a" "e5811b7c9f076393d435fd046fdab17219388b4139041a551786969d0feb6ffc", kill_on_drop: false }`
[INFO] [stderr]    Compiling googleapis-tonic-google-rpc v0.8.0
[INFO] [stderr]    Compiling googleapis-tonic-google-type v0.8.0
[INFO] [stderr]    Compiling googleapis-tonic-google-longrunning v0.9.0
[INFO] [stderr]    Compiling googleapis-tonic-google-cloud-dataproc-v1 v0.14.0 (/opt/rustwide/workdir)
[INFO] [stderr]     Finished `dev` profile [unoptimized + debuginfo] target(s) in 3.02s
[INFO] running `Command { std: "docker" "inspect" "e5811b7c9f076393d435fd046fdab17219388b4139041a551786969d0feb6ffc", kill_on_drop: false }`
[INFO] running `Command { std: "docker" "rm" "-f" "e5811b7c9f076393d435fd046fdab17219388b4139041a551786969d0feb6ffc", kill_on_drop: false }`
[INFO] [stdout] e5811b7c9f076393d435fd046fdab17219388b4139041a551786969d0feb6ffc
[INFO] running `Command { std: "docker" "create" "-v" "/var/lib/crater-agent-workspace/builds/worker-6-tc1/target:/opt/rustwide/target:rw,Z" "-v" "/var/lib/crater-agent-workspace/builds/worker-6-tc1/source:/opt/rustwide/workdir:ro,Z" "-v" "/var/lib/crater-agent-workspace/cargo-home:/opt/rustwide/cargo-home:ro,Z" "-v" "/var/lib/crater-agent-workspace/rustup-home:/opt/rustwide/rustup-home:ro,Z" "-e" "SOURCE_DIR=/opt/rustwide/workdir" "-e" "CARGO_TARGET_DIR=/opt/rustwide/target" "-e" "CARGO_INCREMENTAL=0" "-e" "RUST_BACKTRACE=full" "-e" "RUSTFLAGS=--cap-lints=forbid" "-e" "RUSTDOCFLAGS=--cap-lints=forbid" "-e" "CARGO_HOME=/opt/rustwide/cargo-home" "-e" "RUSTUP_HOME=/opt/rustwide/rustup-home" "-w" "/opt/rustwide/workdir" "-m" "1610612736" "--user" "0:0" "--network" "none" "ghcr.io/rust-lang/crates-build-env/linux@sha256:4a844ea9eb2546a2d2c7022eacef16ef2e8229c7fbb2c7d4d55a9ceca922f72d" "/opt/rustwide/cargo-home/bin/cargo" "+nightly-2024-10-28" "test" "--frozen" "--no-run" "--message-format=json", kill_on_drop: false }`
[INFO] [stdout] 553664815ea58614af3b75c52b1671de0fca8ea036f2fc18524c6d56b917822f
[INFO] running `Command { std: "docker" "start" "-a" "553664815ea58614af3b75c52b1671de0fca8ea036f2fc18524c6d56b917822f", kill_on_drop: false }`
[INFO] [stderr]    Compiling googleapis-tonic-google-cloud-dataproc-v1 v0.14.0 (/opt/rustwide/workdir)
[INFO] [stderr]     Finished `test` profile [unoptimized + debuginfo] target(s) in 2.20s
[INFO] running `Command { std: "docker" "inspect" "553664815ea58614af3b75c52b1671de0fca8ea036f2fc18524c6d56b917822f", kill_on_drop: false }`
[INFO] running `Command { std: "docker" "rm" "-f" "553664815ea58614af3b75c52b1671de0fca8ea036f2fc18524c6d56b917822f", kill_on_drop: false }`
[INFO] [stdout] 553664815ea58614af3b75c52b1671de0fca8ea036f2fc18524c6d56b917822f
[INFO] running `Command { std: "docker" "create" "-v" "/var/lib/crater-agent-workspace/builds/worker-6-tc1/target:/opt/rustwide/target:rw,Z" "-v" "/var/lib/crater-agent-workspace/builds/worker-6-tc1/source:/opt/rustwide/workdir:ro,Z" "-v" "/var/lib/crater-agent-workspace/cargo-home:/opt/rustwide/cargo-home:ro,Z" "-v" "/var/lib/crater-agent-workspace/rustup-home:/opt/rustwide/rustup-home:ro,Z" "-e" "SOURCE_DIR=/opt/rustwide/workdir" "-e" "CARGO_TARGET_DIR=/opt/rustwide/target" "-e" "CARGO_INCREMENTAL=0" "-e" "RUST_BACKTRACE=full" "-e" "RUSTFLAGS=--cap-lints=forbid" "-e" "RUSTDOCFLAGS=--cap-lints=forbid" "-e" "CARGO_HOME=/opt/rustwide/cargo-home" "-e" "RUSTUP_HOME=/opt/rustwide/rustup-home" "-w" "/opt/rustwide/workdir" "-m" "1610612736" "--user" "0:0" "--network" "none" "ghcr.io/rust-lang/crates-build-env/linux@sha256:4a844ea9eb2546a2d2c7022eacef16ef2e8229c7fbb2c7d4d55a9ceca922f72d" "/opt/rustwide/cargo-home/bin/cargo" "+nightly-2024-10-28" "test" "--frozen", kill_on_drop: false }`
[INFO] [stdout] d0028e986d9656ceac79de87d9ac2240bb6b6fce0c100292937031432a54d1ec
[INFO] running `Command { std: "docker" "start" "-a" "d0028e986d9656ceac79de87d9ac2240bb6b6fce0c100292937031432a54d1ec", kill_on_drop: false }`
[INFO] [stderr]     Finished `test` profile [unoptimized + debuginfo] target(s) in 0.03s
[INFO] [stderr]      Running unittests src/lib.rs (/opt/rustwide/target/debug/deps/googleapis_tonic_google_cloud_dataproc_v1-99a8fc0327bf61ee)
[INFO] [stdout] 
[INFO] [stdout] running 0 tests
[INFO] [stdout] 
[INFO] [stdout] test result: ok. 0 passed; 0 failed; 0 ignored; 0 measured; 0 filtered out; finished in 0.00s
[INFO] [stdout] 
[INFO] [stderr]    Doc-tests googleapis_tonic_google_cloud_dataproc_v1
[INFO] [stdout] 
[INFO] [stdout] running 5 tests
[INFO] [stdout] test src/vec_u8_hash_map/google.cloud.dataproc.v1.rs - vec_u8_hash_map::google::cloud::dataproc::v1::ClusterConfig::initialization_actions (line 2231) ... FAILED
[INFO] [stdout] test src/vec_u8_hash_map/google.cloud.dataproc.v1.rs - vec_u8_hash_map::google::cloud::dataproc::v1::UpdateClusterRequest::update_mask (line 3597) ... FAILED
[INFO] [stdout] test src/vec_u8_hash_map/google.cloud.dataproc.v1.rs - vec_u8_hash_map::google::cloud::dataproc::v1::UpdateClusterRequest::update_mask (line 3609) ... FAILED
[INFO] [stdout] test src/vec_u8_hash_map/google.cloud.dataproc.v1.rs - vec_u8_hash_map::google::cloud::dataproc::v1::QueryList::queries (line 4582) ... FAILED
[INFO] [stdout] test src/vec_u8_hash_map/google.cloud.dataproc.v1.rs - vec_u8_hash_map::google::cloud::dataproc::v1::dataproc_metric_config::Metric::metric_overrides (line 3441) ... FAILED
[INFO] [stdout] 
[INFO] [stdout] failures:
[INFO] [stdout] 
[INFO] [stdout] ---- src/vec_u8_hash_map/google.cloud.dataproc.v1.rs - vec_u8_hash_map::google::cloud::dataproc::v1::ClusterConfig::initialization_actions (line 2231) stdout ----
[INFO] [stdout] error: unknown start of token: \
[INFO] [stdout]  --> src/vec_u8_hash_map/google.cloud.dataproc.v1.rs:2234:5
[INFO] [stdout]   |
[INFO] [stdout] 3 |  if \[[ "${ROLE}" == 'Master' ]\]; then
[INFO] [stdout]   |     ^
[INFO] [stdout] 
[INFO] [stdout] error: character literal may only contain one codepoint
[INFO] [stdout]  --> src/vec_u8_hash_map/google.cloud.dataproc.v1.rs:2234:22
[INFO] [stdout]   |
[INFO] [stdout] 3 |  if \[[ "${ROLE}" == 'Master' ]\]; then
[INFO] [stdout]   |                      ^^^^^^^^
[INFO] [stdout]   |
[INFO] [stdout] help: if you meant to write a string literal, use double quotes
[INFO] [stdout]   |
[INFO] [stdout] 3 |  if \[[ "${ROLE}" == "Master" ]\]; then
[INFO] [stdout]   |                      ~      ~
[INFO] [stdout] 
[INFO] [stdout] error: unknown start of token: \
[INFO] [stdout]  --> src/vec_u8_hash_map/google.cloud.dataproc.v1.rs:2234:32
[INFO] [stdout]   |
[INFO] [stdout] 3 |  if \[[ "${ROLE}" == 'Master' ]\]; then
[INFO] [stdout]   |                                ^
[INFO] [stdout] 
[INFO] [stdout] error: this file contains an unclosed delimiter
[INFO] [stdout]  --> src/vec_u8_hash_map/google.cloud.dataproc.v1.rs:2238:4
[INFO] [stdout]   |
[INFO] [stdout] 1 |  ROLE=$(curl -H Metadata-Flavor:Google
[INFO] [stdout]   |        - unclosed delimiter
[INFO] [stdout] ...
[INFO] [stdout] 7 |  fi
[INFO] [stdout]   |    ^
[INFO] [stdout] 
[INFO] [stdout] error: aborting due to 4 previous errors
[INFO] [stdout] 
[INFO] [stdout] Couldn't compile the test.
[INFO] [stdout] ---- src/vec_u8_hash_map/google.cloud.dataproc.v1.rs - vec_u8_hash_map::google::cloud::dataproc::v1::UpdateClusterRequest::update_mask (line 3597) stdout ----
[INFO] [stdout] error: expected one of `.`, `;`, `?`, `}`, or an operator, found `:`
[INFO] [stdout]  --> src/vec_u8_hash_map/google.cloud.dataproc.v1.rs:3599:12
[INFO] [stdout]   |
[INFO] [stdout] 4 |    "config":{
[INFO] [stdout]   |            ^ expected one of `.`, `;`, `?`, `}`, or an operator
[INFO] [stdout] 
[INFO] [stdout] error: aborting due to 1 previous error
[INFO] [stdout] 
[INFO] [stdout] Couldn't compile the test.
[INFO] [stdout] ---- src/vec_u8_hash_map/google.cloud.dataproc.v1.rs - vec_u8_hash_map::google::cloud::dataproc::v1::UpdateClusterRequest::update_mask (line 3609) stdout ----
[INFO] [stdout] error: expected one of `.`, `;`, `?`, `}`, or an operator, found `:`
[INFO] [stdout]  --> src/vec_u8_hash_map/google.cloud.dataproc.v1.rs:3611:12
[INFO] [stdout]   |
[INFO] [stdout] 4 |    "config":{
[INFO] [stdout]   |            ^ expected one of `.`, `;`, `?`, `}`, or an operator
[INFO] [stdout] 
[INFO] [stdout] error: aborting due to 1 previous error
[INFO] [stdout] 
[INFO] [stdout] Couldn't compile the test.
[INFO] [stdout] ---- src/vec_u8_hash_map/google.cloud.dataproc.v1.rs - vec_u8_hash_map::google::cloud::dataproc::v1::QueryList::queries (line 4582) stdout ----
[INFO] [stdout] error: expected one of `.`, `;`, `?`, `}`, or an operator, found `:`
[INFO] [stdout]  --> src/vec_u8_hash_map/google.cloud.dataproc.v1.rs:4583:10
[INFO] [stdout]   |
[INFO] [stdout] 3 | "hiveJob": {
[INFO] [stdout]   |          ^ expected one of `.`, `;`, `?`, `}`, or an operator
[INFO] [stdout] 
[INFO] [stdout] error: aborting due to 1 previous error
[INFO] [stdout] 
[INFO] [stdout] Couldn't compile the test.
[INFO] [stdout] ---- src/vec_u8_hash_map/google.cloud.dataproc.v1.rs - vec_u8_hash_map::google::cloud::dataproc::v1::dataproc_metric_config::Metric::metric_overrides (line 3441) stdout ----
[INFO] [stdout] error: path separator must be a double colon
[INFO] [stdout]  --> src/vec_u8_hash_map/google.cloud.dataproc.v1.rs:3442:21
[INFO] [stdout]   |
[INFO] [stdout] 3 | yarn:ResourceManager:QueueMetrics:AppsCompleted
[INFO] [stdout]   |                     ^
[INFO] [stdout]   |
[INFO] [stdout]   = note: if you meant to annotate an expression with a type, the type ascription syntax has been removed, see issue #101728 <https://github.com/rust-lang/rust/issues/101728>
[INFO] [stdout] help: use a double colon instead
[INFO] [stdout]   |
[INFO] [stdout] 3 | yarn:ResourceManager::QueueMetrics:AppsCompleted
[INFO] [stdout]   |                      +
[INFO] [stdout] 
[INFO] [stdout] error: path separator must be a double colon
[INFO] [stdout]  --> src/vec_u8_hash_map/google.cloud.dataproc.v1.rs:3442:34
[INFO] [stdout]   |
[INFO] [stdout] 3 | yarn:ResourceManager:QueueMetrics:AppsCompleted
[INFO] [stdout]   |                                  ^
[INFO] [stdout]   |
[INFO] [stdout]   = note: if you meant to annotate an expression with a type, the type ascription syntax has been removed, see issue #101728 <https://github.com/rust-lang/rust/issues/101728>
[INFO] [stdout] help: use a double colon instead
[INFO] [stdout]   |
[INFO] [stdout] 3 | yarn:ResourceManager:QueueMetrics::AppsCompleted
[INFO] [stdout]   |                                   +
[INFO] [stdout] 
[INFO] [stdout] error: path separator must be a double colon
[INFO] [stdout]  --> src/vec_u8_hash_map/google.cloud.dataproc.v1.rs:3442:5
[INFO] [stdout]   |
[INFO] [stdout] 3 | yarn:ResourceManager:QueueMetrics:AppsCompleted
[INFO] [stdout]   |     ^
[INFO] [stdout]   |
[INFO] [stdout]   = note: if you meant to annotate an expression with a type, the type ascription syntax has been removed, see issue #101728 <https://github.com/rust-lang/rust/issues/101728>
[INFO] [stdout] help: use a double colon instead
[INFO] [stdout]   |
[INFO] [stdout] 3 | yarn::ResourceManager:QueueMetrics:AppsCompleted
[INFO] [stdout]   |      +
[INFO] [stdout] 
[INFO] [stdout] error: expected `;`, found `spark`
[INFO] [stdout]  --> src/vec_u8_hash_map/google.cloud.dataproc.v1.rs:3442:48
[INFO] [stdout]   |
[INFO] [stdout] 3 | yarn:ResourceManager:QueueMetrics:AppsCompleted
[INFO] [stdout]   |                                                ^ help: add `;` here
[INFO] [stdout] 4 | spark:driver:DAGScheduler:job.allJobs
[INFO] [stdout]   | ----- unexpected token
[INFO] [stdout] 
[INFO] [stdout] error: path separator must be a double colon
[INFO] [stdout]  --> src/vec_u8_hash_map/google.cloud.dataproc.v1.rs:3443:6
[INFO] [stdout]   |
[INFO] [stdout] 4 | spark:driver:DAGScheduler:job.allJobs
[INFO] [stdout]   |      ^
[INFO] [stdout]   |
[INFO] [stdout]   = note: if you meant to annotate an expression with a type, the type ascription syntax has been removed, see issue #101728 <https://github.com/rust-lang/rust/issues/101728>
[INFO] [stdout] help: use a double colon instead
[INFO] [stdout]   |
[INFO] [stdout] 4 | spark::driver:DAGScheduler:job.allJobs
[INFO] [stdout]   |       +
[INFO] [stdout] 
[INFO] [stdout] error: path separator must be a double colon
[INFO] [stdout]  --> src/vec_u8_hash_map/google.cloud.dataproc.v1.rs:3443:13
[INFO] [stdout]   |
[INFO] [stdout] 4 | spark:driver:DAGScheduler:job.allJobs
[INFO] [stdout]   |             ^
[INFO] [stdout]   |
[INFO] [stdout]   = note: if you meant to annotate an expression with a type, the type ascription syntax has been removed, see issue #101728 <https://github.com/rust-lang/rust/issues/101728>
[INFO] [stdout] help: use a double colon instead
[INFO] [stdout]   |
[INFO] [stdout] 4 | spark:driver::DAGScheduler:job.allJobs
[INFO] [stdout]   |              +
[INFO] [stdout] 
[INFO] [stdout] error: path separator must be a double colon
[INFO] [stdout]  --> src/vec_u8_hash_map/google.cloud.dataproc.v1.rs:3443:26
[INFO] [stdout]   |
[INFO] [stdout] 4 | spark:driver:DAGScheduler:job.allJobs
[INFO] [stdout]   |                          ^
[INFO] [stdout]   |
[INFO] [stdout]   = note: if you meant to annotate an expression with a type, the type ascription syntax has been removed, see issue #101728 <https://github.com/rust-lang/rust/issues/101728>
[INFO] [stdout] help: use a double colon instead
[INFO] [stdout]   |
[INFO] [stdout] 4 | spark:driver:DAGScheduler::job.allJobs
[INFO] [stdout]   |                           +
[INFO] [stdout] 
[INFO] [stdout] error: expected `;`, found `sparkHistoryServer`
[INFO] [stdout]  --> src/vec_u8_hash_map/google.cloud.dataproc.v1.rs:3443:38
[INFO] [stdout]   |
[INFO] [stdout] 4 | spark:driver:DAGScheduler:job.allJobs
[INFO] [stdout]   |                                      ^ help: add `;` here
[INFO] [stdout] 5 | sparkHistoryServer:JVM:Memory:NonHeapMemoryUsage.committed
[INFO] [stdout]   | ------------------ unexpected token
[INFO] [stdout] 
[INFO] [stdout] error: path separator must be a double colon
[INFO] [stdout]  --> src/vec_u8_hash_map/google.cloud.dataproc.v1.rs:3444:19
[INFO] [stdout]   |
[INFO] [stdout] 5 | sparkHistoryServer:JVM:Memory:NonHeapMemoryUsage.committed
[INFO] [stdout]   |                   ^
[INFO] [stdout]   |
[INFO] [stdout]   = note: if you meant to annotate an expression with a type, the type ascription syntax has been removed, see issue #101728 <https://github.com/rust-lang/rust/issues/101728>
[INFO] [stdout] help: use a double colon instead
[INFO] [stdout]   |
[INFO] [stdout] 5 | sparkHistoryServer::JVM:Memory:NonHeapMemoryUsage.committed
[INFO] [stdout]   |                    +
[INFO] [stdout] 
[INFO] [stdout] error: path separator must be a double colon
[INFO] [stdout]  --> src/vec_u8_hash_map/google.cloud.dataproc.v1.rs:3444:23
[INFO] [stdout]   |
[INFO] [stdout] 5 | sparkHistoryServer:JVM:Memory:NonHeapMemoryUsage.committed
[INFO] [stdout]   |                       ^
[INFO] [stdout]   |
[INFO] [stdout]   = note: if you meant to annotate an expression with a type, the type ascription syntax has been removed, see issue #101728 <https://github.com/rust-lang/rust/issues/101728>
[INFO] [stdout] help: use a double colon instead
[INFO] [stdout]   |
[INFO] [stdout] 5 | sparkHistoryServer:JVM::Memory:NonHeapMemoryUsage.committed
[INFO] [stdout]   |                        +
[INFO] [stdout] 
[INFO] [stdout] error: path separator must be a double colon
[INFO] [stdout]  --> src/vec_u8_hash_map/google.cloud.dataproc.v1.rs:3444:30
[INFO] [stdout]   |
[INFO] [stdout] 5 | sparkHistoryServer:JVM:Memory:NonHeapMemoryUsage.committed
[INFO] [stdout]   |                              ^
[INFO] [stdout]   |
[INFO] [stdout]   = note: if you meant to annotate an expression with a type, the type ascription syntax has been removed, see issue #101728 <https://github.com/rust-lang/rust/issues/101728>
[INFO] [stdout] help: use a double colon instead
[INFO] [stdout]   |
[INFO] [stdout] 5 | sparkHistoryServer:JVM:Memory::NonHeapMemoryUsage.committed
[INFO] [stdout]   |                               +
[INFO] [stdout] 
[INFO] [stdout] error: expected `;`, found `hiveserver2`
[INFO] [stdout]  --> src/vec_u8_hash_map/google.cloud.dataproc.v1.rs:3444:59
[INFO] [stdout]   |
[INFO] [stdout] 5 | sparkHistoryServer:JVM:Memory:NonHeapMemoryUsage.committed
[INFO] [stdout]   |                                                           ^ help: add `;` here
[INFO] [stdout] 6 | hiveserver2:JVM:Memory:NonHeapMemoryUsage.used
[INFO] [stdout]   | ----------- unexpected token
[INFO] [stdout] 
[INFO] [stdout] error: path separator must be a double colon
[INFO] [stdout]  --> src/vec_u8_hash_map/google.cloud.dataproc.v1.rs:3445:12
[INFO] [stdout]   |
[INFO] [stdout] 6 | hiveserver2:JVM:Memory:NonHeapMemoryUsage.used
[INFO] [stdout]   |            ^
[INFO] [stdout]   |
[INFO] [stdout]   = note: if you meant to annotate an expression with a type, the type ascription syntax has been removed, see issue #101728 <https://github.com/rust-lang/rust/issues/101728>
[INFO] [stdout] help: use a double colon instead
[INFO] [stdout]   |
[INFO] [stdout] 6 | hiveserver2::JVM:Memory:NonHeapMemoryUsage.used
[INFO] [stdout]   |             +
[INFO] [stdout] 
[INFO] [stdout] error: path separator must be a double colon
[INFO] [stdout]  --> src/vec_u8_hash_map/google.cloud.dataproc.v1.rs:3445:16
[INFO] [stdout]   |
[INFO] [stdout] 6 | hiveserver2:JVM:Memory:NonHeapMemoryUsage.used
[INFO] [stdout]   |                ^
[INFO] [stdout]   |
[INFO] [stdout]   = note: if you meant to annotate an expression with a type, the type ascription syntax has been removed, see issue #101728 <https://github.com/rust-lang/rust/issues/101728>
[INFO] [stdout] help: use a double colon instead
[INFO] [stdout]   |
[INFO] [stdout] 6 | hiveserver2:JVM::Memory:NonHeapMemoryUsage.used
[INFO] [stdout]   |                 +
[INFO] [stdout] 
[INFO] [stdout] error: path separator must be a double colon
[INFO] [stdout]  --> src/vec_u8_hash_map/google.cloud.dataproc.v1.rs:3445:23
[INFO] [stdout]   |
[INFO] [stdout] 6 | hiveserver2:JVM:Memory:NonHeapMemoryUsage.used
[INFO] [stdout]   |                       ^
[INFO] [stdout]   |
[INFO] [stdout]   = note: if you meant to annotate an expression with a type, the type ascription syntax has been removed, see issue #101728 <https://github.com/rust-lang/rust/issues/101728>
[INFO] [stdout] help: use a double colon instead
[INFO] [stdout]   |
[INFO] [stdout] 6 | hiveserver2:JVM:Memory::NonHeapMemoryUsage.used
[INFO] [stdout]   |                        +
[INFO] [stdout] 
[INFO] [stdout] error[E0433]: failed to resolve: use of undeclared crate or module `hiveserver2`
[INFO] [stdout]  --> src/vec_u8_hash_map/google.cloud.dataproc.v1.rs:3445:1
[INFO] [stdout]   |
[INFO] [stdout] 6 | hiveserver2:JVM:Memory:NonHeapMemoryUsage.used
[INFO] [stdout]   | ^^^^^^^^^^^ use of undeclared crate or module `hiveserver2`
[INFO] [stdout]   |
[INFO] [stdout] help: there is an enum variant `googleapis_tonic_google_cloud_dataproc_v1::google::cloud::dataproc::v1::autotuning_config::Scenario::Memory`; try using the variant's enum
[INFO] [stdout]   |
[INFO] [stdout] 6 | googleapis_tonic_google_cloud_dataproc_v1::google::cloud::dataproc::v1::autotuning_config::Scenario.used
[INFO] [stdout]   | ~~~~~~~~~~~~~~~~~~~~~~~~~~~~~~~~~~~~~~~~~~~~~~~~~~~~~~~~~~~~~~~~~~~~~~~~~~~~~~~~~~~~~~~~~~~~~~~~~~~
[INFO] [stdout] 
[INFO] [stdout] error: aborting due to 16 previous errors
[INFO] [stdout] 
[INFO] [stdout] For more information about this error, try `rustc --explain E0433`.
[INFO] [stdout] Couldn't compile the test.
[INFO] [stdout] 
[INFO] [stdout] failures:
[INFO] [stdout]     src/vec_u8_hash_map/google.cloud.dataproc.v1.rs - vec_u8_hash_map::google::cloud::dataproc::v1::ClusterConfig::initialization_actions (line 2231)
[INFO] [stdout]     src/vec_u8_hash_map/google.cloud.dataproc.v1.rs - vec_u8_hash_map::google::cloud::dataproc::v1::QueryList::queries (line 4582)
[INFO] [stdout]     src/vec_u8_hash_map/google.cloud.dataproc.v1.rs - vec_u8_hash_map::google::cloud::dataproc::v1::UpdateClusterRequest::update_mask (line 3597)
[INFO] [stdout]     src/vec_u8_hash_map/google.cloud.dataproc.v1.rs - vec_u8_hash_map::google::cloud::dataproc::v1::UpdateClusterRequest::update_mask (line 3609)
[INFO] [stdout]     src/vec_u8_hash_map/google.cloud.dataproc.v1.rs - vec_u8_hash_map::google::cloud::dataproc::v1::dataproc_metric_config::Metric::metric_overrides (line 3441)
[INFO] [stdout] 
[INFO] [stdout] test result: FAILED. 0 passed; 5 failed; 0 ignored; 0 measured; 0 filtered out; finished in 0.06s
[INFO] [stdout] 
[INFO] [stderr] error: doctest failed, to rerun pass `--doc`
[INFO] running `Command { std: "docker" "inspect" "d0028e986d9656ceac79de87d9ac2240bb6b6fce0c100292937031432a54d1ec", kill_on_drop: false }`
[INFO] running `Command { std: "docker" "rm" "-f" "d0028e986d9656ceac79de87d9ac2240bb6b6fce0c100292937031432a54d1ec", kill_on_drop: false }`
[INFO] [stdout] d0028e986d9656ceac79de87d9ac2240bb6b6fce0c100292937031432a54d1ec
