[INFO] fetching crate googleapis-tonic-google-cloud-dataplex-v1 0.10.0...
[INFO] testing googleapis-tonic-google-cloud-dataplex-v1-0.10.0 against nightly-2024-10-28 for randomize-layout
[INFO] extracting crate googleapis-tonic-google-cloud-dataplex-v1 0.10.0 into /workspace/builds/worker-0-tc1/source
[INFO] validating manifest of crates.io crate googleapis-tonic-google-cloud-dataplex-v1 0.10.0 on toolchain nightly-2024-10-28
[INFO] running `Command { std: CARGO_HOME="/workspace/cargo-home" RUSTUP_HOME="/workspace/rustup-home" "/workspace/cargo-home/bin/cargo" "+nightly-2024-10-28" "metadata" "--manifest-path" "Cargo.toml" "--no-deps", kill_on_drop: false }`
[INFO] started tweaking crates.io crate googleapis-tonic-google-cloud-dataplex-v1 0.10.0
[INFO] finished tweaking crates.io crate googleapis-tonic-google-cloud-dataplex-v1 0.10.0
[INFO] tweaked toml for crates.io crate googleapis-tonic-google-cloud-dataplex-v1 0.10.0 written to /workspace/builds/worker-0-tc1/source/Cargo.toml
[INFO] running `Command { std: CARGO_HOME="/workspace/cargo-home" RUSTUP_HOME="/workspace/rustup-home" "/workspace/cargo-home/bin/cargo" "+nightly-2024-10-28" "generate-lockfile" "--manifest-path" "Cargo.toml", kill_on_drop: false }`
[INFO] [stderr]     Updating crates.io index
[INFO] [stderr]      Locking 59 packages to latest compatible versions
[INFO] [stderr]       Adding googleapis-tonic-google-api v0.9.0 (available: v0.10.0)
[INFO] [stderr]       Adding googleapis-tonic-google-iam-v1 v0.10.0 (available: v0.11.0)
[INFO] [stderr]       Adding googleapis-tonic-google-longrunning v0.9.0 (available: v0.10.0)
[INFO] running `Command { std: CARGO_HOME="/workspace/cargo-home" RUSTUP_HOME="/workspace/rustup-home" "/workspace/cargo-home/bin/cargo" "+nightly-2024-10-28" "fetch" "--manifest-path" "Cargo.toml", kill_on_drop: false }`
[INFO] [stderr]  Downloading crates ...
[INFO] [stderr]   Downloaded googleapis-tonic-google-iam-v1 v0.10.0
[INFO] running `Command { std: "docker" "create" "-v" "/var/lib/crater-agent-workspace/builds/worker-0-tc1/target:/opt/rustwide/target:rw,Z" "-v" "/var/lib/crater-agent-workspace/builds/worker-0-tc1/source:/opt/rustwide/workdir:ro,Z" "-v" "/var/lib/crater-agent-workspace/cargo-home:/opt/rustwide/cargo-home:ro,Z" "-v" "/var/lib/crater-agent-workspace/rustup-home:/opt/rustwide/rustup-home:ro,Z" "-e" "SOURCE_DIR=/opt/rustwide/workdir" "-e" "CARGO_TARGET_DIR=/opt/rustwide/target" "-e" "CARGO_HOME=/opt/rustwide/cargo-home" "-e" "RUSTUP_HOME=/opt/rustwide/rustup-home" "-w" "/opt/rustwide/workdir" "-m" "1610612736" "--user" "0:0" "--network" "none" "ghcr.io/rust-lang/crates-build-env/linux@sha256:4a844ea9eb2546a2d2c7022eacef16ef2e8229c7fbb2c7d4d55a9ceca922f72d" "/opt/rustwide/cargo-home/bin/cargo" "+nightly-2024-10-28" "metadata" "--no-deps" "--format-version=1", kill_on_drop: false }`
[INFO] [stdout] f5b3a9d127b12c0c692982d4fc51298210a49cd5167d01e45f49b2f20cebda8c
[INFO] running `Command { std: "docker" "start" "-a" "f5b3a9d127b12c0c692982d4fc51298210a49cd5167d01e45f49b2f20cebda8c", kill_on_drop: false }`
[INFO] running `Command { std: "docker" "inspect" "f5b3a9d127b12c0c692982d4fc51298210a49cd5167d01e45f49b2f20cebda8c", kill_on_drop: false }`
[INFO] running `Command { std: "docker" "rm" "-f" "f5b3a9d127b12c0c692982d4fc51298210a49cd5167d01e45f49b2f20cebda8c", kill_on_drop: false }`
[INFO] [stdout] f5b3a9d127b12c0c692982d4fc51298210a49cd5167d01e45f49b2f20cebda8c
[INFO] running `Command { std: "docker" "create" "-v" "/var/lib/crater-agent-workspace/builds/worker-0-tc1/target:/opt/rustwide/target:rw,Z" "-v" "/var/lib/crater-agent-workspace/builds/worker-0-tc1/source:/opt/rustwide/workdir:ro,Z" "-v" "/var/lib/crater-agent-workspace/cargo-home:/opt/rustwide/cargo-home:ro,Z" "-v" "/var/lib/crater-agent-workspace/rustup-home:/opt/rustwide/rustup-home:ro,Z" "-e" "SOURCE_DIR=/opt/rustwide/workdir" "-e" "CARGO_TARGET_DIR=/opt/rustwide/target" "-e" "CARGO_INCREMENTAL=0" "-e" "RUST_BACKTRACE=full" "-e" "RUSTFLAGS=--cap-lints=forbid" "-e" "RUSTDOCFLAGS=--cap-lints=forbid" "-e" "CARGO_HOME=/opt/rustwide/cargo-home" "-e" "RUSTUP_HOME=/opt/rustwide/rustup-home" "-w" "/opt/rustwide/workdir" "-m" "1610612736" "--user" "0:0" "--network" "none" "ghcr.io/rust-lang/crates-build-env/linux@sha256:4a844ea9eb2546a2d2c7022eacef16ef2e8229c7fbb2c7d4d55a9ceca922f72d" "/opt/rustwide/cargo-home/bin/cargo" "+nightly-2024-10-28" "build" "--frozen" "--message-format=json", kill_on_drop: false }`
[INFO] [stdout] d3e1b9c591fc8c73e74198e67cbd3b4ce597cb7589c66673f44413e616c27c00
[INFO] running `Command { std: "docker" "start" "-a" "d3e1b9c591fc8c73e74198e67cbd3b4ce597cb7589c66673f44413e616c27c00", kill_on_drop: false }`
[INFO] [stderr]    Compiling proc-macro2 v1.0.89
[INFO] [stderr]    Compiling anyhow v1.0.92
[INFO] [stderr]    Compiling bytes v1.8.0
[INFO] [stderr]    Compiling pin-project-lite v0.2.15
[INFO] [stderr]    Compiling either v1.13.0
[INFO] [stderr]    Compiling futures-task v0.3.31
[INFO] [stderr]    Compiling tower-layer v0.3.3
[INFO] [stderr]    Compiling tokio v1.41.0
[INFO] [stderr]    Compiling futures-util v0.3.31
[INFO] [stderr]    Compiling itertools v0.13.0
[INFO] [stderr]    Compiling http v1.1.0
[INFO] [stderr]    Compiling quote v1.0.37
[INFO] [stderr]    Compiling syn v2.0.86
[INFO] [stderr]    Compiling tokio-stream v0.1.16
[INFO] [stderr]    Compiling http-body v1.0.1
[INFO] [stderr]    Compiling http-body-util v0.1.2
[INFO] [stderr]    Compiling prost-derive v0.13.3
[INFO] [stderr]    Compiling pin-project-internal v1.1.7
[INFO] [stderr]    Compiling tracing-attributes v0.1.27
[INFO] [stderr]    Compiling async-trait v0.1.83
[INFO] [stderr]    Compiling pin-project v1.1.7
[INFO] [stderr]    Compiling tracing v0.1.40
[INFO] [stderr]    Compiling prost v0.13.3
[INFO] [stderr]    Compiling tonic v0.12.3
[INFO] [stderr]    Compiling prost-types v0.13.3
[INFO] [stderr]    Compiling googleapis-tonic-google-api v0.9.0
[INFO] [stderr]    Compiling googleapis-tonic-google-rpc v0.8.0
[INFO] [stderr]    Compiling googleapis-tonic-google-type v0.8.0
[INFO] [stderr]    Compiling googleapis-tonic-google-longrunning v0.9.0
[INFO] [stderr]    Compiling googleapis-tonic-google-iam-v1 v0.10.0
[INFO] [stderr]    Compiling googleapis-tonic-google-cloud-dataplex-v1 v0.10.0 (/opt/rustwide/workdir)
[INFO] [stderr]     Finished `dev` profile [unoptimized + debuginfo] target(s) in 12.42s
[INFO] running `Command { std: "docker" "inspect" "d3e1b9c591fc8c73e74198e67cbd3b4ce597cb7589c66673f44413e616c27c00", kill_on_drop: false }`
[INFO] running `Command { std: "docker" "rm" "-f" "d3e1b9c591fc8c73e74198e67cbd3b4ce597cb7589c66673f44413e616c27c00", kill_on_drop: false }`
[INFO] [stdout] d3e1b9c591fc8c73e74198e67cbd3b4ce597cb7589c66673f44413e616c27c00
[INFO] running `Command { std: "docker" "create" "-v" "/var/lib/crater-agent-workspace/builds/worker-0-tc1/target:/opt/rustwide/target:rw,Z" "-v" "/var/lib/crater-agent-workspace/builds/worker-0-tc1/source:/opt/rustwide/workdir:ro,Z" "-v" "/var/lib/crater-agent-workspace/cargo-home:/opt/rustwide/cargo-home:ro,Z" "-v" "/var/lib/crater-agent-workspace/rustup-home:/opt/rustwide/rustup-home:ro,Z" "-e" "SOURCE_DIR=/opt/rustwide/workdir" "-e" "CARGO_TARGET_DIR=/opt/rustwide/target" "-e" "CARGO_INCREMENTAL=0" "-e" "RUST_BACKTRACE=full" "-e" "RUSTFLAGS=--cap-lints=forbid" "-e" "RUSTDOCFLAGS=--cap-lints=forbid" "-e" "CARGO_HOME=/opt/rustwide/cargo-home" "-e" "RUSTUP_HOME=/opt/rustwide/rustup-home" "-w" "/opt/rustwide/workdir" "-m" "1610612736" "--user" "0:0" "--network" "none" "ghcr.io/rust-lang/crates-build-env/linux@sha256:4a844ea9eb2546a2d2c7022eacef16ef2e8229c7fbb2c7d4d55a9ceca922f72d" "/opt/rustwide/cargo-home/bin/cargo" "+nightly-2024-10-28" "test" "--frozen" "--no-run" "--message-format=json", kill_on_drop: false }`
[INFO] [stdout] 82691d6ccdfd121e02a312b3843567fd1eff9444b2bfd031e645d47ab0a85661
[INFO] running `Command { std: "docker" "start" "-a" "82691d6ccdfd121e02a312b3843567fd1eff9444b2bfd031e645d47ab0a85661", kill_on_drop: false }`
[INFO] [stderr]    Compiling googleapis-tonic-google-cloud-dataplex-v1 v0.10.0 (/opt/rustwide/workdir)
[INFO] [stderr]     Finished `test` profile [unoptimized + debuginfo] target(s) in 4.43s
[INFO] running `Command { std: "docker" "inspect" "82691d6ccdfd121e02a312b3843567fd1eff9444b2bfd031e645d47ab0a85661", kill_on_drop: false }`
[INFO] running `Command { std: "docker" "rm" "-f" "82691d6ccdfd121e02a312b3843567fd1eff9444b2bfd031e645d47ab0a85661", kill_on_drop: false }`
[INFO] [stdout] 82691d6ccdfd121e02a312b3843567fd1eff9444b2bfd031e645d47ab0a85661
[INFO] running `Command { std: "docker" "create" "-v" "/var/lib/crater-agent-workspace/builds/worker-0-tc1/target:/opt/rustwide/target:rw,Z" "-v" "/var/lib/crater-agent-workspace/builds/worker-0-tc1/source:/opt/rustwide/workdir:ro,Z" "-v" "/var/lib/crater-agent-workspace/cargo-home:/opt/rustwide/cargo-home:ro,Z" "-v" "/var/lib/crater-agent-workspace/rustup-home:/opt/rustwide/rustup-home:ro,Z" "-e" "SOURCE_DIR=/opt/rustwide/workdir" "-e" "CARGO_TARGET_DIR=/opt/rustwide/target" "-e" "CARGO_INCREMENTAL=0" "-e" "RUST_BACKTRACE=full" "-e" "RUSTFLAGS=--cap-lints=forbid" "-e" "RUSTDOCFLAGS=--cap-lints=forbid" "-e" "CARGO_HOME=/opt/rustwide/cargo-home" "-e" "RUSTUP_HOME=/opt/rustwide/rustup-home" "-w" "/opt/rustwide/workdir" "-m" "1610612736" "--user" "0:0" "--network" "none" "ghcr.io/rust-lang/crates-build-env/linux@sha256:4a844ea9eb2546a2d2c7022eacef16ef2e8229c7fbb2c7d4d55a9ceca922f72d" "/opt/rustwide/cargo-home/bin/cargo" "+nightly-2024-10-28" "test" "--frozen", kill_on_drop: false }`
[INFO] [stdout] 44cb7ac0257d3ac1bd31c2479bae5a920da27938a841b21a3890c1d7cff428a5
[INFO] running `Command { std: "docker" "start" "-a" "44cb7ac0257d3ac1bd31c2479bae5a920da27938a841b21a3890c1d7cff428a5", kill_on_drop: false }`
[INFO] [stderr]     Finished `test` profile [unoptimized + debuginfo] target(s) in 0.04s
[INFO] [stderr]      Running unittests src/lib.rs (/opt/rustwide/target/debug/deps/googleapis_tonic_google_cloud_dataplex_v1-99365e45754ff409)
[INFO] [stdout] 
[INFO] [stdout] running 0 tests
[INFO] [stdout] 
[INFO] [stdout] test result: ok. 0 passed; 0 failed; 0 ignored; 0 measured; 0 filtered out; finished in 0.00s
[INFO] [stdout] 
[INFO] [stderr]    Doc-tests googleapis_tonic_google_cloud_dataplex_v1
[INFO] [stdout] 
[INFO] [stdout] running 1 test
[INFO] [stdout] test src/vec_u8_hash_map/google.cloud.dataplex.v1.rs - vec_u8_hash_map::google::cloud::dataplex::v1::DataAttribute (line 7098) ... FAILED
[INFO] [stdout] 
[INFO] [stdout] failures:
[INFO] [stdout] 
[INFO] [stdout] ---- src/vec_u8_hash_map/google.cloud.dataplex.v1.rs - vec_u8_hash_map::google::cloud::dataplex::v1::DataAttribute (line 7098) stdout ----
[INFO] [stdout] error: statements are terminated with a semicolon
[INFO] [stdout]  --> src/vec_u8_hash_map/google.cloud.dataplex.v1.rs:7100:25
[INFO] [stdout]   |
[INFO] [stdout] 4 |    - ResourceAccessSpec :
[INFO] [stdout]   |                         ^
[INFO] [stdout]   |
[INFO] [stdout]   = note: if you meant to annotate an expression with a type, the type ascription syntax has been removed, see issue #101728 <https://github.com/rust-lang/rust/issues/101728>
[INFO] [stdout] help: use a semicolon instead
[INFO] [stdout]   |
[INFO] [stdout] 4 |    - ResourceAccessSpec ;
[INFO] [stdout]   |                         ~
[INFO] [stdout] 
[INFO] [stdout] error: expected identifier, found `:`
[INFO] [stdout]  --> src/vec_u8_hash_map/google.cloud.dataplex.v1.rs:7101:28
[INFO] [stdout]   |
[INFO] [stdout] 5 |                  - readers :foo@bar.com
[INFO] [stdout]   |                            ^ expected identifier
[INFO] [stdout]   |
[INFO] [stdout]   = note: type ascription syntax has been removed, see issue #101728 <https://github.com/rust-lang/rust/issues/101728>
[INFO] [stdout] help: maybe write a path separator here
[INFO] [stdout]   |
[INFO] [stdout] 5 |                  - readers ::foo@bar.com
[INFO] [stdout]   |                            ~~
[INFO] [stdout] 
[INFO] [stdout] error[E0425]: cannot find value `PII` in this scope
[INFO] [stdout]  --> src/vec_u8_hash_map/google.cloud.dataplex.v1.rs:7099:1
[INFO] [stdout]   |
[INFO] [stdout] 3 | PII
[INFO] [stdout]   | ^^^ not found in this scope
[INFO] [stdout] 
[INFO] [stdout] error[E0425]: cannot find value `ResourceAccessSpec` in this scope
[INFO] [stdout]  --> src/vec_u8_hash_map/google.cloud.dataplex.v1.rs:7100:6
[INFO] [stdout]   |
[INFO] [stdout] 4 |    - ResourceAccessSpec :
[INFO] [stdout]   |      ^^^^^^^^^^^^^^^^^^ not found in this scope
[INFO] [stdout] 
[INFO] [stdout] error: aborting due to 4 previous errors
[INFO] [stdout] 
[INFO] [stdout] For more information about this error, try `rustc --explain E0425`.
[INFO] [stdout] Couldn't compile the test.
[INFO] [stdout] 
[INFO] [stdout] failures:
[INFO] [stdout]     src/vec_u8_hash_map/google.cloud.dataplex.v1.rs - vec_u8_hash_map::google::cloud::dataplex::v1::DataAttribute (line 7098)
[INFO] [stdout] 
[INFO] [stdout] test result: FAILED. 0 passed; 1 failed; 0 ignored; 0 measured; 0 filtered out; finished in 0.06s
[INFO] [stdout] 
[INFO] [stderr] error: doctest failed, to rerun pass `--doc`
[INFO] running `Command { std: "docker" "inspect" "44cb7ac0257d3ac1bd31c2479bae5a920da27938a841b21a3890c1d7cff428a5", kill_on_drop: false }`
[INFO] running `Command { std: "docker" "rm" "-f" "44cb7ac0257d3ac1bd31c2479bae5a920da27938a841b21a3890c1d7cff428a5", kill_on_drop: false }`
[INFO] [stdout] 44cb7ac0257d3ac1bd31c2479bae5a920da27938a841b21a3890c1d7cff428a5
