[INFO] fetching crate googleapis-tonic-google-cloud-datacatalog-v1 0.10.0...
[INFO] testing googleapis-tonic-google-cloud-datacatalog-v1-0.10.0 against nightly-2024-10-28 for randomize-layout
[INFO] extracting crate googleapis-tonic-google-cloud-datacatalog-v1 0.10.0 into /workspace/builds/worker-3-tc1/source
[INFO] validating manifest of crates.io crate googleapis-tonic-google-cloud-datacatalog-v1 0.10.0 on toolchain nightly-2024-10-28
[INFO] running `Command { std: CARGO_HOME="/workspace/cargo-home" RUSTUP_HOME="/workspace/rustup-home" "/workspace/cargo-home/bin/cargo" "+nightly-2024-10-28" "metadata" "--manifest-path" "Cargo.toml" "--no-deps", kill_on_drop: false }`
[INFO] started tweaking crates.io crate googleapis-tonic-google-cloud-datacatalog-v1 0.10.0
[INFO] finished tweaking crates.io crate googleapis-tonic-google-cloud-datacatalog-v1 0.10.0
[INFO] tweaked toml for crates.io crate googleapis-tonic-google-cloud-datacatalog-v1 0.10.0 written to /workspace/builds/worker-3-tc1/source/Cargo.toml
[INFO] running `Command { std: CARGO_HOME="/workspace/cargo-home" RUSTUP_HOME="/workspace/rustup-home" "/workspace/cargo-home/bin/cargo" "+nightly-2024-10-28" "generate-lockfile" "--manifest-path" "Cargo.toml", kill_on_drop: false }`
[INFO] [stderr]     Updating crates.io index
[INFO] [stderr]      Locking 59 packages to latest compatible versions
[INFO] [stderr]       Adding googleapis-tonic-google-api v0.9.0 (available: v0.10.0)
[INFO] [stderr]       Adding googleapis-tonic-google-iam-v1 v0.10.0 (available: v0.11.0)
[INFO] [stderr]       Adding googleapis-tonic-google-longrunning v0.9.0 (available: v0.10.0)
[INFO] running `Command { std: CARGO_HOME="/workspace/cargo-home" RUSTUP_HOME="/workspace/rustup-home" "/workspace/cargo-home/bin/cargo" "+nightly-2024-10-28" "fetch" "--manifest-path" "Cargo.toml", kill_on_drop: false }`
[INFO] running `Command { std: "docker" "create" "-v" "/var/lib/crater-agent-workspace/builds/worker-3-tc1/target:/opt/rustwide/target:rw,Z" "-v" "/var/lib/crater-agent-workspace/builds/worker-3-tc1/source:/opt/rustwide/workdir:ro,Z" "-v" "/var/lib/crater-agent-workspace/cargo-home:/opt/rustwide/cargo-home:ro,Z" "-v" "/var/lib/crater-agent-workspace/rustup-home:/opt/rustwide/rustup-home:ro,Z" "-e" "SOURCE_DIR=/opt/rustwide/workdir" "-e" "CARGO_TARGET_DIR=/opt/rustwide/target" "-e" "CARGO_HOME=/opt/rustwide/cargo-home" "-e" "RUSTUP_HOME=/opt/rustwide/rustup-home" "-w" "/opt/rustwide/workdir" "-m" "1610612736" "--user" "0:0" "--network" "none" "ghcr.io/rust-lang/crates-build-env/linux@sha256:4a844ea9eb2546a2d2c7022eacef16ef2e8229c7fbb2c7d4d55a9ceca922f72d" "/opt/rustwide/cargo-home/bin/cargo" "+nightly-2024-10-28" "metadata" "--no-deps" "--format-version=1", kill_on_drop: false }`
[INFO] [stdout] c8e0220c902ddac4a1134e81b23baee3d2d060eace3d6d9be0310f3d76e11ec5
[INFO] running `Command { std: "docker" "start" "-a" "c8e0220c902ddac4a1134e81b23baee3d2d060eace3d6d9be0310f3d76e11ec5", kill_on_drop: false }`
[INFO] running `Command { std: "docker" "inspect" "c8e0220c902ddac4a1134e81b23baee3d2d060eace3d6d9be0310f3d76e11ec5", kill_on_drop: false }`
[INFO] running `Command { std: "docker" "rm" "-f" "c8e0220c902ddac4a1134e81b23baee3d2d060eace3d6d9be0310f3d76e11ec5", kill_on_drop: false }`
[INFO] [stdout] c8e0220c902ddac4a1134e81b23baee3d2d060eace3d6d9be0310f3d76e11ec5
[INFO] running `Command { std: "docker" "create" "-v" "/var/lib/crater-agent-workspace/builds/worker-3-tc1/target:/opt/rustwide/target:rw,Z" "-v" "/var/lib/crater-agent-workspace/builds/worker-3-tc1/source:/opt/rustwide/workdir:ro,Z" "-v" "/var/lib/crater-agent-workspace/cargo-home:/opt/rustwide/cargo-home:ro,Z" "-v" "/var/lib/crater-agent-workspace/rustup-home:/opt/rustwide/rustup-home:ro,Z" "-e" "SOURCE_DIR=/opt/rustwide/workdir" "-e" "CARGO_TARGET_DIR=/opt/rustwide/target" "-e" "CARGO_INCREMENTAL=0" "-e" "RUST_BACKTRACE=full" "-e" "RUSTFLAGS=--cap-lints=forbid" "-e" "RUSTDOCFLAGS=--cap-lints=forbid" "-e" "CARGO_HOME=/opt/rustwide/cargo-home" "-e" "RUSTUP_HOME=/opt/rustwide/rustup-home" "-w" "/opt/rustwide/workdir" "-m" "1610612736" "--user" "0:0" "--network" "none" "ghcr.io/rust-lang/crates-build-env/linux@sha256:4a844ea9eb2546a2d2c7022eacef16ef2e8229c7fbb2c7d4d55a9ceca922f72d" "/opt/rustwide/cargo-home/bin/cargo" "+nightly-2024-10-28" "build" "--frozen" "--message-format=json", kill_on_drop: false }`
[INFO] [stdout] 7e12da86b86f7c7c001e394d0de2044341a13279ef2979dd5a64b3d96d3b2ad2
[INFO] running `Command { std: "docker" "start" "-a" "7e12da86b86f7c7c001e394d0de2044341a13279ef2979dd5a64b3d96d3b2ad2", kill_on_drop: false }`
[INFO] [stderr]    Compiling googleapis-tonic-google-type v0.8.0
[INFO] [stderr]    Compiling googleapis-tonic-google-iam-v1 v0.10.0
[INFO] [stderr]    Compiling googleapis-tonic-google-cloud-datacatalog-v1 v0.10.0 (/opt/rustwide/workdir)
[INFO] [stderr]     Finished `dev` profile [unoptimized + debuginfo] target(s) in 2.39s
[INFO] running `Command { std: "docker" "inspect" "7e12da86b86f7c7c001e394d0de2044341a13279ef2979dd5a64b3d96d3b2ad2", kill_on_drop: false }`
[INFO] running `Command { std: "docker" "rm" "-f" "7e12da86b86f7c7c001e394d0de2044341a13279ef2979dd5a64b3d96d3b2ad2", kill_on_drop: false }`
[INFO] [stdout] 7e12da86b86f7c7c001e394d0de2044341a13279ef2979dd5a64b3d96d3b2ad2
[INFO] running `Command { std: "docker" "create" "-v" "/var/lib/crater-agent-workspace/builds/worker-3-tc1/target:/opt/rustwide/target:rw,Z" "-v" "/var/lib/crater-agent-workspace/builds/worker-3-tc1/source:/opt/rustwide/workdir:ro,Z" "-v" "/var/lib/crater-agent-workspace/cargo-home:/opt/rustwide/cargo-home:ro,Z" "-v" "/var/lib/crater-agent-workspace/rustup-home:/opt/rustwide/rustup-home:ro,Z" "-e" "SOURCE_DIR=/opt/rustwide/workdir" "-e" "CARGO_TARGET_DIR=/opt/rustwide/target" "-e" "CARGO_INCREMENTAL=0" "-e" "RUST_BACKTRACE=full" "-e" "RUSTFLAGS=--cap-lints=forbid" "-e" "RUSTDOCFLAGS=--cap-lints=forbid" "-e" "CARGO_HOME=/opt/rustwide/cargo-home" "-e" "RUSTUP_HOME=/opt/rustwide/rustup-home" "-w" "/opt/rustwide/workdir" "-m" "1610612736" "--user" "0:0" "--network" "none" "ghcr.io/rust-lang/crates-build-env/linux@sha256:4a844ea9eb2546a2d2c7022eacef16ef2e8229c7fbb2c7d4d55a9ceca922f72d" "/opt/rustwide/cargo-home/bin/cargo" "+nightly-2024-10-28" "test" "--frozen" "--no-run" "--message-format=json", kill_on_drop: false }`
[INFO] [stdout] f377de1587dfc687d06769558659927520f3c167772516f204b2bdd8d54859d6
[INFO] running `Command { std: "docker" "start" "-a" "f377de1587dfc687d06769558659927520f3c167772516f204b2bdd8d54859d6", kill_on_drop: false }`
[INFO] [stderr]    Compiling googleapis-tonic-google-cloud-datacatalog-v1 v0.10.0 (/opt/rustwide/workdir)
[INFO] [stderr]     Finished `test` profile [unoptimized + debuginfo] target(s) in 1.75s
[INFO] running `Command { std: "docker" "inspect" "f377de1587dfc687d06769558659927520f3c167772516f204b2bdd8d54859d6", kill_on_drop: false }`
[INFO] running `Command { std: "docker" "rm" "-f" "f377de1587dfc687d06769558659927520f3c167772516f204b2bdd8d54859d6", kill_on_drop: false }`
[INFO] [stdout] f377de1587dfc687d06769558659927520f3c167772516f204b2bdd8d54859d6
[INFO] running `Command { std: "docker" "create" "-v" "/var/lib/crater-agent-workspace/builds/worker-3-tc1/target:/opt/rustwide/target:rw,Z" "-v" "/var/lib/crater-agent-workspace/builds/worker-3-tc1/source:/opt/rustwide/workdir:ro,Z" "-v" "/var/lib/crater-agent-workspace/cargo-home:/opt/rustwide/cargo-home:ro,Z" "-v" "/var/lib/crater-agent-workspace/rustup-home:/opt/rustwide/rustup-home:ro,Z" "-e" "SOURCE_DIR=/opt/rustwide/workdir" "-e" "CARGO_TARGET_DIR=/opt/rustwide/target" "-e" "CARGO_INCREMENTAL=0" "-e" "RUST_BACKTRACE=full" "-e" "RUSTFLAGS=--cap-lints=forbid" "-e" "RUSTDOCFLAGS=--cap-lints=forbid" "-e" "CARGO_HOME=/opt/rustwide/cargo-home" "-e" "RUSTUP_HOME=/opt/rustwide/rustup-home" "-w" "/opt/rustwide/workdir" "-m" "1610612736" "--user" "0:0" "--network" "none" "ghcr.io/rust-lang/crates-build-env/linux@sha256:4a844ea9eb2546a2d2c7022eacef16ef2e8229c7fbb2c7d4d55a9ceca922f72d" "/opt/rustwide/cargo-home/bin/cargo" "+nightly-2024-10-28" "test" "--frozen", kill_on_drop: false }`
[INFO] [stdout] 9573229f2b86e393607297bb7b721db50bc558546d801df267d466b407a95fa3
[INFO] running `Command { std: "docker" "start" "-a" "9573229f2b86e393607297bb7b721db50bc558546d801df267d466b407a95fa3", kill_on_drop: false }`
[INFO] [stderr]     Finished `test` profile [unoptimized + debuginfo] target(s) in 0.04s
[INFO] [stderr]      Running unittests src/lib.rs (/opt/rustwide/target/debug/deps/googleapis_tonic_google_cloud_datacatalog_v1-f3a87db599a52678)
[INFO] [stdout] 
[INFO] [stdout] running 0 tests
[INFO] [stdout] 
[INFO] [stdout] test result: ok. 0 passed; 0 failed; 0 ignored; 0 measured; 0 filtered out; finished in 0.00s
[INFO] [stdout] 
[INFO] [stderr]    Doc-tests googleapis_tonic_google_cloud_datacatalog_v1
[INFO] [stdout] 
[INFO] [stdout] running 3 tests
[INFO] [stdout] test src/vec_u8_hash_map/google.cloud.datacatalog.v1.rs - vec_u8_hash_map::google::cloud::datacatalog::v1::PolicyTag (line 4728) ... FAILED
[INFO] [stdout] test src/vec_u8_hash_map/google.cloud.datacatalog.v1.rs - vec_u8_hash_map::google::cloud::datacatalog::v1::Taxonomy (line 4614) ... FAILED
[INFO] [stdout] test src/vec_u8_hash_map/google.cloud.datacatalog.v1.rs - vec_u8_hash_map::google::cloud::datacatalog::v1::Taxonomy (line 4626) ... FAILED
[INFO] [stdout] 
[INFO] [stdout] failures:
[INFO] [stdout] 
[INFO] [stdout] ---- src/vec_u8_hash_map/google.cloud.datacatalog.v1.rs - vec_u8_hash_map::google::cloud::datacatalog::v1::PolicyTag (line 4728) stdout ----
[INFO] [stdout] error: expected expression, found `+`
[INFO] [stdout]  --> src/vec_u8_hash_map/google.cloud.datacatalog.v1.rs:4729:1
[INFO] [stdout]   |
[INFO] [stdout] 3 | + Geolocation
[INFO] [stdout]   | ^ expected expression
[INFO] [stdout] 
[INFO] [stdout] error: aborting due to 1 previous error
[INFO] [stdout] 
[INFO] [stdout] Couldn't compile the test.
[INFO] [stdout] ---- src/vec_u8_hash_map/google.cloud.datacatalog.v1.rs - vec_u8_hash_map::google::cloud::datacatalog::v1::Taxonomy (line 4614) stdout ----
[INFO] [stdout] error: expected expression, found `+`
[INFO] [stdout]  --> src/vec_u8_hash_map/google.cloud.datacatalog.v1.rs:4615:1
[INFO] [stdout]   |
[INFO] [stdout] 3 | + PII
[INFO] [stdout]   | ^ expected expression
[INFO] [stdout] 
[INFO] [stdout] error: aborting due to 1 previous error
[INFO] [stdout] 
[INFO] [stdout] Couldn't compile the test.
[INFO] [stdout] ---- src/vec_u8_hash_map/google.cloud.datacatalog.v1.rs - vec_u8_hash_map::google::cloud::datacatalog::v1::Taxonomy (line 4626) stdout ----
[INFO] [stdout] error: expected expression, found `+`
[INFO] [stdout]  --> src/vec_u8_hash_map/google.cloud.datacatalog.v1.rs:4627:1
[INFO] [stdout]   |
[INFO] [stdout] 3 | + User data
[INFO] [stdout]   | ^ expected expression
[INFO] [stdout] 
[INFO] [stdout] error: aborting due to 1 previous error
[INFO] [stdout] 
[INFO] [stdout] Couldn't compile the test.
[INFO] [stdout] 
[INFO] [stdout] failures:
[INFO] [stdout]     src/vec_u8_hash_map/google.cloud.datacatalog.v1.rs - vec_u8_hash_map::google::cloud::datacatalog::v1::PolicyTag (line 4728)
[INFO] [stdout]     src/vec_u8_hash_map/google.cloud.datacatalog.v1.rs - vec_u8_hash_map::google::cloud::datacatalog::v1::Taxonomy (line 4614)
[INFO] [stdout]     src/vec_u8_hash_map/google.cloud.datacatalog.v1.rs - vec_u8_hash_map::google::cloud::datacatalog::v1::Taxonomy (line 4626)
[INFO] [stdout] 
[INFO] [stdout] test result: FAILED. 0 passed; 3 failed; 0 ignored; 0 measured; 0 filtered out; finished in 0.03s
[INFO] [stdout] 
[INFO] [stderr] error: doctest failed, to rerun pass `--doc`
[INFO] running `Command { std: "docker" "inspect" "9573229f2b86e393607297bb7b721db50bc558546d801df267d466b407a95fa3", kill_on_drop: false }`
[INFO] running `Command { std: "docker" "rm" "-f" "9573229f2b86e393607297bb7b721db50bc558546d801df267d466b407a95fa3", kill_on_drop: false }`
[INFO] [stdout] 9573229f2b86e393607297bb7b721db50bc558546d801df267d466b407a95fa3
