[INFO] fetching crate googleapis-tonic-google-cloud-automl-v1beta1 0.9.0...
[INFO] testing googleapis-tonic-google-cloud-automl-v1beta1-0.9.0 against nightly-2024-10-28+rustflags=-Zrandomize-layout for randomize-layout
[INFO] extracting crate googleapis-tonic-google-cloud-automl-v1beta1 0.9.0 into /workspace/builds/worker-3-tc2/source
[INFO] validating manifest of crates.io crate googleapis-tonic-google-cloud-automl-v1beta1 0.9.0 on toolchain nightly-2024-10-28
[INFO] running `Command { std: CARGO_HOME="/workspace/cargo-home" RUSTUP_HOME="/workspace/rustup-home" "/workspace/cargo-home/bin/cargo" "+nightly-2024-10-28" "metadata" "--manifest-path" "Cargo.toml" "--no-deps", kill_on_drop: false }`
[INFO] started tweaking crates.io crate googleapis-tonic-google-cloud-automl-v1beta1 0.9.0
[INFO] finished tweaking crates.io crate googleapis-tonic-google-cloud-automl-v1beta1 0.9.0
[INFO] tweaked toml for crates.io crate googleapis-tonic-google-cloud-automl-v1beta1 0.9.0 written to /workspace/builds/worker-3-tc2/source/Cargo.toml
[INFO] running `Command { std: CARGO_HOME="/workspace/cargo-home" RUSTUP_HOME="/workspace/rustup-home" "/workspace/cargo-home/bin/cargo" "+nightly-2024-10-28" "generate-lockfile" "--manifest-path" "Cargo.toml", kill_on_drop: false }`
[INFO] [stderr]     Updating crates.io index
[INFO] [stderr]      Locking 57 packages to latest compatible versions
[INFO] [stderr]       Adding googleapis-tonic-google-api v0.9.0 (available: v0.10.0)
[INFO] [stderr]       Adding googleapis-tonic-google-longrunning v0.9.0 (available: v0.10.0)
[INFO] running `Command { std: CARGO_HOME="/workspace/cargo-home" RUSTUP_HOME="/workspace/rustup-home" "/workspace/cargo-home/bin/cargo" "+nightly-2024-10-28" "fetch" "--manifest-path" "Cargo.toml", kill_on_drop: false }`
[INFO] running `Command { std: "docker" "create" "-v" "/var/lib/crater-agent-workspace/builds/worker-3-tc2/target:/opt/rustwide/target:rw,Z" "-v" "/var/lib/crater-agent-workspace/builds/worker-3-tc2/source:/opt/rustwide/workdir:ro,Z" "-v" "/var/lib/crater-agent-workspace/cargo-home:/opt/rustwide/cargo-home:ro,Z" "-v" "/var/lib/crater-agent-workspace/rustup-home:/opt/rustwide/rustup-home:ro,Z" "-e" "SOURCE_DIR=/opt/rustwide/workdir" "-e" "CARGO_TARGET_DIR=/opt/rustwide/target" "-e" "CARGO_HOME=/opt/rustwide/cargo-home" "-e" "RUSTUP_HOME=/opt/rustwide/rustup-home" "-w" "/opt/rustwide/workdir" "-m" "1610612736" "--user" "0:0" "--network" "none" "ghcr.io/rust-lang/crates-build-env/linux@sha256:4a844ea9eb2546a2d2c7022eacef16ef2e8229c7fbb2c7d4d55a9ceca922f72d" "/opt/rustwide/cargo-home/bin/cargo" "+nightly-2024-10-28" "metadata" "--no-deps" "--format-version=1", kill_on_drop: false }`
[INFO] [stdout] 02a723f061083e3f6f49e791d7374c107946fe363784520bfff8acdf55d90cdd
[INFO] running `Command { std: "docker" "start" "-a" "02a723f061083e3f6f49e791d7374c107946fe363784520bfff8acdf55d90cdd", kill_on_drop: false }`
[INFO] running `Command { std: "docker" "inspect" "02a723f061083e3f6f49e791d7374c107946fe363784520bfff8acdf55d90cdd", kill_on_drop: false }`
[INFO] running `Command { std: "docker" "rm" "-f" "02a723f061083e3f6f49e791d7374c107946fe363784520bfff8acdf55d90cdd", kill_on_drop: false }`
[INFO] [stdout] 02a723f061083e3f6f49e791d7374c107946fe363784520bfff8acdf55d90cdd
[INFO] running `Command { std: "docker" "create" "-v" "/var/lib/crater-agent-workspace/builds/worker-3-tc2/target:/opt/rustwide/target:rw,Z" "-v" "/var/lib/crater-agent-workspace/builds/worker-3-tc2/source:/opt/rustwide/workdir:ro,Z" "-v" "/var/lib/crater-agent-workspace/cargo-home:/opt/rustwide/cargo-home:ro,Z" "-v" "/var/lib/crater-agent-workspace/rustup-home:/opt/rustwide/rustup-home:ro,Z" "-e" "SOURCE_DIR=/opt/rustwide/workdir" "-e" "CARGO_TARGET_DIR=/opt/rustwide/target" "-e" "CARGO_INCREMENTAL=0" "-e" "RUST_BACKTRACE=full" "-e" "RUSTFLAGS=--cap-lints=forbid -Zrandomize-layout" "-e" "RUSTDOCFLAGS=--cap-lints=forbid" "-e" "CARGO_HOME=/opt/rustwide/cargo-home" "-e" "RUSTUP_HOME=/opt/rustwide/rustup-home" "-w" "/opt/rustwide/workdir" "-m" "1610612736" "--user" "0:0" "--network" "none" "ghcr.io/rust-lang/crates-build-env/linux@sha256:4a844ea9eb2546a2d2c7022eacef16ef2e8229c7fbb2c7d4d55a9ceca922f72d" "/opt/rustwide/cargo-home/bin/cargo" "+nightly-2024-10-28" "build" "--frozen" "--message-format=json", kill_on_drop: false }`
[INFO] [stdout] 81f476146d65e872f8e24104fd354590cb8e09839b2466c274ad771c5b50dd3b
[INFO] running `Command { std: "docker" "start" "-a" "81f476146d65e872f8e24104fd354590cb8e09839b2466c274ad771c5b50dd3b", kill_on_drop: false }`
[INFO] [stderr]    Compiling either v1.13.0
[INFO] [stderr]    Compiling anyhow v1.0.92
[INFO] [stderr]    Compiling futures-task v0.3.31
[INFO] [stderr]    Compiling pin-project-internal v1.1.7
[INFO] [stderr]    Compiling tracing-attributes v0.1.27
[INFO] [stderr]    Compiling tokio v1.41.0
[INFO] [stderr]    Compiling tower-layer v0.3.3
[INFO] [stderr]    Compiling futures-util v0.3.31
[INFO] [stderr]    Compiling itertools v0.13.0
[INFO] [stderr]    Compiling pin-project v1.1.7
[INFO] [stderr]    Compiling tracing v0.1.40
[INFO] [stderr]    Compiling tokio-stream v0.1.16
[INFO] [stderr]    Compiling http-body-util v0.1.2
[INFO] [stderr]    Compiling prost-derive v0.13.3
[INFO] [stderr]    Compiling prost v0.13.3
[INFO] [stderr]    Compiling tonic v0.12.3
[INFO] [stderr]    Compiling prost-types v0.13.3
[INFO] [stderr]    Compiling googleapis-tonic-google-rpc v0.8.0
[INFO] [stderr]    Compiling googleapis-tonic-google-api v0.9.0
[INFO] [stderr]    Compiling googleapis-tonic-google-longrunning v0.9.0
[INFO] [stderr]    Compiling googleapis-tonic-google-cloud-automl-v1beta1 v0.9.0 (/opt/rustwide/workdir)
[INFO] [stderr]     Finished `dev` profile [unoptimized + debuginfo] target(s) in 9.93s
[INFO] running `Command { std: "docker" "inspect" "81f476146d65e872f8e24104fd354590cb8e09839b2466c274ad771c5b50dd3b", kill_on_drop: false }`
[INFO] running `Command { std: "docker" "rm" "-f" "81f476146d65e872f8e24104fd354590cb8e09839b2466c274ad771c5b50dd3b", kill_on_drop: false }`
[INFO] [stdout] 81f476146d65e872f8e24104fd354590cb8e09839b2466c274ad771c5b50dd3b
[INFO] running `Command { std: "docker" "create" "-v" "/var/lib/crater-agent-workspace/builds/worker-3-tc2/target:/opt/rustwide/target:rw,Z" "-v" "/var/lib/crater-agent-workspace/builds/worker-3-tc2/source:/opt/rustwide/workdir:ro,Z" "-v" "/var/lib/crater-agent-workspace/cargo-home:/opt/rustwide/cargo-home:ro,Z" "-v" "/var/lib/crater-agent-workspace/rustup-home:/opt/rustwide/rustup-home:ro,Z" "-e" "SOURCE_DIR=/opt/rustwide/workdir" "-e" "CARGO_TARGET_DIR=/opt/rustwide/target" "-e" "CARGO_INCREMENTAL=0" "-e" "RUST_BACKTRACE=full" "-e" "RUSTFLAGS=--cap-lints=forbid -Zrandomize-layout" "-e" "RUSTDOCFLAGS=--cap-lints=forbid" "-e" "CARGO_HOME=/opt/rustwide/cargo-home" "-e" "RUSTUP_HOME=/opt/rustwide/rustup-home" "-w" "/opt/rustwide/workdir" "-m" "1610612736" "--user" "0:0" "--network" "none" "ghcr.io/rust-lang/crates-build-env/linux@sha256:4a844ea9eb2546a2d2c7022eacef16ef2e8229c7fbb2c7d4d55a9ceca922f72d" "/opt/rustwide/cargo-home/bin/cargo" "+nightly-2024-10-28" "test" "--frozen" "--no-run" "--message-format=json", kill_on_drop: false }`
[INFO] [stdout] ec4578eb0d63c536a1c0ce2697f35d71a7b389f95c154bec66baeaa47aea94b3
[INFO] running `Command { std: "docker" "start" "-a" "ec4578eb0d63c536a1c0ce2697f35d71a7b389f95c154bec66baeaa47aea94b3", kill_on_drop: false }`
[INFO] [stderr]    Compiling googleapis-tonic-google-cloud-automl-v1beta1 v0.9.0 (/opt/rustwide/workdir)
[INFO] [stderr]     Finished `test` profile [unoptimized + debuginfo] target(s) in 1.56s
[INFO] running `Command { std: "docker" "inspect" "ec4578eb0d63c536a1c0ce2697f35d71a7b389f95c154bec66baeaa47aea94b3", kill_on_drop: false }`
[INFO] running `Command { std: "docker" "rm" "-f" "ec4578eb0d63c536a1c0ce2697f35d71a7b389f95c154bec66baeaa47aea94b3", kill_on_drop: false }`
[INFO] [stdout] ec4578eb0d63c536a1c0ce2697f35d71a7b389f95c154bec66baeaa47aea94b3
[INFO] running `Command { std: "docker" "create" "-v" "/var/lib/crater-agent-workspace/builds/worker-3-tc2/target:/opt/rustwide/target:rw,Z" "-v" "/var/lib/crater-agent-workspace/builds/worker-3-tc2/source:/opt/rustwide/workdir:ro,Z" "-v" "/var/lib/crater-agent-workspace/cargo-home:/opt/rustwide/cargo-home:ro,Z" "-v" "/var/lib/crater-agent-workspace/rustup-home:/opt/rustwide/rustup-home:ro,Z" "-e" "SOURCE_DIR=/opt/rustwide/workdir" "-e" "CARGO_TARGET_DIR=/opt/rustwide/target" "-e" "CARGO_INCREMENTAL=0" "-e" "RUST_BACKTRACE=full" "-e" "RUSTFLAGS=--cap-lints=forbid -Zrandomize-layout" "-e" "RUSTDOCFLAGS=--cap-lints=forbid" "-e" "CARGO_HOME=/opt/rustwide/cargo-home" "-e" "RUSTUP_HOME=/opt/rustwide/rustup-home" "-w" "/opt/rustwide/workdir" "-m" "1610612736" "--user" "0:0" "--network" "none" "ghcr.io/rust-lang/crates-build-env/linux@sha256:4a844ea9eb2546a2d2c7022eacef16ef2e8229c7fbb2c7d4d55a9ceca922f72d" "/opt/rustwide/cargo-home/bin/cargo" "+nightly-2024-10-28" "test" "--frozen", kill_on_drop: false }`
[INFO] [stdout] 10f38274817d8645e6b35bf5f75deae70b644884f2beee1059413aa47dcdf624
[INFO] running `Command { std: "docker" "start" "-a" "10f38274817d8645e6b35bf5f75deae70b644884f2beee1059413aa47dcdf624", kill_on_drop: false }`
[INFO] [stderr]     Finished `test` profile [unoptimized + debuginfo] target(s) in 0.03s
[INFO] [stderr]      Running unittests src/lib.rs (/opt/rustwide/target/debug/deps/googleapis_tonic_google_cloud_automl_v1beta1-ef0ef5f239601040)
[INFO] [stdout] 
[INFO] [stdout] running 0 tests
[INFO] [stdout] 
[INFO] [stdout] test result: ok. 0 passed; 0 failed; 0 ignored; 0 measured; 0 filtered out; finished in 0.00s
[INFO] [stdout] 
[INFO] [stderr]    Doc-tests googleapis_tonic_google_cloud_automl_v1beta1
[INFO] [stdout] 
[INFO] [stdout] running 7 tests
[INFO] [stdout] test src/vec_u8_hash_map/google.cloud.automl.v1beta1.rs - vec_u8_hash_map::google::cloud::automl::v1beta1::InputConfig (line 906) ... FAILED
[INFO] [stdout] test src/vec_u8_hash_map/google.cloud.automl.v1beta1.rs - vec_u8_hash_map::google::cloud::automl::v1beta1::BatchPredictOutputConfig (line 1506) ... FAILED
[INFO] [stdout] test src/vec_u8_hash_map/google.cloud.automl.v1beta1.rs - vec_u8_hash_map::google::cloud::automl::v1beta1::BatchPredictOutputConfig (line 1477) ... FAILED
[INFO] [stdout] test src/vec_u8_hash_map/google.cloud.automl.v1beta1.rs - vec_u8_hash_map::google::cloud::automl::v1beta1::BatchPredictOutputConfig (line 1519) ... FAILED
[INFO] [stdout] test src/vec_u8_hash_map/google.cloud.automl.v1beta1.rs - vec_u8_hash_map::google::cloud::automl::v1beta1::BatchPredictOutputConfig (line 1490) ... FAILED
[INFO] [stdout] test src/vec_u8_hash_map/google.cloud.automl.v1beta1.rs - vec_u8_hash_map::google::cloud::automl::v1beta1::BatchPredictOutputConfig (line 1554) ... FAILED
[INFO] [stdout] test src/vec_u8_hash_map/google.cloud.automl.v1beta1.rs - vec_u8_hash_map::google::cloud::automl::v1beta1::BatchPredictOutputConfig (line 1530) ... FAILED
[INFO] [stdout] 
[INFO] [stdout] failures:
[INFO] [stdout] 
[INFO] [stdout] ---- src/vec_u8_hash_map/google.cloud.automl.v1beta1.rs - vec_u8_hash_map::google::cloud::automl::v1beta1::InputConfig (line 906) stdout ----
[INFO] [stdout] error: unexpected closing delimiter: `]`
[INFO] [stdout]  --> src/vec_u8_hash_map/google.cloud.automl.v1beta1.rs:907:7
[INFO] [stdout]   |
[INFO] [stdout] 1 |       ],
[INFO] [stdout]   |       ^ unexpected closing delimiter
[INFO] [stdout] 
[INFO] [stdout] error: aborting due to 1 previous error
[INFO] [stdout] 
[INFO] [stdout] Couldn't compile the test.
[INFO] [stdout] ---- src/vec_u8_hash_map/google.cloud.automl.v1beta1.rs - vec_u8_hash_map::google::cloud::automl::v1beta1::BatchPredictOutputConfig (line 1506) stdout ----
[INFO] [stdout] error: expected one of `!`, `.`, `::`, `;`, `?`, `{`, `}`, or an operator, found `format`
[INFO] [stdout]  --> src/vec_u8_hash_map/google.cloud.automl.v1beta1.rs:1507:5
[INFO] [stdout]   |
[INFO] [stdout] 3 | The format of video_object_tracking.csv is:
[INFO] [stdout]   |     ^^^^^^ expected one of 8 possible tokens
[INFO] [stdout] 
[INFO] [stdout] error: aborting due to 1 previous error
[INFO] [stdout] 
[INFO] [stdout] Couldn't compile the test.
[INFO] [stdout] ---- src/vec_u8_hash_map/google.cloud.automl.v1beta1.rs - vec_u8_hash_map::google::cloud::automl::v1beta1::BatchPredictOutputConfig (line 1477) stdout ----
[INFO] [stdout] error: expected one of `!`, `.`, `::`, `;`, `?`, `{`, `}`, or an operator, found `format`
[INFO] [stdout]  --> src/vec_u8_hash_map/google.cloud.automl.v1beta1.rs:1478:5
[INFO] [stdout]   |
[INFO] [stdout] 3 | The format of video_classification.csv is:
[INFO] [stdout]   |     ^^^^^^ expected one of 8 possible tokens
[INFO] [stdout] 
[INFO] [stdout] error: aborting due to 1 previous error
[INFO] [stdout] 
[INFO] [stdout] Couldn't compile the test.
[INFO] [stdout] ---- src/vec_u8_hash_map/google.cloud.automl.v1beta1.rs - vec_u8_hash_map::google::cloud::automl::v1beta1::BatchPredictOutputConfig (line 1519) stdout ----
[INFO] [stdout] error: expected one of `(`, `.`, `::`, `;`, `?`, `}`, or an operator, found `file`
[INFO] [stdout]  --> src/vec_u8_hash_map/google.cloud.automl.v1beta1.rs:1520:12
[INFO] [stdout]   |
[INFO] [stdout] 3 | Each .JSON file, assuming STATUS is "OK", will contain a list of
[INFO] [stdout]   |            ^^^^ expected one of 7 possible tokens
[INFO] [stdout] 
[INFO] [stdout] error: aborting due to 1 previous error
[INFO] [stdout] 
[INFO] [stdout] Couldn't compile the test.
[INFO] [stdout] ---- src/vec_u8_hash_map/google.cloud.automl.v1beta1.rs - vec_u8_hash_map::google::cloud::automl::v1beta1::BatchPredictOutputConfig (line 1490) stdout ----
[INFO] [stdout] error: unknown start of token: `
[INFO] [stdout]  --> src/vec_u8_hash_map/google.cloud.automl.v1beta1.rs:1497:18
[INFO] [stdout]   |
[INFO] [stdout] 9 |      governed by `classifaction_types` parameter in
[INFO] [stdout]   |                  ^
[INFO] [stdout]   |
[INFO] [stdout] help: Unicode character '`' (Grave Accent) looks like ''' (Single Quote), but it is not
[INFO] [stdout]   |
[INFO] [stdout] 9 |      governed by 'classifaction_types` parameter in
[INFO] [stdout]   |                  ~
[INFO] [stdout] 
[INFO] [stdout] error: unknown start of token: `
[INFO] [stdout]  --> src/vec_u8_hash_map/google.cloud.automl.v1beta1.rs:1497:38
[INFO] [stdout]   |
[INFO] [stdout] 9 |      governed by `classifaction_types` parameter in
[INFO] [stdout]   |                                      ^
[INFO] [stdout]   |
[INFO] [stdout] help: Unicode character '`' (Grave Accent) looks like ''' (Single Quote), but it is not
[INFO] [stdout]   |
[INFO] [stdout] 9 |      governed by `classifaction_types' parameter in
[INFO] [stdout]   |                                      ~
[INFO] [stdout] 
[INFO] [stdout] error: expected one of `(`, `.`, `::`, `;`, `?`, `}`, or an operator, found `file`
[INFO] [stdout]  --> src/vec_u8_hash_map/google.cloud.automl.v1beta1.rs:1491:12
[INFO] [stdout]   |
[INFO] [stdout] 3 | Each .JSON file, assuming STATUS is "OK", will contain a list of
[INFO] [stdout]   |            ^^^^ expected one of 7 possible tokens
[INFO] [stdout] 
[INFO] [stdout] error: aborting due to 3 previous errors
[INFO] [stdout] 
[INFO] [stdout] Couldn't compile the test.
[INFO] [stdout] ---- src/vec_u8_hash_map/google.cloud.automl.v1beta1.rs - vec_u8_hash_map::google::cloud::automl::v1beta1::BatchPredictOutputConfig (line 1554) stdout ----
[INFO] [stdout] error: unknown start of token: `
[INFO] [stdout]   --> src/vec_u8_hash_map/google.cloud.automl.v1beta1.rs:1563:30
[INFO] [stdout]    |
[INFO] [stdout] 11 | completely), then additional `errors_1.jsonl`, `errors_2.jsonl`,...,
[INFO] [stdout]    |                              ^
[INFO] [stdout]    |
[INFO] [stdout] help: Unicode character '`' (Grave Accent) looks like ''' (Single Quote), but it is not
[INFO] [stdout]    |
[INFO] [stdout] 11 | completely), then additional 'errors_1.jsonl`, `errors_2.jsonl`,...,
[INFO] [stdout]    |                              ~
[INFO] [stdout] 
[INFO] [stdout] error: unknown start of token: `
[INFO] [stdout]   --> src/vec_u8_hash_map/google.cloud.automl.v1beta1.rs:1563:45
[INFO] [stdout]    |
[INFO] [stdout] 11 | completely), then additional `errors_1.jsonl`, `errors_2.jsonl`,...,
[INFO] [stdout]    |                                             ^
[INFO] [stdout]    |
[INFO] [stdout] help: Unicode character '`' (Grave Accent) looks like ''' (Single Quote), but it is not
[INFO] [stdout]    |
[INFO] [stdout] 11 | completely), then additional `errors_1.jsonl', `errors_2.jsonl`,...,
[INFO] [stdout]    |                                             ~
[INFO] [stdout] 
[INFO] [stdout] error: unknown start of token: `
[INFO] [stdout]   --> src/vec_u8_hash_map/google.cloud.automl.v1beta1.rs:1563:48
[INFO] [stdout]    |
[INFO] [stdout] 11 | completely), then additional `errors_1.jsonl`, `errors_2.jsonl`,...,
[INFO] [stdout]    |                                                ^
[INFO] [stdout]    |
[INFO] [stdout] help: Unicode character '`' (Grave Accent) looks like ''' (Single Quote), but it is not
[INFO] [stdout]    |
[INFO] [stdout] 11 | completely), then additional `errors_1.jsonl`, 'errors_2.jsonl`,...,
[INFO] [stdout]    |                                                ~
[INFO] [stdout] 
[INFO] [stdout] error: unknown start of token: `
[INFO] [stdout]   --> src/vec_u8_hash_map/google.cloud.automl.v1beta1.rs:1563:63
[INFO] [stdout]    |
[INFO] [stdout] 11 | completely), then additional `errors_1.jsonl`, `errors_2.jsonl`,...,
[INFO] [stdout]    |                                                               ^
[INFO] [stdout]    |
[INFO] [stdout] help: Unicode character '`' (Grave Accent) looks like ''' (Single Quote), but it is not
[INFO] [stdout]    |
[INFO] [stdout] 11 | completely), then additional `errors_1.jsonl`, `errors_2.jsonl',...,
[INFO] [stdout]    |                                                               ~
[INFO] [stdout] 
[INFO] [stdout] error: unknown start of token: `
[INFO] [stdout]   --> src/vec_u8_hash_map/google.cloud.automl.v1beta1.rs:1564:1
[INFO] [stdout]    |
[INFO] [stdout] 12 | `errors_N.jsonl` files will be created (N depends on total number of
[INFO] [stdout]    | ^
[INFO] [stdout]    |
[INFO] [stdout] help: Unicode character '`' (Grave Accent) looks like ''' (Single Quote), but it is not
[INFO] [stdout]    |
[INFO] [stdout] 12 | 'errors_N.jsonl` files will be created (N depends on total number of
[INFO] [stdout]    | ~
[INFO] [stdout] 
[INFO] [stdout] error: unknown start of token: `
[INFO] [stdout]   --> src/vec_u8_hash_map/google.cloud.automl.v1beta1.rs:1564:16
[INFO] [stdout]    |
[INFO] [stdout] 12 | `errors_N.jsonl` files will be created (N depends on total number of
[INFO] [stdout]    |                ^
[INFO] [stdout]    |
[INFO] [stdout] help: Unicode character '`' (Grave Accent) looks like ''' (Single Quote), but it is not
[INFO] [stdout]    |
[INFO] [stdout] 12 | `errors_N.jsonl' files will be created (N depends on total number of
[INFO] [stdout]    |                ~
[INFO] [stdout] 
[INFO] [stdout] error: expected one of `(`, `.`, `::`, `;`, `?`, `}`, or an operator, found `file`
[INFO] [stdout]  --> src/vec_u8_hash_map/google.cloud.automl.v1beta1.rs:1555:13
[INFO] [stdout]   |
[INFO] [stdout] 3 | Each .JSONL file will contain, per line, a JSON representation of a
[INFO] [stdout]   |             ^^^^ expected one of 7 possible tokens
[INFO] [stdout] 
[INFO] [stdout] error: aborting due to 7 previous errors
[INFO] [stdout] 
[INFO] [stdout] Couldn't compile the test.
[INFO] [stdout] ---- src/vec_u8_hash_map/google.cloud.automl.v1beta1.rs - vec_u8_hash_map::google::cloud::automl::v1beta1::BatchPredictOutputConfig (line 1530) stdout ----
[INFO] [stdout] error: unknown start of token: `
[INFO] [stdout]   --> src/vec_u8_hash_map/google.cloud.automl.v1beta1.rs:1539:30
[INFO] [stdout]    |
[INFO] [stdout] 11 | completely), then additional `errors_1.jsonl`, `errors_2.jsonl`,...,
[INFO] [stdout]    |                              ^
[INFO] [stdout]    |
[INFO] [stdout] help: Unicode character '`' (Grave Accent) looks like ''' (Single Quote), but it is not
[INFO] [stdout]    |
[INFO] [stdout] 11 | completely), then additional 'errors_1.jsonl`, `errors_2.jsonl`,...,
[INFO] [stdout]    |                              ~
[INFO] [stdout] 
[INFO] [stdout] error: unknown start of token: `
[INFO] [stdout]   --> src/vec_u8_hash_map/google.cloud.automl.v1beta1.rs:1539:45
[INFO] [stdout]    |
[INFO] [stdout] 11 | completely), then additional `errors_1.jsonl`, `errors_2.jsonl`,...,
[INFO] [stdout]    |                                             ^
[INFO] [stdout]    |
[INFO] [stdout] help: Unicode character '`' (Grave Accent) looks like ''' (Single Quote), but it is not
[INFO] [stdout]    |
[INFO] [stdout] 11 | completely), then additional `errors_1.jsonl', `errors_2.jsonl`,...,
[INFO] [stdout]    |                                             ~
[INFO] [stdout] 
[INFO] [stdout] error: unknown start of token: `
[INFO] [stdout]   --> src/vec_u8_hash_map/google.cloud.automl.v1beta1.rs:1539:48
[INFO] [stdout]    |
[INFO] [stdout] 11 | completely), then additional `errors_1.jsonl`, `errors_2.jsonl`,...,
[INFO] [stdout]    |                                                ^
[INFO] [stdout]    |
[INFO] [stdout] help: Unicode character '`' (Grave Accent) looks like ''' (Single Quote), but it is not
[INFO] [stdout]    |
[INFO] [stdout] 11 | completely), then additional `errors_1.jsonl`, 'errors_2.jsonl`,...,
[INFO] [stdout]    |                                                ~
[INFO] [stdout] 
[INFO] [stdout] error: unknown start of token: `
[INFO] [stdout]   --> src/vec_u8_hash_map/google.cloud.automl.v1beta1.rs:1539:63
[INFO] [stdout]    |
[INFO] [stdout] 11 | completely), then additional `errors_1.jsonl`, `errors_2.jsonl`,...,
[INFO] [stdout]    |                                                               ^
[INFO] [stdout]    |
[INFO] [stdout] help: Unicode character '`' (Grave Accent) looks like ''' (Single Quote), but it is not
[INFO] [stdout]    |
[INFO] [stdout] 11 | completely), then additional `errors_1.jsonl`, `errors_2.jsonl',...,
[INFO] [stdout]    |                                                               ~
[INFO] [stdout] 
[INFO] [stdout] error: unknown start of token: `
[INFO] [stdout]   --> src/vec_u8_hash_map/google.cloud.automl.v1beta1.rs:1540:1
[INFO] [stdout]    |
[INFO] [stdout] 12 | `errors_N.jsonl` files will be created (N depends on total number of
[INFO] [stdout]    | ^
[INFO] [stdout]    |
[INFO] [stdout] help: Unicode character '`' (Grave Accent) looks like ''' (Single Quote), but it is not
[INFO] [stdout]    |
[INFO] [stdout] 12 | 'errors_N.jsonl` files will be created (N depends on total number of
[INFO] [stdout]    | ~
[INFO] [stdout] 
[INFO] [stdout] error: unknown start of token: `
[INFO] [stdout]   --> src/vec_u8_hash_map/google.cloud.automl.v1beta1.rs:1540:16
[INFO] [stdout]    |
[INFO] [stdout] 12 | `errors_N.jsonl` files will be created (N depends on total number of
[INFO] [stdout]    |                ^
[INFO] [stdout]    |
[INFO] [stdout] help: Unicode character '`' (Grave Accent) looks like ''' (Single Quote), but it is not
[INFO] [stdout]    |
[INFO] [stdout] 12 | `errors_N.jsonl' files will be created (N depends on total number of
[INFO] [stdout]    |                ~
[INFO] [stdout] 
[INFO] [stdout] error: expected one of `(`, `.`, `::`, `;`, `?`, `}`, or an operator, found `file`
[INFO] [stdout]  --> src/vec_u8_hash_map/google.cloud.automl.v1beta1.rs:1531:13
[INFO] [stdout]   |
[INFO] [stdout] 3 | Each .JSONL file will contain, per line, a JSON representation of a
[INFO] [stdout]   |             ^^^^ expected one of 7 possible tokens
[INFO] [stdout] 
[INFO] [stdout] error: aborting due to 7 previous errors
[INFO] [stdout] 
[INFO] [stdout] Couldn't compile the test.
[INFO] [stdout] 
[INFO] [stdout] failures:
[INFO] [stdout]     src/vec_u8_hash_map/google.cloud.automl.v1beta1.rs - vec_u8_hash_map::google::cloud::automl::v1beta1::BatchPredictOutputConfig (line 1477)
[INFO] [stdout]     src/vec_u8_hash_map/google.cloud.automl.v1beta1.rs - vec_u8_hash_map::google::cloud::automl::v1beta1::BatchPredictOutputConfig (line 1490)
[INFO] [stdout]     src/vec_u8_hash_map/google.cloud.automl.v1beta1.rs - vec_u8_hash_map::google::cloud::automl::v1beta1::BatchPredictOutputConfig (line 1506)
[INFO] [stdout]     src/vec_u8_hash_map/google.cloud.automl.v1beta1.rs - vec_u8_hash_map::google::cloud::automl::v1beta1::BatchPredictOutputConfig (line 1519)
[INFO] [stdout]     src/vec_u8_hash_map/google.cloud.automl.v1beta1.rs - vec_u8_hash_map::google::cloud::automl::v1beta1::BatchPredictOutputConfig (line 1530)
[INFO] [stdout]     src/vec_u8_hash_map/google.cloud.automl.v1beta1.rs - vec_u8_hash_map::google::cloud::automl::v1beta1::BatchPredictOutputConfig (line 1554)
[INFO] [stdout]     src/vec_u8_hash_map/google.cloud.automl.v1beta1.rs - vec_u8_hash_map::google::cloud::automl::v1beta1::InputConfig (line 906)
[INFO] [stdout] 
[INFO] [stdout] test result: FAILED. 0 passed; 7 failed; 0 ignored; 0 measured; 0 filtered out; finished in 0.03s
[INFO] [stdout] 
[INFO] [stderr] error: doctest failed, to rerun pass `--doc`
[INFO] running `Command { std: "docker" "inspect" "10f38274817d8645e6b35bf5f75deae70b644884f2beee1059413aa47dcdf624", kill_on_drop: false }`
[INFO] running `Command { std: "docker" "rm" "-f" "10f38274817d8645e6b35bf5f75deae70b644884f2beee1059413aa47dcdf624", kill_on_drop: false }`
[INFO] [stdout] 10f38274817d8645e6b35bf5f75deae70b644884f2beee1059413aa47dcdf624
