[INFO] fetching crate googleapis-tonic-google-cloud-automl-v1 0.9.0...
[INFO] testing googleapis-tonic-google-cloud-automl-v1-0.9.0 against nightly-2024-10-28+rustflags=-Zrandomize-layout for randomize-layout
[INFO] extracting crate googleapis-tonic-google-cloud-automl-v1 0.9.0 into /workspace/builds/worker-6-tc2/source
[INFO] validating manifest of crates.io crate googleapis-tonic-google-cloud-automl-v1 0.9.0 on toolchain nightly-2024-10-28
[INFO] running `Command { std: CARGO_HOME="/workspace/cargo-home" RUSTUP_HOME="/workspace/rustup-home" "/workspace/cargo-home/bin/cargo" "+nightly-2024-10-28" "metadata" "--manifest-path" "Cargo.toml" "--no-deps", kill_on_drop: false }`
[INFO] started tweaking crates.io crate googleapis-tonic-google-cloud-automl-v1 0.9.0
[INFO] finished tweaking crates.io crate googleapis-tonic-google-cloud-automl-v1 0.9.0
[INFO] tweaked toml for crates.io crate googleapis-tonic-google-cloud-automl-v1 0.9.0 written to /workspace/builds/worker-6-tc2/source/Cargo.toml
[INFO] running `Command { std: CARGO_HOME="/workspace/cargo-home" RUSTUP_HOME="/workspace/rustup-home" "/workspace/cargo-home/bin/cargo" "+nightly-2024-10-28" "generate-lockfile" "--manifest-path" "Cargo.toml", kill_on_drop: false }`
[INFO] [stderr]     Updating crates.io index
[INFO] [stderr]      Locking 57 packages to latest compatible versions
[INFO] [stderr]       Adding googleapis-tonic-google-api v0.9.0 (available: v0.10.0)
[INFO] [stderr]       Adding googleapis-tonic-google-longrunning v0.9.0 (available: v0.10.0)
[INFO] running `Command { std: CARGO_HOME="/workspace/cargo-home" RUSTUP_HOME="/workspace/rustup-home" "/workspace/cargo-home/bin/cargo" "+nightly-2024-10-28" "fetch" "--manifest-path" "Cargo.toml", kill_on_drop: false }`
[INFO] running `Command { std: "docker" "create" "-v" "/var/lib/crater-agent-workspace/builds/worker-6-tc2/target:/opt/rustwide/target:rw,Z" "-v" "/var/lib/crater-agent-workspace/builds/worker-6-tc2/source:/opt/rustwide/workdir:ro,Z" "-v" "/var/lib/crater-agent-workspace/cargo-home:/opt/rustwide/cargo-home:ro,Z" "-v" "/var/lib/crater-agent-workspace/rustup-home:/opt/rustwide/rustup-home:ro,Z" "-e" "SOURCE_DIR=/opt/rustwide/workdir" "-e" "CARGO_TARGET_DIR=/opt/rustwide/target" "-e" "CARGO_HOME=/opt/rustwide/cargo-home" "-e" "RUSTUP_HOME=/opt/rustwide/rustup-home" "-w" "/opt/rustwide/workdir" "-m" "1610612736" "--user" "0:0" "--network" "none" "ghcr.io/rust-lang/crates-build-env/linux@sha256:4a844ea9eb2546a2d2c7022eacef16ef2e8229c7fbb2c7d4d55a9ceca922f72d" "/opt/rustwide/cargo-home/bin/cargo" "+nightly-2024-10-28" "metadata" "--no-deps" "--format-version=1", kill_on_drop: false }`
[INFO] [stdout] 8a12d9cd295ff06d88922abf41976968f2ecf192cf5513dafdb78aabf247fdc4
[INFO] running `Command { std: "docker" "start" "-a" "8a12d9cd295ff06d88922abf41976968f2ecf192cf5513dafdb78aabf247fdc4", kill_on_drop: false }`
[INFO] running `Command { std: "docker" "inspect" "8a12d9cd295ff06d88922abf41976968f2ecf192cf5513dafdb78aabf247fdc4", kill_on_drop: false }`
[INFO] running `Command { std: "docker" "rm" "-f" "8a12d9cd295ff06d88922abf41976968f2ecf192cf5513dafdb78aabf247fdc4", kill_on_drop: false }`
[INFO] [stdout] 8a12d9cd295ff06d88922abf41976968f2ecf192cf5513dafdb78aabf247fdc4
[INFO] running `Command { std: "docker" "create" "-v" "/var/lib/crater-agent-workspace/builds/worker-6-tc2/target:/opt/rustwide/target:rw,Z" "-v" "/var/lib/crater-agent-workspace/builds/worker-6-tc2/source:/opt/rustwide/workdir:ro,Z" "-v" "/var/lib/crater-agent-workspace/cargo-home:/opt/rustwide/cargo-home:ro,Z" "-v" "/var/lib/crater-agent-workspace/rustup-home:/opt/rustwide/rustup-home:ro,Z" "-e" "SOURCE_DIR=/opt/rustwide/workdir" "-e" "CARGO_TARGET_DIR=/opt/rustwide/target" "-e" "CARGO_INCREMENTAL=0" "-e" "RUST_BACKTRACE=full" "-e" "RUSTFLAGS=--cap-lints=forbid -Zrandomize-layout" "-e" "RUSTDOCFLAGS=--cap-lints=forbid" "-e" "CARGO_HOME=/opt/rustwide/cargo-home" "-e" "RUSTUP_HOME=/opt/rustwide/rustup-home" "-w" "/opt/rustwide/workdir" "-m" "1610612736" "--user" "0:0" "--network" "none" "ghcr.io/rust-lang/crates-build-env/linux@sha256:4a844ea9eb2546a2d2c7022eacef16ef2e8229c7fbb2c7d4d55a9ceca922f72d" "/opt/rustwide/cargo-home/bin/cargo" "+nightly-2024-10-28" "build" "--frozen" "--message-format=json", kill_on_drop: false }`
[INFO] [stdout] 80522a22c353b94c5d9f10d0d0115cb80e3829ae3a09bd31bd0668db31e75239
[INFO] running `Command { std: "docker" "start" "-a" "80522a22c353b94c5d9f10d0d0115cb80e3829ae3a09bd31bd0668db31e75239", kill_on_drop: false }`
[INFO] [stderr]    Compiling either v1.13.0
[INFO] [stderr]    Compiling tower-layer v0.3.3
[INFO] [stderr]    Compiling anyhow v1.0.92
[INFO] [stderr]    Compiling futures-util v0.3.31
[INFO] [stderr]    Compiling tokio v1.41.0
[INFO] [stderr]    Compiling tracing-attributes v0.1.27
[INFO] [stderr]    Compiling pin-project-internal v1.1.7
[INFO] [stderr]    Compiling itertools v0.13.0
[INFO] [stderr]    Compiling pin-project v1.1.7
[INFO] [stderr]    Compiling tracing v0.1.40
[INFO] [stderr]    Compiling tokio-stream v0.1.16
[INFO] [stderr]    Compiling http-body-util v0.1.2
[INFO] [stderr]    Compiling prost-derive v0.13.3
[INFO] [stderr]    Compiling prost v0.13.3
[INFO] [stderr]    Compiling prost-types v0.13.3
[INFO] [stderr]    Compiling tonic v0.12.3
[INFO] [stderr]    Compiling googleapis-tonic-google-api v0.9.0
[INFO] [stderr]    Compiling googleapis-tonic-google-rpc v0.8.0
[INFO] [stderr]    Compiling googleapis-tonic-google-longrunning v0.9.0
[INFO] [stderr]    Compiling googleapis-tonic-google-cloud-automl-v1 v0.9.0 (/opt/rustwide/workdir)
[INFO] [stderr]     Finished `dev` profile [unoptimized + debuginfo] target(s) in 7.26s
[INFO] running `Command { std: "docker" "inspect" "80522a22c353b94c5d9f10d0d0115cb80e3829ae3a09bd31bd0668db31e75239", kill_on_drop: false }`
[INFO] running `Command { std: "docker" "rm" "-f" "80522a22c353b94c5d9f10d0d0115cb80e3829ae3a09bd31bd0668db31e75239", kill_on_drop: false }`
[INFO] [stdout] 80522a22c353b94c5d9f10d0d0115cb80e3829ae3a09bd31bd0668db31e75239
[INFO] running `Command { std: "docker" "create" "-v" "/var/lib/crater-agent-workspace/builds/worker-6-tc2/target:/opt/rustwide/target:rw,Z" "-v" "/var/lib/crater-agent-workspace/builds/worker-6-tc2/source:/opt/rustwide/workdir:ro,Z" "-v" "/var/lib/crater-agent-workspace/cargo-home:/opt/rustwide/cargo-home:ro,Z" "-v" "/var/lib/crater-agent-workspace/rustup-home:/opt/rustwide/rustup-home:ro,Z" "-e" "SOURCE_DIR=/opt/rustwide/workdir" "-e" "CARGO_TARGET_DIR=/opt/rustwide/target" "-e" "CARGO_INCREMENTAL=0" "-e" "RUST_BACKTRACE=full" "-e" "RUSTFLAGS=--cap-lints=forbid -Zrandomize-layout" "-e" "RUSTDOCFLAGS=--cap-lints=forbid" "-e" "CARGO_HOME=/opt/rustwide/cargo-home" "-e" "RUSTUP_HOME=/opt/rustwide/rustup-home" "-w" "/opt/rustwide/workdir" "-m" "1610612736" "--user" "0:0" "--network" "none" "ghcr.io/rust-lang/crates-build-env/linux@sha256:4a844ea9eb2546a2d2c7022eacef16ef2e8229c7fbb2c7d4d55a9ceca922f72d" "/opt/rustwide/cargo-home/bin/cargo" "+nightly-2024-10-28" "test" "--frozen" "--no-run" "--message-format=json", kill_on_drop: false }`
[INFO] [stdout] 573d5367b2b42e0e701d9770619a9408080617c36538c4e5db8be0c3d80679be
[INFO] running `Command { std: "docker" "start" "-a" "573d5367b2b42e0e701d9770619a9408080617c36538c4e5db8be0c3d80679be", kill_on_drop: false }`
[INFO] [stderr]    Compiling googleapis-tonic-google-cloud-automl-v1 v0.9.0 (/opt/rustwide/workdir)
[INFO] [stderr]     Finished `test` profile [unoptimized + debuginfo] target(s) in 1.45s
[INFO] running `Command { std: "docker" "inspect" "573d5367b2b42e0e701d9770619a9408080617c36538c4e5db8be0c3d80679be", kill_on_drop: false }`
[INFO] running `Command { std: "docker" "rm" "-f" "573d5367b2b42e0e701d9770619a9408080617c36538c4e5db8be0c3d80679be", kill_on_drop: false }`
[INFO] [stdout] 573d5367b2b42e0e701d9770619a9408080617c36538c4e5db8be0c3d80679be
[INFO] running `Command { std: "docker" "create" "-v" "/var/lib/crater-agent-workspace/builds/worker-6-tc2/target:/opt/rustwide/target:rw,Z" "-v" "/var/lib/crater-agent-workspace/builds/worker-6-tc2/source:/opt/rustwide/workdir:ro,Z" "-v" "/var/lib/crater-agent-workspace/cargo-home:/opt/rustwide/cargo-home:ro,Z" "-v" "/var/lib/crater-agent-workspace/rustup-home:/opt/rustwide/rustup-home:ro,Z" "-e" "SOURCE_DIR=/opt/rustwide/workdir" "-e" "CARGO_TARGET_DIR=/opt/rustwide/target" "-e" "CARGO_INCREMENTAL=0" "-e" "RUST_BACKTRACE=full" "-e" "RUSTFLAGS=--cap-lints=forbid -Zrandomize-layout" "-e" "RUSTDOCFLAGS=--cap-lints=forbid" "-e" "CARGO_HOME=/opt/rustwide/cargo-home" "-e" "RUSTUP_HOME=/opt/rustwide/rustup-home" "-w" "/opt/rustwide/workdir" "-m" "1610612736" "--user" "0:0" "--network" "none" "ghcr.io/rust-lang/crates-build-env/linux@sha256:4a844ea9eb2546a2d2c7022eacef16ef2e8229c7fbb2c7d4d55a9ceca922f72d" "/opt/rustwide/cargo-home/bin/cargo" "+nightly-2024-10-28" "test" "--frozen", kill_on_drop: false }`
[INFO] [stdout] 3b95a50c0f17d9d946b74b6bf44bf77fd7b1a1362b42268409541c2ea43087a6
[INFO] running `Command { std: "docker" "start" "-a" "3b95a50c0f17d9d946b74b6bf44bf77fd7b1a1362b42268409541c2ea43087a6", kill_on_drop: false }`
[INFO] [stderr]     Finished `test` profile [unoptimized + debuginfo] target(s) in 0.04s
[INFO] [stderr]      Running unittests src/lib.rs (/opt/rustwide/target/debug/deps/googleapis_tonic_google_cloud_automl_v1-907d1f3821dbe67b)
[INFO] [stdout] 
[INFO] [stdout] running 0 tests
[INFO] [stdout] 
[INFO] [stdout] test result: ok. 0 passed; 0 failed; 0 ignored; 0 measured; 0 filtered out; finished in 0.00s
[INFO] [stdout] 
[INFO] [stderr]    Doc-tests googleapis_tonic_google_cloud_automl_v1
[INFO] [stdout] 
[INFO] [stdout] running 40 tests
[INFO] [stdout] test src/vec_u8_hash_map/google.cloud.automl.v1.rs - vec_u8_hash_map::google::cloud::automl::v1::BatchPredictInputConfig (line 1102) ... FAILED
[INFO] [stdout] test src/vec_u8_hash_map/google.cloud.automl.v1.rs - vec_u8_hash_map::google::cloud::automl::v1::BatchPredictInputConfig (line 1091) ... FAILED
[INFO] [stdout] test src/vec_u8_hash_map/google.cloud.automl.v1.rs - vec_u8_hash_map::google::cloud::automl::v1::BatchPredictInputConfig (line 1113) ... FAILED
[INFO] [stdout] test src/vec_u8_hash_map/google.cloud.automl.v1.rs - vec_u8_hash_map::google::cloud::automl::v1::BatchPredictInputConfig (line 1132) ... FAILED
[INFO] [stdout] test src/vec_u8_hash_map/google.cloud.automl.v1.rs - vec_u8_hash_map::google::cloud::automl::v1::BatchPredictInputConfig (line 1121) ... FAILED
[INFO] [stdout] test src/vec_u8_hash_map/google.cloud.automl.v1.rs - vec_u8_hash_map::google::cloud::automl::v1::BatchPredictOutputConfig (line 1485) ... FAILED
[INFO] [stdout] test src/vec_u8_hash_map/google.cloud.automl.v1.rs - vec_u8_hash_map::google::cloud::automl::v1::BatchPredictInputConfig (line 1075) ... FAILED
[INFO] [stdout] test src/vec_u8_hash_map/google.cloud.automl.v1.rs - vec_u8_hash_map::google::cloud::automl::v1::BatchPredictInputConfig (line 1168) ... FAILED
[INFO] [stdout] test src/vec_u8_hash_map/google.cloud.automl.v1.rs - vec_u8_hash_map::google::cloud::automl::v1::BatchPredictInputConfig (line 1152) ... FAILED
[INFO] [stdout] test src/vec_u8_hash_map/google.cloud.automl.v1.rs - vec_u8_hash_map::google::cloud::automl::v1::BatchPredictOutputConfig (line 1457) ... FAILED
[INFO] [stdout] test src/vec_u8_hash_map/google.cloud.automl.v1.rs - vec_u8_hash_map::google::cloud::automl::v1::BatchPredictInputConfig (line 1159) ... FAILED
[INFO] [stdout] test src/vec_u8_hash_map/google.cloud.automl.v1.rs - vec_u8_hash_map::google::cloud::automl::v1::BatchPredictOutputConfig (line 1508) ... FAILED
[INFO] [stdout] test src/vec_u8_hash_map/google.cloud.automl.v1.rs - vec_u8_hash_map::google::cloud::automl::v1::BatchPredictInputConfig (line 1083) ... FAILED
[INFO] [stdout] test src/vec_u8_hash_map/google.cloud.automl.v1.rs - vec_u8_hash_map::google::cloud::automl::v1::BatchPredictInputConfig (line 1067) ... FAILED
[INFO] [stdout] test src/vec_u8_hash_map/google.cloud.automl.v1.rs - vec_u8_hash_map::google::cloud::automl::v1::InputConfig (line 514) ... FAILED
[INFO] [stdout] test src/vec_u8_hash_map/google.cloud.automl.v1.rs - vec_u8_hash_map::google::cloud::automl::v1::BatchPredictInputConfig (line 1226) ... FAILED
[INFO] [stdout] test src/vec_u8_hash_map/google.cloud.automl.v1.rs - vec_u8_hash_map::google::cloud::automl::v1::InputConfig (line 455) ... FAILED
[INFO] [stdout] test src/vec_u8_hash_map/google.cloud.automl.v1.rs - vec_u8_hash_map::google::cloud::automl::v1::InputConfig (line 432) ... FAILED
[INFO] [stdout] test src/vec_u8_hash_map/google.cloud.automl.v1.rs - vec_u8_hash_map::google::cloud::automl::v1::BatchPredictOutputConfig (line 1530) ... FAILED
[INFO] [stdout] test src/vec_u8_hash_map/google.cloud.automl.v1.rs - vec_u8_hash_map::google::cloud::automl::v1::BatchPredictInputConfig (line 1143) ... FAILED
[INFO] [stdout] test src/vec_u8_hash_map/google.cloud.automl.v1.rs - vec_u8_hash_map::google::cloud::automl::v1::InputConfig (line 536) ... FAILED
[INFO] [stdout] test src/vec_u8_hash_map/google.cloud.automl.v1.rs - vec_u8_hash_map::google::cloud::automl::v1::InputConfig (line 495) ... FAILED
[INFO] [stdout] test src/vec_u8_hash_map/google.cloud.automl.v1.rs - vec_u8_hash_map::google::cloud::automl::v1::InputConfig (line 521) ... FAILED
[INFO] [stdout] test src/vec_u8_hash_map/google.cloud.automl.v1.rs - vec_u8_hash_map::google::cloud::automl::v1::BatchPredictInputConfig (line 1197) ... FAILED
[INFO] [stdout] test src/vec_u8_hash_map/google.cloud.automl.v1.rs - vec_u8_hash_map::google::cloud::automl::v1::InputConfig (line 468) ... FAILED
[INFO] [stdout] test src/vec_u8_hash_map/google.cloud.automl.v1.rs - vec_u8_hash_map::google::cloud::automl::v1::InputConfig (line 568) ... FAILED
[INFO] [stdout] test src/vec_u8_hash_map/google.cloud.automl.v1.rs - vec_u8_hash_map::google::cloud::automl::v1::InputConfig (line 557) ... FAILED
[INFO] [stdout] test src/vec_u8_hash_map/google.cloud.automl.v1.rs - vec_u8_hash_map::google::cloud::automl::v1::InputConfig (line 636) ... FAILED
[INFO] [stdout] test src/vec_u8_hash_map/google.cloud.automl.v1.rs - vec_u8_hash_map::google::cloud::automl::v1::InputConfig (line 615) ... FAILED
[INFO] [stdout] test src/vec_u8_hash_map/google.cloud.automl.v1.rs - vec_u8_hash_map::google::cloud::automl::v1::InputConfig (line 564) ... FAILED
[INFO] [stdout] test src/vec_u8_hash_map/google.cloud.automl.v1.rs - vec_u8_hash_map::google::cloud::automl::v1::InputConfig (line 587) ... FAILED
[INFO] [stdout] test src/vec_u8_hash_map/google.cloud.automl.v1.rs - vec_u8_hash_map::google::cloud::automl::v1::InputConfig (line 736) ... FAILED
[INFO] [stdout] test src/vec_u8_hash_map/google.cloud.automl.v1.rs - vec_u8_hash_map::google::cloud::automl::v1::InputConfig (line 593) ... FAILED
[INFO] [stdout] test src/vec_u8_hash_map/google.cloud.automl.v1.rs - vec_u8_hash_map::google::cloud::automl::v1::InputConfig (line 542) ... FAILED
[INFO] [stdout] test src/vec_u8_hash_map/google.cloud.automl.v1.rs - vec_u8_hash_map::google::cloud::automl::v1::InputConfig (line 798) ... FAILED
[INFO] [stdout] test src/vec_u8_hash_map/google.cloud.automl.v1.rs - vec_u8_hash_map::google::cloud::automl::v1::InputConfig (line 830) ... FAILED
[INFO] [stdout] test src/vec_u8_hash_map/google.cloud.automl.v1.rs - vec_u8_hash_map::google::cloud::automl::v1::InputConfig (line 890) ... FAILED
[INFO] [stdout] test src/vec_u8_hash_map/google.cloud.automl.v1.rs - vec_u8_hash_map::google::cloud::automl::v1::InputConfig (line 845) ... FAILED
[INFO] [stdout] test src/vec_u8_hash_map/google.cloud.automl.v1.rs - vec_u8_hash_map::google::cloud::automl::v1::InputConfig (line 708) ... FAILED
[INFO] [stdout] test src/vec_u8_hash_map/google.cloud.automl.v1.rs - vec_u8_hash_map::google::cloud::automl::v1::InputConfig (line 659) ... FAILED
[INFO] [stdout] 
[INFO] [stdout] failures:
[INFO] [stdout] 
[INFO] [stdout] ---- src/vec_u8_hash_map/google.cloud.automl.v1.rs - vec_u8_hash_map::google::cloud::automl::v1::BatchPredictInputConfig (line 1102) stdout ----
[INFO] [stdout] error: expected one of `!`, `.`, `::`, `;`, `?`, `{`, `}`, or an operator, found `,`
[INFO] [stdout]  --> src/vec_u8_hash_map/google.cloud.automl.v1.rs:1103:14
[INFO] [stdout]   |
[INFO] [stdout] 3 | GCS_FILE_PATH,TIME_SEGMENT_START,TIME_SEGMENT_END
[INFO] [stdout]   |              ^ expected one of 8 possible tokens
[INFO] [stdout] 
[INFO] [stdout] error: aborting due to 1 previous error
[INFO] [stdout] 
[INFO] [stdout] Couldn't compile the test.
[INFO] [stdout] ---- src/vec_u8_hash_map/google.cloud.automl.v1.rs - vec_u8_hash_map::google::cloud::automl::v1::BatchPredictInputConfig (line 1091) stdout ----
[INFO] [stdout] error: expected identifier, found `:`
[INFO] [stdout]  --> src/vec_u8_hash_map/google.cloud.automl.v1.rs:1092:3
[INFO] [stdout]   |
[INFO] [stdout] 3 | gs://folder/image1.jpeg
[INFO] [stdout]   |   ^ expected identifier
[INFO] [stdout] 
[INFO] [stdout] error: aborting due to 1 previous error
[INFO] [stdout] 
[INFO] [stdout] Couldn't compile the test.
[INFO] [stdout] ---- src/vec_u8_hash_map/google.cloud.automl.v1.rs - vec_u8_hash_map::google::cloud::automl::v1::BatchPredictInputConfig (line 1113) stdout ----
[INFO] [stdout] error: expected identifier, found `:`
[INFO] [stdout]  --> src/vec_u8_hash_map/google.cloud.automl.v1.rs:1114:3
[INFO] [stdout]   |
[INFO] [stdout] 3 | gs://folder/video1.mp4,10,40
[INFO] [stdout]   |   ^ expected identifier
[INFO] [stdout] 
[INFO] [stdout] error: aborting due to 1 previous error
[INFO] [stdout] 
[INFO] [stdout] Couldn't compile the test.
[INFO] [stdout] ---- src/vec_u8_hash_map/google.cloud.automl.v1.rs - vec_u8_hash_map::google::cloud::automl::v1::BatchPredictInputConfig (line 1132) stdout ----
[INFO] [stdout] error: expected identifier, found `:`
[INFO] [stdout]  --> src/vec_u8_hash_map/google.cloud.automl.v1.rs:1133:3
[INFO] [stdout]   |
[INFO] [stdout] 3 | gs://folder/video1.mp4,10,40
[INFO] [stdout]   |   ^ expected identifier
[INFO] [stdout] 
[INFO] [stdout] error: aborting due to 1 previous error
[INFO] [stdout] 
[INFO] [stdout] Couldn't compile the test.
[INFO] [stdout] ---- src/vec_u8_hash_map/google.cloud.automl.v1.rs - vec_u8_hash_map::google::cloud::automl::v1::BatchPredictInputConfig (line 1121) stdout ----
[INFO] [stdout] error: expected one of `!`, `.`, `::`, `;`, `?`, `{`, `}`, or an operator, found `,`
[INFO] [stdout]  --> src/vec_u8_hash_map/google.cloud.automl.v1.rs:1122:14
[INFO] [stdout]   |
[INFO] [stdout] 3 | GCS_FILE_PATH,TIME_SEGMENT_START,TIME_SEGMENT_END
[INFO] [stdout]   |              ^ expected one of 8 possible tokens
[INFO] [stdout] 
[INFO] [stdout] error: aborting due to 1 previous error
[INFO] [stdout] 
[INFO] [stdout] Couldn't compile the test.
[INFO] [stdout] ---- src/vec_u8_hash_map/google.cloud.automl.v1.rs - vec_u8_hash_map::google::cloud::automl::v1::BatchPredictOutputConfig (line 1485) stdout ----
[INFO] [stdout] error: expected one of `!`, `.`, `::`, `;`, `?`, `{`, `}`, or an operator, found `format`
[INFO] [stdout]  --> src/vec_u8_hash_map/google.cloud.automl.v1.rs:1486:5
[INFO] [stdout]   |
[INFO] [stdout] 3 | The format of video_object_tracking.csv is:
[INFO] [stdout]   |     ^^^^^^ expected one of 8 possible tokens
[INFO] [stdout] 
[INFO] [stdout] error: aborting due to 1 previous error
[INFO] [stdout] 
[INFO] [stdout] Couldn't compile the test.
[INFO] [stdout] ---- src/vec_u8_hash_map/google.cloud.automl.v1.rs - vec_u8_hash_map::google::cloud::automl::v1::BatchPredictInputConfig (line 1075) stdout ----
[INFO] [stdout] error: expected identifier, found `:`
[INFO] [stdout]  --> src/vec_u8_hash_map/google.cloud.automl.v1.rs:1076:3
[INFO] [stdout]   |
[INFO] [stdout] 3 | gs://folder/image1.jpeg
[INFO] [stdout]   |   ^ expected identifier
[INFO] [stdout] 
[INFO] [stdout] error: aborting due to 1 previous error
[INFO] [stdout] 
[INFO] [stdout] Couldn't compile the test.
[INFO] [stdout] ---- src/vec_u8_hash_map/google.cloud.automl.v1.rs - vec_u8_hash_map::google::cloud::automl::v1::BatchPredictInputConfig (line 1168) stdout ----
[INFO] [stdout] error: expected identifier, found `:`
[INFO] [stdout]  --> src/vec_u8_hash_map/google.cloud.automl.v1.rs:1169:3
[INFO] [stdout]   |
[INFO] [stdout] 3 | gs://folder/text1.txt
[INFO] [stdout]   |   ^ expected identifier
[INFO] [stdout] 
[INFO] [stdout] error: aborting due to 1 previous error
[INFO] [stdout] 
[INFO] [stdout] Couldn't compile the test.
[INFO] [stdout] ---- src/vec_u8_hash_map/google.cloud.automl.v1.rs - vec_u8_hash_map::google::cloud::automl::v1::BatchPredictInputConfig (line 1152) stdout ----
[INFO] [stdout] error: expected identifier, found `:`
[INFO] [stdout]  --> src/vec_u8_hash_map/google.cloud.automl.v1.rs:1153:3
[INFO] [stdout]   |
[INFO] [stdout] 3 | gs://folder/text1.txt
[INFO] [stdout]   |   ^ expected identifier
[INFO] [stdout] 
[INFO] [stdout] error: aborting due to 1 previous error
[INFO] [stdout] 
[INFO] [stdout] Couldn't compile the test.
[INFO] [stdout] ---- src/vec_u8_hash_map/google.cloud.automl.v1.rs - vec_u8_hash_map::google::cloud::automl::v1::BatchPredictOutputConfig (line 1457) stdout ----
[INFO] [stdout] error: unknown start of token: `
[INFO] [stdout]   --> src/vec_u8_hash_map/google.cloud.automl.v1.rs:1476:13
[INFO] [stdout]    |
[INFO] [stdout] 21 | governed by `classifaction_types` parameter in
[INFO] [stdout]    |             ^
[INFO] [stdout]    |
[INFO] [stdout] help: Unicode character '`' (Grave Accent) looks like ''' (Single Quote), but it is not
[INFO] [stdout]    |
[INFO] [stdout] 21 | governed by 'classifaction_types` parameter in
[INFO] [stdout]    |             ~
[INFO] [stdout] 
[INFO] [stdout] error: unknown start of token: `
[INFO] [stdout]   --> src/vec_u8_hash_map/google.cloud.automl.v1.rs:1476:33
[INFO] [stdout]    |
[INFO] [stdout] 21 | governed by `classifaction_types` parameter in
[INFO] [stdout]    |                                 ^
[INFO] [stdout]    |
[INFO] [stdout] help: Unicode character '`' (Grave Accent) looks like ''' (Single Quote), but it is not
[INFO] [stdout]    |
[INFO] [stdout] 21 | governed by `classifaction_types' parameter in
[INFO] [stdout]    |                                 ~
[INFO] [stdout] 
[INFO] [stdout] error: expected one of `!`, `.`, `::`, `;`, `?`, `{`, `}`, or an operator, found `format`
[INFO] [stdout]  --> src/vec_u8_hash_map/google.cloud.automl.v1.rs:1458:5
[INFO] [stdout]   |
[INFO] [stdout] 3 | The format of video_classification.csv is:
[INFO] [stdout]   |     ^^^^^^ expected one of 8 possible tokens
[INFO] [stdout] 
[INFO] [stdout] error: aborting due to 3 previous errors
[INFO] [stdout] 
[INFO] [stdout] Couldn't compile the test.
[INFO] [stdout] ---- src/vec_u8_hash_map/google.cloud.automl.v1.rs - vec_u8_hash_map::google::cloud::automl::v1::BatchPredictInputConfig (line 1159) stdout ----
[INFO] [stdout] error[E0425]: cannot find value `GCS_FILE_PATH` in this scope
[INFO] [stdout]  --> src/vec_u8_hash_map/google.cloud.automl.v1.rs:1160:1
[INFO] [stdout]   |
[INFO] [stdout] 3 | GCS_FILE_PATH
[INFO] [stdout]   | ^^^^^^^^^^^^^ not found in this scope
[INFO] [stdout] 
[INFO] [stdout] error: aborting due to 1 previous error
[INFO] [stdout] 
[INFO] [stdout] For more information about this error, try `rustc --explain E0425`.
[INFO] [stdout] Couldn't compile the test.
[INFO] [stdout] ---- src/vec_u8_hash_map/google.cloud.automl.v1.rs - vec_u8_hash_map::google::cloud::automl::v1::BatchPredictOutputConfig (line 1508) stdout ----
[INFO] [stdout] error: unknown start of token: `
[INFO] [stdout]   --> src/vec_u8_hash_map/google.cloud.automl.v1.rs:1518:30
[INFO] [stdout]    |
[INFO] [stdout] 10 | completely), then additional `errors_1.jsonl`, `errors_2.jsonl`,...,
[INFO] [stdout]    |                              ^
[INFO] [stdout]    |
[INFO] [stdout] help: Unicode character '`' (Grave Accent) looks like ''' (Single Quote), but it is not
[INFO] [stdout]    |
[INFO] [stdout] 10 | completely), then additional 'errors_1.jsonl`, `errors_2.jsonl`,...,
[INFO] [stdout]    |                              ~
[INFO] [stdout] 
[INFO] [stdout] error: unknown start of token: `
[INFO] [stdout]   --> src/vec_u8_hash_map/google.cloud.automl.v1.rs:1518:45
[INFO] [stdout]    |
[INFO] [stdout] 10 | completely), then additional `errors_1.jsonl`, `errors_2.jsonl`,...,
[INFO] [stdout]    |                                             ^
[INFO] [stdout]    |
[INFO] [stdout] help: Unicode character '`' (Grave Accent) looks like ''' (Single Quote), but it is not
[INFO] [stdout]    |
[INFO] [stdout] 10 | completely), then additional `errors_1.jsonl', `errors_2.jsonl`,...,
[INFO] [stdout]    |                                             ~
[INFO] [stdout] 
[INFO] [stdout] error: unknown start of token: `
[INFO] [stdout]   --> src/vec_u8_hash_map/google.cloud.automl.v1.rs:1518:48
[INFO] [stdout]    |
[INFO] [stdout] 10 | completely), then additional `errors_1.jsonl`, `errors_2.jsonl`,...,
[INFO] [stdout]    |                                                ^
[INFO] [stdout]    |
[INFO] [stdout] help: Unicode character '`' (Grave Accent) looks like ''' (Single Quote), but it is not
[INFO] [stdout]    |
[INFO] [stdout] 10 | completely), then additional `errors_1.jsonl`, 'errors_2.jsonl`,...,
[INFO] [stdout]    |                                                ~
[INFO] [stdout] 
[INFO] [stdout] error: unknown start of token: `
[INFO] [stdout]   --> src/vec_u8_hash_map/google.cloud.automl.v1.rs:1518:63
[INFO] [stdout]    |
[INFO] [stdout] 10 | completely), then additional `errors_1.jsonl`, `errors_2.jsonl`,...,
[INFO] [stdout]    |                                                               ^
[INFO] [stdout]    |
[INFO] [stdout] help: Unicode character '`' (Grave Accent) looks like ''' (Single Quote), but it is not
[INFO] [stdout]    |
[INFO] [stdout] 10 | completely), then additional `errors_1.jsonl`, `errors_2.jsonl',...,
[INFO] [stdout]    |                                                               ~
[INFO] [stdout] 
[INFO] [stdout] error: unknown start of token: `
[INFO] [stdout]   --> src/vec_u8_hash_map/google.cloud.automl.v1.rs:1519:1
[INFO] [stdout]    |
[INFO] [stdout] 11 | `errors_N.jsonl` files will be created (N depends on total number of
[INFO] [stdout]    | ^
[INFO] [stdout]    |
[INFO] [stdout] help: Unicode character '`' (Grave Accent) looks like ''' (Single Quote), but it is not
[INFO] [stdout]    |
[INFO] [stdout] 11 | 'errors_N.jsonl` files will be created (N depends on total number of
[INFO] [stdout]    | ~
[INFO] [stdout] 
[INFO] [stdout] error: unknown start of token: `
[INFO] [stdout]   --> src/vec_u8_hash_map/google.cloud.automl.v1.rs:1519:16
[INFO] [stdout]    |
[INFO] [stdout] 11 | `errors_N.jsonl` files will be created (N depends on total number of
[INFO] [stdout]    |                ^
[INFO] [stdout]    |
[INFO] [stdout] help: Unicode character '`' (Grave Accent) looks like ''' (Single Quote), but it is not
[INFO] [stdout]    |
[INFO] [stdout] 11 | `errors_N.jsonl' files will be created (N depends on total number of
[INFO] [stdout]    |                ~
[INFO] [stdout] 
[INFO] [stdout] error: unknown start of token: `
[INFO] [stdout]   --> src/vec_u8_hash_map/google.cloud.automl.v1.rs:1522:2
[INFO] [stdout]    |
[INFO] [stdout] 14 | [`google.rpc.Status`](<https://github.com/googleapis/googleapis/blob/master/google/rpc/status.proto>)
[INFO] [stdout]    |  ^
[INFO] [stdout]    |
[INFO] [stdout] help: Unicode character '`' (Grave Accent) looks like ''' (Single Quote), but it is not
[INFO] [stdout]    |
[INFO] [stdout] 14 | ['google.rpc.Status`](<https://github.com/googleapis/googleapis/blob/master/google/rpc/status.proto>)
[INFO] [stdout]    |  ~
[INFO] [stdout] 
[INFO] [stdout] error: unknown start of token: `
[INFO] [stdout]   --> src/vec_u8_hash_map/google.cloud.automl.v1.rs:1522:20
[INFO] [stdout]    |
[INFO] [stdout] 14 | [`google.rpc.Status`](<https://github.com/googleapis/googleapis/blob/master/google/rpc/status.proto>)
[INFO] [stdout]    |                    ^
[INFO] [stdout]    |
[INFO] [stdout] help: Unicode character '`' (Grave Accent) looks like ''' (Single Quote), but it is not
[INFO] [stdout]    |
[INFO] [stdout] 14 | [`google.rpc.Status'](<https://github.com/googleapis/googleapis/blob/master/google/rpc/status.proto>)
[INFO] [stdout]    |                    ~
[INFO] [stdout] 
[INFO] [stdout] error: unknown start of token: `
[INFO] [stdout]   --> src/vec_u8_hash_map/google.cloud.automl.v1.rs:1523:17
[INFO] [stdout]    |
[INFO] [stdout] 15 | containing only `code` and `message`.
[INFO] [stdout]    |                 ^
[INFO] [stdout]    |
[INFO] [stdout] help: Unicode character '`' (Grave Accent) looks like ''' (Single Quote), but it is not
[INFO] [stdout]    |
[INFO] [stdout] 15 | containing only 'code` and `message`.
[INFO] [stdout]    |                 ~
[INFO] [stdout] 
[INFO] [stdout] error: unknown start of token: `
[INFO] [stdout]   --> src/vec_u8_hash_map/google.cloud.automl.v1.rs:1523:22
[INFO] [stdout]    |
[INFO] [stdout] 15 | containing only `code` and `message`.
[INFO] [stdout]    |                      ^
[INFO] [stdout]    |
[INFO] [stdout] help: Unicode character '`' (Grave Accent) looks like ''' (Single Quote), but it is not
[INFO] [stdout]    |
[INFO] [stdout] 15 | containing only `code' and `message`.
[INFO] [stdout]    |                      ~
[INFO] [stdout] 
[INFO] [stdout] error: unknown start of token: `
[INFO] [stdout]   --> src/vec_u8_hash_map/google.cloud.automl.v1.rs:1523:28
[INFO] [stdout]    |
[INFO] [stdout] 15 | containing only `code` and `message`.
[INFO] [stdout]    |                            ^
[INFO] [stdout]    |
[INFO] [stdout] help: Unicode character '`' (Grave Accent) looks like ''' (Single Quote), but it is not
[INFO] [stdout]    |
[INFO] [stdout] 15 | containing only `code` and 'message`.
[INFO] [stdout]    |                            ~
[INFO] [stdout] 
[INFO] [stdout] error: unknown start of token: `
[INFO] [stdout]   --> src/vec_u8_hash_map/google.cloud.automl.v1.rs:1523:36
[INFO] [stdout]    |
[INFO] [stdout] 15 | containing only `code` and `message`.
[INFO] [stdout]    |                                    ^
[INFO] [stdout]    |
[INFO] [stdout] help: Unicode character '`' (Grave Accent) looks like ''' (Single Quote), but it is not
[INFO] [stdout]    |
[INFO] [stdout] 15 | containing only `code` and `message'.
[INFO] [stdout]    |                                    ~
[INFO] [stdout] 
[INFO] [stdout] error: this file contains an unclosed delimiter
[INFO] [stdout]   --> src/vec_u8_hash_map/google.cloud.automl.v1.rs:1523:38
[INFO] [stdout]    |
[INFO] [stdout] 14 | [`google.rpc.Status`](<https://github.com/googleapis/googleapis/blob/master/google/rpc/status.proto>)
[INFO] [stdout]    |                      - unclosed delimiter
[INFO] [stdout] 15 | containing only `code` and `message`.
[INFO] [stdout]    |                                      ^
[INFO] [stdout] 
[INFO] [stdout] error: aborting due to 13 previous errors
[INFO] [stdout] 
[INFO] [stdout] Couldn't compile the test.
[INFO] [stdout] ---- src/vec_u8_hash_map/google.cloud.automl.v1.rs - vec_u8_hash_map::google::cloud::automl::v1::BatchPredictInputConfig (line 1083) stdout ----
[INFO] [stdout] error[E0425]: cannot find value `GCS_FILE_PATH` in this scope
[INFO] [stdout]  --> src/vec_u8_hash_map/google.cloud.automl.v1.rs:1084:1
[INFO] [stdout]   |
[INFO] [stdout] 3 | GCS_FILE_PATH
[INFO] [stdout]   | ^^^^^^^^^^^^^ not found in this scope
[INFO] [stdout] 
[INFO] [stdout] error: aborting due to 1 previous error
[INFO] [stdout] 
[INFO] [stdout] For more information about this error, try `rustc --explain E0425`.
[INFO] [stdout] Couldn't compile the test.
[INFO] [stdout] ---- src/vec_u8_hash_map/google.cloud.automl.v1.rs - vec_u8_hash_map::google::cloud::automl::v1::BatchPredictInputConfig (line 1067) stdout ----
[INFO] [stdout] error[E0425]: cannot find value `GCS_FILE_PATH` in this scope
[INFO] [stdout]  --> src/vec_u8_hash_map/google.cloud.automl.v1.rs:1068:1
[INFO] [stdout]   |
[INFO] [stdout] 3 | GCS_FILE_PATH
[INFO] [stdout]   | ^^^^^^^^^^^^^ not found in this scope
[INFO] [stdout] 
[INFO] [stdout] error: aborting due to 1 previous error
[INFO] [stdout] 
[INFO] [stdout] For more information about this error, try `rustc --explain E0425`.
[INFO] [stdout] Couldn't compile the test.
[INFO] [stdout] ---- src/vec_u8_hash_map/google.cloud.automl.v1.rs - vec_u8_hash_map::google::cloud::automl::v1::InputConfig (line 514) stdout ----
[INFO] [stdout] error: expected one of `!`, `.`, `::`, `;`, `?`, `{`, `}`, or an operator, found `,`
[INFO] [stdout]  --> src/vec_u8_hash_map/google.cloud.automl.v1.rs:515:7
[INFO] [stdout]   |
[INFO] [stdout] 3 | ML_USE,GCS_FILE_PATH
[INFO] [stdout]   |       ^ expected one of 8 possible tokens
[INFO] [stdout] 
[INFO] [stdout] error: aborting due to 1 previous error
[INFO] [stdout] 
[INFO] [stdout] Couldn't compile the test.
[INFO] [stdout] ---- src/vec_u8_hash_map/google.cloud.automl.v1.rs - vec_u8_hash_map::google::cloud::automl::v1::BatchPredictInputConfig (line 1226) stdout ----
[INFO] [stdout] error: unknown start of token: \
[INFO] [stdout]  --> src/vec_u8_hash_map/google.cloud.automl.v1.rs:1230:39
[INFO] [stdout]   |
[INFO] [stdout] 6 |         "gcs_source": { "input_uris": \[ "gs://folder/document1.pdf" \]
[INFO] [stdout]   |                                       ^
[INFO] [stdout] 
[INFO] [stdout] error: unknown start of token: \
[INFO] [stdout]  --> src/vec_u8_hash_map/google.cloud.automl.v1.rs:1230:70
[INFO] [stdout]   |
[INFO] [stdout] 6 |         "gcs_source": { "input_uris": \[ "gs://folder/document1.pdf" \]
[INFO] [stdout]   |                                                                      ^
[INFO] [stdout] 
[INFO] [stdout] error: unknown start of token: \
[INFO] [stdout]   --> src/vec_u8_hash_map/google.cloud.automl.v1.rs:1234:4
[INFO] [stdout]    |
[INFO] [stdout] 10 |   }\n
[INFO] [stdout]    |    ^
[INFO] [stdout] 
[INFO] [stdout] error: unknown start of token: \
[INFO] [stdout]   --> src/vec_u8_hash_map/google.cloud.automl.v1.rs:1238:39
[INFO] [stdout]    |
[INFO] [stdout] 14 |         "gcs_source": { "input_uris": \[ "gs://folder/document2.tif" \]
[INFO] [stdout]    |                                       ^
[INFO] [stdout] 
[INFO] [stdout] error: unknown start of token: \
[INFO] [stdout]   --> src/vec_u8_hash_map/google.cloud.automl.v1.rs:1238:70
[INFO] [stdout]    |
[INFO] [stdout] 14 |         "gcs_source": { "input_uris": \[ "gs://folder/document2.tif" \]
[INFO] [stdout]    |                                                                      ^
[INFO] [stdout] 
[INFO] [stdout] error: expected one of `.`, `;`, `?`, `}`, or an operator, found `:`
[INFO] [stdout]  --> src/vec_u8_hash_map/google.cloud.automl.v1.rs:1228:15
[INFO] [stdout]   |
[INFO] [stdout] 4 |     "document": {
[INFO] [stdout]   |               ^ expected one of `.`, `;`, `?`, `}`, or an operator
[INFO] [stdout] 
[INFO] [stdout] error: expected identifier, found `"document"`
[INFO] [stdout]   --> src/vec_u8_hash_map/google.cloud.automl.v1.rs:1236:5
[INFO] [stdout]    |
[INFO] [stdout] 10 |   }\n
[INFO] [stdout]    |     - while parsing this struct
[INFO] [stdout] 11 |   {
[INFO] [stdout] 12 |     "document": {
[INFO] [stdout]    |     ^^^^^^^^^^ expected identifier
[INFO] [stdout] 
[INFO] [stdout] error[E0422]: cannot find struct, variant or union type `n` in this scope
[INFO] [stdout]   --> src/vec_u8_hash_map/google.cloud.automl.v1.rs:1234:5
[INFO] [stdout]    |
[INFO] [stdout] 10 |   }\n
[INFO] [stdout]    |     ^ not found in this scope
[INFO] [stdout] 
[INFO] [stdout] error: aborting due to 8 previous errors
[INFO] [stdout] 
[INFO] [stdout] For more information about this error, try `rustc --explain E0422`.
[INFO] [stdout] Couldn't compile the test.
[INFO] [stdout] ---- src/vec_u8_hash_map/google.cloud.automl.v1.rs - vec_u8_hash_map::google::cloud::automl::v1::InputConfig (line 455) stdout ----
[INFO] [stdout] error: expected one of `!`, `.`, `::`, `;`, `?`, `{`, `}`, or an operator, found `,`
[INFO] [stdout]  --> src/vec_u8_hash_map/google.cloud.automl.v1.rs:456:6
[INFO] [stdout]   |
[INFO] [stdout] 3 | TRAIN,gs://folder/image1.jpg,daisy
[INFO] [stdout]   |      ^ expected one of 8 possible tokens
[INFO] [stdout] 
[INFO] [stdout] error: aborting due to 1 previous error
[INFO] [stdout] 
[INFO] [stdout] Couldn't compile the test.
[INFO] [stdout] ---- src/vec_u8_hash_map/google.cloud.automl.v1.rs - vec_u8_hash_map::google::cloud::automl::v1::InputConfig (line 432) stdout ----
[INFO] [stdout] error: expected one of `!`, `.`, `::`, `;`, `?`, `{`, `}`, or an operator, found `,`
[INFO] [stdout]  --> src/vec_u8_hash_map/google.cloud.automl.v1.rs:433:7
[INFO] [stdout]   |
[INFO] [stdout] 3 | ML_USE,GCS_FILE_PATH,LABEL,LABEL,...
[INFO] [stdout]   |       ^ expected one of 8 possible tokens
[INFO] [stdout] 
[INFO] [stdout] error: aborting due to 1 previous error
[INFO] [stdout] 
[INFO] [stdout] Couldn't compile the test.
[INFO] [stdout] ---- src/vec_u8_hash_map/google.cloud.automl.v1.rs - vec_u8_hash_map::google::cloud::automl::v1::BatchPredictOutputConfig (line 1530) stdout ----
[INFO] [stdout] error: unknown start of token: `
[INFO] [stdout]   --> src/vec_u8_hash_map/google.cloud.automl.v1.rs:1540:30
[INFO] [stdout]    |
[INFO] [stdout] 10 | completely), then additional `errors_1.jsonl`, `errors_2.jsonl`,...,
[INFO] [stdout]    |                              ^
[INFO] [stdout]    |
[INFO] [stdout] help: Unicode character '`' (Grave Accent) looks like ''' (Single Quote), but it is not
[INFO] [stdout]    |
[INFO] [stdout] 10 | completely), then additional 'errors_1.jsonl`, `errors_2.jsonl`,...,
[INFO] [stdout]    |                              ~
[INFO] [stdout] 
[INFO] [stdout] error: unknown start of token: `
[INFO] [stdout]   --> src/vec_u8_hash_map/google.cloud.automl.v1.rs:1540:45
[INFO] [stdout]    |
[INFO] [stdout] 10 | completely), then additional `errors_1.jsonl`, `errors_2.jsonl`,...,
[INFO] [stdout]    |                                             ^
[INFO] [stdout]    |
[INFO] [stdout] help: Unicode character '`' (Grave Accent) looks like ''' (Single Quote), but it is not
[INFO] [stdout]    |
[INFO] [stdout] 10 | completely), then additional `errors_1.jsonl', `errors_2.jsonl`,...,
[INFO] [stdout]    |                                             ~
[INFO] [stdout] 
[INFO] [stdout] error: unknown start of token: `
[INFO] [stdout]   --> src/vec_u8_hash_map/google.cloud.automl.v1.rs:1540:48
[INFO] [stdout]    |
[INFO] [stdout] 10 | completely), then additional `errors_1.jsonl`, `errors_2.jsonl`,...,
[INFO] [stdout]    |                                                ^
[INFO] [stdout]    |
[INFO] [stdout] help: Unicode character '`' (Grave Accent) looks like ''' (Single Quote), but it is not
[INFO] [stdout]    |
[INFO] [stdout] 10 | completely), then additional `errors_1.jsonl`, 'errors_2.jsonl`,...,
[INFO] [stdout]    |                                                ~
[INFO] [stdout] 
[INFO] [stdout] error: unknown start of token: `
[INFO] [stdout]   --> src/vec_u8_hash_map/google.cloud.automl.v1.rs:1540:63
[INFO] [stdout]    |
[INFO] [stdout] 10 | completely), then additional `errors_1.jsonl`, `errors_2.jsonl`,...,
[INFO] [stdout]    |                                                               ^
[INFO] [stdout]    |
[INFO] [stdout] help: Unicode character '`' (Grave Accent) looks like ''' (Single Quote), but it is not
[INFO] [stdout]    |
[INFO] [stdout] 10 | completely), then additional `errors_1.jsonl`, `errors_2.jsonl',...,
[INFO] [stdout]    |                                                               ~
[INFO] [stdout] 
[INFO] [stdout] error: unknown start of token: `
[INFO] [stdout]   --> src/vec_u8_hash_map/google.cloud.automl.v1.rs:1541:1
[INFO] [stdout]    |
[INFO] [stdout] 11 | `errors_N.jsonl` files will be created (N depends on total number of
[INFO] [stdout]    | ^
[INFO] [stdout]    |
[INFO] [stdout] help: Unicode character '`' (Grave Accent) looks like ''' (Single Quote), but it is not
[INFO] [stdout]    |
[INFO] [stdout] 11 | 'errors_N.jsonl` files will be created (N depends on total number of
[INFO] [stdout]    | ~
[INFO] [stdout] 
[INFO] [stdout] error: unknown start of token: `
[INFO] [stdout]   --> src/vec_u8_hash_map/google.cloud.automl.v1.rs:1541:16
[INFO] [stdout]    |
[INFO] [stdout] 11 | `errors_N.jsonl` files will be created (N depends on total number of
[INFO] [stdout]    |                ^
[INFO] [stdout]    |
[INFO] [stdout] help: Unicode character '`' (Grave Accent) looks like ''' (Single Quote), but it is not
[INFO] [stdout]    |
[INFO] [stdout] 11 | `errors_N.jsonl' files will be created (N depends on total number of
[INFO] [stdout]    |                ~
[INFO] [stdout] 
[INFO] [stdout] error: unknown start of token: `
[INFO] [stdout]   --> src/vec_u8_hash_map/google.cloud.automl.v1.rs:1544:2
[INFO] [stdout]    |
[INFO] [stdout] 14 | [`google.rpc.Status`](<https://github.com/googleapis/googleapis/blob/master/google/rpc/status.proto>)
[INFO] [stdout]    |  ^
[INFO] [stdout]    |
[INFO] [stdout] help: Unicode character '`' (Grave Accent) looks like ''' (Single Quote), but it is not
[INFO] [stdout]    |
[INFO] [stdout] 14 | ['google.rpc.Status`](<https://github.com/googleapis/googleapis/blob/master/google/rpc/status.proto>)
[INFO] [stdout]    |  ~
[INFO] [stdout] 
[INFO] [stdout] error: unknown start of token: `
[INFO] [stdout]   --> src/vec_u8_hash_map/google.cloud.automl.v1.rs:1544:20
[INFO] [stdout]    |
[INFO] [stdout] 14 | [`google.rpc.Status`](<https://github.com/googleapis/googleapis/blob/master/google/rpc/status.proto>)
[INFO] [stdout]    |                    ^
[INFO] [stdout]    |
[INFO] [stdout] help: Unicode character '`' (Grave Accent) looks like ''' (Single Quote), but it is not
[INFO] [stdout]    |
[INFO] [stdout] 14 | [`google.rpc.Status'](<https://github.com/googleapis/googleapis/blob/master/google/rpc/status.proto>)
[INFO] [stdout]    |                    ~
[INFO] [stdout] 
[INFO] [stdout] error: unknown start of token: `
[INFO] [stdout]   --> src/vec_u8_hash_map/google.cloud.automl.v1.rs:1545:17
[INFO] [stdout]    |
[INFO] [stdout] 15 | containing only `code` and `message`.
[INFO] [stdout]    |                 ^
[INFO] [stdout]    |
[INFO] [stdout] help: Unicode character '`' (Grave Accent) looks like ''' (Single Quote), but it is not
[INFO] [stdout]    |
[INFO] [stdout] 15 | containing only 'code` and `message`.
[INFO] [stdout]    |                 ~
[INFO] [stdout] 
[INFO] [stdout] error: unknown start of token: `
[INFO] [stdout]   --> src/vec_u8_hash_map/google.cloud.automl.v1.rs:1545:22
[INFO] [stdout]    |
[INFO] [stdout] 15 | containing only `code` and `message`.
[INFO] [stdout]    |                      ^
[INFO] [stdout]    |
[INFO] [stdout] help: Unicode character '`' (Grave Accent) looks like ''' (Single Quote), but it is not
[INFO] [stdout]    |
[INFO] [stdout] 15 | containing only `code' and `message`.
[INFO] [stdout]    |                      ~
[INFO] [stdout] 
[INFO] [stdout] error: unknown start of token: `
[INFO] [stdout]   --> src/vec_u8_hash_map/google.cloud.automl.v1.rs:1545:28
[INFO] [stdout]    |
[INFO] [stdout] 15 | containing only `code` and `message`.
[INFO] [stdout]    |                            ^
[INFO] [stdout]    |
[INFO] [stdout] help: Unicode character '`' (Grave Accent) looks like ''' (Single Quote), but it is not
[INFO] [stdout]    |
[INFO] [stdout] 15 | containing only `code` and 'message`.
[INFO] [stdout]    |                            ~
[INFO] [stdout] 
[INFO] [stdout] error: unknown start of token: `
[INFO] [stdout]   --> src/vec_u8_hash_map/google.cloud.automl.v1.rs:1545:36
[INFO] [stdout]    |
[INFO] [stdout] 15 | containing only `code` and `message`.
[INFO] [stdout]    |                                    ^
[INFO] [stdout]    |
[INFO] [stdout] help: Unicode character '`' (Grave Accent) looks like ''' (Single Quote), but it is not
[INFO] [stdout]    |
[INFO] [stdout] 15 | containing only `code` and `message'.
[INFO] [stdout]    |                                    ~
[INFO] [stdout] 
[INFO] [stdout] error: this file contains an unclosed delimiter
[INFO] [stdout]   --> src/vec_u8_hash_map/google.cloud.automl.v1.rs:1545:38
[INFO] [stdout]    |
[INFO] [stdout] 14 | [`google.rpc.Status`](<https://github.com/googleapis/googleapis/blob/master/google/rpc/status.proto>)
[INFO] [stdout]    |                      - unclosed delimiter
[INFO] [stdout] 15 | containing only `code` and `message`.
[INFO] [stdout]    |                                      ^
[INFO] [stdout] 
[INFO] [stdout] error: aborting due to 13 previous errors
[INFO] [stdout] 
[INFO] [stdout] Couldn't compile the test.
[INFO] [stdout] ---- src/vec_u8_hash_map/google.cloud.automl.v1.rs - vec_u8_hash_map::google::cloud::automl::v1::BatchPredictInputConfig (line 1143) stdout ----
[INFO] [stdout] error[E0425]: cannot find value `GCS_FILE_PATH` in this scope
[INFO] [stdout]  --> src/vec_u8_hash_map/google.cloud.automl.v1.rs:1144:1
[INFO] [stdout]   |
[INFO] [stdout] 3 | GCS_FILE_PATH
[INFO] [stdout]   | ^^^^^^^^^^^^^ not found in this scope
[INFO] [stdout] 
[INFO] [stdout] error: aborting due to 1 previous error
[INFO] [stdout] 
[INFO] [stdout] For more information about this error, try `rustc --explain E0425`.
[INFO] [stdout] Couldn't compile the test.
[INFO] [stdout] ---- src/vec_u8_hash_map/google.cloud.automl.v1.rs - vec_u8_hash_map::google::cloud::automl::v1::InputConfig (line 536) stdout ----
[INFO] [stdout] error: expected one of `!`, `.`, `::`, `;`, `?`, `{`, `}`, or an operator, found `,`
[INFO] [stdout]  --> src/vec_u8_hash_map/google.cloud.automl.v1.rs:537:6
[INFO] [stdout]   |
[INFO] [stdout] 3 | TRAIN,gs://folder/train_videos.csv
[INFO] [stdout]   |      ^ expected one of 8 possible tokens
[INFO] [stdout] 
[INFO] [stdout] error: aborting due to 1 previous error
[INFO] [stdout] 
[INFO] [stdout] Couldn't compile the test.
[INFO] [stdout] ---- src/vec_u8_hash_map/google.cloud.automl.v1.rs - vec_u8_hash_map::google::cloud::automl::v1::InputConfig (line 495) stdout ----
[INFO] [stdout] error: expected one of `!`, `.`, `::`, `;`, `?`, `{`, `}`, or an operator, found `,`
[INFO] [stdout]  --> src/vec_u8_hash_map/google.cloud.automl.v1.rs:496:6
[INFO] [stdout]   |
[INFO] [stdout] 3 | TRAIN,gs://folder/image1.png,car,0.1,0.1,,,0.3,0.3,,
[INFO] [stdout]   |      ^ expected one of 8 possible tokens
[INFO] [stdout] 
[INFO] [stdout] error: aborting due to 1 previous error
[INFO] [stdout] 
[INFO] [stdout] Couldn't compile the test.
[INFO] [stdout] ---- src/vec_u8_hash_map/google.cloud.automl.v1.rs - vec_u8_hash_map::google::cloud::automl::v1::InputConfig (line 521) stdout ----
[INFO] [stdout] error: expected one of `!`, `.`, `::`, `;`, `?`, `{`, `}`, or an operator, found `,`
[INFO] [stdout]  --> src/vec_u8_hash_map/google.cloud.automl.v1.rs:522:14
[INFO] [stdout]   |
[INFO] [stdout] 3 | GCS_FILE_PATH,(LABEL,TIME_SEGMENT_START,TIME_SEGMENT_END | ,,)
[INFO] [stdout]   |              ^ expected one of 8 possible tokens
[INFO] [stdout] 
[INFO] [stdout] error: aborting due to 1 previous error
[INFO] [stdout] 
[INFO] [stdout] Couldn't compile the test.
[INFO] [stdout] ---- src/vec_u8_hash_map/google.cloud.automl.v1.rs - vec_u8_hash_map::google::cloud::automl::v1::BatchPredictInputConfig (line 1197) stdout ----
[INFO] [stdout] error: unknown start of token: \
[INFO] [stdout]   --> src/vec_u8_hash_map/google.cloud.automl.v1.rs:1215:4
[INFO] [stdout]    |
[INFO] [stdout] 20 |   }\n
[INFO] [stdout]    |    ^
[INFO] [stdout] 
[INFO] [stdout] error: expected one of `.`, `;`, `?`, `}`, or an operator, found `:`
[INFO] [stdout]  --> src/vec_u8_hash_map/google.cloud.automl.v1.rs:1199:9
[INFO] [stdout]   |
[INFO] [stdout] 4 |     "id": "my_first_id",
[INFO] [stdout]   |         ^ expected one of `.`, `;`, `?`, `}`, or an operator
[INFO] [stdout] 
[INFO] [stdout] error: expected identifier, found `"id"`
[INFO] [stdout]   --> src/vec_u8_hash_map/google.cloud.automl.v1.rs:1217:5
[INFO] [stdout]    |
[INFO] [stdout] 20 |   }\n
[INFO] [stdout]    |     - while parsing this struct
[INFO] [stdout] 21 |   {
[INFO] [stdout] 22 |     "id": "2",
[INFO] [stdout]    |     ^^^^ expected identifier
[INFO] [stdout] 
[INFO] [stdout] error: expected identifier, found `"text_snippet"`
[INFO] [stdout]   --> src/vec_u8_hash_map/google.cloud.automl.v1.rs:1218:5
[INFO] [stdout]    |
[INFO] [stdout] 20 |   }\n
[INFO] [stdout]    |     - while parsing this struct
[INFO] [stdout] ...
[INFO] [stdout] 23 |     "text_snippet": {
[INFO] [stdout]    |     ^^^^^^^^^^^^^^ expected identifier
[INFO] [stdout] 
[INFO] [stdout] error[E0422]: cannot find struct, variant or union type `n` in this scope
[INFO] [stdout]   --> src/vec_u8_hash_map/google.cloud.automl.v1.rs:1215:5
[INFO] [stdout]    |
[INFO] [stdout] 20 |   }\n
[INFO] [stdout]    |     ^ not found in this scope
[INFO] [stdout] 
[INFO] [stdout] error: aborting due to 5 previous errors
[INFO] [stdout] 
[INFO] [stdout] For more information about this error, try `rustc --explain E0422`.
[INFO] [stdout] Couldn't compile the test.
[INFO] [stdout] ---- src/vec_u8_hash_map/google.cloud.automl.v1.rs - vec_u8_hash_map::google::cloud::automl::v1::InputConfig (line 468) stdout ----
[INFO] [stdout] error: unknown start of token: \
[INFO] [stdout]  --> src/vec_u8_hash_map/google.cloud.automl.v1.rs:469:22
[INFO] [stdout]   |
[INFO] [stdout] 3 | ML_USE,GCS_FILE_PATH,\[LABEL\],(BOUNDING_BOX | ,,,,,,,)
[INFO] [stdout]   |                      ^
[INFO] [stdout] 
[INFO] [stdout] error: unknown start of token: \
[INFO] [stdout]  --> src/vec_u8_hash_map/google.cloud.automl.v1.rs:469:29
[INFO] [stdout]   |
[INFO] [stdout] 3 | ML_USE,GCS_FILE_PATH,\[LABEL\],(BOUNDING_BOX | ,,,,,,,)
[INFO] [stdout]   |                             ^
[INFO] [stdout] 
[INFO] [stdout] error: expected one of `!`, `.`, `::`, `;`, `?`, `{`, `}`, or an operator, found `,`
[INFO] [stdout]  --> src/vec_u8_hash_map/google.cloud.automl.v1.rs:469:7
[INFO] [stdout]   |
[INFO] [stdout] 3 | ML_USE,GCS_FILE_PATH,\[LABEL\],(BOUNDING_BOX | ,,,,,,,)
[INFO] [stdout]   |       ^ expected one of 8 possible tokens
[INFO] [stdout] 
[INFO] [stdout] error: aborting due to 3 previous errors
[INFO] [stdout] 
[INFO] [stdout] Couldn't compile the test.
[INFO] [stdout] ---- src/vec_u8_hash_map/google.cloud.automl.v1.rs - vec_u8_hash_map::google::cloud::automl::v1::InputConfig (line 568) stdout ----
[INFO] [stdout] error: expected one of `!`, `.`, `::`, `;`, `?`, `{`, `}`, or an operator, found `,`
[INFO] [stdout]  --> src/vec_u8_hash_map/google.cloud.automl.v1.rs:569:14
[INFO] [stdout]   |
[INFO] [stdout] 3 | GCS_FILE_PATH,,,,,,,,,,
[INFO] [stdout]   |              ^ expected one of 8 possible tokens
[INFO] [stdout] 
[INFO] [stdout] error: aborting due to 1 previous error
[INFO] [stdout] 
[INFO] [stdout] Couldn't compile the test.
[INFO] [stdout] ---- src/vec_u8_hash_map/google.cloud.automl.v1.rs - vec_u8_hash_map::google::cloud::automl::v1::InputConfig (line 557) stdout ----
[INFO] [stdout] error: expected one of `!`, `.`, `::`, `;`, `?`, `{`, `}`, or an operator, found `,`
[INFO] [stdout]  --> src/vec_u8_hash_map/google.cloud.automl.v1.rs:558:7
[INFO] [stdout]   |
[INFO] [stdout] 3 | ML_USE,GCS_FILE_PATH
[INFO] [stdout]   |       ^ expected one of 8 possible tokens
[INFO] [stdout] 
[INFO] [stdout] error: aborting due to 1 previous error
[INFO] [stdout] 
[INFO] [stdout] Couldn't compile the test.
[INFO] [stdout] ---- src/vec_u8_hash_map/google.cloud.automl.v1.rs - vec_u8_hash_map::google::cloud::automl::v1::InputConfig (line 636) stdout ----
[INFO] [stdout] error: expected one of `!`, `.`, `::`, `;`, `?`, `{`, `}`, or an operator, found `,`
[INFO] [stdout]  --> src/vec_u8_hash_map/google.cloud.automl.v1.rs:637:6
[INFO] [stdout]   |
[INFO] [stdout] 3 | TRAIN,gs://folder/file1.jsonl
[INFO] [stdout]   |      ^ expected one of 8 possible tokens
[INFO] [stdout] 
[INFO] [stdout] error: aborting due to 1 previous error
[INFO] [stdout] 
[INFO] [stdout] Couldn't compile the test.
[INFO] [stdout] ---- src/vec_u8_hash_map/google.cloud.automl.v1.rs - vec_u8_hash_map::google::cloud::automl::v1::InputConfig (line 615) stdout ----
[INFO] [stdout] error: expected one of `!`, `.`, `::`, `;`, `?`, `{`, `}`, or an operator, found `,`
[INFO] [stdout]  --> src/vec_u8_hash_map/google.cloud.automl.v1.rs:616:7
[INFO] [stdout]   |
[INFO] [stdout] 3 | ML_USE,GCS_FILE_PATH
[INFO] [stdout]   |       ^ expected one of 8 possible tokens
[INFO] [stdout] 
[INFO] [stdout] error: aborting due to 1 previous error
[INFO] [stdout] 
[INFO] [stdout] Couldn't compile the test.
[INFO] [stdout] ---- src/vec_u8_hash_map/google.cloud.automl.v1.rs - vec_u8_hash_map::google::cloud::automl::v1::InputConfig (line 564) stdout ----
[INFO] [stdout] error: unknown start of token: \
[INFO] [stdout]  --> src/vec_u8_hash_map/google.cloud.automl.v1.rs:565:21
[INFO] [stdout]   |
[INFO] [stdout] 3 | GCS_FILE_PATH,LABEL,\[INSTANCE_ID\],TIMESTAMP,BOUNDING_BOX
[INFO] [stdout]   |                     ^
[INFO] [stdout] 
[INFO] [stdout] error: unknown start of token: \
[INFO] [stdout]  --> src/vec_u8_hash_map/google.cloud.automl.v1.rs:565:34
[INFO] [stdout]   |
[INFO] [stdout] 3 | GCS_FILE_PATH,LABEL,\[INSTANCE_ID\],TIMESTAMP,BOUNDING_BOX
[INFO] [stdout]   |                                  ^
[INFO] [stdout] 
[INFO] [stdout] error: expected one of `!`, `.`, `::`, `;`, `?`, `{`, `}`, or an operator, found `,`
[INFO] [stdout]  --> src/vec_u8_hash_map/google.cloud.automl.v1.rs:565:14
[INFO] [stdout]   |
[INFO] [stdout] 3 | GCS_FILE_PATH,LABEL,\[INSTANCE_ID\],TIMESTAMP,BOUNDING_BOX
[INFO] [stdout]   |              ^ expected one of 8 possible tokens
[INFO] [stdout] 
[INFO] [stdout] error: aborting due to 3 previous errors
[INFO] [stdout] 
[INFO] [stdout] Couldn't compile the test.
[INFO] [stdout] ---- src/vec_u8_hash_map/google.cloud.automl.v1.rs - vec_u8_hash_map::google::cloud::automl::v1::InputConfig (line 587) stdout ----
[INFO] [stdout] error: expected one of `!`, `.`, `::`, `;`, `?`, `{`, `}`, or an operator, found `,`
[INFO] [stdout]  --> src/vec_u8_hash_map/google.cloud.automl.v1.rs:588:6
[INFO] [stdout]   |
[INFO] [stdout] 3 | TRAIN,gs://folder/train_videos.csv
[INFO] [stdout]   |      ^ expected one of 8 possible tokens
[INFO] [stdout] 
[INFO] [stdout] error: aborting due to 1 previous error
[INFO] [stdout] 
[INFO] [stdout] Couldn't compile the test.
[INFO] [stdout] ---- src/vec_u8_hash_map/google.cloud.automl.v1.rs - vec_u8_hash_map::google::cloud::automl::v1::InputConfig (line 736) stdout ----
[INFO] [stdout] error: this file contains an unclosed delimiter
[INFO] [stdout]   --> src/vec_u8_hash_map/google.cloud.automl.v1.rs:786:12
[INFO] [stdout]    |
[INFO] [stdout] 1  |  {
[INFO] [stdout]    |  - unclosed delimiter
[INFO] [stdout] 2  |    "document": {
[INFO] [stdout]    |                - this delimiter might not be properly closed...
[INFO] [stdout] ...
[INFO] [stdout] 30 |          },
[INFO] [stdout]    |          - ...as it matches this but it has different indentation
[INFO] [stdout] ...
[INFO] [stdout] 50 |          ],
[INFO] [stdout]    |            ^
[INFO] [stdout] 
[INFO] [stdout] error: aborting due to 1 previous error
[INFO] [stdout] 
[INFO] [stdout] Couldn't compile the test.
[INFO] [stdout] ---- src/vec_u8_hash_map/google.cloud.automl.v1.rs - vec_u8_hash_map::google::cloud::automl::v1::InputConfig (line 593) stdout ----
[INFO] [stdout] error: expected identifier, found `:`
[INFO] [stdout]  --> src/vec_u8_hash_map/google.cloud.automl.v1.rs:594:3
[INFO] [stdout]   |
[INFO] [stdout] 3 | gs://folder/video1.avi,car,1,12.10,0.8,0.8,0.9,0.8,0.9,0.9,0.8,0.9
[INFO] [stdout]   |   ^ expected identifier
[INFO] [stdout] 
[INFO] [stdout] error: aborting due to 1 previous error
[INFO] [stdout] 
[INFO] [stdout] Couldn't compile the test.
[INFO] [stdout] ---- src/vec_u8_hash_map/google.cloud.automl.v1.rs - vec_u8_hash_map::google::cloud::automl::v1::InputConfig (line 542) stdout ----
[INFO] [stdout] error: expected identifier, found `:`
[INFO] [stdout]  --> src/vec_u8_hash_map/google.cloud.automl.v1.rs:543:3
[INFO] [stdout]   |
[INFO] [stdout] 3 | gs://folder/video1.avi,car,120,180.000021
[INFO] [stdout]   |   ^ expected identifier
[INFO] [stdout] 
[INFO] [stdout] error: aborting due to 1 previous error
[INFO] [stdout] 
[INFO] [stdout] Couldn't compile the test.
[INFO] [stdout] ---- src/vec_u8_hash_map/google.cloud.automl.v1.rs - vec_u8_hash_map::google::cloud::automl::v1::InputConfig (line 798) stdout ----
[INFO] [stdout] error: expected one of `!`, `.`, `::`, `;`, `?`, `{`, `}`, or an operator, found `,`
[INFO] [stdout]  --> src/vec_u8_hash_map/google.cloud.automl.v1.rs:799:7
[INFO] [stdout]   |
[INFO] [stdout] 3 | ML_USE,(TEXT_SNIPPET | GCS_FILE_PATH),LABEL,LABEL,...
[INFO] [stdout]   |       ^ expected one of 8 possible tokens
[INFO] [stdout] 
[INFO] [stdout] error: aborting due to 1 previous error
[INFO] [stdout] 
[INFO] [stdout] Couldn't compile the test.
[INFO] [stdout] ---- src/vec_u8_hash_map/google.cloud.automl.v1.rs - vec_u8_hash_map::google::cloud::automl::v1::InputConfig (line 830) stdout ----
[INFO] [stdout] error: expected one of `!`, `.`, `::`, `;`, `?`, `{`, `}`, or an operator, found `,`
[INFO] [stdout]  --> src/vec_u8_hash_map/google.cloud.automl.v1.rs:831:6
[INFO] [stdout]   |
[INFO] [stdout] 3 | TRAIN,"They have bad food and very rude",RudeService,BadFood
[INFO] [stdout]   |      ^ expected one of 8 possible tokens
[INFO] [stdout] 
[INFO] [stdout] error: aborting due to 1 previous error
[INFO] [stdout] 
[INFO] [stdout] Couldn't compile the test.
[INFO] [stdout] ---- src/vec_u8_hash_map/google.cloud.automl.v1.rs - vec_u8_hash_map::google::cloud::automl::v1::InputConfig (line 890) stdout ----
[INFO] [stdout] error: expected one of `!`, `.`, `::`, `;`, `?`, `{`, `}`, or an operator, found `,`
[INFO] [stdout]  --> src/vec_u8_hash_map/google.cloud.automl.v1.rs:891:6
[INFO] [stdout]   |
[INFO] [stdout] 3 | TRAIN,"@freewrytin this is way too good for your product",2
[INFO] [stdout]   |      ^ expected one of 8 possible tokens
[INFO] [stdout] 
[INFO] [stdout] error: aborting due to 1 previous error
[INFO] [stdout] 
[INFO] [stdout] Couldn't compile the test.
[INFO] [stdout] ---- src/vec_u8_hash_map/google.cloud.automl.v1.rs - vec_u8_hash_map::google::cloud::automl::v1::InputConfig (line 845) stdout ----
[INFO] [stdout] error: expected one of `!`, `.`, `::`, `;`, `?`, `{`, `}`, or an operator, found `,`
[INFO] [stdout]  --> src/vec_u8_hash_map/google.cloud.automl.v1.rs:846:7
[INFO] [stdout]   |
[INFO] [stdout] 3 | ML_USE,(TEXT_SNIPPET | GCS_FILE_PATH),SENTIMENT
[INFO] [stdout]   |       ^ expected one of 8 possible tokens
[INFO] [stdout] 
[INFO] [stdout] error: aborting due to 1 previous error
[INFO] [stdout] 
[INFO] [stdout] Couldn't compile the test.
[INFO] [stdout] ---- src/vec_u8_hash_map/google.cloud.automl.v1.rs - vec_u8_hash_map::google::cloud::automl::v1::InputConfig (line 708) stdout ----
[INFO] [stdout] error: unknown start of token: \
[INFO] [stdout]  --> src/vec_u8_hash_map/google.cloud.automl.v1.rs:712:38
[INFO] [stdout]   |
[INFO] [stdout] 6 |        "gcs_source": { "input_uris": \[ "gs://folder/document1.pdf" \]
[INFO] [stdout]   |                                      ^
[INFO] [stdout] 
[INFO] [stdout] error: unknown start of token: \
[INFO] [stdout]  --> src/vec_u8_hash_map/google.cloud.automl.v1.rs:712:69
[INFO] [stdout]   |
[INFO] [stdout] 6 |        "gcs_source": { "input_uris": \[ "gs://folder/document1.pdf" \]
[INFO] [stdout]   |                                                                     ^
[INFO] [stdout] 
[INFO] [stdout] error: unknown start of token: \
[INFO] [stdout]   --> src/vec_u8_hash_map/google.cloud.automl.v1.rs:716:3
[INFO] [stdout]    |
[INFO] [stdout] 10 |  }\n
[INFO] [stdout]    |   ^
[INFO] [stdout] 
[INFO] [stdout] error: unknown start of token: \
[INFO] [stdout]   --> src/vec_u8_hash_map/google.cloud.automl.v1.rs:720:38
[INFO] [stdout]    |
[INFO] [stdout] 14 |        "gcs_source": { "input_uris": \[ "gs://folder/document2.tif" \]
[INFO] [stdout]    |                                      ^
[INFO] [stdout] 
[INFO] [stdout] error: unknown start of token: \
[INFO] [stdout]   --> src/vec_u8_hash_map/google.cloud.automl.v1.rs:720:69
[INFO] [stdout]    |
[INFO] [stdout] 14 |        "gcs_source": { "input_uris": \[ "gs://folder/document2.tif" \]
[INFO] [stdout]    |                                                                     ^
[INFO] [stdout] 
[INFO] [stdout] error: expected one of `.`, `;`, `?`, `}`, or an operator, found `:`
[INFO] [stdout]  --> src/vec_u8_hash_map/google.cloud.automl.v1.rs:710:14
[INFO] [stdout]   |
[INFO] [stdout] 4 |    "document": {
[INFO] [stdout]   |              ^ expected one of `.`, `;`, `?`, `}`, or an operator
[INFO] [stdout] 
[INFO] [stdout] error: expected identifier, found `"document"`
[INFO] [stdout]   --> src/vec_u8_hash_map/google.cloud.automl.v1.rs:718:4
[INFO] [stdout]    |
[INFO] [stdout] 10 |  }\n
[INFO] [stdout]    |    - while parsing this struct
[INFO] [stdout] 11 |  {
[INFO] [stdout] 12 |    "document": {
[INFO] [stdout]    |    ^^^^^^^^^^ expected identifier
[INFO] [stdout] 
[INFO] [stdout] error[E0422]: cannot find struct, variant or union type `n` in this scope
[INFO] [stdout]   --> src/vec_u8_hash_map/google.cloud.automl.v1.rs:716:4
[INFO] [stdout]    |
[INFO] [stdout] 10 |  }\n
[INFO] [stdout]    |    ^ not found in this scope
[INFO] [stdout] 
[INFO] [stdout] error: aborting due to 8 previous errors
[INFO] [stdout] 
[INFO] [stdout] For more information about this error, try `rustc --explain E0422`.
[INFO] [stdout] Couldn't compile the test.
[INFO] [stdout] ---- src/vec_u8_hash_map/google.cloud.automl.v1.rs - vec_u8_hash_map::google::cloud::automl::v1::InputConfig (line 659) stdout ----
[INFO] [stdout] error: unknown start of token: \
[INFO] [stdout]   --> src/vec_u8_hash_map/google.cloud.automl.v1.rs:684:3
[INFO] [stdout]    |
[INFO] [stdout] 27 |  }\n
[INFO] [stdout]    |   ^
[INFO] [stdout] 
[INFO] [stdout] error: expected one of `.`, `;`, `?`, `}`, or an operator, found `:`
[INFO] [stdout]  --> src/vec_u8_hash_map/google.cloud.automl.v1.rs:661:18
[INFO] [stdout]   |
[INFO] [stdout] 4 |    "text_snippet": {
[INFO] [stdout]   |                  ^ expected one of `.`, `;`, `?`, `}`, or an operator
[INFO] [stdout] 
[INFO] [stdout] error: expected identifier, found `"text_snippet"`
[INFO] [stdout]   --> src/vec_u8_hash_map/google.cloud.automl.v1.rs:686:5
[INFO] [stdout]    |
[INFO] [stdout] 27 |  }\n
[INFO] [stdout]    |    - while parsing this struct
[INFO] [stdout] 28 |  {
[INFO] [stdout] 29 |     "text_snippet": {
[INFO] [stdout]    |     ^^^^^^^^^^^^^^ expected identifier
[INFO] [stdout] 
[INFO] [stdout] error: expected identifier, found `"annotations"`
[INFO] [stdout]   --> src/vec_u8_hash_map/google.cloud.automl.v1.rs:689:5
[INFO] [stdout]    |
[INFO] [stdout] 27 |  }\n
[INFO] [stdout]    |    - while parsing this struct
[INFO] [stdout] ...
[INFO] [stdout] 32 |     "annotations": [
[INFO] [stdout]    |     ^^^^^^^^^^^^^ expected identifier
[INFO] [stdout] 
[INFO] [stdout] error[E0422]: cannot find struct, variant or union type `n` in this scope
[INFO] [stdout]   --> src/vec_u8_hash_map/google.cloud.automl.v1.rs:684:4
[INFO] [stdout]    |
[INFO] [stdout] 27 |  }\n
[INFO] [stdout]    |    ^ not found in this scope
[INFO] [stdout] 
[INFO] [stdout] error: aborting due to 5 previous errors
[INFO] [stdout] 
[INFO] [stdout] For more information about this error, try `rustc --explain E0422`.
[INFO] [stdout] Couldn't compile the test.
[INFO] [stdout] 
[INFO] [stdout] failures:
[INFO] [stdout]     src/vec_u8_hash_map/google.cloud.automl.v1.rs - vec_u8_hash_map::google::cloud::automl::v1::BatchPredictInputConfig (line 1067)
[INFO] [stdout]     src/vec_u8_hash_map/google.cloud.automl.v1.rs - vec_u8_hash_map::google::cloud::automl::v1::BatchPredictInputConfig (line 1075)
[INFO] [stdout]     src/vec_u8_hash_map/google.cloud.automl.v1.rs - vec_u8_hash_map::google::cloud::automl::v1::BatchPredictInputConfig (line 1083)
[INFO] [stdout]     src/vec_u8_hash_map/google.cloud.automl.v1.rs - vec_u8_hash_map::google::cloud::automl::v1::BatchPredictInputConfig (line 1091)
[INFO] [stdout]     src/vec_u8_hash_map/google.cloud.automl.v1.rs - vec_u8_hash_map::google::cloud::automl::v1::BatchPredictInputConfig (line 1102)
[INFO] [stdout]     src/vec_u8_hash_map/google.cloud.automl.v1.rs - vec_u8_hash_map::google::cloud::automl::v1::BatchPredictInputConfig (line 1113)
[INFO] [stdout]     src/vec_u8_hash_map/google.cloud.automl.v1.rs - vec_u8_hash_map::google::cloud::automl::v1::BatchPredictInputConfig (line 1121)
[INFO] [stdout]     src/vec_u8_hash_map/google.cloud.automl.v1.rs - vec_u8_hash_map::google::cloud::automl::v1::BatchPredictInputConfig (line 1132)
[INFO] [stdout]     src/vec_u8_hash_map/google.cloud.automl.v1.rs - vec_u8_hash_map::google::cloud::automl::v1::BatchPredictInputConfig (line 1143)
[INFO] [stdout]     src/vec_u8_hash_map/google.cloud.automl.v1.rs - vec_u8_hash_map::google::cloud::automl::v1::BatchPredictInputConfig (line 1152)
[INFO] [stdout]     src/vec_u8_hash_map/google.cloud.automl.v1.rs - vec_u8_hash_map::google::cloud::automl::v1::BatchPredictInputConfig (line 1159)
[INFO] [stdout]     src/vec_u8_hash_map/google.cloud.automl.v1.rs - vec_u8_hash_map::google::cloud::automl::v1::BatchPredictInputConfig (line 1168)
[INFO] [stdout]     src/vec_u8_hash_map/google.cloud.automl.v1.rs - vec_u8_hash_map::google::cloud::automl::v1::BatchPredictInputConfig (line 1197)
[INFO] [stdout]     src/vec_u8_hash_map/google.cloud.automl.v1.rs - vec_u8_hash_map::google::cloud::automl::v1::BatchPredictInputConfig (line 1226)
[INFO] [stdout]     src/vec_u8_hash_map/google.cloud.automl.v1.rs - vec_u8_hash_map::google::cloud::automl::v1::BatchPredictOutputConfig (line 1457)
[INFO] [stdout]     src/vec_u8_hash_map/google.cloud.automl.v1.rs - vec_u8_hash_map::google::cloud::automl::v1::BatchPredictOutputConfig (line 1485)
[INFO] [stdout]     src/vec_u8_hash_map/google.cloud.automl.v1.rs - vec_u8_hash_map::google::cloud::automl::v1::BatchPredictOutputConfig (line 1508)
[INFO] [stdout]     src/vec_u8_hash_map/google.cloud.automl.v1.rs - vec_u8_hash_map::google::cloud::automl::v1::BatchPredictOutputConfig (line 1530)
[INFO] [stdout]     src/vec_u8_hash_map/google.cloud.automl.v1.rs - vec_u8_hash_map::google::cloud::automl::v1::InputConfig (line 432)
[INFO] [stdout]     src/vec_u8_hash_map/google.cloud.automl.v1.rs - vec_u8_hash_map::google::cloud::automl::v1::InputConfig (line 455)
[INFO] [stdout]     src/vec_u8_hash_map/google.cloud.automl.v1.rs - vec_u8_hash_map::google::cloud::automl::v1::InputConfig (line 468)
[INFO] [stdout]     src/vec_u8_hash_map/google.cloud.automl.v1.rs - vec_u8_hash_map::google::cloud::automl::v1::InputConfig (line 495)
[INFO] [stdout]     src/vec_u8_hash_map/google.cloud.automl.v1.rs - vec_u8_hash_map::google::cloud::automl::v1::InputConfig (line 514)
[INFO] [stdout]     src/vec_u8_hash_map/google.cloud.automl.v1.rs - vec_u8_hash_map::google::cloud::automl::v1::InputConfig (line 521)
[INFO] [stdout]     src/vec_u8_hash_map/google.cloud.automl.v1.rs - vec_u8_hash_map::google::cloud::automl::v1::InputConfig (line 536)
[INFO] [stdout]     src/vec_u8_hash_map/google.cloud.automl.v1.rs - vec_u8_hash_map::google::cloud::automl::v1::InputConfig (line 542)
[INFO] [stdout]     src/vec_u8_hash_map/google.cloud.automl.v1.rs - vec_u8_hash_map::google::cloud::automl::v1::InputConfig (line 557)
[INFO] [stdout]     src/vec_u8_hash_map/google.cloud.automl.v1.rs - vec_u8_hash_map::google::cloud::automl::v1::InputConfig (line 564)
[INFO] [stdout]     src/vec_u8_hash_map/google.cloud.automl.v1.rs - vec_u8_hash_map::google::cloud::automl::v1::InputConfig (line 568)
[INFO] [stdout]     src/vec_u8_hash_map/google.cloud.automl.v1.rs - vec_u8_hash_map::google::cloud::automl::v1::InputConfig (line 587)
[INFO] [stdout]     src/vec_u8_hash_map/google.cloud.automl.v1.rs - vec_u8_hash_map::google::cloud::automl::v1::InputConfig (line 593)
[INFO] [stdout]     src/vec_u8_hash_map/google.cloud.automl.v1.rs - vec_u8_hash_map::google::cloud::automl::v1::InputConfig (line 615)
[INFO] [stdout]     src/vec_u8_hash_map/google.cloud.automl.v1.rs - vec_u8_hash_map::google::cloud::automl::v1::InputConfig (line 636)
[INFO] [stdout]     src/vec_u8_hash_map/google.cloud.automl.v1.rs - vec_u8_hash_map::google::cloud::automl::v1::InputConfig (line 659)
[INFO] [stdout]     src/vec_u8_hash_map/google.cloud.automl.v1.rs - vec_u8_hash_map::google::cloud::automl::v1::InputConfig (line 708)
[INFO] [stdout]     src/vec_u8_hash_map/google.cloud.automl.v1.rs - vec_u8_hash_map::google::cloud::automl::v1::InputConfig (line 736)
[INFO] [stdout]     src/vec_u8_hash_map/google.cloud.automl.v1.rs - vec_u8_hash_map::google::cloud::automl::v1::InputConfig (line 798)
[INFO] [stdout]     src/vec_u8_hash_map/google.cloud.automl.v1.rs - vec_u8_hash_map::google::cloud::automl::v1::InputConfig (line 830)
[INFO] [stdout]     src/vec_u8_hash_map/google.cloud.automl.v1.rs - vec_u8_hash_map::google::cloud::automl::v1::InputConfig (line 845)
[INFO] [stdout]     src/vec_u8_hash_map/google.cloud.automl.v1.rs - vec_u8_hash_map::google::cloud::automl::v1::InputConfig (line 890)
[INFO] [stdout] 
[INFO] [stdout] test result: FAILED. 0 passed; 40 failed; 0 ignored; 0 measured; 0 filtered out; finished in 0.22s
[INFO] [stdout] 
[INFO] [stderr] error: doctest failed, to rerun pass `--doc`
[INFO] running `Command { std: "docker" "inspect" "3b95a50c0f17d9d946b74b6bf44bf77fd7b1a1362b42268409541c2ea43087a6", kill_on_drop: false }`
[INFO] running `Command { std: "docker" "rm" "-f" "3b95a50c0f17d9d946b74b6bf44bf77fd7b1a1362b42268409541c2ea43087a6", kill_on_drop: false }`
[INFO] [stdout] 3b95a50c0f17d9d946b74b6bf44bf77fd7b1a1362b42268409541c2ea43087a6
