[INFO] fetching crate googleapis-tonic-google-cloud-audit 0.10.0...
[INFO] testing googleapis-tonic-google-cloud-audit-0.10.0 against nightly-2024-10-28 for randomize-layout
[INFO] extracting crate googleapis-tonic-google-cloud-audit 0.10.0 into /workspace/builds/worker-1-tc1/source
[INFO] validating manifest of crates.io crate googleapis-tonic-google-cloud-audit 0.10.0 on toolchain nightly-2024-10-28
[INFO] running `Command { std: CARGO_HOME="/workspace/cargo-home" RUSTUP_HOME="/workspace/rustup-home" "/workspace/cargo-home/bin/cargo" "+nightly-2024-10-28" "metadata" "--manifest-path" "Cargo.toml" "--no-deps", kill_on_drop: false }`
[INFO] started tweaking crates.io crate googleapis-tonic-google-cloud-audit 0.10.0
[INFO] finished tweaking crates.io crate googleapis-tonic-google-cloud-audit 0.10.0
[INFO] tweaked toml for crates.io crate googleapis-tonic-google-cloud-audit 0.10.0 written to /workspace/builds/worker-1-tc1/source/Cargo.toml
[INFO] running `Command { std: CARGO_HOME="/workspace/cargo-home" RUSTUP_HOME="/workspace/rustup-home" "/workspace/cargo-home/bin/cargo" "+nightly-2024-10-28" "generate-lockfile" "--manifest-path" "Cargo.toml", kill_on_drop: false }`
[INFO] [stderr]     Updating crates.io index
[INFO] [stderr]      Locking 59 packages to latest compatible versions
[INFO] [stderr]       Adding googleapis-tonic-google-api v0.9.0 (available: v0.10.0)
[INFO] [stderr]       Adding googleapis-tonic-google-iam-v1 v0.10.0 (available: v0.11.0)
[INFO] running `Command { std: CARGO_HOME="/workspace/cargo-home" RUSTUP_HOME="/workspace/rustup-home" "/workspace/cargo-home/bin/cargo" "+nightly-2024-10-28" "fetch" "--manifest-path" "Cargo.toml", kill_on_drop: false }`
[INFO] [stderr]  Downloading crates ...
[INFO] [stderr]   Downloaded googleapis-tonic-google-type v0.8.0
[INFO] [stderr]   Downloaded googleapis-tonic-google-iam-v1 v0.10.0
[INFO] [stderr]   Downloaded googleapis-tonic-google-rpc-context v0.8.0
[INFO] running `Command { std: "docker" "create" "-v" "/var/lib/crater-agent-workspace/builds/worker-1-tc1/target:/opt/rustwide/target:rw,Z" "-v" "/var/lib/crater-agent-workspace/builds/worker-1-tc1/source:/opt/rustwide/workdir:ro,Z" "-v" "/var/lib/crater-agent-workspace/cargo-home:/opt/rustwide/cargo-home:ro,Z" "-v" "/var/lib/crater-agent-workspace/rustup-home:/opt/rustwide/rustup-home:ro,Z" "-e" "SOURCE_DIR=/opt/rustwide/workdir" "-e" "CARGO_TARGET_DIR=/opt/rustwide/target" "-e" "CARGO_HOME=/opt/rustwide/cargo-home" "-e" "RUSTUP_HOME=/opt/rustwide/rustup-home" "-w" "/opt/rustwide/workdir" "-m" "1610612736" "--user" "0:0" "--network" "none" "ghcr.io/rust-lang/crates-build-env/linux@sha256:4a844ea9eb2546a2d2c7022eacef16ef2e8229c7fbb2c7d4d55a9ceca922f72d" "/opt/rustwide/cargo-home/bin/cargo" "+nightly-2024-10-28" "metadata" "--no-deps" "--format-version=1", kill_on_drop: false }`
[INFO] [stdout] 9fc143982111fe6ec8ea424ff9c4db09a712f1b4adb7582034691a6d82cf094d
[INFO] running `Command { std: "docker" "start" "-a" "9fc143982111fe6ec8ea424ff9c4db09a712f1b4adb7582034691a6d82cf094d", kill_on_drop: false }`
[INFO] running `Command { std: "docker" "inspect" "9fc143982111fe6ec8ea424ff9c4db09a712f1b4adb7582034691a6d82cf094d", kill_on_drop: false }`
[INFO] running `Command { std: "docker" "rm" "-f" "9fc143982111fe6ec8ea424ff9c4db09a712f1b4adb7582034691a6d82cf094d", kill_on_drop: false }`
[INFO] [stdout] 9fc143982111fe6ec8ea424ff9c4db09a712f1b4adb7582034691a6d82cf094d
[INFO] running `Command { std: "docker" "create" "-v" "/var/lib/crater-agent-workspace/builds/worker-1-tc1/target:/opt/rustwide/target:rw,Z" "-v" "/var/lib/crater-agent-workspace/builds/worker-1-tc1/source:/opt/rustwide/workdir:ro,Z" "-v" "/var/lib/crater-agent-workspace/cargo-home:/opt/rustwide/cargo-home:ro,Z" "-v" "/var/lib/crater-agent-workspace/rustup-home:/opt/rustwide/rustup-home:ro,Z" "-e" "SOURCE_DIR=/opt/rustwide/workdir" "-e" "CARGO_TARGET_DIR=/opt/rustwide/target" "-e" "CARGO_INCREMENTAL=0" "-e" "RUST_BACKTRACE=full" "-e" "RUSTFLAGS=--cap-lints=forbid" "-e" "RUSTDOCFLAGS=--cap-lints=forbid" "-e" "CARGO_HOME=/opt/rustwide/cargo-home" "-e" "RUSTUP_HOME=/opt/rustwide/rustup-home" "-w" "/opt/rustwide/workdir" "-m" "1610612736" "--user" "0:0" "--network" "none" "ghcr.io/rust-lang/crates-build-env/linux@sha256:4a844ea9eb2546a2d2c7022eacef16ef2e8229c7fbb2c7d4d55a9ceca922f72d" "/opt/rustwide/cargo-home/bin/cargo" "+nightly-2024-10-28" "build" "--frozen" "--message-format=json", kill_on_drop: false }`
[INFO] [stdout] dcb8cb48b8c4dcb5e244fd760eb74a45bb275560b1b434eedeaa89e92f2f5022
[INFO] running `Command { std: "docker" "start" "-a" "dcb8cb48b8c4dcb5e244fd760eb74a45bb275560b1b434eedeaa89e92f2f5022", kill_on_drop: false }`
[INFO] [stderr]    Compiling googleapis-tonic-google-type v0.8.0
[INFO] [stderr]    Compiling googleapis-tonic-google-rpc-context v0.8.0
[INFO] [stderr]    Compiling googleapis-tonic-google-rpc v0.8.0
[INFO] [stderr]    Compiling googleapis-tonic-google-iam-v1 v0.10.0
[INFO] [stderr]    Compiling googleapis-tonic-google-cloud-audit v0.10.0 (/opt/rustwide/workdir)
[INFO] [stderr]     Finished `dev` profile [unoptimized + debuginfo] target(s) in 1.38s
[INFO] running `Command { std: "docker" "inspect" "dcb8cb48b8c4dcb5e244fd760eb74a45bb275560b1b434eedeaa89e92f2f5022", kill_on_drop: false }`
[INFO] running `Command { std: "docker" "rm" "-f" "dcb8cb48b8c4dcb5e244fd760eb74a45bb275560b1b434eedeaa89e92f2f5022", kill_on_drop: false }`
[INFO] [stdout] dcb8cb48b8c4dcb5e244fd760eb74a45bb275560b1b434eedeaa89e92f2f5022
[INFO] running `Command { std: "docker" "create" "-v" "/var/lib/crater-agent-workspace/builds/worker-1-tc1/target:/opt/rustwide/target:rw,Z" "-v" "/var/lib/crater-agent-workspace/builds/worker-1-tc1/source:/opt/rustwide/workdir:ro,Z" "-v" "/var/lib/crater-agent-workspace/cargo-home:/opt/rustwide/cargo-home:ro,Z" "-v" "/var/lib/crater-agent-workspace/rustup-home:/opt/rustwide/rustup-home:ro,Z" "-e" "SOURCE_DIR=/opt/rustwide/workdir" "-e" "CARGO_TARGET_DIR=/opt/rustwide/target" "-e" "CARGO_INCREMENTAL=0" "-e" "RUST_BACKTRACE=full" "-e" "RUSTFLAGS=--cap-lints=forbid" "-e" "RUSTDOCFLAGS=--cap-lints=forbid" "-e" "CARGO_HOME=/opt/rustwide/cargo-home" "-e" "RUSTUP_HOME=/opt/rustwide/rustup-home" "-w" "/opt/rustwide/workdir" "-m" "1610612736" "--user" "0:0" "--network" "none" "ghcr.io/rust-lang/crates-build-env/linux@sha256:4a844ea9eb2546a2d2c7022eacef16ef2e8229c7fbb2c7d4d55a9ceca922f72d" "/opt/rustwide/cargo-home/bin/cargo" "+nightly-2024-10-28" "test" "--frozen" "--no-run" "--message-format=json", kill_on_drop: false }`
[INFO] [stdout] f52a636d3e2cec13be43145e89324e5159fb4c73b31b4d431f4552b1fe50cf27
[INFO] running `Command { std: "docker" "start" "-a" "f52a636d3e2cec13be43145e89324e5159fb4c73b31b4d431f4552b1fe50cf27", kill_on_drop: false }`
[INFO] [stderr]    Compiling googleapis-tonic-google-cloud-audit v0.10.0 (/opt/rustwide/workdir)
[INFO] [stderr]     Finished `test` profile [unoptimized + debuginfo] target(s) in 1.09s
[INFO] running `Command { std: "docker" "inspect" "f52a636d3e2cec13be43145e89324e5159fb4c73b31b4d431f4552b1fe50cf27", kill_on_drop: false }`
[INFO] running `Command { std: "docker" "rm" "-f" "f52a636d3e2cec13be43145e89324e5159fb4c73b31b4d431f4552b1fe50cf27", kill_on_drop: false }`
[INFO] [stdout] f52a636d3e2cec13be43145e89324e5159fb4c73b31b4d431f4552b1fe50cf27
[INFO] running `Command { std: "docker" "create" "-v" "/var/lib/crater-agent-workspace/builds/worker-1-tc1/target:/opt/rustwide/target:rw,Z" "-v" "/var/lib/crater-agent-workspace/builds/worker-1-tc1/source:/opt/rustwide/workdir:ro,Z" "-v" "/var/lib/crater-agent-workspace/cargo-home:/opt/rustwide/cargo-home:ro,Z" "-v" "/var/lib/crater-agent-workspace/rustup-home:/opt/rustwide/rustup-home:ro,Z" "-e" "SOURCE_DIR=/opt/rustwide/workdir" "-e" "CARGO_TARGET_DIR=/opt/rustwide/target" "-e" "CARGO_INCREMENTAL=0" "-e" "RUST_BACKTRACE=full" "-e" "RUSTFLAGS=--cap-lints=forbid" "-e" "RUSTDOCFLAGS=--cap-lints=forbid" "-e" "CARGO_HOME=/opt/rustwide/cargo-home" "-e" "RUSTUP_HOME=/opt/rustwide/rustup-home" "-w" "/opt/rustwide/workdir" "-m" "1610612736" "--user" "0:0" "--network" "none" "ghcr.io/rust-lang/crates-build-env/linux@sha256:4a844ea9eb2546a2d2c7022eacef16ef2e8229c7fbb2c7d4d55a9ceca922f72d" "/opt/rustwide/cargo-home/bin/cargo" "+nightly-2024-10-28" "test" "--frozen", kill_on_drop: false }`
[INFO] [stdout] 0116e32f5a0b3f9950ff041a0d5be4a7132f467bf1534837b9e3f1b20bcd9d62
[INFO] running `Command { std: "docker" "start" "-a" "0116e32f5a0b3f9950ff041a0d5be4a7132f467bf1534837b9e3f1b20bcd9d62", kill_on_drop: false }`
[INFO] [stderr]     Finished `test` profile [unoptimized + debuginfo] target(s) in 0.03s
[INFO] [stderr]      Running unittests src/lib.rs (/opt/rustwide/target/debug/deps/googleapis_tonic_google_cloud_audit-385d6ac93f3d07dd)
[INFO] [stdout] 
[INFO] [stdout] running 0 tests
[INFO] [stdout] 
[INFO] [stdout] test result: ok. 0 passed; 0 failed; 0 ignored; 0 measured; 0 filtered out; finished in 0.00s
[INFO] [stdout] 
[INFO] [stderr]    Doc-tests googleapis_tonic_google_cloud_audit
[INFO] [stdout] 
[INFO] [stdout] running 6 tests
[INFO] [stdout] test src/vec_u8_hash_map/google.cloud.audit.rs - vec_u8_hash_map::google::cloud::audit::AuthorizationInfo::resource (line 135) ... FAILED
[INFO] [stdout] test src/vec_u8_hash_map/google.cloud.audit.rs - vec_u8_hash_map::google::cloud::audit::AuditLog::method_name (line 13) ... FAILED
[INFO] [stdout] test src/vec_u8_hash_map/google.cloud.audit.rs - vec_u8_hash_map::google::cloud::audit::ResourceLocation::original_locations (line 236) ... FAILED
[INFO] [stdout] test src/vec_u8_hash_map/google.cloud.audit.rs - vec_u8_hash_map::google::cloud::audit::RequestMetadata::caller_network (line 193) ... FAILED
[INFO] [stdout] test src/vec_u8_hash_map/google.cloud.audit.rs - vec_u8_hash_map::google::cloud::audit::AuditLog::resource_name (line 21) ... FAILED
[INFO] [stdout] test src/vec_u8_hash_map/google.cloud.audit.rs - vec_u8_hash_map::google::cloud::audit::ResourceLocation::current_locations (line 226) ... FAILED
[INFO] [stdout] 
[INFO] [stdout] failures:
[INFO] [stdout] 
[INFO] [stdout] ---- src/vec_u8_hash_map/google.cloud.audit.rs - vec_u8_hash_map::google::cloud::audit::AuthorizationInfo::resource (line 135) stdout ----
[INFO] [stdout] error[E0425]: cannot find value `bigquery` in this scope
[INFO] [stdout]  --> src/vec_u8_hash_map/google.cloud.audit.rs:136:1
[INFO] [stdout]   |
[INFO] [stdout] 3 | bigquery.googleapis.com/projects/PROJECTID/datasets/DATASETID
[INFO] [stdout]   | ^^^^^^^^ not found in this scope
[INFO] [stdout] 
[INFO] [stdout] error[E0425]: cannot find value `projects` in this scope
[INFO] [stdout]  --> src/vec_u8_hash_map/google.cloud.audit.rs:136:25
[INFO] [stdout]   |
[INFO] [stdout] 3 | bigquery.googleapis.com/projects/PROJECTID/datasets/DATASETID
[INFO] [stdout]   |                         ^^^^^^^^ not found in this scope
[INFO] [stdout] 
[INFO] [stdout] error[E0425]: cannot find value `PROJECTID` in this scope
[INFO] [stdout]  --> src/vec_u8_hash_map/google.cloud.audit.rs:136:34
[INFO] [stdout]   |
[INFO] [stdout] 3 | bigquery.googleapis.com/projects/PROJECTID/datasets/DATASETID
[INFO] [stdout]   |                                  ^^^^^^^^^ not found in this scope
[INFO] [stdout] 
[INFO] [stdout] error[E0425]: cannot find value `datasets` in this scope
[INFO] [stdout]  --> src/vec_u8_hash_map/google.cloud.audit.rs:136:44
[INFO] [stdout]   |
[INFO] [stdout] 3 | bigquery.googleapis.com/projects/PROJECTID/datasets/DATASETID
[INFO] [stdout]   |                                            ^^^^^^^^ not found in this scope
[INFO] [stdout] 
[INFO] [stdout] error[E0425]: cannot find value `DATASETID` in this scope
[INFO] [stdout]  --> src/vec_u8_hash_map/google.cloud.audit.rs:136:53
[INFO] [stdout]   |
[INFO] [stdout] 3 | bigquery.googleapis.com/projects/PROJECTID/datasets/DATASETID
[INFO] [stdout]   |                                                     ^^^^^^^^^ not found in this scope
[INFO] [stdout] 
[INFO] [stdout] error: aborting due to 5 previous errors
[INFO] [stdout] 
[INFO] [stdout] For more information about this error, try `rustc --explain E0425`.
[INFO] [stdout] Couldn't compile the test.
[INFO] [stdout] ---- src/vec_u8_hash_map/google.cloud.audit.rs - vec_u8_hash_map::google::cloud::audit::AuditLog::method_name (line 13) stdout ----
[INFO] [stdout] error: expected `;`, found `"google.logging.v2.ConfigServiceV2.CreateSink"`
[INFO] [stdout]  --> src/vec_u8_hash_map/google.cloud.audit.rs:14:52
[INFO] [stdout]   |
[INFO] [stdout] 3 | "google.cloud.bigquery.v2.TableService.InsertTable"
[INFO] [stdout]   |                                                    ^ help: add `;` here
[INFO] [stdout] 4 |  "google.logging.v2.ConfigServiceV2.CreateSink"
[INFO] [stdout]   |  ---------------------------------------------- unexpected token
[INFO] [stdout] 
[INFO] [stdout] error[E0308]: mismatched types
[INFO] [stdout]  --> src/vec_u8_hash_map/google.cloud.audit.rs:15:2
[INFO] [stdout]   |
[INFO] [stdout] 2 | fn main() { #[allow(non_snake_case)] fn _doctest_main_src_vec_u8_hash_map_google_cloud_audit_rs_13_0() {
[INFO] [stdout]   |                                                                                                       - help: try adding a return type: `-> &'static str`
[INFO] [stdout] 3 | "google.cloud.bigquery.v2.TableService.InsertTable"
[INFO] [stdout] 4 |  "google.logging.v2.ConfigServiceV2.CreateSink"
[INFO] [stdout]   |  ^^^^^^^^^^^^^^^^^^^^^^^^^^^^^^^^^^^^^^^^^^^^^^ expected `()`, found `&str`
[INFO] [stdout] 
[INFO] [stdout] error: aborting due to 2 previous errors
[INFO] [stdout] 
[INFO] [stdout] For more information about this error, try `rustc --explain E0308`.
[INFO] [stdout] Couldn't compile the test.
[INFO] [stdout] ---- src/vec_u8_hash_map/google.cloud.audit.rs - vec_u8_hash_map::google::cloud::audit::ResourceLocation::original_locations (line 236) stdout ----
[INFO] [stdout] error: expected `;`, found `"us-east1"`
[INFO] [stdout]  --> src/vec_u8_hash_map/google.cloud.audit.rs:237:17
[INFO] [stdout]   |
[INFO] [stdout] 3 | "europe-west1-a"
[INFO] [stdout]   |                 ^ help: add `;` here
[INFO] [stdout] 4 |  "us-east1"
[INFO] [stdout]   |  ---------- unexpected token
[INFO] [stdout] 
[INFO] [stdout] error: expected `;`, found `"nam3"`
[INFO] [stdout]  --> src/vec_u8_hash_map/google.cloud.audit.rs:238:12
[INFO] [stdout]   |
[INFO] [stdout] 4 |  "us-east1"
[INFO] [stdout]   |            ^ help: add `;` here
[INFO] [stdout] 5 |  "nam3"
[INFO] [stdout]   |  ------ unexpected token
[INFO] [stdout] 
[INFO] [stdout] error[E0308]: mismatched types
[INFO] [stdout]  --> src/vec_u8_hash_map/google.cloud.audit.rs:239:2
[INFO] [stdout]   |
[INFO] [stdout] 2 | fn main() { #[allow(non_snake_case)] fn _doctest_main_src_vec_u8_hash_map_google_cloud_audit_rs_236_0() {
[INFO] [stdout]   |                                                                                                        - help: try adding a return type: `-> &'static str`
[INFO] [stdout] ...
[INFO] [stdout] 5 |  "nam3"
[INFO] [stdout]   |  ^^^^^^ expected `()`, found `&str`
[INFO] [stdout] 
[INFO] [stdout] error: aborting due to 3 previous errors
[INFO] [stdout] 
[INFO] [stdout] For more information about this error, try `rustc --explain E0308`.
[INFO] [stdout] Couldn't compile the test.
[INFO] [stdout] ---- src/vec_u8_hash_map/google.cloud.audit.rs - vec_u8_hash_map::google::cloud::audit::RequestMetadata::caller_network (line 193) stdout ----
[INFO] [stdout] error[E0308]: mismatched types
[INFO] [stdout]  --> src/vec_u8_hash_map/google.cloud.audit.rs:194:1
[INFO] [stdout]   |
[INFO] [stdout] 2 | fn main() { #[allow(non_snake_case)] fn _doctest_main_src_vec_u8_hash_map_google_cloud_audit_rs_193_0() {
[INFO] [stdout]   |                                                                                                        - help: try adding a return type: `-> &'static str`
[INFO] [stdout] 3 | "//compute.googleapis.com/projects/PROJECT_ID/global/networks/NETWORK_ID"
[INFO] [stdout]   | ^^^^^^^^^^^^^^^^^^^^^^^^^^^^^^^^^^^^^^^^^^^^^^^^^^^^^^^^^^^^^^^^^^^^^^^^^ expected `()`, found `&str`
[INFO] [stdout] 
[INFO] [stdout] error: aborting due to 1 previous error
[INFO] [stdout] 
[INFO] [stdout] For more information about this error, try `rustc --explain E0308`.
[INFO] [stdout] Couldn't compile the test.
[INFO] [stdout] ---- src/vec_u8_hash_map/google.cloud.audit.rs - vec_u8_hash_map::google::cloud::audit::AuditLog::resource_name (line 21) stdout ----
[INFO] [stdout] error: expected `;`, found `"projects/PROJECT_ID/datasets/DATASET_ID"`
[INFO] [stdout]  --> src/vec_u8_hash_map/google.cloud.audit.rs:22:52
[INFO] [stdout]   |
[INFO] [stdout] 3 | "projects/PROJECT_ID/zones/us-central1-a/instances"
[INFO] [stdout]   |                                                    ^ help: add `;` here
[INFO] [stdout] 4 |  "projects/PROJECT_ID/datasets/DATASET_ID"
[INFO] [stdout]   |  ----------------------------------------- unexpected token
[INFO] [stdout] 
[INFO] [stdout] error[E0308]: mismatched types
[INFO] [stdout]  --> src/vec_u8_hash_map/google.cloud.audit.rs:23:2
[INFO] [stdout]   |
[INFO] [stdout] 2 | fn main() { #[allow(non_snake_case)] fn _doctest_main_src_vec_u8_hash_map_google_cloud_audit_rs_21_0() {
[INFO] [stdout]   |                                                                                                       - help: try adding a return type: `-> &'static str`
[INFO] [stdout] 3 | "projects/PROJECT_ID/zones/us-central1-a/instances"
[INFO] [stdout] 4 |  "projects/PROJECT_ID/datasets/DATASET_ID"
[INFO] [stdout]   |  ^^^^^^^^^^^^^^^^^^^^^^^^^^^^^^^^^^^^^^^^^ expected `()`, found `&str`
[INFO] [stdout] 
[INFO] [stdout] error: aborting due to 2 previous errors
[INFO] [stdout] 
[INFO] [stdout] For more information about this error, try `rustc --explain E0308`.
[INFO] [stdout] Couldn't compile the test.
[INFO] [stdout] ---- src/vec_u8_hash_map/google.cloud.audit.rs - vec_u8_hash_map::google::cloud::audit::ResourceLocation::current_locations (line 226) stdout ----
[INFO] [stdout] error: expected `;`, found `"us-east1"`
[INFO] [stdout]  --> src/vec_u8_hash_map/google.cloud.audit.rs:227:17
[INFO] [stdout]   |
[INFO] [stdout] 3 | "europe-west1-a"
[INFO] [stdout]   |                 ^ help: add `;` here
[INFO] [stdout] 4 |  "us-east1"
[INFO] [stdout]   |  ---------- unexpected token
[INFO] [stdout] 
[INFO] [stdout] error: expected `;`, found `"nam3"`
[INFO] [stdout]  --> src/vec_u8_hash_map/google.cloud.audit.rs:228:12
[INFO] [stdout]   |
[INFO] [stdout] 4 |  "us-east1"
[INFO] [stdout]   |            ^ help: add `;` here
[INFO] [stdout] 5 |  "nam3"
[INFO] [stdout]   |  ------ unexpected token
[INFO] [stdout] 
[INFO] [stdout] error[E0308]: mismatched types
[INFO] [stdout]  --> src/vec_u8_hash_map/google.cloud.audit.rs:229:2
[INFO] [stdout]   |
[INFO] [stdout] 2 | fn main() { #[allow(non_snake_case)] fn _doctest_main_src_vec_u8_hash_map_google_cloud_audit_rs_226_0() {
[INFO] [stdout]   |                                                                                                        - help: try adding a return type: `-> &'static str`
[INFO] [stdout] ...
[INFO] [stdout] 5 |  "nam3"
[INFO] [stdout]   |  ^^^^^^ expected `()`, found `&str`
[INFO] [stdout] 
[INFO] [stdout] error: aborting due to 3 previous errors
[INFO] [stdout] 
[INFO] [stdout] For more information about this error, try `rustc --explain E0308`.
[INFO] [stdout] Couldn't compile the test.
[INFO] [stdout] 
[INFO] [stdout] failures:
[INFO] [stdout]     src/vec_u8_hash_map/google.cloud.audit.rs - vec_u8_hash_map::google::cloud::audit::AuditLog::method_name (line 13)
[INFO] [stdout]     src/vec_u8_hash_map/google.cloud.audit.rs - vec_u8_hash_map::google::cloud::audit::AuditLog::resource_name (line 21)
[INFO] [stdout]     src/vec_u8_hash_map/google.cloud.audit.rs - vec_u8_hash_map::google::cloud::audit::AuthorizationInfo::resource (line 135)
[INFO] [stdout]     src/vec_u8_hash_map/google.cloud.audit.rs - vec_u8_hash_map::google::cloud::audit::RequestMetadata::caller_network (line 193)
[INFO] [stdout]     src/vec_u8_hash_map/google.cloud.audit.rs - vec_u8_hash_map::google::cloud::audit::ResourceLocation::current_locations (line 226)
[INFO] [stdout]     src/vec_u8_hash_map/google.cloud.audit.rs - vec_u8_hash_map::google::cloud::audit::ResourceLocation::original_locations (line 236)
[INFO] [stdout] 
[INFO] [stdout] test result: FAILED. 0 passed; 6 failed; 0 ignored; 0 measured; 0 filtered out; finished in 0.07s
[INFO] [stdout] 
[INFO] [stderr] error: doctest failed, to rerun pass `--doc`
[INFO] running `Command { std: "docker" "inspect" "0116e32f5a0b3f9950ff041a0d5be4a7132f467bf1534837b9e3f1b20bcd9d62", kill_on_drop: false }`
[INFO] running `Command { std: "docker" "rm" "-f" "0116e32f5a0b3f9950ff041a0d5be4a7132f467bf1534837b9e3f1b20bcd9d62", kill_on_drop: false }`
[INFO] [stdout] 0116e32f5a0b3f9950ff041a0d5be4a7132f467bf1534837b9e3f1b20bcd9d62
