[INFO] fetching crate googleapis-tonic-google-cloud-aiplatform-v1 0.16.0...
[INFO] testing googleapis-tonic-google-cloud-aiplatform-v1-0.16.0 against nightly-2024-10-28 for randomize-layout
[INFO] extracting crate googleapis-tonic-google-cloud-aiplatform-v1 0.16.0 into /workspace/builds/worker-6-tc1/source
[INFO] validating manifest of crates.io crate googleapis-tonic-google-cloud-aiplatform-v1 0.16.0 on toolchain nightly-2024-10-28
[INFO] running `Command { std: CARGO_HOME="/workspace/cargo-home" RUSTUP_HOME="/workspace/rustup-home" "/workspace/cargo-home/bin/cargo" "+nightly-2024-10-28" "metadata" "--manifest-path" "Cargo.toml" "--no-deps", kill_on_drop: false }`
[INFO] started tweaking crates.io crate googleapis-tonic-google-cloud-aiplatform-v1 0.16.0
[INFO] finished tweaking crates.io crate googleapis-tonic-google-cloud-aiplatform-v1 0.16.0
[INFO] tweaked toml for crates.io crate googleapis-tonic-google-cloud-aiplatform-v1 0.16.0 written to /workspace/builds/worker-6-tc1/source/Cargo.toml
[INFO] running `Command { std: CARGO_HOME="/workspace/cargo-home" RUSTUP_HOME="/workspace/rustup-home" "/workspace/cargo-home/bin/cargo" "+nightly-2024-10-28" "generate-lockfile" "--manifest-path" "Cargo.toml", kill_on_drop: false }`
[INFO] [stderr]     Updating crates.io index
[INFO] [stderr]      Locking 58 packages to latest compatible versions
[INFO] [stderr]       Adding googleapis-tonic-google-api v0.9.0 (available: v0.10.0)
[INFO] [stderr]       Adding googleapis-tonic-google-longrunning v0.9.0 (available: v0.10.0)
[INFO] running `Command { std: CARGO_HOME="/workspace/cargo-home" RUSTUP_HOME="/workspace/rustup-home" "/workspace/cargo-home/bin/cargo" "+nightly-2024-10-28" "fetch" "--manifest-path" "Cargo.toml", kill_on_drop: false }`
[INFO] [stderr]  Downloading crates ...
[INFO] [stderr]   Downloaded googleapis-tonic-google-longrunning v0.9.0
[INFO] [stderr]   Downloaded googleapis-tonic-google-type v0.8.0
[INFO] [stderr]   Downloaded googleapis-tonic-google-rpc v0.8.0
[INFO] running `Command { std: "docker" "create" "-v" "/var/lib/crater-agent-workspace/builds/worker-6-tc1/target:/opt/rustwide/target:rw,Z" "-v" "/var/lib/crater-agent-workspace/builds/worker-6-tc1/source:/opt/rustwide/workdir:ro,Z" "-v" "/var/lib/crater-agent-workspace/cargo-home:/opt/rustwide/cargo-home:ro,Z" "-v" "/var/lib/crater-agent-workspace/rustup-home:/opt/rustwide/rustup-home:ro,Z" "-e" "SOURCE_DIR=/opt/rustwide/workdir" "-e" "CARGO_TARGET_DIR=/opt/rustwide/target" "-e" "CARGO_HOME=/opt/rustwide/cargo-home" "-e" "RUSTUP_HOME=/opt/rustwide/rustup-home" "-w" "/opt/rustwide/workdir" "-m" "1610612736" "--user" "0:0" "--network" "none" "ghcr.io/rust-lang/crates-build-env/linux@sha256:4a844ea9eb2546a2d2c7022eacef16ef2e8229c7fbb2c7d4d55a9ceca922f72d" "/opt/rustwide/cargo-home/bin/cargo" "+nightly-2024-10-28" "metadata" "--no-deps" "--format-version=1", kill_on_drop: false }`
[INFO] [stdout] 76e4a9cd8106e913b37c9bac9d5187af2027d4d72676bb35026dff219998d65a
[INFO] running `Command { std: "docker" "start" "-a" "76e4a9cd8106e913b37c9bac9d5187af2027d4d72676bb35026dff219998d65a", kill_on_drop: false }`
[INFO] running `Command { std: "docker" "inspect" "76e4a9cd8106e913b37c9bac9d5187af2027d4d72676bb35026dff219998d65a", kill_on_drop: false }`
[INFO] running `Command { std: "docker" "rm" "-f" "76e4a9cd8106e913b37c9bac9d5187af2027d4d72676bb35026dff219998d65a", kill_on_drop: false }`
[INFO] [stdout] 76e4a9cd8106e913b37c9bac9d5187af2027d4d72676bb35026dff219998d65a
[INFO] running `Command { std: "docker" "create" "-v" "/var/lib/crater-agent-workspace/builds/worker-6-tc1/target:/opt/rustwide/target:rw,Z" "-v" "/var/lib/crater-agent-workspace/builds/worker-6-tc1/source:/opt/rustwide/workdir:ro,Z" "-v" "/var/lib/crater-agent-workspace/cargo-home:/opt/rustwide/cargo-home:ro,Z" "-v" "/var/lib/crater-agent-workspace/rustup-home:/opt/rustwide/rustup-home:ro,Z" "-e" "SOURCE_DIR=/opt/rustwide/workdir" "-e" "CARGO_TARGET_DIR=/opt/rustwide/target" "-e" "CARGO_INCREMENTAL=0" "-e" "RUST_BACKTRACE=full" "-e" "RUSTFLAGS=--cap-lints=forbid" "-e" "RUSTDOCFLAGS=--cap-lints=forbid" "-e" "CARGO_HOME=/opt/rustwide/cargo-home" "-e" "RUSTUP_HOME=/opt/rustwide/rustup-home" "-w" "/opt/rustwide/workdir" "-m" "1610612736" "--user" "0:0" "--network" "none" "ghcr.io/rust-lang/crates-build-env/linux@sha256:4a844ea9eb2546a2d2c7022eacef16ef2e8229c7fbb2c7d4d55a9ceca922f72d" "/opt/rustwide/cargo-home/bin/cargo" "+nightly-2024-10-28" "build" "--frozen" "--message-format=json", kill_on_drop: false }`
[INFO] [stdout] c1bf6c2eea054ab490eb9f34f4fd320687c9fa4cc889a4e62c07f0b01a69649c
[INFO] running `Command { std: "docker" "start" "-a" "c1bf6c2eea054ab490eb9f34f4fd320687c9fa4cc889a4e62c07f0b01a69649c", kill_on_drop: false }`
[INFO] [stderr]    Compiling either v1.13.0
[INFO] [stderr]    Compiling futures-task v0.3.31
[INFO] [stderr]    Compiling tower-layer v0.3.3
[INFO] [stderr]    Compiling anyhow v1.0.92
[INFO] [stderr]    Compiling tokio v1.41.0
[INFO] [stderr]    Compiling pin-project-internal v1.1.7
[INFO] [stderr]    Compiling tracing-attributes v0.1.27
[INFO] [stderr]    Compiling futures-util v0.3.31
[INFO] [stderr]    Compiling itertools v0.13.0
[INFO] [stderr]    Compiling pin-project v1.1.7
[INFO] [stderr]    Compiling tracing v0.1.40
[INFO] [stderr]    Compiling tokio-stream v0.1.16
[INFO] [stderr]    Compiling http-body-util v0.1.2
[INFO] [stderr]    Compiling prost-derive v0.13.3
[INFO] [stderr]    Compiling prost v0.13.3
[INFO] [stderr]    Compiling prost-types v0.13.3
[INFO] [stderr]    Compiling tonic v0.12.3
[INFO] [stderr]    Compiling googleapis-tonic-google-rpc v0.8.0
[INFO] [stderr]    Compiling googleapis-tonic-google-api v0.9.0
[INFO] [stderr]    Compiling googleapis-tonic-google-type v0.8.0
[INFO] [stderr]    Compiling googleapis-tonic-google-longrunning v0.9.0
[INFO] [stderr]    Compiling googleapis-tonic-google-cloud-aiplatform-v1 v0.16.0 (/opt/rustwide/workdir)
[INFO] [stderr]     Finished `dev` profile [unoptimized + debuginfo] target(s) in 18.20s
[INFO] running `Command { std: "docker" "inspect" "c1bf6c2eea054ab490eb9f34f4fd320687c9fa4cc889a4e62c07f0b01a69649c", kill_on_drop: false }`
[INFO] running `Command { std: "docker" "rm" "-f" "c1bf6c2eea054ab490eb9f34f4fd320687c9fa4cc889a4e62c07f0b01a69649c", kill_on_drop: false }`
[INFO] [stdout] c1bf6c2eea054ab490eb9f34f4fd320687c9fa4cc889a4e62c07f0b01a69649c
[INFO] running `Command { std: "docker" "create" "-v" "/var/lib/crater-agent-workspace/builds/worker-6-tc1/target:/opt/rustwide/target:rw,Z" "-v" "/var/lib/crater-agent-workspace/builds/worker-6-tc1/source:/opt/rustwide/workdir:ro,Z" "-v" "/var/lib/crater-agent-workspace/cargo-home:/opt/rustwide/cargo-home:ro,Z" "-v" "/var/lib/crater-agent-workspace/rustup-home:/opt/rustwide/rustup-home:ro,Z" "-e" "SOURCE_DIR=/opt/rustwide/workdir" "-e" "CARGO_TARGET_DIR=/opt/rustwide/target" "-e" "CARGO_INCREMENTAL=0" "-e" "RUST_BACKTRACE=full" "-e" "RUSTFLAGS=--cap-lints=forbid" "-e" "RUSTDOCFLAGS=--cap-lints=forbid" "-e" "CARGO_HOME=/opt/rustwide/cargo-home" "-e" "RUSTUP_HOME=/opt/rustwide/rustup-home" "-w" "/opt/rustwide/workdir" "-m" "1610612736" "--user" "0:0" "--network" "none" "ghcr.io/rust-lang/crates-build-env/linux@sha256:4a844ea9eb2546a2d2c7022eacef16ef2e8229c7fbb2c7d4d55a9ceca922f72d" "/opt/rustwide/cargo-home/bin/cargo" "+nightly-2024-10-28" "test" "--frozen" "--no-run" "--message-format=json", kill_on_drop: false }`
[INFO] [stdout] 6bd420e556b3d55a9b2f11601d5a418e5b99f48ce145c783a0a87b5819684408
[INFO] running `Command { std: "docker" "start" "-a" "6bd420e556b3d55a9b2f11601d5a418e5b99f48ce145c783a0a87b5819684408", kill_on_drop: false }`
[INFO] [stderr]    Compiling googleapis-tonic-google-cloud-aiplatform-v1 v0.16.0 (/opt/rustwide/workdir)
[INFO] [stderr]     Finished `test` profile [unoptimized + debuginfo] target(s) in 10.55s
[INFO] running `Command { std: "docker" "inspect" "6bd420e556b3d55a9b2f11601d5a418e5b99f48ce145c783a0a87b5819684408", kill_on_drop: false }`
[INFO] running `Command { std: "docker" "rm" "-f" "6bd420e556b3d55a9b2f11601d5a418e5b99f48ce145c783a0a87b5819684408", kill_on_drop: false }`
[INFO] [stdout] 6bd420e556b3d55a9b2f11601d5a418e5b99f48ce145c783a0a87b5819684408
[INFO] running `Command { std: "docker" "create" "-v" "/var/lib/crater-agent-workspace/builds/worker-6-tc1/target:/opt/rustwide/target:rw,Z" "-v" "/var/lib/crater-agent-workspace/builds/worker-6-tc1/source:/opt/rustwide/workdir:ro,Z" "-v" "/var/lib/crater-agent-workspace/cargo-home:/opt/rustwide/cargo-home:ro,Z" "-v" "/var/lib/crater-agent-workspace/rustup-home:/opt/rustwide/rustup-home:ro,Z" "-e" "SOURCE_DIR=/opt/rustwide/workdir" "-e" "CARGO_TARGET_DIR=/opt/rustwide/target" "-e" "CARGO_INCREMENTAL=0" "-e" "RUST_BACKTRACE=full" "-e" "RUSTFLAGS=--cap-lints=forbid" "-e" "RUSTDOCFLAGS=--cap-lints=forbid" "-e" "CARGO_HOME=/opt/rustwide/cargo-home" "-e" "RUSTUP_HOME=/opt/rustwide/rustup-home" "-w" "/opt/rustwide/workdir" "-m" "1610612736" "--user" "0:0" "--network" "none" "ghcr.io/rust-lang/crates-build-env/linux@sha256:4a844ea9eb2546a2d2c7022eacef16ef2e8229c7fbb2c7d4d55a9ceca922f72d" "/opt/rustwide/cargo-home/bin/cargo" "+nightly-2024-10-28" "test" "--frozen", kill_on_drop: false }`
[INFO] [stdout] baeb18ad0a1d6963f77e3faf512ca84d0605d3c3621b86c501acc0683bc43ba8
[INFO] running `Command { std: "docker" "start" "-a" "baeb18ad0a1d6963f77e3faf512ca84d0605d3c3621b86c501acc0683bc43ba8", kill_on_drop: false }`
[INFO] [stderr]     Finished `test` profile [unoptimized + debuginfo] target(s) in 0.03s
[INFO] [stderr]      Running unittests src/lib.rs (/opt/rustwide/target/debug/deps/googleapis_tonic_google_cloud_aiplatform_v1-c7aed58b72e5d06d)
[INFO] [stdout] 
[INFO] [stdout] running 0 tests
[INFO] [stdout] 
[INFO] [stdout] test result: ok. 0 passed; 0 failed; 0 ignored; 0 measured; 0 filtered out; finished in 0.00s
[INFO] [stdout] 
[INFO] [stderr]    Doc-tests googleapis_tonic_google_cloud_aiplatform_v1
[INFO] [stdout] 
[INFO] [stdout] running 12 tests
[INFO] [stdout] test src/vec_u8_hash_map/google.cloud.aiplatform.v1.rs - vec_u8_hash_map::google::cloud::aiplatform::v1::model_evaluation_slice::slice::slice_spec::SliceConfig (line 26960) ... FAILED
[INFO] [stdout] test src/vec_u8_hash_map/google.cloud.aiplatform.v1.rs - vec_u8_hash_map::google::cloud::aiplatform::v1::model_evaluation_slice::slice::slice_spec::SliceConfig (line 26942) ... FAILED
[INFO] [stdout] test src/vec_u8_hash_map/google.cloud.aiplatform.v1.rs - vec_u8_hash_map::google::cloud::aiplatform::v1::model_evaluation_slice::slice::slice_spec::SliceConfig (line 26977) ... FAILED
[INFO] [stdout] test src/vec_u8_hash_map/google.cloud.aiplatform.v1.rs - vec_u8_hash_map::google::cloud::aiplatform::v1::model_evaluation_slice::slice::slice_spec::SliceConfig (line 26950) ... FAILED
[INFO] [stdout] test src/vec_u8_hash_map/google.cloud.aiplatform.v1.rs - vec_u8_hash_map::google::cloud::aiplatform::v1::feature_value_destination::Destination::TfrecordDestination (line 14158) ... FAILED
[INFO] [stdout] test src/vec_u8_hash_map/google.cloud.aiplatform.v1.rs - vec_u8_hash_map::google::cloud::aiplatform::v1::model_evaluation_slice::slice::slice_spec::SliceConfig (line 26971) ... FAILED
[INFO] [stdout] test src/vec_u8_hash_map/google.cloud.aiplatform.v1.rs - vec_u8_hash_map::google::cloud::aiplatform::v1::explanation_metadata::input_metadata::Encoding::BagOfFeaturesSparse (line 809) ... FAILED
[INFO] [stdout] test src/vec_u8_hash_map/google.cloud.aiplatform.v1.rs - vec_u8_hash_map::google::cloud::aiplatform::v1::explanation_metadata::input_metadata::Encoding::BagOfFeatures (line 799) ... FAILED
[INFO] [stdout] test src/vec_u8_hash_map/google.cloud.aiplatform.v1.rs - vec_u8_hash_map::google::cloud::aiplatform::v1::explanation_metadata::input_metadata::Encoding::CombinedEmbedding (line 827) ... FAILED
[INFO] [stdout] test src/vec_u8_hash_map/google.cloud.aiplatform.v1.rs - vec_u8_hash_map::google::cloud::aiplatform::v1::explanation_metadata::input_metadata::Encoding::ConcatEmbedding (line 837) ... FAILED
[INFO] [stdout] test src/vec_u8_hash_map/google.cloud.aiplatform.v1.rs - vec_u8_hash_map::google::cloud::aiplatform::v1::explanation_metadata::input_metadata::Encoding::Indicator (line 818) ... FAILED
[INFO] [stdout] test src/vec_u8_hash_map/google.cloud.aiplatform.v1.rs - vec_u8_hash_map::google::cloud::aiplatform::v1::ListContextsRequest::filter (line 24702) ... FAILED
[INFO] [stdout] 
[INFO] [stdout] failures:
[INFO] [stdout] 
[INFO] [stdout] ---- src/vec_u8_hash_map/google.cloud.aiplatform.v1.rs - vec_u8_hash_map::google::cloud::aiplatform::v1::model_evaluation_slice::slice::slice_spec::SliceConfig (line 26960) stdout ----
[INFO] [stdout] error: expected one of `.`, `;`, `?`, `}`, or an operator, found `:`
[INFO] [stdout]  --> src/vec_u8_hash_map/google.cloud.aiplatform.v1.rs:26962:14
[INFO] [stdout]   |
[INFO] [stdout] 4 |    "zip_code": { "range": { "low": 10000, "high": 20000 } },
[INFO] [stdout]   |              ^ expected one of `.`, `;`, `?`, `}`, or an operator
[INFO] [stdout] 
[INFO] [stdout] error: aborting due to 1 previous error
[INFO] [stdout] 
[INFO] [stdout] Couldn't compile the test.
[INFO] [stdout] ---- src/vec_u8_hash_map/google.cloud.aiplatform.v1.rs - vec_u8_hash_map::google::cloud::aiplatform::v1::model_evaluation_slice::slice::slice_spec::SliceConfig (line 26942) stdout ----
[INFO] [stdout] error: expected one of `.`, `;`, `?`, `}`, or an operator, found `:`
[INFO] [stdout]  --> src/vec_u8_hash_map/google.cloud.aiplatform.v1.rs:26944:14
[INFO] [stdout]   |
[INFO] [stdout] 4 |    "zip_code": { "value": { "float_value": 12345.0 } }
[INFO] [stdout]   |              ^ expected one of `.`, `;`, `?`, `}`, or an operator
[INFO] [stdout] 
[INFO] [stdout] error: aborting due to 1 previous error
[INFO] [stdout] 
[INFO] [stdout] Couldn't compile the test.
[INFO] [stdout] ---- src/vec_u8_hash_map/google.cloud.aiplatform.v1.rs - vec_u8_hash_map::google::cloud::aiplatform::v1::model_evaluation_slice::slice::slice_spec::SliceConfig (line 26977) stdout ----
[INFO] [stdout] error: expected one of `.`, `;`, `?`, `}`, or an operator, found `:`
[INFO] [stdout]  --> src/vec_u8_hash_map/google.cloud.aiplatform.v1.rs:26979:13
[INFO] [stdout]   |
[INFO] [stdout] 4 |    "country": { "all_values": { "value": true } },
[INFO] [stdout]   |             ^ expected one of `.`, `;`, `?`, `}`, or an operator
[INFO] [stdout] 
[INFO] [stdout] error: aborting due to 1 previous error
[INFO] [stdout] 
[INFO] [stdout] Couldn't compile the test.
[INFO] [stdout] ---- src/vec_u8_hash_map/google.cloud.aiplatform.v1.rs - vec_u8_hash_map::google::cloud::aiplatform::v1::model_evaluation_slice::slice::slice_spec::SliceConfig (line 26950) stdout ----
[INFO] [stdout] error: expected one of `.`, `;`, `?`, `}`, or an operator, found `:`
[INFO] [stdout]  --> src/vec_u8_hash_map/google.cloud.aiplatform.v1.rs:26952:14
[INFO] [stdout]   |
[INFO] [stdout] 4 |    "zip_code": { "range": { "low": 12345, "high": 20000 } }
[INFO] [stdout]   |              ^ expected one of `.`, `;`, `?`, `}`, or an operator
[INFO] [stdout] 
[INFO] [stdout] error: aborting due to 1 previous error
[INFO] [stdout] 
[INFO] [stdout] Couldn't compile the test.
[INFO] [stdout] ---- src/vec_u8_hash_map/google.cloud.aiplatform.v1.rs - vec_u8_hash_map::google::cloud::aiplatform::v1::feature_value_destination::Destination::TfrecordDestination (line 14158) stdout ----
[INFO] [stdout] error: expected one of `!`, `.`, `::`, `;`, `?`, `{`, `}`, or an operator, found keyword `type`
[INFO] [stdout]  --> src/vec_u8_hash_map/google.cloud.aiplatform.v1.rs:14159:7
[INFO] [stdout]   |
[INFO] [stdout] 3 | Value type in Featurestore                 | Value type in TFRecord
[INFO] [stdout]   |       ^^^^ expected one of 8 possible tokens
[INFO] [stdout] 
[INFO] [stdout] error: aborting due to 1 previous error
[INFO] [stdout] 
[INFO] [stdout] Couldn't compile the test.
[INFO] [stdout] ---- src/vec_u8_hash_map/google.cloud.aiplatform.v1.rs - vec_u8_hash_map::google::cloud::aiplatform::v1::model_evaluation_slice::slice::slice_spec::SliceConfig (line 26971) stdout ----
[INFO] [stdout] error: expected one of `.`, `;`, `?`, `}`, or an operator, found `:`
[INFO] [stdout]  --> src/vec_u8_hash_map/google.cloud.aiplatform.v1.rs:26972:12
[INFO] [stdout]   |
[INFO] [stdout] 3 | { "country": {"all_values": { "value": true } } }
[INFO] [stdout]   |            ^ expected one of `.`, `;`, `?`, `}`, or an operator
[INFO] [stdout] 
[INFO] [stdout] error: aborting due to 1 previous error
[INFO] [stdout] 
[INFO] [stdout] Couldn't compile the test.
[INFO] [stdout] ---- src/vec_u8_hash_map/google.cloud.aiplatform.v1.rs - vec_u8_hash_map::google::cloud::aiplatform::v1::explanation_metadata::input_metadata::Encoding::BagOfFeaturesSparse (line 809) stdout ----
[INFO] [stdout] error: unknown start of token: \
[INFO] [stdout]  --> src/vec_u8_hash_map/google.cloud.aiplatform.v1.rs:810:9
[INFO] [stdout]   |
[INFO] [stdout] 3 | input = \[2, 0, 5, 0, 1\]
[INFO] [stdout]   |         ^
[INFO] [stdout] 
[INFO] [stdout] error: unknown start of token: \
[INFO] [stdout]  --> src/vec_u8_hash_map/google.cloud.aiplatform.v1.rs:810:24
[INFO] [stdout]   |
[INFO] [stdout] 3 | input = \[2, 0, 5, 0, 1\]
[INFO] [stdout]   |                        ^
[INFO] [stdout] 
[INFO] [stdout] error: unknown start of token: \
[INFO] [stdout]  --> src/vec_u8_hash_map/google.cloud.aiplatform.v1.rs:811:25
[INFO] [stdout]   |
[INFO] [stdout] 4 | index_feature_mapping = \["a", "b", "c", "d", "e"\]
[INFO] [stdout]   |                         ^
[INFO] [stdout] 
[INFO] [stdout] error: unknown start of token: \
[INFO] [stdout]  --> src/vec_u8_hash_map/google.cloud.aiplatform.v1.rs:811:50
[INFO] [stdout]   |
[INFO] [stdout] 4 | index_feature_mapping = \["a", "b", "c", "d", "e"\]
[INFO] [stdout]   |                                                  ^
[INFO] [stdout] 
[INFO] [stdout] error: expected `;`, found `index_feature_mapping`
[INFO] [stdout]  --> src/vec_u8_hash_map/google.cloud.aiplatform.v1.rs:810:26
[INFO] [stdout]   |
[INFO] [stdout] 3 | input = \[2, 0, 5, 0, 1\]
[INFO] [stdout]   |                          ^ help: add `;` here
[INFO] [stdout] 4 | index_feature_mapping = \["a", "b", "c", "d", "e"\]
[INFO] [stdout]   | --------------------- unexpected token
[INFO] [stdout] 
[INFO] [stdout] error[E0425]: cannot find value `index_feature_mapping` in this scope
[INFO] [stdout]  --> src/vec_u8_hash_map/google.cloud.aiplatform.v1.rs:811:1
[INFO] [stdout]   |
[INFO] [stdout] 4 | index_feature_mapping = \["a", "b", "c", "d", "e"\]
[INFO] [stdout]   | ^^^^^^^^^^^^^^^^^^^^^
[INFO] [stdout]   |
[INFO] [stdout] help: you might have meant to introduce a new binding
[INFO] [stdout]   |
[INFO] [stdout] 4 | let index_feature_mapping = \["a", "b", "c", "d", "e"\]
[INFO] [stdout]   | +++
[INFO] [stdout] 
[INFO] [stdout] error: aborting due to 6 previous errors
[INFO] [stdout] 
[INFO] [stdout] For more information about this error, try `rustc --explain E0425`.
[INFO] [stdout] Couldn't compile the test.
[INFO] [stdout] ---- src/vec_u8_hash_map/google.cloud.aiplatform.v1.rs - vec_u8_hash_map::google::cloud::aiplatform::v1::explanation_metadata::input_metadata::Encoding::BagOfFeatures (line 799) stdout ----
[INFO] [stdout] error: unknown start of token: \
[INFO] [stdout]  --> src/vec_u8_hash_map/google.cloud.aiplatform.v1.rs:800:9
[INFO] [stdout]   |
[INFO] [stdout] 3 | input = \[27, 6.0, 150\]
[INFO] [stdout]   |         ^
[INFO] [stdout] 
[INFO] [stdout] error: unknown start of token: \
[INFO] [stdout]  --> src/vec_u8_hash_map/google.cloud.aiplatform.v1.rs:800:23
[INFO] [stdout]   |
[INFO] [stdout] 3 | input = \[27, 6.0, 150\]
[INFO] [stdout]   |                       ^
[INFO] [stdout] 
[INFO] [stdout] error: unknown start of token: \
[INFO] [stdout]  --> src/vec_u8_hash_map/google.cloud.aiplatform.v1.rs:801:25
[INFO] [stdout]   |
[INFO] [stdout] 4 | index_feature_mapping = \["age", "height", "weight"\]
[INFO] [stdout]   |                         ^
[INFO] [stdout] 
[INFO] [stdout] error: unknown start of token: \
[INFO] [stdout]  --> src/vec_u8_hash_map/google.cloud.aiplatform.v1.rs:801:52
[INFO] [stdout]   |
[INFO] [stdout] 4 | index_feature_mapping = \["age", "height", "weight"\]
[INFO] [stdout]   |                                                    ^
[INFO] [stdout] 
[INFO] [stdout] error: expected `;`, found `index_feature_mapping`
[INFO] [stdout]  --> src/vec_u8_hash_map/google.cloud.aiplatform.v1.rs:800:25
[INFO] [stdout]   |
[INFO] [stdout] 3 | input = \[27, 6.0, 150\]
[INFO] [stdout]   |                         ^ help: add `;` here
[INFO] [stdout] 4 | index_feature_mapping = \["age", "height", "weight"\]
[INFO] [stdout]   | --------------------- unexpected token
[INFO] [stdout] 
[INFO] [stdout] error[E0425]: cannot find value `index_feature_mapping` in this scope
[INFO] [stdout]  --> src/vec_u8_hash_map/google.cloud.aiplatform.v1.rs:801:1
[INFO] [stdout]   |
[INFO] [stdout] 4 | index_feature_mapping = \["age", "height", "weight"\]
[INFO] [stdout]   | ^^^^^^^^^^^^^^^^^^^^^
[INFO] [stdout]   |
[INFO] [stdout] help: you might have meant to introduce a new binding
[INFO] [stdout]   |
[INFO] [stdout] 4 | let index_feature_mapping = \["age", "height", "weight"\]
[INFO] [stdout]   | +++
[INFO] [stdout] 
[INFO] [stdout] error: aborting due to 6 previous errors
[INFO] [stdout] 
[INFO] [stdout] For more information about this error, try `rustc --explain E0425`.
[INFO] [stdout] Couldn't compile the test.
[INFO] [stdout] ---- src/vec_u8_hash_map/google.cloud.aiplatform.v1.rs - vec_u8_hash_map::google::cloud::aiplatform::v1::explanation_metadata::input_metadata::Encoding::CombinedEmbedding (line 827) stdout ----
[INFO] [stdout] error: unknown start of token: \
[INFO] [stdout]  --> src/vec_u8_hash_map/google.cloud.aiplatform.v1.rs:828:9
[INFO] [stdout]   |
[INFO] [stdout] 3 | input = \["This", "is", "a", "test", "."\]
[INFO] [stdout]   |         ^
[INFO] [stdout] 
[INFO] [stdout] error: unknown start of token: \
[INFO] [stdout]  --> src/vec_u8_hash_map/google.cloud.aiplatform.v1.rs:828:41
[INFO] [stdout]   |
[INFO] [stdout] 3 | input = \["This", "is", "a", "test", "."\]
[INFO] [stdout]   |                                         ^
[INFO] [stdout] 
[INFO] [stdout] error: unknown start of token: \
[INFO] [stdout]  --> src/vec_u8_hash_map/google.cloud.aiplatform.v1.rs:829:11
[INFO] [stdout]   |
[INFO] [stdout] 4 | encoded = \[0.1, 0.2, 0.3, 0.4, 0.5\]
[INFO] [stdout]   |           ^
[INFO] [stdout] 
[INFO] [stdout] error: unknown start of token: \
[INFO] [stdout]  --> src/vec_u8_hash_map/google.cloud.aiplatform.v1.rs:829:36
[INFO] [stdout]   |
[INFO] [stdout] 4 | encoded = \[0.1, 0.2, 0.3, 0.4, 0.5\]
[INFO] [stdout]   |                                    ^
[INFO] [stdout] 
[INFO] [stdout] error: expected `;`, found `encoded`
[INFO] [stdout]  --> src/vec_u8_hash_map/google.cloud.aiplatform.v1.rs:828:43
[INFO] [stdout]   |
[INFO] [stdout] 3 | input = \["This", "is", "a", "test", "."\]
[INFO] [stdout]   |                                           ^ help: add `;` here
[INFO] [stdout] 4 | encoded = \[0.1, 0.2, 0.3, 0.4, 0.5\]
[INFO] [stdout]   | ------- unexpected token
[INFO] [stdout] 
[INFO] [stdout] error[E0425]: cannot find value `encoded` in this scope
[INFO] [stdout]  --> src/vec_u8_hash_map/google.cloud.aiplatform.v1.rs:829:1
[INFO] [stdout]   |
[INFO] [stdout] 4 | encoded = \[0.1, 0.2, 0.3, 0.4, 0.5\]
[INFO] [stdout]   | ^^^^^^^
[INFO] [stdout]   |
[INFO] [stdout] help: you might have meant to introduce a new binding
[INFO] [stdout]   |
[INFO] [stdout] 4 | let encoded = \[0.1, 0.2, 0.3, 0.4, 0.5\]
[INFO] [stdout]   | +++
[INFO] [stdout] 
[INFO] [stdout] error: aborting due to 6 previous errors
[INFO] [stdout] 
[INFO] [stdout] For more information about this error, try `rustc --explain E0425`.
[INFO] [stdout] Couldn't compile the test.
[INFO] [stdout] ---- src/vec_u8_hash_map/google.cloud.aiplatform.v1.rs - vec_u8_hash_map::google::cloud::aiplatform::v1::explanation_metadata::input_metadata::Encoding::ConcatEmbedding (line 837) stdout ----
[INFO] [stdout] error: unknown start of token: \
[INFO] [stdout]  --> src/vec_u8_hash_map/google.cloud.aiplatform.v1.rs:838:9
[INFO] [stdout]   |
[INFO] [stdout] 3 | input = \["This", "is", "a", "test", "."\]
[INFO] [stdout]   |         ^
[INFO] [stdout] 
[INFO] [stdout] error: unknown start of token: \
[INFO] [stdout]  --> src/vec_u8_hash_map/google.cloud.aiplatform.v1.rs:838:41
[INFO] [stdout]   |
[INFO] [stdout] 3 | input = \["This", "is", "a", "test", "."\]
[INFO] [stdout]   |                                         ^
[INFO] [stdout] 
[INFO] [stdout] error: unknown start of token: \
[INFO] [stdout]  --> src/vec_u8_hash_map/google.cloud.aiplatform.v1.rs:839:11
[INFO] [stdout]   |
[INFO] [stdout] 4 | encoded = \[[0.1, 0.2, 0.3, 0.4, 0.5\],
[INFO] [stdout]   |           ^
[INFO] [stdout] 
[INFO] [stdout] error: unknown start of token: \
[INFO] [stdout]  --> src/vec_u8_hash_map/google.cloud.aiplatform.v1.rs:839:37
[INFO] [stdout]   |
[INFO] [stdout] 4 | encoded = \[[0.1, 0.2, 0.3, 0.4, 0.5\],
[INFO] [stdout]   |                                     ^
[INFO] [stdout] 
[INFO] [stdout] error: unknown start of token: \
[INFO] [stdout]  --> src/vec_u8_hash_map/google.cloud.aiplatform.v1.rs:840:13
[INFO] [stdout]   |
[INFO] [stdout] 5 |             \[0.2, 0.1, 0.4, 0.3, 0.5\],
[INFO] [stdout]   |             ^
[INFO] [stdout] 
[INFO] [stdout] error: unknown start of token: \
[INFO] [stdout]  --> src/vec_u8_hash_map/google.cloud.aiplatform.v1.rs:840:38
[INFO] [stdout]   |
[INFO] [stdout] 5 |             \[0.2, 0.1, 0.4, 0.3, 0.5\],
[INFO] [stdout]   |                                      ^
[INFO] [stdout] 
[INFO] [stdout] error: unknown start of token: \
[INFO] [stdout]  --> src/vec_u8_hash_map/google.cloud.aiplatform.v1.rs:841:13
[INFO] [stdout]   |
[INFO] [stdout] 6 |             \[0.5, 0.1, 0.3, 0.5, 0.4\],
[INFO] [stdout]   |             ^
[INFO] [stdout] 
[INFO] [stdout] error: unknown start of token: \
[INFO] [stdout]  --> src/vec_u8_hash_map/google.cloud.aiplatform.v1.rs:841:38
[INFO] [stdout]   |
[INFO] [stdout] 6 |             \[0.5, 0.1, 0.3, 0.5, 0.4\],
[INFO] [stdout]   |                                      ^
[INFO] [stdout] 
[INFO] [stdout] error: unknown start of token: \
[INFO] [stdout]  --> src/vec_u8_hash_map/google.cloud.aiplatform.v1.rs:842:13
[INFO] [stdout]   |
[INFO] [stdout] 7 |             \[0.5, 0.3, 0.1, 0.2, 0.4\],
[INFO] [stdout]   |             ^
[INFO] [stdout] 
[INFO] [stdout] error: unknown start of token: \
[INFO] [stdout]  --> src/vec_u8_hash_map/google.cloud.aiplatform.v1.rs:842:38
[INFO] [stdout]   |
[INFO] [stdout] 7 |             \[0.5, 0.3, 0.1, 0.2, 0.4\],
[INFO] [stdout]   |                                      ^
[INFO] [stdout] 
[INFO] [stdout] error: unknown start of token: \
[INFO] [stdout]  --> src/vec_u8_hash_map/google.cloud.aiplatform.v1.rs:843:13
[INFO] [stdout]   |
[INFO] [stdout] 8 |             \[0.4, 0.3, 0.2, 0.5, 0.1]\]
[INFO] [stdout]   |             ^
[INFO] [stdout] 
[INFO] [stdout] error: unknown start of token: \
[INFO] [stdout]  --> src/vec_u8_hash_map/google.cloud.aiplatform.v1.rs:843:39
[INFO] [stdout]   |
[INFO] [stdout] 8 |             \[0.4, 0.3, 0.2, 0.5, 0.1]\]
[INFO] [stdout]   |                                       ^
[INFO] [stdout] 
[INFO] [stdout] error: expected `;`, found `encoded`
[INFO] [stdout]  --> src/vec_u8_hash_map/google.cloud.aiplatform.v1.rs:838:43
[INFO] [stdout]   |
[INFO] [stdout] 3 | input = \["This", "is", "a", "test", "."\]
[INFO] [stdout]   |                                           ^ help: add `;` here
[INFO] [stdout] 4 | encoded = \[[0.1, 0.2, 0.3, 0.4, 0.5\],
[INFO] [stdout]   | ------- unexpected token
[INFO] [stdout] 
[INFO] [stdout] error[E0425]: cannot find value `encoded` in this scope
[INFO] [stdout]  --> src/vec_u8_hash_map/google.cloud.aiplatform.v1.rs:839:1
[INFO] [stdout]   |
[INFO] [stdout] 4 | encoded = \[[0.1, 0.2, 0.3, 0.4, 0.5\],
[INFO] [stdout]   | ^^^^^^^
[INFO] [stdout]   |
[INFO] [stdout] help: you might have meant to introduce a new binding
[INFO] [stdout]   |
[INFO] [stdout] 4 | let encoded = \[[0.1, 0.2, 0.3, 0.4, 0.5\],
[INFO] [stdout]   | +++
[INFO] [stdout] 
[INFO] [stdout] error: aborting due to 14 previous errors
[INFO] [stdout] 
[INFO] [stdout] For more information about this error, try `rustc --explain E0425`.
[INFO] [stdout] Couldn't compile the test.
[INFO] [stdout] ---- src/vec_u8_hash_map/google.cloud.aiplatform.v1.rs - vec_u8_hash_map::google::cloud::aiplatform::v1::explanation_metadata::input_metadata::Encoding::Indicator (line 818) stdout ----
[INFO] [stdout] error: unknown start of token: \
[INFO] [stdout]  --> src/vec_u8_hash_map/google.cloud.aiplatform.v1.rs:819:9
[INFO] [stdout]   |
[INFO] [stdout] 3 | input = \[1, 0, 1, 0, 1\]
[INFO] [stdout]   |         ^
[INFO] [stdout] 
[INFO] [stdout] error: unknown start of token: \
[INFO] [stdout]  --> src/vec_u8_hash_map/google.cloud.aiplatform.v1.rs:819:24
[INFO] [stdout]   |
[INFO] [stdout] 3 | input = \[1, 0, 1, 0, 1\]
[INFO] [stdout]   |                        ^
[INFO] [stdout] 
[INFO] [stdout] error: unknown start of token: \
[INFO] [stdout]  --> src/vec_u8_hash_map/google.cloud.aiplatform.v1.rs:820:25
[INFO] [stdout]   |
[INFO] [stdout] 4 | index_feature_mapping = \["a", "b", "c", "d", "e"\]
[INFO] [stdout]   |                         ^
[INFO] [stdout] 
[INFO] [stdout] error: unknown start of token: \
[INFO] [stdout]  --> src/vec_u8_hash_map/google.cloud.aiplatform.v1.rs:820:50
[INFO] [stdout]   |
[INFO] [stdout] 4 | index_feature_mapping = \["a", "b", "c", "d", "e"\]
[INFO] [stdout]   |                                                  ^
[INFO] [stdout] 
[INFO] [stdout] error: expected `;`, found `index_feature_mapping`
[INFO] [stdout]  --> src/vec_u8_hash_map/google.cloud.aiplatform.v1.rs:819:26
[INFO] [stdout]   |
[INFO] [stdout] 3 | input = \[1, 0, 1, 0, 1\]
[INFO] [stdout]   |                          ^ help: add `;` here
[INFO] [stdout] 4 | index_feature_mapping = \["a", "b", "c", "d", "e"\]
[INFO] [stdout]   | --------------------- unexpected token
[INFO] [stdout] 
[INFO] [stdout] error[E0425]: cannot find value `index_feature_mapping` in this scope
[INFO] [stdout]  --> src/vec_u8_hash_map/google.cloud.aiplatform.v1.rs:820:1
[INFO] [stdout]   |
[INFO] [stdout] 4 | index_feature_mapping = \["a", "b", "c", "d", "e"\]
[INFO] [stdout]   | ^^^^^^^^^^^^^^^^^^^^^
[INFO] [stdout]   |
[INFO] [stdout] help: you might have meant to introduce a new binding
[INFO] [stdout]   |
[INFO] [stdout] 4 | let index_feature_mapping = \["a", "b", "c", "d", "e"\]
[INFO] [stdout]   | +++
[INFO] [stdout] 
[INFO] [stdout] error: aborting due to 6 previous errors
[INFO] [stdout] 
[INFO] [stdout] For more information about this error, try `rustc --explain E0425`.
[INFO] [stdout] Couldn't compile the test.
[INFO] [stdout] ---- src/vec_u8_hash_map/google.cloud.aiplatform.v1.rs - vec_u8_hash_map::google::cloud::aiplatform::v1::ListContextsRequest::filter (line 24702) stdout ----
[INFO] [stdout] error: statements are terminated with a semicolon
[INFO] [stdout]  --> src/vec_u8_hash_map/google.cloud.aiplatform.v1.rs:24703:16
[INFO] [stdout]   |
[INFO] [stdout] 3 | parent_contexts:
[INFO] [stdout]   |                ^
[INFO] [stdout]   |
[INFO] [stdout]   = note: if you meant to annotate an expression with a type, the type ascription syntax has been removed, see issue #101728 <https://github.com/rust-lang/rust/issues/101728>
[INFO] [stdout] help: use a semicolon instead
[INFO] [stdout]   |
[INFO] [stdout] 3 | parent_contexts;
[INFO] [stdout]   |                ~
[INFO] [stdout] 
[INFO] [stdout] error: expected `;`, found `child_contexts`
[INFO] [stdout]  --> src/vec_u8_hash_map/google.cloud.aiplatform.v1.rs:24704:107
[INFO] [stdout]   |
[INFO] [stdout] 4 | "projects/<project_number>/locations/<location>/metadataStores/<metadatastore_name>/contexts/<context_id>"
[INFO] [stdout]   |                                                                                                           ^ help: add `;` here
[INFO] [stdout] 5 | child_contexts:
[INFO] [stdout]   | -------------- unexpected token
[INFO] [stdout] 
[INFO] [stdout] error: statements are terminated with a semicolon
[INFO] [stdout]  --> src/vec_u8_hash_map/google.cloud.aiplatform.v1.rs:24705:15
[INFO] [stdout]   |
[INFO] [stdout] 5 | child_contexts:
[INFO] [stdout]   |               ^
[INFO] [stdout]   |
[INFO] [stdout]   = note: if you meant to annotate an expression with a type, the type ascription syntax has been removed, see issue #101728 <https://github.com/rust-lang/rust/issues/101728>
[INFO] [stdout] help: use a semicolon instead
[INFO] [stdout]   |
[INFO] [stdout] 5 | child_contexts;
[INFO] [stdout]   |               ~
[INFO] [stdout] 
[INFO] [stdout] error[E0425]: cannot find value `parent_contexts` in this scope
[INFO] [stdout]  --> src/vec_u8_hash_map/google.cloud.aiplatform.v1.rs:24703:1
[INFO] [stdout]   |
[INFO] [stdout] 3 | parent_contexts:
[INFO] [stdout]   | ^^^^^^^^^^^^^^^ not found in this scope
[INFO] [stdout] 
[INFO] [stdout] error[E0425]: cannot find value `child_contexts` in this scope
[INFO] [stdout]  --> src/vec_u8_hash_map/google.cloud.aiplatform.v1.rs:24705:1
[INFO] [stdout]   |
[INFO] [stdout] 5 | child_contexts:
[INFO] [stdout]   | ^^^^^^^^^^^^^^ not found in this scope
[INFO] [stdout] 
[INFO] [stdout] error[E0308]: mismatched types
[INFO] [stdout]  --> src/vec_u8_hash_map/google.cloud.aiplatform.v1.rs:24706:1
[INFO] [stdout]   |
[INFO] [stdout] 2 | fn main() { #[allow(non_snake_case)] fn _doctest_main_src_vec_u8_hash_map_google_cloud_aiplatform_v1_rs_24702_0() {
[INFO] [stdout]   |                                                                                                                  - help: try adding a return type: `-> &'static str`
[INFO] [stdout] ...
[INFO] [stdout] 6 | "projects/<project_number>/locations/<location>/metadataStores/<metadatastore_name>/contexts/<context_id>"
[INFO] [stdout]   | ^^^^^^^^^^^^^^^^^^^^^^^^^^^^^^^^^^^^^^^^^^^^^^^^^^^^^^^^^^^^^^^^^^^^^^^^^^^^^^^^^^^^^^^^^^^^^^^^^^^^^^^^^^ expected `()`, found `&str`
[INFO] [stdout] 
[INFO] [stdout] error: aborting due to 6 previous errors
[INFO] [stdout] 
[INFO] [stdout] Some errors have detailed explanations: E0308, E0425.
[INFO] [stdout] For more information about an error, try `rustc --explain E0308`.
[INFO] [stdout] Couldn't compile the test.
[INFO] [stdout] 
[INFO] [stdout] failures:
[INFO] [stdout]     src/vec_u8_hash_map/google.cloud.aiplatform.v1.rs - vec_u8_hash_map::google::cloud::aiplatform::v1::ListContextsRequest::filter (line 24702)
[INFO] [stdout]     src/vec_u8_hash_map/google.cloud.aiplatform.v1.rs - vec_u8_hash_map::google::cloud::aiplatform::v1::explanation_metadata::input_metadata::Encoding::BagOfFeatures (line 799)
[INFO] [stdout]     src/vec_u8_hash_map/google.cloud.aiplatform.v1.rs - vec_u8_hash_map::google::cloud::aiplatform::v1::explanation_metadata::input_metadata::Encoding::BagOfFeaturesSparse (line 809)
[INFO] [stdout]     src/vec_u8_hash_map/google.cloud.aiplatform.v1.rs - vec_u8_hash_map::google::cloud::aiplatform::v1::explanation_metadata::input_metadata::Encoding::CombinedEmbedding (line 827)
[INFO] [stdout]     src/vec_u8_hash_map/google.cloud.aiplatform.v1.rs - vec_u8_hash_map::google::cloud::aiplatform::v1::explanation_metadata::input_metadata::Encoding::ConcatEmbedding (line 837)
[INFO] [stdout]     src/vec_u8_hash_map/google.cloud.aiplatform.v1.rs - vec_u8_hash_map::google::cloud::aiplatform::v1::explanation_metadata::input_metadata::Encoding::Indicator (line 818)
[INFO] [stdout]     src/vec_u8_hash_map/google.cloud.aiplatform.v1.rs - vec_u8_hash_map::google::cloud::aiplatform::v1::feature_value_destination::Destination::TfrecordDestination (line 14158)
[INFO] [stdout]     src/vec_u8_hash_map/google.cloud.aiplatform.v1.rs - vec_u8_hash_map::google::cloud::aiplatform::v1::model_evaluation_slice::slice::slice_spec::SliceConfig (line 26942)
[INFO] [stdout]     src/vec_u8_hash_map/google.cloud.aiplatform.v1.rs - vec_u8_hash_map::google::cloud::aiplatform::v1::model_evaluation_slice::slice::slice_spec::SliceConfig (line 26950)
[INFO] [stdout]     src/vec_u8_hash_map/google.cloud.aiplatform.v1.rs - vec_u8_hash_map::google::cloud::aiplatform::v1::model_evaluation_slice::slice::slice_spec::SliceConfig (line 26960)
[INFO] [stdout]     src/vec_u8_hash_map/google.cloud.aiplatform.v1.rs - vec_u8_hash_map::google::cloud::aiplatform::v1::model_evaluation_slice::slice::slice_spec::SliceConfig (line 26971)
[INFO] [stdout]     src/vec_u8_hash_map/google.cloud.aiplatform.v1.rs - vec_u8_hash_map::google::cloud::aiplatform::v1::model_evaluation_slice::slice::slice_spec::SliceConfig (line 26977)
[INFO] [stdout] 
[INFO] [stdout] test result: FAILED. 0 passed; 12 failed; 0 ignored; 0 measured; 0 filtered out; finished in 0.08s
[INFO] [stdout] 
[INFO] [stderr] error: doctest failed, to rerun pass `--doc`
[INFO] running `Command { std: "docker" "inspect" "baeb18ad0a1d6963f77e3faf512ca84d0605d3c3621b86c501acc0683bc43ba8", kill_on_drop: false }`
[INFO] running `Command { std: "docker" "rm" "-f" "baeb18ad0a1d6963f77e3faf512ca84d0605d3c3621b86c501acc0683bc43ba8", kill_on_drop: false }`
[INFO] [stdout] baeb18ad0a1d6963f77e3faf512ca84d0605d3c3621b86c501acc0683bc43ba8
