[INFO] fetching crate googleapis-tonic-google-chat-v1 0.12.0...
[INFO] testing googleapis-tonic-google-chat-v1-0.12.0 against nightly-2024-10-28+rustflags=-Zrandomize-layout for randomize-layout
[INFO] extracting crate googleapis-tonic-google-chat-v1 0.12.0 into /workspace/builds/worker-3-tc2/source
[INFO] validating manifest of crates.io crate googleapis-tonic-google-chat-v1 0.12.0 on toolchain nightly-2024-10-28
[INFO] running `Command { std: CARGO_HOME="/workspace/cargo-home" RUSTUP_HOME="/workspace/rustup-home" "/workspace/cargo-home/bin/cargo" "+nightly-2024-10-28" "metadata" "--manifest-path" "Cargo.toml" "--no-deps", kill_on_drop: false }`
[INFO] started tweaking crates.io crate googleapis-tonic-google-chat-v1 0.12.0
[INFO] finished tweaking crates.io crate googleapis-tonic-google-chat-v1 0.12.0
[INFO] tweaked toml for crates.io crate googleapis-tonic-google-chat-v1 0.12.0 written to /workspace/builds/worker-3-tc2/source/Cargo.toml
[INFO] running `Command { std: CARGO_HOME="/workspace/cargo-home" RUSTUP_HOME="/workspace/rustup-home" "/workspace/cargo-home/bin/cargo" "+nightly-2024-10-28" "generate-lockfile" "--manifest-path" "Cargo.toml", kill_on_drop: false }`
[INFO] [stderr]     Updating crates.io index
[INFO] [stderr]      Locking 58 packages to latest compatible versions
[INFO] [stderr]       Adding googleapis-tonic-google-api v0.9.0 (available: v0.10.0)
[INFO] running `Command { std: CARGO_HOME="/workspace/cargo-home" RUSTUP_HOME="/workspace/rustup-home" "/workspace/cargo-home/bin/cargo" "+nightly-2024-10-28" "fetch" "--manifest-path" "Cargo.toml", kill_on_drop: false }`
[INFO] running `Command { std: "docker" "create" "-v" "/var/lib/crater-agent-workspace/builds/worker-3-tc2/target:/opt/rustwide/target:rw,Z" "-v" "/var/lib/crater-agent-workspace/builds/worker-3-tc2/source:/opt/rustwide/workdir:ro,Z" "-v" "/var/lib/crater-agent-workspace/cargo-home:/opt/rustwide/cargo-home:ro,Z" "-v" "/var/lib/crater-agent-workspace/rustup-home:/opt/rustwide/rustup-home:ro,Z" "-e" "SOURCE_DIR=/opt/rustwide/workdir" "-e" "CARGO_TARGET_DIR=/opt/rustwide/target" "-e" "CARGO_HOME=/opt/rustwide/cargo-home" "-e" "RUSTUP_HOME=/opt/rustwide/rustup-home" "-w" "/opt/rustwide/workdir" "-m" "1610612736" "--user" "0:0" "--network" "none" "ghcr.io/rust-lang/crates-build-env/linux@sha256:4a844ea9eb2546a2d2c7022eacef16ef2e8229c7fbb2c7d4d55a9ceca922f72d" "/opt/rustwide/cargo-home/bin/cargo" "+nightly-2024-10-28" "metadata" "--no-deps" "--format-version=1", kill_on_drop: false }`
[INFO] [stdout] 347b82ca2d8441288f1317008e2435f1d24543f9e551ac6de125bc24d3c62a94
[INFO] running `Command { std: "docker" "start" "-a" "347b82ca2d8441288f1317008e2435f1d24543f9e551ac6de125bc24d3c62a94", kill_on_drop: false }`
[INFO] running `Command { std: "docker" "inspect" "347b82ca2d8441288f1317008e2435f1d24543f9e551ac6de125bc24d3c62a94", kill_on_drop: false }`
[INFO] running `Command { std: "docker" "rm" "-f" "347b82ca2d8441288f1317008e2435f1d24543f9e551ac6de125bc24d3c62a94", kill_on_drop: false }`
[INFO] [stdout] 347b82ca2d8441288f1317008e2435f1d24543f9e551ac6de125bc24d3c62a94
[INFO] running `Command { std: "docker" "create" "-v" "/var/lib/crater-agent-workspace/builds/worker-3-tc2/target:/opt/rustwide/target:rw,Z" "-v" "/var/lib/crater-agent-workspace/builds/worker-3-tc2/source:/opt/rustwide/workdir:ro,Z" "-v" "/var/lib/crater-agent-workspace/cargo-home:/opt/rustwide/cargo-home:ro,Z" "-v" "/var/lib/crater-agent-workspace/rustup-home:/opt/rustwide/rustup-home:ro,Z" "-e" "SOURCE_DIR=/opt/rustwide/workdir" "-e" "CARGO_TARGET_DIR=/opt/rustwide/target" "-e" "CARGO_INCREMENTAL=0" "-e" "RUST_BACKTRACE=full" "-e" "RUSTFLAGS=--cap-lints=forbid -Zrandomize-layout" "-e" "RUSTDOCFLAGS=--cap-lints=forbid" "-e" "CARGO_HOME=/opt/rustwide/cargo-home" "-e" "RUSTUP_HOME=/opt/rustwide/rustup-home" "-w" "/opt/rustwide/workdir" "-m" "1610612736" "--user" "0:0" "--network" "none" "ghcr.io/rust-lang/crates-build-env/linux@sha256:4a844ea9eb2546a2d2c7022eacef16ef2e8229c7fbb2c7d4d55a9ceca922f72d" "/opt/rustwide/cargo-home/bin/cargo" "+nightly-2024-10-28" "build" "--frozen" "--message-format=json", kill_on_drop: false }`
[INFO] [stdout] a292d9edef823586f491c9c955e3b5178f3d38f5bbb8fbadb9019dc3ecb1adea
[INFO] running `Command { std: "docker" "start" "-a" "a292d9edef823586f491c9c955e3b5178f3d38f5bbb8fbadb9019dc3ecb1adea", kill_on_drop: false }`
[INFO] [stderr]    Compiling proc-macro2 v1.0.89
[INFO] [stderr]    Compiling anyhow v1.0.92
[INFO] [stderr]    Compiling pin-project-lite v0.2.15
[INFO] [stderr]    Compiling bytes v1.8.0
[INFO] [stderr]    Compiling either v1.13.0
[INFO] [stderr]    Compiling futures-task v0.3.31
[INFO] [stderr]    Compiling tower-layer v0.3.3
[INFO] [stderr]    Compiling tokio v1.41.0
[INFO] [stderr]    Compiling futures-util v0.3.31
[INFO] [stderr]    Compiling itertools v0.13.0
[INFO] [stderr]    Compiling http v1.1.0
[INFO] [stderr]    Compiling quote v1.0.37
[INFO] [stderr]    Compiling syn v2.0.86
[INFO] [stderr]    Compiling tokio-stream v0.1.16
[INFO] [stderr]    Compiling http-body v1.0.1
[INFO] [stderr]    Compiling http-body-util v0.1.2
[INFO] [stderr]    Compiling prost-derive v0.13.3
[INFO] [stderr]    Compiling pin-project-internal v1.1.7
[INFO] [stderr]    Compiling tracing-attributes v0.1.27
[INFO] [stderr]    Compiling async-trait v0.1.83
[INFO] [stderr]    Compiling pin-project v1.1.7
[INFO] [stderr]    Compiling tracing v0.1.40
[INFO] [stderr]    Compiling prost v0.13.3
[INFO] [stderr]    Compiling tonic v0.12.3
[INFO] [stderr]    Compiling prost-types v0.13.3
[INFO] [stderr]    Compiling googleapis-tonic-google-type v0.8.0
[INFO] [stderr]    Compiling googleapis-tonic-google-rpc v0.8.0
[INFO] [stderr]    Compiling googleapis-tonic-google-api v0.9.0
[INFO] [stderr]    Compiling googleapis-tonic-google-apps-card-v1 v0.8.0
[INFO] [stderr]    Compiling googleapis-tonic-google-chat-v1 v0.12.0 (/opt/rustwide/workdir)
[INFO] [stderr]     Finished `dev` profile [unoptimized + debuginfo] target(s) in 19.25s
[INFO] running `Command { std: "docker" "inspect" "a292d9edef823586f491c9c955e3b5178f3d38f5bbb8fbadb9019dc3ecb1adea", kill_on_drop: false }`
[INFO] running `Command { std: "docker" "rm" "-f" "a292d9edef823586f491c9c955e3b5178f3d38f5bbb8fbadb9019dc3ecb1adea", kill_on_drop: false }`
[INFO] [stdout] a292d9edef823586f491c9c955e3b5178f3d38f5bbb8fbadb9019dc3ecb1adea
[INFO] running `Command { std: "docker" "create" "-v" "/var/lib/crater-agent-workspace/builds/worker-3-tc2/target:/opt/rustwide/target:rw,Z" "-v" "/var/lib/crater-agent-workspace/builds/worker-3-tc2/source:/opt/rustwide/workdir:ro,Z" "-v" "/var/lib/crater-agent-workspace/cargo-home:/opt/rustwide/cargo-home:ro,Z" "-v" "/var/lib/crater-agent-workspace/rustup-home:/opt/rustwide/rustup-home:ro,Z" "-e" "SOURCE_DIR=/opt/rustwide/workdir" "-e" "CARGO_TARGET_DIR=/opt/rustwide/target" "-e" "CARGO_INCREMENTAL=0" "-e" "RUST_BACKTRACE=full" "-e" "RUSTFLAGS=--cap-lints=forbid -Zrandomize-layout" "-e" "RUSTDOCFLAGS=--cap-lints=forbid" "-e" "CARGO_HOME=/opt/rustwide/cargo-home" "-e" "RUSTUP_HOME=/opt/rustwide/rustup-home" "-w" "/opt/rustwide/workdir" "-m" "1610612736" "--user" "0:0" "--network" "none" "ghcr.io/rust-lang/crates-build-env/linux@sha256:4a844ea9eb2546a2d2c7022eacef16ef2e8229c7fbb2c7d4d55a9ceca922f72d" "/opt/rustwide/cargo-home/bin/cargo" "+nightly-2024-10-28" "test" "--frozen" "--no-run" "--message-format=json", kill_on_drop: false }`
[INFO] [stdout] 3bc93e97c290efee9687b04f9f94e466a4a089d4ab71a173e6a3221a61195965
[INFO] running `Command { std: "docker" "start" "-a" "3bc93e97c290efee9687b04f9f94e466a4a089d4ab71a173e6a3221a61195965", kill_on_drop: false }`
[INFO] [stderr]    Compiling googleapis-tonic-google-chat-v1 v0.12.0 (/opt/rustwide/workdir)
[INFO] [stderr]     Finished `test` profile [unoptimized + debuginfo] target(s) in 1.37s
[INFO] running `Command { std: "docker" "inspect" "3bc93e97c290efee9687b04f9f94e466a4a089d4ab71a173e6a3221a61195965", kill_on_drop: false }`
[INFO] running `Command { std: "docker" "rm" "-f" "3bc93e97c290efee9687b04f9f94e466a4a089d4ab71a173e6a3221a61195965", kill_on_drop: false }`
[INFO] [stdout] 3bc93e97c290efee9687b04f9f94e466a4a089d4ab71a173e6a3221a61195965
[INFO] running `Command { std: "docker" "create" "-v" "/var/lib/crater-agent-workspace/builds/worker-3-tc2/target:/opt/rustwide/target:rw,Z" "-v" "/var/lib/crater-agent-workspace/builds/worker-3-tc2/source:/opt/rustwide/workdir:ro,Z" "-v" "/var/lib/crater-agent-workspace/cargo-home:/opt/rustwide/cargo-home:ro,Z" "-v" "/var/lib/crater-agent-workspace/rustup-home:/opt/rustwide/rustup-home:ro,Z" "-e" "SOURCE_DIR=/opt/rustwide/workdir" "-e" "CARGO_TARGET_DIR=/opt/rustwide/target" "-e" "CARGO_INCREMENTAL=0" "-e" "RUST_BACKTRACE=full" "-e" "RUSTFLAGS=--cap-lints=forbid -Zrandomize-layout" "-e" "RUSTDOCFLAGS=--cap-lints=forbid" "-e" "CARGO_HOME=/opt/rustwide/cargo-home" "-e" "RUSTUP_HOME=/opt/rustwide/rustup-home" "-w" "/opt/rustwide/workdir" "-m" "1610612736" "--user" "0:0" "--network" "none" "ghcr.io/rust-lang/crates-build-env/linux@sha256:4a844ea9eb2546a2d2c7022eacef16ef2e8229c7fbb2c7d4d55a9ceca922f72d" "/opt/rustwide/cargo-home/bin/cargo" "+nightly-2024-10-28" "test" "--frozen", kill_on_drop: false }`
[INFO] [stdout] 706c7fb534c049193fe47521633ae48aa9b699b069afcc81ceb99ab250ebd59d
[INFO] running `Command { std: "docker" "start" "-a" "706c7fb534c049193fe47521633ae48aa9b699b069afcc81ceb99ab250ebd59d", kill_on_drop: false }`
[INFO] [stderr]     Finished `test` profile [unoptimized + debuginfo] target(s) in 0.06s
[INFO] [stderr]      Running unittests src/lib.rs (/opt/rustwide/target/debug/deps/googleapis_tonic_google_chat_v1-3a997f1c8336802a)
[INFO] [stdout] 
[INFO] [stdout] running 0 tests
[INFO] [stdout] 
[INFO] [stdout] test result: ok. 0 passed; 0 failed; 0 ignored; 0 measured; 0 filtered out; finished in 0.00s
[INFO] [stdout] 
[INFO] [stderr]    Doc-tests googleapis_tonic_google_chat_v1
[INFO] [stdout] 
[INFO] [stdout] running 14 tests
[INFO] [stdout] test src/vec_u8_hash_map/google.chat.v1.rs - vec_u8_hash_map::google::chat::v1::Annotation (line 244) ... FAILED
[INFO] [stdout] test src/vec_u8_hash_map/google.chat.v1.rs - vec_u8_hash_map::google::chat::v1::ListMembershipsRequest::filter (line 848) ... FAILED
[INFO] [stdout] test src/vec_u8_hash_map/google.chat.v1.rs - vec_u8_hash_map::google::chat::v1::ListSpaceEventsRequest::filter (line 3689) ... FAILED
[INFO] [stdout] test src/vec_u8_hash_map/google.chat.v1.rs - vec_u8_hash_map::google::chat::v1::ListMembershipsRequest::filter (line 839) ... FAILED
[INFO] [stdout] test src/vec_u8_hash_map/google.chat.v1.rs - vec_u8_hash_map::google::chat::v1::Annotation (line 249) ... FAILED
[INFO] [stdout] test src/vec_u8_hash_map/google.chat.v1.rs - vec_u8_hash_map::google::chat::v1::ListReactionsRequest::filter (line 1652) ... FAILED
[INFO] [stdout] test src/vec_u8_hash_map/google.chat.v1.rs - vec_u8_hash_map::google::chat::v1::ListReactionsRequest::filter (line 1639) ... FAILED
[INFO] [stdout] test src/vec_u8_hash_map/google.chat.v1.rs - vec_u8_hash_map::google::chat::v1::ListSpaceEventsRequest::filter (line 3701) ... FAILED
[INFO] [stdout] test src/vec_u8_hash_map/google.chat.v1.rs - vec_u8_hash_map::google::chat::v1::ListSpaceEventsRequest::filter (line 3693) ... FAILED
[INFO] [stdout] test src/vec_u8_hash_map/google.chat.v1.rs - vec_u8_hash_map::google::chat::v1::ListMessagesRequest::filter (line 3200) ... FAILED
[INFO] [stdout] test src/vec_u8_hash_map/google.chat.v1.rs - vec_u8_hash_map::google::chat::v1::ListSpaceEventsRequest::filter (line 3705) ... FAILED
[INFO] [stdout] test src/vec_u8_hash_map/google.chat.v1.rs - vec_u8_hash_map::google::chat::v1::SearchSpacesRequest::query (line 2495) ... FAILED
[INFO] [stdout] test src/vec_u8_hash_map/google.chat.v1.rs - vec_u8_hash_map::google::chat::v1::ListSpacesRequest::filter (line 2264) ... FAILED
[INFO] [stdout] test src/vec_u8_hash_map/google.chat.v1.rs - vec_u8_hash_map::google::chat::v1::SpaceEvent::event_type (line 3486) ... FAILED
[INFO] [stdout] 
[INFO] [stdout] failures:
[INFO] [stdout] 
[INFO] [stdout] ---- src/vec_u8_hash_map/google.chat.v1.rs - vec_u8_hash_map::google::chat::v1::Annotation (line 244) stdout ----
[INFO] [stdout] error[E0765]: unterminated double quote string
[INFO] [stdout]  --> src/vec_u8_hash_map/google.chat.v1.rs:245:27
[INFO] [stdout]   |
[INFO] [stdout] 1 | Hello @FooBot how are you!"
[INFO] [stdout]   |                           ^
[INFO] [stdout] 
[INFO] [stdout] error: aborting due to 1 previous error
[INFO] [stdout] 
[INFO] [stdout] For more information about this error, try `rustc --explain E0765`.
[INFO] [stdout] Couldn't compile the test.
[INFO] [stdout] ---- src/vec_u8_hash_map/google.chat.v1.rs - vec_u8_hash_map::google::chat::v1::ListMembershipsRequest::filter (line 848) stdout ----
[INFO] [stdout] error: expected identifier, found keyword `type`
[INFO] [stdout]  --> src/vec_u8_hash_map/google.chat.v1.rs:849:8
[INFO] [stdout]   |
[INFO] [stdout] 3 | member.type = "HUMAN" AND member.type = "BOT"
[INFO] [stdout]   |        ^^^^ expected identifier, found keyword
[INFO] [stdout]   |
[INFO] [stdout] help: escape `type` to use it as an identifier
[INFO] [stdout]   |
[INFO] [stdout] 3 | member.r#type = "HUMAN" AND member.type = "BOT"
[INFO] [stdout]   |        ++
[INFO] [stdout] 
[INFO] [stdout] error: expected one of `.`, `;`, `?`, `}`, or an operator, found `AND`
[INFO] [stdout]  --> src/vec_u8_hash_map/google.chat.v1.rs:849:23
[INFO] [stdout]   |
[INFO] [stdout] 3 | member.type = "HUMAN" AND member.type = "BOT"
[INFO] [stdout]   |                       ^^^ expected one of `.`, `;`, `?`, `}`, or an operator
[INFO] [stdout] 
[INFO] [stdout] error: aborting due to 2 previous errors
[INFO] [stdout] 
[INFO] [stdout] Couldn't compile the test.
[INFO] [stdout] ---- src/vec_u8_hash_map/google.chat.v1.rs - vec_u8_hash_map::google::chat::v1::ListSpaceEventsRequest::filter (line 3689) stdout ----
[INFO] [stdout] error: expected one of `.`, `;`, `?`, `}`, or an operator, found `AND`
[INFO] [stdout]  --> src/vec_u8_hash_map/google.chat.v1.rs:3690:40
[INFO] [stdout]   |
[INFO] [stdout] 3 | start_time="2023-08-23T19:20:33+00:00" AND
[INFO] [stdout]   |                                        ^^^ expected one of `.`, `;`, `?`, `}`, or an operator
[INFO] [stdout] 
[INFO] [stdout] error: aborting due to 1 previous error
[INFO] [stdout] 
[INFO] [stdout] Couldn't compile the test.
[INFO] [stdout] ---- src/vec_u8_hash_map/google.chat.v1.rs - vec_u8_hash_map::google::chat::v1::ListMembershipsRequest::filter (line 839) stdout ----
[INFO] [stdout] error: expected one of `.`, `;`, `?`, `}`, or an operator, found `OR`
[INFO] [stdout]  --> src/vec_u8_hash_map/google.chat.v1.rs:840:23
[INFO] [stdout]   |
[INFO] [stdout] 3 | role = "ROLE_MANAGER" OR role = "ROLE_MEMBER"
[INFO] [stdout]   |                       ^^ expected one of `.`, `;`, `?`, `}`, or an operator
[INFO] [stdout] 
[INFO] [stdout] error: aborting due to 1 previous error
[INFO] [stdout] 
[INFO] [stdout] Couldn't compile the test.
[INFO] [stdout] ---- src/vec_u8_hash_map/google.chat.v1.rs - vec_u8_hash_map::google::chat::v1::Annotation (line 249) stdout ----
[INFO] [stdout] error: expected one of `.`, `;`, `?`, `}`, or an operator, found `:`
[INFO] [stdout]  --> src/vec_u8_hash_map/google.chat.v1.rs:250:14
[INFO] [stdout]   |
[INFO] [stdout] 3 | "annotations":[{
[INFO] [stdout]   |              ^ expected one of `.`, `;`, `?`, `}`, or an operator
[INFO] [stdout] 
[INFO] [stdout] error: aborting due to 1 previous error
[INFO] [stdout] 
[INFO] [stdout] Couldn't compile the test.
[INFO] [stdout] ---- src/vec_u8_hash_map/google.chat.v1.rs - vec_u8_hash_map::google::chat::v1::ListReactionsRequest::filter (line 1652) stdout ----
[INFO] [stdout] error: expected one of `.`, `;`, `?`, `}`, or an operator, found `AND`
[INFO] [stdout]  --> src/vec_u8_hash_map/google.chat.v1.rs:1653:21
[INFO] [stdout]   |
[INFO] [stdout] 3 | emoji.unicode = "🙂" AND emoji.unicode = "👍"
[INFO] [stdout]   |                      ^^^ expected one of `.`, `;`, `?`, `}`, or an operator
[INFO] [stdout] 
[INFO] [stdout] error: aborting due to 1 previous error
[INFO] [stdout] 
[INFO] [stdout] Couldn't compile the test.
[INFO] [stdout] ---- src/vec_u8_hash_map/google.chat.v1.rs - vec_u8_hash_map::google::chat::v1::ListReactionsRequest::filter (line 1639) stdout ----
[INFO] [stdout] error: expected `;`, found `emoji`
[INFO] [stdout]  --> src/vec_u8_hash_map/google.chat.v1.rs:1640:27
[INFO] [stdout]   |
[INFO] [stdout] 3 | user.name = "users/{user}"
[INFO] [stdout]   |                           ^ help: add `;` here
[INFO] [stdout] 4 | emoji.unicode = "🙂"
[INFO] [stdout]   | ----- unexpected token
[INFO] [stdout] 
[INFO] [stdout] error: expected `;`, found `emoji`
[INFO] [stdout]  --> src/vec_u8_hash_map/google.chat.v1.rs:1641:20
[INFO] [stdout]   |
[INFO] [stdout] 4 | emoji.unicode = "🙂"
[INFO] [stdout]   |                     ^ help: add `;` here
[INFO] [stdout] 5 | emoji.custom_emoji.uid = "{uid}"
[INFO] [stdout]   | ----- unexpected token
[INFO] [stdout] 
[INFO] [stdout] error: expected `;`, found `emoji`
[INFO] [stdout]  --> src/vec_u8_hash_map/google.chat.v1.rs:1642:33
[INFO] [stdout]   |
[INFO] [stdout] 5 | emoji.custom_emoji.uid = "{uid}"
[INFO] [stdout]   |                                 ^ help: add `;` here
[INFO] [stdout] 6 | emoji.unicode = "🙂" OR emoji.unicode = "👍"
[INFO] [stdout]   | ----- unexpected token
[INFO] [stdout] 
[INFO] [stdout] error: expected one of `.`, `;`, `?`, `}`, or an operator, found `OR`
[INFO] [stdout]  --> src/vec_u8_hash_map/google.chat.v1.rs:1643:21
[INFO] [stdout]   |
[INFO] [stdout] 6 | emoji.unicode = "🙂" OR emoji.unicode = "👍"
[INFO] [stdout]   |                      ^^ expected one of `.`, `;`, `?`, `}`, or an operator
[INFO] [stdout] 
[INFO] [stdout] error: aborting due to 4 previous errors
[INFO] [stdout] 
[INFO] [stdout] Couldn't compile the test.
[INFO] [stdout] ---- src/vec_u8_hash_map/google.chat.v1.rs - vec_u8_hash_map::google::chat::v1::ListSpaceEventsRequest::filter (line 3701) stdout ----
[INFO] [stdout] error: expected one of `.`, `;`, `?`, `}`, or an operator, found `OR`
[INFO] [stdout]  --> src/vec_u8_hash_map/google.chat.v1.rs:3702:40
[INFO] [stdout]   |
[INFO] [stdout] 3 | start_time="2023-08-23T19:20:33+00:00" OR
[INFO] [stdout]   |                                        ^^ expected one of `.`, `;`, `?`, `}`, or an operator
[INFO] [stdout] 
[INFO] [stdout] error: aborting due to 1 previous error
[INFO] [stdout] 
[INFO] [stdout] Couldn't compile the test.
[INFO] [stdout] ---- src/vec_u8_hash_map/google.chat.v1.rs - vec_u8_hash_map::google::chat::v1::ListSpaceEventsRequest::filter (line 3693) stdout ----
[INFO] [stdout] error: expected one of `.`, `;`, `?`, `}`, or an operator, found `AND`
[INFO] [stdout]  --> src/vec_u8_hash_map/google.chat.v1.rs:3694:40
[INFO] [stdout]   |
[INFO] [stdout] 3 | start_time="2023-08-23T19:20:33+00:00" AND
[INFO] [stdout]   |                                        ^^^ expected one of `.`, `;`, `?`, `}`, or an operator
[INFO] [stdout] 
[INFO] [stdout] error: aborting due to 1 previous error
[INFO] [stdout] 
[INFO] [stdout] Couldn't compile the test.
[INFO] [stdout] ---- src/vec_u8_hash_map/google.chat.v1.rs - vec_u8_hash_map::google::chat::v1::ListMessagesRequest::filter (line 3200) stdout ----
[INFO] [stdout] error: expected `;`, found `create_time`
[INFO] [stdout]  --> src/vec_u8_hash_map/google.chat.v1.rs:3201:42
[INFO] [stdout]   |
[INFO] [stdout] 3 | create_time > "2012-04-21T11:30:00-04:00"
[INFO] [stdout]   |                                          ^ help: add `;` here
[INFO] [stdout] 4 |
[INFO] [stdout] 5 | create_time > "2012-04-21T11:30:00-04:00" AND
[INFO] [stdout]   | ----------- unexpected token
[INFO] [stdout] 
[INFO] [stdout] error: expected one of `.`, `;`, `?`, `}`, or an operator, found `AND`
[INFO] [stdout]  --> src/vec_u8_hash_map/google.chat.v1.rs:3203:43
[INFO] [stdout]   |
[INFO] [stdout] 5 | create_time > "2012-04-21T11:30:00-04:00" AND
[INFO] [stdout]   |                                           ^^^ expected one of `.`, `;`, `?`, `}`, or an operator
[INFO] [stdout] 
[INFO] [stdout] error: aborting due to 2 previous errors
[INFO] [stdout] 
[INFO] [stdout] Couldn't compile the test.
[INFO] [stdout] ---- src/vec_u8_hash_map/google.chat.v1.rs - vec_u8_hash_map::google::chat::v1::ListSpaceEventsRequest::filter (line 3705) stdout ----
[INFO] [stdout] error: expected one of `!`, `.`, `::`, `;`, `?`, `{`, `}`, or an operator, found `:`
[INFO] [stdout]  --> src/vec_u8_hash_map/google.chat.v1.rs:3706:12
[INFO] [stdout]   |
[INFO] [stdout] 3 | event_types:"google.workspace.chat.space.v1.updated" AND
[INFO] [stdout]   |            ^ expected one of 8 possible tokens
[INFO] [stdout] 
[INFO] [stdout] error: aborting due to 1 previous error
[INFO] [stdout] 
[INFO] [stdout] Couldn't compile the test.
[INFO] [stdout] ---- src/vec_u8_hash_map/google.chat.v1.rs - vec_u8_hash_map::google::chat::v1::SearchSpacesRequest::query (line 2495) stdout ----
[INFO] [stdout] error: expected one of `.`, `;`, `?`, `}`, or an operator, found `AND`
[INFO] [stdout]  --> src/vec_u8_hash_map/google.chat.v1.rs:2496:36
[INFO] [stdout]   |
[INFO] [stdout] 3 | customer = "customers/my_customer" AND space_type = "SPACE"
[INFO] [stdout]   |                                    ^^^ expected one of `.`, `;`, `?`, `}`, or an operator
[INFO] [stdout] 
[INFO] [stdout] error: aborting due to 1 previous error
[INFO] [stdout] 
[INFO] [stdout] Couldn't compile the test.
[INFO] [stdout] ---- src/vec_u8_hash_map/google.chat.v1.rs - vec_u8_hash_map::google::chat::v1::ListSpacesRequest::filter (line 2264) stdout ----
[INFO] [stdout] error: expected `;`, found `spaceType`
[INFO] [stdout]  --> src/vec_u8_hash_map/google.chat.v1.rs:2265:21
[INFO] [stdout]   |
[INFO] [stdout] 3 | space_type = "SPACE"
[INFO] [stdout]   |                     ^ help: add `;` here
[INFO] [stdout] 4 | spaceType = "GROUP_CHAT" OR spaceType = "DIRECT_MESSAGE"
[INFO] [stdout]   | --------- unexpected token
[INFO] [stdout] 
[INFO] [stdout] error: expected one of `.`, `;`, `?`, `}`, or an operator, found `OR`
[INFO] [stdout]  --> src/vec_u8_hash_map/google.chat.v1.rs:2266:26
[INFO] [stdout]   |
[INFO] [stdout] 4 | spaceType = "GROUP_CHAT" OR spaceType = "DIRECT_MESSAGE"
[INFO] [stdout]   |                          ^^ expected one of `.`, `;`, `?`, `}`, or an operator
[INFO] [stdout] 
[INFO] [stdout] error: aborting due to 2 previous errors
[INFO] [stdout] 
[INFO] [stdout] Couldn't compile the test.
[INFO] [stdout] ---- src/vec_u8_hash_map/google.chat.v1.rs - vec_u8_hash_map::google::chat::v1::SpaceEvent::event_type (line 3486) stdout ----
[INFO] [stdout] error: unknown start of token: `
[INFO] [stdout]  --> src/vec_u8_hash_map/google.chat.v1.rs:3487:16
[INFO] [stdout]   |
[INFO] [stdout] 3 | * New message: `google.workspace.chat.message.v1.created`
[INFO] [stdout]   |                ^
[INFO] [stdout]   |
[INFO] [stdout] help: Unicode character '`' (Grave Accent) looks like ''' (Single Quote), but it is not
[INFO] [stdout]   |
[INFO] [stdout] 3 | * New message: 'google.workspace.chat.message.v1.created`
[INFO] [stdout]   |                ~
[INFO] [stdout] 
[INFO] [stdout] error: unknown start of token: `
[INFO] [stdout]  --> src/vec_u8_hash_map/google.chat.v1.rs:3487:57
[INFO] [stdout]   |
[INFO] [stdout] 3 | * New message: `google.workspace.chat.message.v1.created`
[INFO] [stdout]   |                                                         ^
[INFO] [stdout]   |
[INFO] [stdout] help: Unicode character '`' (Grave Accent) looks like ''' (Single Quote), but it is not
[INFO] [stdout]   |
[INFO] [stdout] 3 | * New message: `google.workspace.chat.message.v1.created'
[INFO] [stdout]   |                                                         ~
[INFO] [stdout] 
[INFO] [stdout] error: unknown start of token: `
[INFO] [stdout]  --> src/vec_u8_hash_map/google.chat.v1.rs:3488:20
[INFO] [stdout]   |
[INFO] [stdout] 4 | * Updated message: `google.workspace.chat.message.v1.updated`
[INFO] [stdout]   |                    ^
[INFO] [stdout]   |
[INFO] [stdout] help: Unicode character '`' (Grave Accent) looks like ''' (Single Quote), but it is not
[INFO] [stdout]   |
[INFO] [stdout] 4 | * Updated message: 'google.workspace.chat.message.v1.updated`
[INFO] [stdout]   |                    ~
[INFO] [stdout] 
[INFO] [stdout] error: unknown start of token: `
[INFO] [stdout]  --> src/vec_u8_hash_map/google.chat.v1.rs:3488:61
[INFO] [stdout]   |
[INFO] [stdout] 4 | * Updated message: `google.workspace.chat.message.v1.updated`
[INFO] [stdout]   |                                                             ^
[INFO] [stdout]   |
[INFO] [stdout] help: Unicode character '`' (Grave Accent) looks like ''' (Single Quote), but it is not
[INFO] [stdout]   |
[INFO] [stdout] 4 | * Updated message: `google.workspace.chat.message.v1.updated'
[INFO] [stdout]   |                                                             ~
[INFO] [stdout] 
[INFO] [stdout] error: unknown start of token: `
[INFO] [stdout]  --> src/vec_u8_hash_map/google.chat.v1.rs:3489:20
[INFO] [stdout]   |
[INFO] [stdout] 5 | * Deleted message: `google.workspace.chat.message.v1.deleted`
[INFO] [stdout]   |                    ^
[INFO] [stdout]   |
[INFO] [stdout] help: Unicode character '`' (Grave Accent) looks like ''' (Single Quote), but it is not
[INFO] [stdout]   |
[INFO] [stdout] 5 | * Deleted message: 'google.workspace.chat.message.v1.deleted`
[INFO] [stdout]   |                    ~
[INFO] [stdout] 
[INFO] [stdout] error: unknown start of token: `
[INFO] [stdout]  --> src/vec_u8_hash_map/google.chat.v1.rs:3489:61
[INFO] [stdout]   |
[INFO] [stdout] 5 | * Deleted message: `google.workspace.chat.message.v1.deleted`
[INFO] [stdout]   |                                                             ^
[INFO] [stdout]   |
[INFO] [stdout] help: Unicode character '`' (Grave Accent) looks like ''' (Single Quote), but it is not
[INFO] [stdout]   |
[INFO] [stdout] 5 | * Deleted message: `google.workspace.chat.message.v1.deleted'
[INFO] [stdout]   |                                                             ~
[INFO] [stdout] 
[INFO] [stdout] error: unknown start of token: `
[INFO] [stdout]  --> src/vec_u8_hash_map/google.chat.v1.rs:3490:26
[INFO] [stdout]   |
[INFO] [stdout] 6 | * Multiple new messages: `google.workspace.chat.message.v1.batchCreated`
[INFO] [stdout]   |                          ^
[INFO] [stdout]   |
[INFO] [stdout] help: Unicode character '`' (Grave Accent) looks like ''' (Single Quote), but it is not
[INFO] [stdout]   |
[INFO] [stdout] 6 | * Multiple new messages: 'google.workspace.chat.message.v1.batchCreated`
[INFO] [stdout]   |                          ~
[INFO] [stdout] 
[INFO] [stdout] error: unknown start of token: `
[INFO] [stdout]  --> src/vec_u8_hash_map/google.chat.v1.rs:3490:72
[INFO] [stdout]   |
[INFO] [stdout] 6 | * Multiple new messages: `google.workspace.chat.message.v1.batchCreated`
[INFO] [stdout]   |                                                                        ^
[INFO] [stdout]   |
[INFO] [stdout] help: Unicode character '`' (Grave Accent) looks like ''' (Single Quote), but it is not
[INFO] [stdout]   |
[INFO] [stdout] 6 | * Multiple new messages: `google.workspace.chat.message.v1.batchCreated'
[INFO] [stdout]   |                                                                        ~
[INFO] [stdout] 
[INFO] [stdout] error: unknown start of token: `
[INFO] [stdout]  --> src/vec_u8_hash_map/google.chat.v1.rs:3492:1
[INFO] [stdout]   |
[INFO] [stdout] 8 | `google.workspace.chat.message.v1.batchUpdated`
[INFO] [stdout]   | ^
[INFO] [stdout]   |
[INFO] [stdout] help: Unicode character '`' (Grave Accent) looks like ''' (Single Quote), but it is not
[INFO] [stdout]   |
[INFO] [stdout] 8 | 'google.workspace.chat.message.v1.batchUpdated`
[INFO] [stdout]   | ~
[INFO] [stdout] 
[INFO] [stdout] error: unknown start of token: `
[INFO] [stdout]  --> src/vec_u8_hash_map/google.chat.v1.rs:3492:47
[INFO] [stdout]   |
[INFO] [stdout] 8 | `google.workspace.chat.message.v1.batchUpdated`
[INFO] [stdout]   |                                               ^
[INFO] [stdout]   |
[INFO] [stdout] help: Unicode character '`' (Grave Accent) looks like ''' (Single Quote), but it is not
[INFO] [stdout]   |
[INFO] [stdout] 8 | `google.workspace.chat.message.v1.batchUpdated'
[INFO] [stdout]   |                                               ~
[INFO] [stdout] 
[INFO] [stdout] error: unknown start of token: `
[INFO] [stdout]   --> src/vec_u8_hash_map/google.chat.v1.rs:3494:1
[INFO] [stdout]    |
[INFO] [stdout] 10 | `google.workspace.chat.message.v1.batchDeleted`
[INFO] [stdout]    | ^
[INFO] [stdout]    |
[INFO] [stdout] help: Unicode character '`' (Grave Accent) looks like ''' (Single Quote), but it is not
[INFO] [stdout]    |
[INFO] [stdout] 10 | 'google.workspace.chat.message.v1.batchDeleted`
[INFO] [stdout]    | ~
[INFO] [stdout] 
[INFO] [stdout] error: unknown start of token: `
[INFO] [stdout]   --> src/vec_u8_hash_map/google.chat.v1.rs:3494:47
[INFO] [stdout]    |
[INFO] [stdout] 10 | `google.workspace.chat.message.v1.batchDeleted`
[INFO] [stdout]    |                                               ^
[INFO] [stdout]    |
[INFO] [stdout] help: Unicode character '`' (Grave Accent) looks like ''' (Single Quote), but it is not
[INFO] [stdout]    |
[INFO] [stdout] 10 | `google.workspace.chat.message.v1.batchDeleted'
[INFO] [stdout]    |                                               ~
[INFO] [stdout] 
[INFO] [stdout] error: expected one of `!`, `.`, `::`, `;`, `?`, `{`, `}`, or an operator, found `message`
[INFO] [stdout]  --> src/vec_u8_hash_map/google.chat.v1.rs:3487:7
[INFO] [stdout]   |
[INFO] [stdout] 3 | * New message: `google.workspace.chat.message.v1.created`
[INFO] [stdout]   |       ^^^^^^^ expected one of 8 possible tokens
[INFO] [stdout] 
[INFO] [stdout] error: aborting due to 13 previous errors
[INFO] [stdout] 
[INFO] [stdout] Couldn't compile the test.
[INFO] [stdout] 
[INFO] [stdout] failures:
[INFO] [stdout]     src/vec_u8_hash_map/google.chat.v1.rs - vec_u8_hash_map::google::chat::v1::Annotation (line 244)
[INFO] [stdout]     src/vec_u8_hash_map/google.chat.v1.rs - vec_u8_hash_map::google::chat::v1::Annotation (line 249)
[INFO] [stdout]     src/vec_u8_hash_map/google.chat.v1.rs - vec_u8_hash_map::google::chat::v1::ListMembershipsRequest::filter (line 839)
[INFO] [stdout]     src/vec_u8_hash_map/google.chat.v1.rs - vec_u8_hash_map::google::chat::v1::ListMembershipsRequest::filter (line 848)
[INFO] [stdout]     src/vec_u8_hash_map/google.chat.v1.rs - vec_u8_hash_map::google::chat::v1::ListMessagesRequest::filter (line 3200)
[INFO] [stdout]     src/vec_u8_hash_map/google.chat.v1.rs - vec_u8_hash_map::google::chat::v1::ListReactionsRequest::filter (line 1639)
[INFO] [stdout]     src/vec_u8_hash_map/google.chat.v1.rs - vec_u8_hash_map::google::chat::v1::ListReactionsRequest::filter (line 1652)
[INFO] [stdout]     src/vec_u8_hash_map/google.chat.v1.rs - vec_u8_hash_map::google::chat::v1::ListSpaceEventsRequest::filter (line 3689)
[INFO] [stdout]     src/vec_u8_hash_map/google.chat.v1.rs - vec_u8_hash_map::google::chat::v1::ListSpaceEventsRequest::filter (line 3693)
[INFO] [stdout]     src/vec_u8_hash_map/google.chat.v1.rs - vec_u8_hash_map::google::chat::v1::ListSpaceEventsRequest::filter (line 3701)
[INFO] [stdout]     src/vec_u8_hash_map/google.chat.v1.rs - vec_u8_hash_map::google::chat::v1::ListSpaceEventsRequest::filter (line 3705)
[INFO] [stdout]     src/vec_u8_hash_map/google.chat.v1.rs - vec_u8_hash_map::google::chat::v1::ListSpacesRequest::filter (line 2264)
[INFO] [stdout]     src/vec_u8_hash_map/google.chat.v1.rs - vec_u8_hash_map::google::chat::v1::SearchSpacesRequest::query (line 2495)
[INFO] [stdout]     src/vec_u8_hash_map/google.chat.v1.rs - vec_u8_hash_map::google::chat::v1::SpaceEvent::event_type (line 3486)
[INFO] [stdout] 
[INFO] [stdout] test result: FAILED. 0 passed; 14 failed; 0 ignored; 0 measured; 0 filtered out; finished in 0.11s
[INFO] [stdout] 
[INFO] [stderr] error: doctest failed, to rerun pass `--doc`
[INFO] running `Command { std: "docker" "inspect" "706c7fb534c049193fe47521633ae48aa9b699b069afcc81ceb99ab250ebd59d", kill_on_drop: false }`
[INFO] running `Command { std: "docker" "rm" "-f" "706c7fb534c049193fe47521633ae48aa9b699b069afcc81ceb99ab250ebd59d", kill_on_drop: false }`
[INFO] [stdout] 706c7fb534c049193fe47521633ae48aa9b699b069afcc81ceb99ab250ebd59d
