[INFO] fetching crate googleapis-tonic-google-bigtable-v2 0.9.0...
[INFO] testing googleapis-tonic-google-bigtable-v2-0.9.0 against nightly-2024-10-28+rustflags=-Zrandomize-layout for randomize-layout
[INFO] extracting crate googleapis-tonic-google-bigtable-v2 0.9.0 into /workspace/builds/worker-7-tc2/source
[INFO] validating manifest of crates.io crate googleapis-tonic-google-bigtable-v2 0.9.0 on toolchain nightly-2024-10-28
[INFO] running `Command { std: CARGO_HOME="/workspace/cargo-home" RUSTUP_HOME="/workspace/rustup-home" "/workspace/cargo-home/bin/cargo" "+nightly-2024-10-28" "metadata" "--manifest-path" "Cargo.toml" "--no-deps", kill_on_drop: false }`
[INFO] started tweaking crates.io crate googleapis-tonic-google-bigtable-v2 0.9.0
[INFO] finished tweaking crates.io crate googleapis-tonic-google-bigtable-v2 0.9.0
[INFO] tweaked toml for crates.io crate googleapis-tonic-google-bigtable-v2 0.9.0 written to /workspace/builds/worker-7-tc2/source/Cargo.toml
[INFO] running `Command { std: CARGO_HOME="/workspace/cargo-home" RUSTUP_HOME="/workspace/rustup-home" "/workspace/cargo-home/bin/cargo" "+nightly-2024-10-28" "generate-lockfile" "--manifest-path" "Cargo.toml", kill_on_drop: false }`
[INFO] [stderr]     Updating crates.io index
[INFO] [stderr]      Locking 57 packages to latest compatible versions
[INFO] [stderr]       Adding googleapis-tonic-google-api v0.9.0 (available: v0.10.0)
[INFO] running `Command { std: CARGO_HOME="/workspace/cargo-home" RUSTUP_HOME="/workspace/rustup-home" "/workspace/cargo-home/bin/cargo" "+nightly-2024-10-28" "fetch" "--manifest-path" "Cargo.toml", kill_on_drop: false }`
[INFO] running `Command { std: "docker" "create" "-v" "/var/lib/crater-agent-workspace/builds/worker-7-tc2/target:/opt/rustwide/target:rw,Z" "-v" "/var/lib/crater-agent-workspace/builds/worker-7-tc2/source:/opt/rustwide/workdir:ro,Z" "-v" "/var/lib/crater-agent-workspace/cargo-home:/opt/rustwide/cargo-home:ro,Z" "-v" "/var/lib/crater-agent-workspace/rustup-home:/opt/rustwide/rustup-home:ro,Z" "-e" "SOURCE_DIR=/opt/rustwide/workdir" "-e" "CARGO_TARGET_DIR=/opt/rustwide/target" "-e" "CARGO_HOME=/opt/rustwide/cargo-home" "-e" "RUSTUP_HOME=/opt/rustwide/rustup-home" "-w" "/opt/rustwide/workdir" "-m" "1610612736" "--user" "0:0" "--network" "none" "ghcr.io/rust-lang/crates-build-env/linux@sha256:4a844ea9eb2546a2d2c7022eacef16ef2e8229c7fbb2c7d4d55a9ceca922f72d" "/opt/rustwide/cargo-home/bin/cargo" "+nightly-2024-10-28" "metadata" "--no-deps" "--format-version=1", kill_on_drop: false }`
[INFO] [stdout] 96ab83b71b53ffc121585e3d196c9a505613a26093bfc33a202e31a5c4ba777c
[INFO] running `Command { std: "docker" "start" "-a" "96ab83b71b53ffc121585e3d196c9a505613a26093bfc33a202e31a5c4ba777c", kill_on_drop: false }`
[INFO] running `Command { std: "docker" "inspect" "96ab83b71b53ffc121585e3d196c9a505613a26093bfc33a202e31a5c4ba777c", kill_on_drop: false }`
[INFO] running `Command { std: "docker" "rm" "-f" "96ab83b71b53ffc121585e3d196c9a505613a26093bfc33a202e31a5c4ba777c", kill_on_drop: false }`
[INFO] [stdout] 96ab83b71b53ffc121585e3d196c9a505613a26093bfc33a202e31a5c4ba777c
[INFO] running `Command { std: "docker" "create" "-v" "/var/lib/crater-agent-workspace/builds/worker-7-tc2/target:/opt/rustwide/target:rw,Z" "-v" "/var/lib/crater-agent-workspace/builds/worker-7-tc2/source:/opt/rustwide/workdir:ro,Z" "-v" "/var/lib/crater-agent-workspace/cargo-home:/opt/rustwide/cargo-home:ro,Z" "-v" "/var/lib/crater-agent-workspace/rustup-home:/opt/rustwide/rustup-home:ro,Z" "-e" "SOURCE_DIR=/opt/rustwide/workdir" "-e" "CARGO_TARGET_DIR=/opt/rustwide/target" "-e" "CARGO_INCREMENTAL=0" "-e" "RUST_BACKTRACE=full" "-e" "RUSTFLAGS=--cap-lints=forbid -Zrandomize-layout" "-e" "RUSTDOCFLAGS=--cap-lints=forbid" "-e" "CARGO_HOME=/opt/rustwide/cargo-home" "-e" "RUSTUP_HOME=/opt/rustwide/rustup-home" "-w" "/opt/rustwide/workdir" "-m" "1610612736" "--user" "0:0" "--network" "none" "ghcr.io/rust-lang/crates-build-env/linux@sha256:4a844ea9eb2546a2d2c7022eacef16ef2e8229c7fbb2c7d4d55a9ceca922f72d" "/opt/rustwide/cargo-home/bin/cargo" "+nightly-2024-10-28" "build" "--frozen" "--message-format=json", kill_on_drop: false }`
[INFO] [stdout] 09d6127bb1fd8fcaafaad62ed0dc9c4b51ad7e087641b62f5ce903fea234d378
[INFO] running `Command { std: "docker" "start" "-a" "09d6127bb1fd8fcaafaad62ed0dc9c4b51ad7e087641b62f5ce903fea234d378", kill_on_drop: false }`
[INFO] [stderr]    Compiling proc-macro2 v1.0.89
[INFO] [stderr]    Compiling unicode-ident v1.0.13
[INFO] [stderr]    Compiling bytes v1.8.0
[INFO] [stderr]    Compiling pin-project-lite v0.2.15
[INFO] [stderr]    Compiling anyhow v1.0.92
[INFO] [stderr]    Compiling either v1.13.0
[INFO] [stderr]    Compiling futures-core v0.3.31
[INFO] [stderr]    Compiling itoa v1.0.11
[INFO] [stderr]    Compiling fnv v1.0.7
[INFO] [stderr]    Compiling once_cell v1.20.2
[INFO] [stderr]    Compiling futures-task v0.3.31
[INFO] [stderr]    Compiling pin-utils v0.1.0
[INFO] [stderr]    Compiling tower-layer v0.3.3
[INFO] [stderr]    Compiling base64 v0.22.1
[INFO] [stderr]    Compiling tower-service v0.3.3
[INFO] [stderr]    Compiling percent-encoding v2.3.1
[INFO] [stderr]    Compiling tokio v1.41.0
[INFO] [stderr]    Compiling futures-util v0.3.31
[INFO] [stderr]    Compiling tracing-core v0.1.32
[INFO] [stderr]    Compiling itertools v0.13.0
[INFO] [stderr]    Compiling http v1.1.0
[INFO] [stderr]    Compiling quote v1.0.37
[INFO] [stderr]    Compiling syn v2.0.86
[INFO] [stderr]    Compiling tokio-stream v0.1.16
[INFO] [stderr]    Compiling http-body v1.0.1
[INFO] [stderr]    Compiling http-body-util v0.1.2
[INFO] [stderr]    Compiling prost-derive v0.13.3
[INFO] [stderr]    Compiling pin-project-internal v1.1.7
[INFO] [stderr]    Compiling tracing-attributes v0.1.27
[INFO] [stderr]    Compiling async-trait v0.1.83
[INFO] [stderr]    Compiling pin-project v1.1.7
[INFO] [stderr]    Compiling tracing v0.1.40
[INFO] [stderr]    Compiling prost v0.13.3
[INFO] [stderr]    Compiling tonic v0.12.3
[INFO] [stderr]    Compiling prost-types v0.13.3
[INFO] [stderr]    Compiling googleapis-tonic-google-type v0.8.0
[INFO] [stderr]    Compiling googleapis-tonic-google-rpc v0.8.0
[INFO] [stderr]    Compiling googleapis-tonic-google-api v0.9.0
[INFO] [stderr]    Compiling googleapis-tonic-google-bigtable-v2 v0.9.0 (/opt/rustwide/workdir)
[INFO] [stderr]     Finished `dev` profile [unoptimized + debuginfo] target(s) in 6.31s
[INFO] running `Command { std: "docker" "inspect" "09d6127bb1fd8fcaafaad62ed0dc9c4b51ad7e087641b62f5ce903fea234d378", kill_on_drop: false }`
[INFO] running `Command { std: "docker" "rm" "-f" "09d6127bb1fd8fcaafaad62ed0dc9c4b51ad7e087641b62f5ce903fea234d378", kill_on_drop: false }`
[INFO] [stdout] 09d6127bb1fd8fcaafaad62ed0dc9c4b51ad7e087641b62f5ce903fea234d378
[INFO] running `Command { std: "docker" "create" "-v" "/var/lib/crater-agent-workspace/builds/worker-7-tc2/target:/opt/rustwide/target:rw,Z" "-v" "/var/lib/crater-agent-workspace/builds/worker-7-tc2/source:/opt/rustwide/workdir:ro,Z" "-v" "/var/lib/crater-agent-workspace/cargo-home:/opt/rustwide/cargo-home:ro,Z" "-v" "/var/lib/crater-agent-workspace/rustup-home:/opt/rustwide/rustup-home:ro,Z" "-e" "SOURCE_DIR=/opt/rustwide/workdir" "-e" "CARGO_TARGET_DIR=/opt/rustwide/target" "-e" "CARGO_INCREMENTAL=0" "-e" "RUST_BACKTRACE=full" "-e" "RUSTFLAGS=--cap-lints=forbid -Zrandomize-layout" "-e" "RUSTDOCFLAGS=--cap-lints=forbid" "-e" "CARGO_HOME=/opt/rustwide/cargo-home" "-e" "RUSTUP_HOME=/opt/rustwide/rustup-home" "-w" "/opt/rustwide/workdir" "-m" "1610612736" "--user" "0:0" "--network" "none" "ghcr.io/rust-lang/crates-build-env/linux@sha256:4a844ea9eb2546a2d2c7022eacef16ef2e8229c7fbb2c7d4d55a9ceca922f72d" "/opt/rustwide/cargo-home/bin/cargo" "+nightly-2024-10-28" "test" "--frozen" "--no-run" "--message-format=json", kill_on_drop: false }`
[INFO] [stdout] 174a057eae76dcdc2fafa63d6c16116a743eec4b31f002df41311d9611a3e38b
[INFO] running `Command { std: "docker" "start" "-a" "174a057eae76dcdc2fafa63d6c16116a743eec4b31f002df41311d9611a3e38b", kill_on_drop: false }`
[INFO] [stderr]    Compiling googleapis-tonic-google-bigtable-v2 v0.9.0 (/opt/rustwide/workdir)
[INFO] [stderr]     Finished `test` profile [unoptimized + debuginfo] target(s) in 0.77s
[INFO] running `Command { std: "docker" "inspect" "174a057eae76dcdc2fafa63d6c16116a743eec4b31f002df41311d9611a3e38b", kill_on_drop: false }`
[INFO] running `Command { std: "docker" "rm" "-f" "174a057eae76dcdc2fafa63d6c16116a743eec4b31f002df41311d9611a3e38b", kill_on_drop: false }`
[INFO] [stdout] 174a057eae76dcdc2fafa63d6c16116a743eec4b31f002df41311d9611a3e38b
[INFO] running `Command { std: "docker" "create" "-v" "/var/lib/crater-agent-workspace/builds/worker-7-tc2/target:/opt/rustwide/target:rw,Z" "-v" "/var/lib/crater-agent-workspace/builds/worker-7-tc2/source:/opt/rustwide/workdir:ro,Z" "-v" "/var/lib/crater-agent-workspace/cargo-home:/opt/rustwide/cargo-home:ro,Z" "-v" "/var/lib/crater-agent-workspace/rustup-home:/opt/rustwide/rustup-home:ro,Z" "-e" "SOURCE_DIR=/opt/rustwide/workdir" "-e" "CARGO_TARGET_DIR=/opt/rustwide/target" "-e" "CARGO_INCREMENTAL=0" "-e" "RUST_BACKTRACE=full" "-e" "RUSTFLAGS=--cap-lints=forbid -Zrandomize-layout" "-e" "RUSTDOCFLAGS=--cap-lints=forbid" "-e" "CARGO_HOME=/opt/rustwide/cargo-home" "-e" "RUSTUP_HOME=/opt/rustwide/rustup-home" "-w" "/opt/rustwide/workdir" "-m" "1610612736" "--user" "0:0" "--network" "none" "ghcr.io/rust-lang/crates-build-env/linux@sha256:4a844ea9eb2546a2d2c7022eacef16ef2e8229c7fbb2c7d4d55a9ceca922f72d" "/opt/rustwide/cargo-home/bin/cargo" "+nightly-2024-10-28" "test" "--frozen", kill_on_drop: false }`
[INFO] [stdout] adfaf50f6bf1858a910cb54efe88af6cc07c5fae243e3378370ab09391e3c1d1
[INFO] running `Command { std: "docker" "start" "-a" "adfaf50f6bf1858a910cb54efe88af6cc07c5fae243e3378370ab09391e3c1d1", kill_on_drop: false }`
[INFO] [stderr]     Finished `test` profile [unoptimized + debuginfo] target(s) in 0.03s
[INFO] [stderr]      Running unittests src/lib.rs (/opt/rustwide/target/debug/deps/googleapis_tonic_google_bigtable_v2-73d8f85a4cec66a7)
[INFO] [stdout] 
[INFO] [stdout] running 0 tests
[INFO] [stdout] 
[INFO] [stdout] test result: ok. 0 passed; 0 failed; 0 ignored; 0 measured; 0 filtered out; finished in 0.00s
[INFO] [stdout] 
[INFO] [stderr]    Doc-tests googleapis_tonic_google_bigtable_v2
[INFO] [stdout] 
[INFO] [stdout] running 3 tests
[INFO] [stdout] test src/vec_u8_hash_map/google.bigtable.v2.rs - vec_u8_hash_map::google::bigtable::v2::row_filter::Interleave::filters (line 680) ... FAILED
[INFO] [stdout] test src/vec_u8_hash_map/google.bigtable.v2.rs - vec_u8_hash_map::google::bigtable::v2::ReadRowsRequest::reversed (line 1337) ... FAILED
[INFO] [stdout] test src/vec_u8_hash_map/google.bigtable.v2.rs - vec_u8_hash_map::google::bigtable::v2::row_filter::Filter::Sink (line 752) ... FAILED
[INFO] [stdout] 
[INFO] [stdout] failures:
[INFO] [stdout] 
[INFO] [stdout] ---- src/vec_u8_hash_map/google.bigtable.v2.rs - vec_u8_hash_map::google::bigtable::v2::row_filter::Interleave::filters (line 680) stdout ----
[INFO] [stdout] error: expected one of `!`, `.`, `::`, `;`, `?`, `{`, `}`, or an operator, found `row`
[INFO] [stdout]  --> src/vec_u8_hash_map/google.bigtable.v2.rs:681:7
[INFO] [stdout]   |
[INFO] [stdout] 3 | input row
[INFO] [stdout]   |       ^^^ expected one of 8 possible tokens
[INFO] [stdout] 
[INFO] [stdout] error: aborting due to 1 previous error
[INFO] [stdout] 
[INFO] [stdout] Couldn't compile the test.
[INFO] [stdout] ---- src/vec_u8_hash_map/google.bigtable.v2.rs - vec_u8_hash_map::google::bigtable::v2::ReadRowsRequest::reversed (line 1337) stdout ----
[INFO] [stdout] error: expected one of `!`, `.`, `::`, `;`, `?`, `{`, `}`, or an operator, found `:`
[INFO] [stdout]  --> src/vec_u8_hash_map/google.bigtable.v2.rs:1339:8
[INFO] [stdout]   |
[INFO] [stdout] 4 |    {key: "k2", "f:col1": "v1", "f:col2": "v1"},
[INFO] [stdout]   |        ^ expected one of 8 possible tokens
[INFO] [stdout] 
[INFO] [stdout] error: aborting due to 1 previous error
[INFO] [stdout] 
[INFO] [stdout] Couldn't compile the test.
[INFO] [stdout] ---- src/vec_u8_hash_map/google.bigtable.v2.rs - vec_u8_hash_map::google::bigtable::v2::row_filter::Filter::Sink (line 752) stdout ----
[INFO] [stdout] error: unknown start of token: \
[INFO] [stdout]   --> src/vec_u8_hash_map/google.bigtable.v2.rs:775:45
[INFO] [stdout]    |
[INFO] [stdout] 25 |         A,A,1,w              A,A,1,w,labels:\[foo\]
[INFO] [stdout]    |                                             ^
[INFO] [stdout] 
[INFO] [stdout] error: unknown start of token: \
[INFO] [stdout]   --> src/vec_u8_hash_map/google.bigtable.v2.rs:775:50
[INFO] [stdout]    |
[INFO] [stdout] 25 |         A,A,1,w              A,A,1,w,labels:\[foo\]
[INFO] [stdout]    |                                                  ^
[INFO] [stdout] 
[INFO] [stdout] error: unknown start of token: \
[INFO] [stdout]   --> src/vec_u8_hash_map/google.bigtable.v2.rs:776:45
[INFO] [stdout]    |
[INFO] [stdout] 26 |         A,B,2,x              A,B,2,x,labels:\[foo\]
[INFO] [stdout]    |                                             ^
[INFO] [stdout] 
[INFO] [stdout] error: unknown start of token: \
[INFO] [stdout]   --> src/vec_u8_hash_map/google.bigtable.v2.rs:776:50
[INFO] [stdout]    |
[INFO] [stdout] 26 |         A,B,2,x              A,B,2,x,labels:\[foo\]
[INFO] [stdout]    |                                                  ^
[INFO] [stdout] 
[INFO] [stdout] error: unknown start of token: \
[INFO] [stdout]   --> src/vec_u8_hash_map/google.bigtable.v2.rs:780:65
[INFO] [stdout]    |
[INFO] [stdout] 30 |            +------------+      x------+          A,A,1,w,labels:\[foo\]
[INFO] [stdout]    |                                                                 ^
[INFO] [stdout] 
[INFO] [stdout] error: unknown start of token: \
[INFO] [stdout]   --> src/vec_u8_hash_map/google.bigtable.v2.rs:780:70
[INFO] [stdout]    |
[INFO] [stdout] 30 |            +------------+      x------+          A,A,1,w,labels:\[foo\]
[INFO] [stdout]    |                                                                      ^
[INFO] [stdout] 
[INFO] [stdout] error: unknown start of token: \
[INFO] [stdout]   --> src/vec_u8_hash_map/google.bigtable.v2.rs:781:65
[INFO] [stdout]    |
[INFO] [stdout] 31 |                         |                        A,B,2,x,labels:\[foo\]
[INFO] [stdout]    |                                                                 ^
[INFO] [stdout] 
[INFO] [stdout] error: unknown start of token: \
[INFO] [stdout]   --> src/vec_u8_hash_map/google.bigtable.v2.rs:781:70
[INFO] [stdout]    |
[INFO] [stdout] 31 |                         |                        A,B,2,x,labels:\[foo\]
[INFO] [stdout]    |                                                                      ^
[INFO] [stdout] 
[INFO] [stdout] error: unknown start of token: \
[INFO] [stdout]   --> src/vec_u8_hash_map/google.bigtable.v2.rs:791:37
[INFO] [stdout]    |
[INFO] [stdout] 41 |                      A,A,1,w,labels:\[foo\]
[INFO] [stdout]    |                                     ^
[INFO] [stdout] 
[INFO] [stdout] error: unknown start of token: \
[INFO] [stdout]   --> src/vec_u8_hash_map/google.bigtable.v2.rs:791:42
[INFO] [stdout]    |
[INFO] [stdout] 41 |                      A,A,1,w,labels:\[foo\]
[INFO] [stdout]    |                                          ^
[INFO] [stdout] 
[INFO] [stdout] error: unknown start of token: \
[INFO] [stdout]   --> src/vec_u8_hash_map/google.bigtable.v2.rs:792:37
[INFO] [stdout]    |
[INFO] [stdout] 42 |                      A,B,2,x,labels:\[foo\]  // could be switched
[INFO] [stdout]    |                                     ^
[INFO] [stdout] 
[INFO] [stdout] error: unknown start of token: \
[INFO] [stdout]   --> src/vec_u8_hash_map/google.bigtable.v2.rs:792:42
[INFO] [stdout]    |
[INFO] [stdout] 42 |                      A,B,2,x,labels:\[foo\]  // could be switched
[INFO] [stdout]    |                                          ^
[INFO] [stdout] 
[INFO] [stdout] error: expected `;`, found `A`
[INFO] [stdout]   --> src/vec_u8_hash_map/google.bigtable.v2.rs:760:3
[INFO] [stdout]    |
[INFO] [stdout] 10 |  )
[INFO] [stdout]    |   ^ help: add `;` here
[INFO] [stdout] 11 |
[INFO] [stdout] 12 |                      A,A,1,w
[INFO] [stdout]    |                      - unexpected token
[INFO] [stdout] 
[INFO] [stdout] error: expected one of `!`, `.`, `::`, `;`, `?`, `{`, `}`, or an operator, found `,`
[INFO] [stdout]   --> src/vec_u8_hash_map/google.bigtable.v2.rs:762:23
[INFO] [stdout]    |
[INFO] [stdout] 12 |                      A,A,1,w
[INFO] [stdout]    |                       ^ expected one of 8 possible tokens
[INFO] [stdout] 
[INFO] [stdout] error: aborting due to 14 previous errors
[INFO] [stdout] 
[INFO] [stdout] Couldn't compile the test.
[INFO] [stdout] 
[INFO] [stdout] failures:
[INFO] [stdout]     src/vec_u8_hash_map/google.bigtable.v2.rs - vec_u8_hash_map::google::bigtable::v2::ReadRowsRequest::reversed (line 1337)
[INFO] [stdout]     src/vec_u8_hash_map/google.bigtable.v2.rs - vec_u8_hash_map::google::bigtable::v2::row_filter::Filter::Sink (line 752)
[INFO] [stdout]     src/vec_u8_hash_map/google.bigtable.v2.rs - vec_u8_hash_map::google::bigtable::v2::row_filter::Interleave::filters (line 680)
[INFO] [stdout] 
[INFO] [stdout] test result: FAILED. 0 passed; 3 failed; 0 ignored; 0 measured; 0 filtered out; finished in 0.03s
[INFO] [stdout] 
[INFO] [stderr] error: doctest failed, to rerun pass `--doc`
[INFO] running `Command { std: "docker" "inspect" "adfaf50f6bf1858a910cb54efe88af6cc07c5fae243e3378370ab09391e3c1d1", kill_on_drop: false }`
[INFO] running `Command { std: "docker" "rm" "-f" "adfaf50f6bf1858a910cb54efe88af6cc07c5fae243e3378370ab09391e3c1d1", kill_on_drop: false }`
[INFO] [stdout] adfaf50f6bf1858a910cb54efe88af6cc07c5fae243e3378370ab09391e3c1d1
