[INFO] fetching crate googleapis-tonic-google-apps-card-v1 0.8.0...
[INFO] testing googleapis-tonic-google-apps-card-v1-0.8.0 against nightly-2024-10-28+rustflags=-Zrandomize-layout for randomize-layout
[INFO] extracting crate googleapis-tonic-google-apps-card-v1 0.8.0 into /workspace/builds/worker-2-tc2/source
[INFO] validating manifest of crates.io crate googleapis-tonic-google-apps-card-v1 0.8.0 on toolchain nightly-2024-10-28
[INFO] running `Command { std: CARGO_HOME="/workspace/cargo-home" RUSTUP_HOME="/workspace/rustup-home" "/workspace/cargo-home/bin/cargo" "+nightly-2024-10-28" "metadata" "--manifest-path" "Cargo.toml" "--no-deps", kill_on_drop: false }`
[INFO] started tweaking crates.io crate googleapis-tonic-google-apps-card-v1 0.8.0
[INFO] finished tweaking crates.io crate googleapis-tonic-google-apps-card-v1 0.8.0
[INFO] tweaked toml for crates.io crate googleapis-tonic-google-apps-card-v1 0.8.0 written to /workspace/builds/worker-2-tc2/source/Cargo.toml
[INFO] running `Command { std: CARGO_HOME="/workspace/cargo-home" RUSTUP_HOME="/workspace/rustup-home" "/workspace/cargo-home/bin/cargo" "+nightly-2024-10-28" "generate-lockfile" "--manifest-path" "Cargo.toml", kill_on_drop: false }`
[INFO] [stderr]     Updating crates.io index
[INFO] [stderr]      Locking 55 packages to latest compatible versions
[INFO] running `Command { std: CARGO_HOME="/workspace/cargo-home" RUSTUP_HOME="/workspace/rustup-home" "/workspace/cargo-home/bin/cargo" "+nightly-2024-10-28" "fetch" "--manifest-path" "Cargo.toml", kill_on_drop: false }`
[INFO] running `Command { std: "docker" "create" "-v" "/var/lib/crater-agent-workspace/builds/worker-2-tc2/target:/opt/rustwide/target:rw,Z" "-v" "/var/lib/crater-agent-workspace/builds/worker-2-tc2/source:/opt/rustwide/workdir:ro,Z" "-v" "/var/lib/crater-agent-workspace/cargo-home:/opt/rustwide/cargo-home:ro,Z" "-v" "/var/lib/crater-agent-workspace/rustup-home:/opt/rustwide/rustup-home:ro,Z" "-e" "SOURCE_DIR=/opt/rustwide/workdir" "-e" "CARGO_TARGET_DIR=/opt/rustwide/target" "-e" "CARGO_HOME=/opt/rustwide/cargo-home" "-e" "RUSTUP_HOME=/opt/rustwide/rustup-home" "-w" "/opt/rustwide/workdir" "-m" "1610612736" "--user" "0:0" "--network" "none" "ghcr.io/rust-lang/crates-build-env/linux@sha256:4a844ea9eb2546a2d2c7022eacef16ef2e8229c7fbb2c7d4d55a9ceca922f72d" "/opt/rustwide/cargo-home/bin/cargo" "+nightly-2024-10-28" "metadata" "--no-deps" "--format-version=1", kill_on_drop: false }`
[INFO] [stdout] fb13522e973a8a07cd408c69c99f27acbe1ee10be9fe619f1fba507ccbbd9e20
[INFO] running `Command { std: "docker" "start" "-a" "fb13522e973a8a07cd408c69c99f27acbe1ee10be9fe619f1fba507ccbbd9e20", kill_on_drop: false }`
[INFO] running `Command { std: "docker" "inspect" "fb13522e973a8a07cd408c69c99f27acbe1ee10be9fe619f1fba507ccbbd9e20", kill_on_drop: false }`
[INFO] running `Command { std: "docker" "rm" "-f" "fb13522e973a8a07cd408c69c99f27acbe1ee10be9fe619f1fba507ccbbd9e20", kill_on_drop: false }`
[INFO] [stdout] fb13522e973a8a07cd408c69c99f27acbe1ee10be9fe619f1fba507ccbbd9e20
[INFO] running `Command { std: "docker" "create" "-v" "/var/lib/crater-agent-workspace/builds/worker-2-tc2/target:/opt/rustwide/target:rw,Z" "-v" "/var/lib/crater-agent-workspace/builds/worker-2-tc2/source:/opt/rustwide/workdir:ro,Z" "-v" "/var/lib/crater-agent-workspace/cargo-home:/opt/rustwide/cargo-home:ro,Z" "-v" "/var/lib/crater-agent-workspace/rustup-home:/opt/rustwide/rustup-home:ro,Z" "-e" "SOURCE_DIR=/opt/rustwide/workdir" "-e" "CARGO_TARGET_DIR=/opt/rustwide/target" "-e" "CARGO_INCREMENTAL=0" "-e" "RUST_BACKTRACE=full" "-e" "RUSTFLAGS=--cap-lints=forbid -Zrandomize-layout" "-e" "RUSTDOCFLAGS=--cap-lints=forbid" "-e" "CARGO_HOME=/opt/rustwide/cargo-home" "-e" "RUSTUP_HOME=/opt/rustwide/rustup-home" "-w" "/opt/rustwide/workdir" "-m" "1610612736" "--user" "0:0" "--network" "none" "ghcr.io/rust-lang/crates-build-env/linux@sha256:4a844ea9eb2546a2d2c7022eacef16ef2e8229c7fbb2c7d4d55a9ceca922f72d" "/opt/rustwide/cargo-home/bin/cargo" "+nightly-2024-10-28" "build" "--frozen" "--message-format=json", kill_on_drop: false }`
[INFO] [stdout] 14ee7e2f382fad3d1f6170c2dcbb8fd51a97816c2777c7d89ca357f6b98f26a3
[INFO] running `Command { std: "docker" "start" "-a" "14ee7e2f382fad3d1f6170c2dcbb8fd51a97816c2777c7d89ca357f6b98f26a3", kill_on_drop: false }`
[INFO] [stderr]    Compiling either v1.13.0
[INFO] [stderr]    Compiling futures-task v0.3.31
[INFO] [stderr]    Compiling tower-layer v0.3.3
[INFO] [stderr]    Compiling anyhow v1.0.92
[INFO] [stderr]    Compiling tokio v1.41.0
[INFO] [stderr]    Compiling pin-project-internal v1.1.7
[INFO] [stderr]    Compiling tracing-attributes v0.1.27
[INFO] [stderr]    Compiling futures-util v0.3.31
[INFO] [stderr]    Compiling itertools v0.13.0
[INFO] [stderr]    Compiling pin-project v1.1.7
[INFO] [stderr]    Compiling tracing v0.1.40
[INFO] [stderr]    Compiling tokio-stream v0.1.16
[INFO] [stderr]    Compiling http-body-util v0.1.2
[INFO] [stderr]    Compiling prost-derive v0.13.3
[INFO] [stderr]    Compiling prost v0.13.3
[INFO] [stderr]    Compiling prost-types v0.13.3
[INFO] [stderr]    Compiling tonic v0.12.3
[INFO] [stderr]    Compiling googleapis-tonic-google-type v0.8.0
[INFO] [stderr]    Compiling googleapis-tonic-google-apps-card-v1 v0.8.0 (/opt/rustwide/workdir)
[INFO] [stderr]     Finished `dev` profile [unoptimized + debuginfo] target(s) in 4.94s
[INFO] running `Command { std: "docker" "inspect" "14ee7e2f382fad3d1f6170c2dcbb8fd51a97816c2777c7d89ca357f6b98f26a3", kill_on_drop: false }`
[INFO] running `Command { std: "docker" "rm" "-f" "14ee7e2f382fad3d1f6170c2dcbb8fd51a97816c2777c7d89ca357f6b98f26a3", kill_on_drop: false }`
[INFO] [stdout] 14ee7e2f382fad3d1f6170c2dcbb8fd51a97816c2777c7d89ca357f6b98f26a3
[INFO] running `Command { std: "docker" "create" "-v" "/var/lib/crater-agent-workspace/builds/worker-2-tc2/target:/opt/rustwide/target:rw,Z" "-v" "/var/lib/crater-agent-workspace/builds/worker-2-tc2/source:/opt/rustwide/workdir:ro,Z" "-v" "/var/lib/crater-agent-workspace/cargo-home:/opt/rustwide/cargo-home:ro,Z" "-v" "/var/lib/crater-agent-workspace/rustup-home:/opt/rustwide/rustup-home:ro,Z" "-e" "SOURCE_DIR=/opt/rustwide/workdir" "-e" "CARGO_TARGET_DIR=/opt/rustwide/target" "-e" "CARGO_INCREMENTAL=0" "-e" "RUST_BACKTRACE=full" "-e" "RUSTFLAGS=--cap-lints=forbid -Zrandomize-layout" "-e" "RUSTDOCFLAGS=--cap-lints=forbid" "-e" "CARGO_HOME=/opt/rustwide/cargo-home" "-e" "RUSTUP_HOME=/opt/rustwide/rustup-home" "-w" "/opt/rustwide/workdir" "-m" "1610612736" "--user" "0:0" "--network" "none" "ghcr.io/rust-lang/crates-build-env/linux@sha256:4a844ea9eb2546a2d2c7022eacef16ef2e8229c7fbb2c7d4d55a9ceca922f72d" "/opt/rustwide/cargo-home/bin/cargo" "+nightly-2024-10-28" "test" "--frozen" "--no-run" "--message-format=json", kill_on_drop: false }`
[INFO] [stdout] 6b34d54162c20c63b5ea401035af1a0f573580ff07313965afa8bdb03d5607fb
[INFO] running `Command { std: "docker" "start" "-a" "6b34d54162c20c63b5ea401035af1a0f573580ff07313965afa8bdb03d5607fb", kill_on_drop: false }`
[INFO] [stderr]    Compiling googleapis-tonic-google-apps-card-v1 v0.8.0 (/opt/rustwide/workdir)
[INFO] [stderr]     Finished `test` profile [unoptimized + debuginfo] target(s) in 0.57s
[INFO] running `Command { std: "docker" "inspect" "6b34d54162c20c63b5ea401035af1a0f573580ff07313965afa8bdb03d5607fb", kill_on_drop: false }`
[INFO] running `Command { std: "docker" "rm" "-f" "6b34d54162c20c63b5ea401035af1a0f573580ff07313965afa8bdb03d5607fb", kill_on_drop: false }`
[INFO] [stdout] 6b34d54162c20c63b5ea401035af1a0f573580ff07313965afa8bdb03d5607fb
[INFO] running `Command { std: "docker" "create" "-v" "/var/lib/crater-agent-workspace/builds/worker-2-tc2/target:/opt/rustwide/target:rw,Z" "-v" "/var/lib/crater-agent-workspace/builds/worker-2-tc2/source:/opt/rustwide/workdir:ro,Z" "-v" "/var/lib/crater-agent-workspace/cargo-home:/opt/rustwide/cargo-home:ro,Z" "-v" "/var/lib/crater-agent-workspace/rustup-home:/opt/rustwide/rustup-home:ro,Z" "-e" "SOURCE_DIR=/opt/rustwide/workdir" "-e" "CARGO_TARGET_DIR=/opt/rustwide/target" "-e" "CARGO_INCREMENTAL=0" "-e" "RUST_BACKTRACE=full" "-e" "RUSTFLAGS=--cap-lints=forbid -Zrandomize-layout" "-e" "RUSTDOCFLAGS=--cap-lints=forbid" "-e" "CARGO_HOME=/opt/rustwide/cargo-home" "-e" "RUSTUP_HOME=/opt/rustwide/rustup-home" "-w" "/opt/rustwide/workdir" "-m" "1610612736" "--user" "0:0" "--network" "none" "ghcr.io/rust-lang/crates-build-env/linux@sha256:4a844ea9eb2546a2d2c7022eacef16ef2e8229c7fbb2c7d4d55a9ceca922f72d" "/opt/rustwide/cargo-home/bin/cargo" "+nightly-2024-10-28" "test" "--frozen", kill_on_drop: false }`
[INFO] [stdout] 94b5125b5dacffc7edd1a9ed2cb9a7b2bc1174a0bd1d15e991a096d544d45469
[INFO] running `Command { std: "docker" "start" "-a" "94b5125b5dacffc7edd1a9ed2cb9a7b2bc1174a0bd1d15e991a096d544d45469", kill_on_drop: false }`
[INFO] [stderr]     Finished `test` profile [unoptimized + debuginfo] target(s) in 0.03s
[INFO] [stderr]      Running unittests src/lib.rs (/opt/rustwide/target/debug/deps/googleapis_tonic_google_apps_card_v1-65e211b396deb1f5)
[INFO] [stdout] 
[INFO] [stdout] running 0 tests
[INFO] [stdout] 
[INFO] [stdout] test result: ok. 0 passed; 0 failed; 0 ignored; 0 measured; 0 filtered out; finished in 0.00s
[INFO] [stdout] 
[INFO] [stderr]    Doc-tests googleapis_tonic_google_apps_card_v1
[INFO] [stdout] 
[INFO] [stdout] running 23 tests
[INFO] [stdout] test src/vec_u8_hash_map/google.apps.card.v1.rs - vec_u8_hash_map::google::apps::card::v1::Grid (line 1980) ... FAILED
[INFO] [stdout] test src/vec_u8_hash_map/google.apps.card.v1.rs - vec_u8_hash_map::google::apps::card::v1::Button::color (line 1623) ... FAILED
[INFO] [stdout] test src/vec_u8_hash_map/google.apps.card.v1.rs - vec_u8_hash_map::google::apps::card::v1::Card (line 26) ... FAILED
[INFO] [stdout] test src/vec_u8_hash_map/google.apps.card.v1.rs - vec_u8_hash_map::google::apps::card::v1::widget::Data::DateTimePicker (line 697) ... FAILED
[INFO] [stdout] test src/vec_u8_hash_map/google.apps.card.v1.rs - vec_u8_hash_map::google::apps::card::v1::Button::color (line 1632) ... FAILED
[INFO] [stdout] test src/vec_u8_hash_map/google.apps.card.v1.rs - vec_u8_hash_map::google::apps::card::v1::Card::card_actions (line 129) ... FAILED
[INFO] [stdout] test src/vec_u8_hash_map/google.apps.card.v1.rs - vec_u8_hash_map::google::apps::card::v1::widget::Data::Columns (line 768) ... FAILED
[INFO] [stdout] test src/vec_u8_hash_map/google.apps.card.v1.rs - vec_u8_hash_map::google::apps::card::v1::Divider (line 856) ... FAILED
[INFO] [stdout] test src/vec_u8_hash_map/google.apps.card.v1.rs - vec_u8_hash_map::google::apps::card::v1::Image::image_url (line 834) ... FAILED
[INFO] [stdout] test src/vec_u8_hash_map/google.apps.card.v1.rs - vec_u8_hash_map::google::apps::card::v1::icon::Icons::MaterialIcon (line 1726) ... FAILED
[INFO] [stdout] test src/vec_u8_hash_map/google.apps.card.v1.rs - vec_u8_hash_map::google::apps::card::v1::MaterialIcon (line 1744) ... FAILED
[INFO] [stdout] test src/vec_u8_hash_map/google.apps.card.v1.rs - vec_u8_hash_map::google::apps::card::v1::widget::Data::ButtonList (line 587) ... FAILED
[INFO] [stdout] test src/vec_u8_hash_map/google.apps.card.v1.rs - vec_u8_hash_map::google::apps::card::v1::widget::Data::DecoratedText (line 565) ... FAILED
[INFO] [stdout] test src/vec_u8_hash_map/google.apps.card.v1.rs - vec_u8_hash_map::google::apps::card::v1::icon::Icons::IconUrl (line 1712) ... FAILED
[INFO] [stdout] test src/vec_u8_hash_map/google.apps.card.v1.rs - vec_u8_hash_map::google::apps::card::v1::widget::Data::Image (line 551) ... FAILED
[INFO] [stdout] test src/vec_u8_hash_map/google.apps.card.v1.rs - vec_u8_hash_map::google::apps::card::v1::widget::Data::Divider (line 710) ... FAILED
[INFO] [stdout] test src/vec_u8_hash_map/google.apps.card.v1.rs - vec_u8_hash_map::google::apps::card::v1::widget::Data::TextInput (line 621) ... FAILED
[INFO] [stdout] test src/vec_u8_hash_map/google.apps.card.v1.rs - vec_u8_hash_map::google::apps::card::v1::widget::Data::SelectionInput (line 660) ... FAILED
[INFO] [stdout] test src/vec_u8_hash_map/google.apps.card.v1.rs - vec_u8_hash_map::google::apps::card::v1::widget::Data::Grid (line 729) ... FAILED
[INFO] [stdout] test src/vec_u8_hash_map/google.apps.card.v1.rs - vec_u8_hash_map::google::apps::card::v1::widget::Data::TextInput (line 630) ... FAILED
[INFO] [stdout] test src/vec_u8_hash_map/google.apps.card.v1.rs - vec_u8_hash_map::google::apps::card::v1::widget::Data::TextParagraph (line 541) ... FAILED
[INFO] [stdout] test src/vec_u8_hash_map/google.apps.card.v1.rs - vec_u8_hash_map::google::apps::card::v1::ImageCropStyle::aspect_ratio (line 1811) ... FAILED
[INFO] [stdout] test src/vec_u8_hash_map/google.apps.card.v1.rs - vec_u8_hash_map::google::apps::card::v1::ImageCropStyle (line 1796) ... FAILED
[INFO] [stdout] 
[INFO] [stdout] failures:
[INFO] [stdout] 
[INFO] [stdout] ---- src/vec_u8_hash_map/google.apps.card.v1.rs - vec_u8_hash_map::google::apps::card::v1::Grid (line 1980) stdout ----
[INFO] [stdout] error: expected one of `.`, `;`, `?`, `}`, or an operator, found `:`
[INFO] [stdout]  --> src/vec_u8_hash_map/google.apps.card.v1.rs:1981:7
[INFO] [stdout]   |
[INFO] [stdout] 3 | "grid": {
[INFO] [stdout]   |       ^ expected one of `.`, `;`, `?`, `}`, or an operator
[INFO] [stdout] 
[INFO] [stdout] error: aborting due to 1 previous error
[INFO] [stdout] 
[INFO] [stdout] Couldn't compile the test.
[INFO] [stdout] ---- src/vec_u8_hash_map/google.apps.card.v1.rs - vec_u8_hash_map::google::apps::card::v1::Button::color (line 1623) stdout ----
[INFO] [stdout] error: expected one of `!`, `.`, `::`, `;`, `?`, `{`, `}`, or an operator, found `color`
[INFO] [stdout]  --> src/vec_u8_hash_map/google.apps.card.v1.rs:1624:7
[INFO] [stdout]   |
[INFO] [stdout] 3 | pixel color = alpha * (this color) + (1.0 - alpha) * (background color)
[INFO] [stdout]   |       ^^^^^ expected one of 8 possible tokens
[INFO] [stdout] 
[INFO] [stdout] error: aborting due to 1 previous error
[INFO] [stdout] 
[INFO] [stdout] Couldn't compile the test.
[INFO] [stdout] ---- src/vec_u8_hash_map/google.apps.card.v1.rs - vec_u8_hash_map::google::apps::card::v1::Card (line 26) stdout ----
[INFO] [stdout] error: expected one of `.`, `;`, `?`, `}`, or an operator, found `:`
[INFO] [stdout]  --> src/vec_u8_hash_map/google.apps.card.v1.rs:28:13
[INFO] [stdout]   |
[INFO] [stdout] 4 |    "cardsV2": [
[INFO] [stdout]   |             ^ expected one of `.`, `;`, `?`, `}`, or an operator
[INFO] [stdout] 
[INFO] [stdout] error: aborting due to 1 previous error
[INFO] [stdout] 
[INFO] [stdout] Couldn't compile the test.
[INFO] [stdout] ---- src/vec_u8_hash_map/google.apps.card.v1.rs - vec_u8_hash_map::google::apps::card::v1::widget::Data::DateTimePicker (line 697) stdout ----
[INFO] [stdout] error: expected one of `.`, `;`, `?`, `}`, or an operator, found `:`
[INFO] [stdout]  --> src/vec_u8_hash_map/google.apps.card.v1.rs:698:17
[INFO] [stdout]   |
[INFO] [stdout] 3 | "dateTimePicker": {
[INFO] [stdout]   |                 ^ expected one of `.`, `;`, `?`, `}`, or an operator
[INFO] [stdout] 
[INFO] [stdout] error: aborting due to 1 previous error
[INFO] [stdout] 
[INFO] [stdout] Couldn't compile the test.
[INFO] [stdout] ---- src/vec_u8_hash_map/google.apps.card.v1.rs - vec_u8_hash_map::google::apps::card::v1::Button::color (line 1632) stdout ----
[INFO] [stdout] error: expected one of `.`, `;`, `?`, `}`, or an operator, found `:`
[INFO] [stdout]  --> src/vec_u8_hash_map/google.apps.card.v1.rs:1633:8
[INFO] [stdout]   |
[INFO] [stdout] 3 | "color": {
[INFO] [stdout]   |        ^ expected one of `.`, `;`, `?`, `}`, or an operator
[INFO] [stdout] 
[INFO] [stdout] error: aborting due to 1 previous error
[INFO] [stdout] 
[INFO] [stdout] Couldn't compile the test.
[INFO] [stdout] ---- src/vec_u8_hash_map/google.apps.card.v1.rs - vec_u8_hash_map::google::apps::card::v1::Card::card_actions (line 129) stdout ----
[INFO] [stdout] error: expected one of `.`, `;`, `?`, `}`, or an operator, found `:`
[INFO] [stdout]  --> src/vec_u8_hash_map/google.apps.card.v1.rs:130:15
[INFO] [stdout]   |
[INFO] [stdout] 3 | "card_actions": [
[INFO] [stdout]   |               ^ expected one of `.`, `;`, `?`, `}`, or an operator
[INFO] [stdout] 
[INFO] [stdout] error: aborting due to 1 previous error
[INFO] [stdout] 
[INFO] [stdout] Couldn't compile the test.
[INFO] [stdout] ---- src/vec_u8_hash_map/google.apps.card.v1.rs - vec_u8_hash_map::google::apps::card::v1::widget::Data::Columns (line 768) stdout ----
[INFO] [stdout] error: expected one of `.`, `;`, `?`, `}`, or an operator, found `:`
[INFO] [stdout]  --> src/vec_u8_hash_map/google.apps.card.v1.rs:769:10
[INFO] [stdout]   |
[INFO] [stdout] 3 | "columns": {
[INFO] [stdout]   |          ^ expected one of `.`, `;`, `?`, `}`, or an operator
[INFO] [stdout] 
[INFO] [stdout] error: aborting due to 1 previous error
[INFO] [stdout] 
[INFO] [stdout] Couldn't compile the test.
[INFO] [stdout] ---- src/vec_u8_hash_map/google.apps.card.v1.rs - vec_u8_hash_map::google::apps::card::v1::Divider (line 856) stdout ----
[INFO] [stdout] error: expected one of `.`, `;`, `?`, `}`, or an operator, found `:`
[INFO] [stdout]  --> src/vec_u8_hash_map/google.apps.card.v1.rs:857:10
[INFO] [stdout]   |
[INFO] [stdout] 3 | "divider": {}
[INFO] [stdout]   |          ^ expected one of `.`, `;`, `?`, `}`, or an operator
[INFO] [stdout] 
[INFO] [stdout] error: aborting due to 1 previous error
[INFO] [stdout] 
[INFO] [stdout] Couldn't compile the test.
[INFO] [stdout] ---- src/vec_u8_hash_map/google.apps.card.v1.rs - vec_u8_hash_map::google::apps::card::v1::Image::image_url (line 834) stdout ----
[INFO] [stdout] error: expected one of `!`, `(`, `+`, `::`, `<`, `>`, or `as`, found `:`
[INFO] [stdout]  --> src/vec_u8_hash_map/google.apps.card.v1.rs:835:7
[INFO] [stdout]   |
[INFO] [stdout] 3 | <https://developers.google.com/workspace/chat/images/quickstart-app-avatar.png>
[INFO] [stdout]   |       ^ expected one of 7 possible tokens
[INFO] [stdout]   |
[INFO] [stdout]   = note: type ascription syntax has been removed, see issue #101728 <https://github.com/rust-lang/rust/issues/101728>
[INFO] [stdout] 
[INFO] [stdout] error: aborting due to 1 previous error
[INFO] [stdout] 
[INFO] [stdout] Couldn't compile the test.
[INFO] [stdout] ---- src/vec_u8_hash_map/google.apps.card.v1.rs - vec_u8_hash_map::google::apps::card::v1::icon::Icons::MaterialIcon (line 1726) stdout ----
[INFO] [stdout] error: expected one of `.`, `;`, `?`, `}`, or an operator, found `:`
[INFO] [stdout]  --> src/vec_u8_hash_map/google.apps.card.v1.rs:1727:16
[INFO] [stdout]   |
[INFO] [stdout] 3 | "material_icon": {
[INFO] [stdout]   |                ^ expected one of `.`, `;`, `?`, `}`, or an operator
[INFO] [stdout] 
[INFO] [stdout] error: aborting due to 1 previous error
[INFO] [stdout] 
[INFO] [stdout] Couldn't compile the test.
[INFO] [stdout] ---- src/vec_u8_hash_map/google.apps.card.v1.rs - vec_u8_hash_map::google::apps::card::v1::MaterialIcon (line 1744) stdout ----
[INFO] [stdout] error: expected one of `.`, `;`, `?`, `}`, or an operator, found `:`
[INFO] [stdout]  --> src/vec_u8_hash_map/google.apps.card.v1.rs:1746:10
[INFO] [stdout]   |
[INFO] [stdout] 4 |    "name": "check_box",
[INFO] [stdout]   |          ^ expected one of `.`, `;`, `?`, `}`, or an operator
[INFO] [stdout] 
[INFO] [stdout] error: aborting due to 1 previous error
[INFO] [stdout] 
[INFO] [stdout] Couldn't compile the test.
[INFO] [stdout] ---- src/vec_u8_hash_map/google.apps.card.v1.rs - vec_u8_hash_map::google::apps::card::v1::widget::Data::ButtonList (line 587) stdout ----
[INFO] [stdout] error: expected one of `.`, `;`, `?`, `}`, or an operator, found `:`
[INFO] [stdout]  --> src/vec_u8_hash_map/google.apps.card.v1.rs:588:13
[INFO] [stdout]   |
[INFO] [stdout] 3 | "buttonList": {
[INFO] [stdout]   |             ^ expected one of `.`, `;`, `?`, `}`, or an operator
[INFO] [stdout] 
[INFO] [stdout] error: aborting due to 1 previous error
[INFO] [stdout] 
[INFO] [stdout] Couldn't compile the test.
[INFO] [stdout] ---- src/vec_u8_hash_map/google.apps.card.v1.rs - vec_u8_hash_map::google::apps::card::v1::widget::Data::DecoratedText (line 565) stdout ----
[INFO] [stdout] error: expected one of `.`, `;`, `?`, `}`, or an operator, found `:`
[INFO] [stdout]  --> src/vec_u8_hash_map/google.apps.card.v1.rs:566:16
[INFO] [stdout]   |
[INFO] [stdout] 3 | "decoratedText": {
[INFO] [stdout]   |                ^ expected one of `.`, `;`, `?`, `}`, or an operator
[INFO] [stdout] 
[INFO] [stdout] error: aborting due to 1 previous error
[INFO] [stdout] 
[INFO] [stdout] Couldn't compile the test.
[INFO] [stdout] ---- src/vec_u8_hash_map/google.apps.card.v1.rs - vec_u8_hash_map::google::apps::card::v1::icon::Icons::IconUrl (line 1712) stdout ----
[INFO] [stdout] error: statements are terminated with a semicolon
[INFO] [stdout]  --> src/vec_u8_hash_map/google.apps.card.v1.rs:1713:10
[INFO] [stdout]   |
[INFO] [stdout] 3 | "iconUrl":
[INFO] [stdout]   |          ^
[INFO] [stdout]   |
[INFO] [stdout]   = note: if you meant to annotate an expression with a type, the type ascription syntax has been removed, see issue #101728 <https://github.com/rust-lang/rust/issues/101728>
[INFO] [stdout] help: use a semicolon instead
[INFO] [stdout]   |
[INFO] [stdout] 3 | "iconUrl";
[INFO] [stdout]   |          ~
[INFO] [stdout] 
[INFO] [stdout] error: expected expression, found `}`
[INFO] [stdout]  --> src/vec_u8_hash_map/google.apps.card.v1.rs:1715:1
[INFO] [stdout]   |
[INFO] [stdout] 5 | } _doctest_main_src_vec_u8_hash_map_google_apps_card_v1_rs_1712_0() }
[INFO] [stdout]   | ^ expected expression
[INFO] [stdout] 
[INFO] [stdout] error: aborting due to 2 previous errors
[INFO] [stdout] 
[INFO] [stdout] Couldn't compile the test.
[INFO] [stdout] ---- src/vec_u8_hash_map/google.apps.card.v1.rs - vec_u8_hash_map::google::apps::card::v1::widget::Data::Image (line 551) stdout ----
[INFO] [stdout] error: expected one of `.`, `;`, `?`, `}`, or an operator, found `:`
[INFO] [stdout]  --> src/vec_u8_hash_map/google.apps.card.v1.rs:552:8
[INFO] [stdout]   |
[INFO] [stdout] 3 | "image": {
[INFO] [stdout]   |        ^ expected one of `.`, `;`, `?`, `}`, or an operator
[INFO] [stdout] 
[INFO] [stdout] error: aborting due to 1 previous error
[INFO] [stdout] 
[INFO] [stdout] Couldn't compile the test.
[INFO] [stdout] ---- src/vec_u8_hash_map/google.apps.card.v1.rs - vec_u8_hash_map::google::apps::card::v1::widget::Data::Divider (line 710) stdout ----
[INFO] [stdout] error: expected one of `.`, `;`, `?`, `}`, or an operator, found `:`
[INFO] [stdout]  --> src/vec_u8_hash_map/google.apps.card.v1.rs:711:10
[INFO] [stdout]   |
[INFO] [stdout] 3 | "divider": {
[INFO] [stdout]   |          ^ expected one of `.`, `;`, `?`, `}`, or an operator
[INFO] [stdout] 
[INFO] [stdout] error: aborting due to 1 previous error
[INFO] [stdout] 
[INFO] [stdout] Couldn't compile the test.
[INFO] [stdout] ---- src/vec_u8_hash_map/google.apps.card.v1.rs - vec_u8_hash_map::google::apps::card::v1::widget::Data::TextInput (line 621) stdout ----
[INFO] [stdout] error: expected one of `.`, `;`, `?`, `}`, or an operator, found `:`
[INFO] [stdout]  --> src/vec_u8_hash_map/google.apps.card.v1.rs:622:12
[INFO] [stdout]   |
[INFO] [stdout] 3 | "textInput": {
[INFO] [stdout]   |            ^ expected one of `.`, `;`, `?`, `}`, or an operator
[INFO] [stdout] 
[INFO] [stdout] error: aborting due to 1 previous error
[INFO] [stdout] 
[INFO] [stdout] Couldn't compile the test.
[INFO] [stdout] ---- src/vec_u8_hash_map/google.apps.card.v1.rs - vec_u8_hash_map::google::apps::card::v1::widget::Data::SelectionInput (line 660) stdout ----
[INFO] [stdout] error: expected one of `.`, `;`, `?`, `}`, or an operator, found `:`
[INFO] [stdout]  --> src/vec_u8_hash_map/google.apps.card.v1.rs:661:17
[INFO] [stdout]   |
[INFO] [stdout] 3 | "selectionInput": {
[INFO] [stdout]   |                 ^ expected one of `.`, `;`, `?`, `}`, or an operator
[INFO] [stdout] 
[INFO] [stdout] error: aborting due to 1 previous error
[INFO] [stdout] 
[INFO] [stdout] Couldn't compile the test.
[INFO] [stdout] ---- src/vec_u8_hash_map/google.apps.card.v1.rs - vec_u8_hash_map::google::apps::card::v1::widget::Data::Grid (line 729) stdout ----
[INFO] [stdout] error: expected one of `.`, `;`, `?`, `}`, or an operator, found `:`
[INFO] [stdout]  --> src/vec_u8_hash_map/google.apps.card.v1.rs:730:7
[INFO] [stdout]   |
[INFO] [stdout] 3 | "grid": {
[INFO] [stdout]   |       ^ expected one of `.`, `;`, `?`, `}`, or an operator
[INFO] [stdout] 
[INFO] [stdout] error: aborting due to 1 previous error
[INFO] [stdout] 
[INFO] [stdout] Couldn't compile the test.
[INFO] [stdout] ---- src/vec_u8_hash_map/google.apps.card.v1.rs - vec_u8_hash_map::google::apps::card::v1::widget::Data::TextInput (line 630) stdout ----
[INFO] [stdout] error: expected one of `.`, `;`, `?`, `}`, or an operator, found `:`
[INFO] [stdout]  --> src/vec_u8_hash_map/google.apps.card.v1.rs:631:12
[INFO] [stdout]   |
[INFO] [stdout] 3 | "textInput": {
[INFO] [stdout]   |            ^ expected one of `.`, `;`, `?`, `}`, or an operator
[INFO] [stdout] 
[INFO] [stdout] error: aborting due to 1 previous error
[INFO] [stdout] 
[INFO] [stdout] Couldn't compile the test.
[INFO] [stdout] ---- src/vec_u8_hash_map/google.apps.card.v1.rs - vec_u8_hash_map::google::apps::card::v1::widget::Data::TextParagraph (line 541) stdout ----
[INFO] [stdout] error: expected one of `.`, `;`, `?`, `}`, or an operator, found `:`
[INFO] [stdout]  --> src/vec_u8_hash_map/google.apps.card.v1.rs:542:16
[INFO] [stdout]   |
[INFO] [stdout] 3 | "textParagraph": {
[INFO] [stdout]   |                ^ expected one of `.`, `;`, `?`, `}`, or an operator
[INFO] [stdout] 
[INFO] [stdout] error: aborting due to 1 previous error
[INFO] [stdout] 
[INFO] [stdout] Couldn't compile the test.
[INFO] [stdout] ---- src/vec_u8_hash_map/google.apps.card.v1.rs - vec_u8_hash_map::google::apps::card::v1::ImageCropStyle::aspect_ratio (line 1811) stdout ----
[INFO] [stdout] error: expected identifier, found `"type"`
[INFO] [stdout]  --> src/vec_u8_hash_map/google.apps.card.v1.rs:1813:3
[INFO] [stdout]   |
[INFO] [stdout] 3 | cropStyle {
[INFO] [stdout]   | --------- while parsing this struct
[INFO] [stdout] 4 |   "type": "RECTANGLE_CUSTOM",
[INFO] [stdout]   |   ^^^^^^ expected identifier
[INFO] [stdout] 
[INFO] [stdout] error: expected identifier, found `"aspectRatio"`
[INFO] [stdout]  --> src/vec_u8_hash_map/google.apps.card.v1.rs:1814:3
[INFO] [stdout]   |
[INFO] [stdout] 3 | cropStyle {
[INFO] [stdout]   | --------- while parsing this struct
[INFO] [stdout] 4 |   "type": "RECTANGLE_CUSTOM",
[INFO] [stdout] 5 |   "aspectRatio": 16/9
[INFO] [stdout]   |   ^^^^^^^^^^^^^ expected identifier
[INFO] [stdout] 
[INFO] [stdout] error[E0422]: cannot find struct, variant or union type `cropStyle` in this scope
[INFO] [stdout]  --> src/vec_u8_hash_map/google.apps.card.v1.rs:1812:1
[INFO] [stdout]   |
[INFO] [stdout] 3 | cropStyle {
[INFO] [stdout]   | ^^^^^^^^^ not found in this scope
[INFO] [stdout] 
[INFO] [stdout] error: aborting due to 3 previous errors
[INFO] [stdout] 
[INFO] [stdout] For more information about this error, try `rustc --explain E0422`.
[INFO] [stdout] Couldn't compile the test.
[INFO] [stdout] ---- src/vec_u8_hash_map/google.apps.card.v1.rs - vec_u8_hash_map::google::apps::card::v1::ImageCropStyle (line 1796) stdout ----
[INFO] [stdout] error: expected identifier, found `"type"`
[INFO] [stdout]  --> src/vec_u8_hash_map/google.apps.card.v1.rs:1798:3
[INFO] [stdout]   |
[INFO] [stdout] 3 | cropStyle {
[INFO] [stdout]   | --------- while parsing this struct
[INFO] [stdout] 4 |   "type": "RECTANGLE_CUSTOM",
[INFO] [stdout]   |   ^^^^^^ expected identifier
[INFO] [stdout] 
[INFO] [stdout] error: expected identifier, found `"aspectRatio"`
[INFO] [stdout]  --> src/vec_u8_hash_map/google.apps.card.v1.rs:1799:3
[INFO] [stdout]   |
[INFO] [stdout] 3 | cropStyle {
[INFO] [stdout]   | --------- while parsing this struct
[INFO] [stdout] 4 |   "type": "RECTANGLE_CUSTOM",
[INFO] [stdout] 5 |   "aspectRatio": 16/9
[INFO] [stdout]   |   ^^^^^^^^^^^^^ expected identifier
[INFO] [stdout] 
[INFO] [stdout] error[E0422]: cannot find struct, variant or union type `cropStyle` in this scope
[INFO] [stdout]  --> src/vec_u8_hash_map/google.apps.card.v1.rs:1797:1
[INFO] [stdout]   |
[INFO] [stdout] 3 | cropStyle {
[INFO] [stdout]   | ^^^^^^^^^ not found in this scope
[INFO] [stdout] 
[INFO] [stdout] error: aborting due to 3 previous errors
[INFO] [stdout] 
[INFO] [stdout] For more information about this error, try `rustc --explain E0422`.
[INFO] [stdout] Couldn't compile the test.
[INFO] [stdout] 
[INFO] [stdout] failures:
[INFO] [stdout]     src/vec_u8_hash_map/google.apps.card.v1.rs - vec_u8_hash_map::google::apps::card::v1::Button::color (line 1623)
[INFO] [stdout]     src/vec_u8_hash_map/google.apps.card.v1.rs - vec_u8_hash_map::google::apps::card::v1::Button::color (line 1632)
[INFO] [stdout]     src/vec_u8_hash_map/google.apps.card.v1.rs - vec_u8_hash_map::google::apps::card::v1::Card (line 26)
[INFO] [stdout]     src/vec_u8_hash_map/google.apps.card.v1.rs - vec_u8_hash_map::google::apps::card::v1::Card::card_actions (line 129)
[INFO] [stdout]     src/vec_u8_hash_map/google.apps.card.v1.rs - vec_u8_hash_map::google::apps::card::v1::Divider (line 856)
[INFO] [stdout]     src/vec_u8_hash_map/google.apps.card.v1.rs - vec_u8_hash_map::google::apps::card::v1::Grid (line 1980)
[INFO] [stdout]     src/vec_u8_hash_map/google.apps.card.v1.rs - vec_u8_hash_map::google::apps::card::v1::Image::image_url (line 834)
[INFO] [stdout]     src/vec_u8_hash_map/google.apps.card.v1.rs - vec_u8_hash_map::google::apps::card::v1::ImageCropStyle (line 1796)
[INFO] [stdout]     src/vec_u8_hash_map/google.apps.card.v1.rs - vec_u8_hash_map::google::apps::card::v1::ImageCropStyle::aspect_ratio (line 1811)
[INFO] [stdout]     src/vec_u8_hash_map/google.apps.card.v1.rs - vec_u8_hash_map::google::apps::card::v1::MaterialIcon (line 1744)
[INFO] [stdout]     src/vec_u8_hash_map/google.apps.card.v1.rs - vec_u8_hash_map::google::apps::card::v1::icon::Icons::IconUrl (line 1712)
[INFO] [stdout]     src/vec_u8_hash_map/google.apps.card.v1.rs - vec_u8_hash_map::google::apps::card::v1::icon::Icons::MaterialIcon (line 1726)
[INFO] [stdout]     src/vec_u8_hash_map/google.apps.card.v1.rs - vec_u8_hash_map::google::apps::card::v1::widget::Data::ButtonList (line 587)
[INFO] [stdout]     src/vec_u8_hash_map/google.apps.card.v1.rs - vec_u8_hash_map::google::apps::card::v1::widget::Data::Columns (line 768)
[INFO] [stdout]     src/vec_u8_hash_map/google.apps.card.v1.rs - vec_u8_hash_map::google::apps::card::v1::widget::Data::DateTimePicker (line 697)
[INFO] [stdout]     src/vec_u8_hash_map/google.apps.card.v1.rs - vec_u8_hash_map::google::apps::card::v1::widget::Data::DecoratedText (line 565)
[INFO] [stdout]     src/vec_u8_hash_map/google.apps.card.v1.rs - vec_u8_hash_map::google::apps::card::v1::widget::Data::Divider (line 710)
[INFO] [stdout]     src/vec_u8_hash_map/google.apps.card.v1.rs - vec_u8_hash_map::google::apps::card::v1::widget::Data::Grid (line 729)
[INFO] [stdout]     src/vec_u8_hash_map/google.apps.card.v1.rs - vec_u8_hash_map::google::apps::card::v1::widget::Data::Image (line 551)
[INFO] [stdout]     src/vec_u8_hash_map/google.apps.card.v1.rs - vec_u8_hash_map::google::apps::card::v1::widget::Data::SelectionInput (line 660)
[INFO] [stdout]     src/vec_u8_hash_map/google.apps.card.v1.rs - vec_u8_hash_map::google::apps::card::v1::widget::Data::TextInput (line 621)
[INFO] [stdout]     src/vec_u8_hash_map/google.apps.card.v1.rs - vec_u8_hash_map::google::apps::card::v1::widget::Data::TextInput (line 630)
[INFO] [stdout]     src/vec_u8_hash_map/google.apps.card.v1.rs - vec_u8_hash_map::google::apps::card::v1::widget::Data::TextParagraph (line 541)
[INFO] [stdout] 
[INFO] [stdout] test result: FAILED. 0 passed; 23 failed; 0 ignored; 0 measured; 0 filtered out; finished in 0.07s
[INFO] [stdout] 
[INFO] [stderr] error: doctest failed, to rerun pass `--doc`
[INFO] running `Command { std: "docker" "inspect" "94b5125b5dacffc7edd1a9ed2cb9a7b2bc1174a0bd1d15e991a096d544d45469", kill_on_drop: false }`
[INFO] running `Command { std: "docker" "rm" "-f" "94b5125b5dacffc7edd1a9ed2cb9a7b2bc1174a0bd1d15e991a096d544d45469", kill_on_drop: false }`
[INFO] [stdout] 94b5125b5dacffc7edd1a9ed2cb9a7b2bc1174a0bd1d15e991a096d544d45469
