[INFO] fetching crate googleapis-tonic-google-api 0.9.0...
[INFO] testing googleapis-tonic-google-api-0.9.0 against nightly-2024-10-28 for randomize-layout
[INFO] extracting crate googleapis-tonic-google-api 0.9.0 into /workspace/builds/worker-3-tc1/source
[INFO] validating manifest of crates.io crate googleapis-tonic-google-api 0.9.0 on toolchain nightly-2024-10-28
[INFO] running `Command { std: CARGO_HOME="/workspace/cargo-home" RUSTUP_HOME="/workspace/rustup-home" "/workspace/cargo-home/bin/cargo" "+nightly-2024-10-28" "metadata" "--manifest-path" "Cargo.toml" "--no-deps", kill_on_drop: false }`
[INFO] started tweaking crates.io crate googleapis-tonic-google-api 0.9.0
[INFO] finished tweaking crates.io crate googleapis-tonic-google-api 0.9.0
[INFO] tweaked toml for crates.io crate googleapis-tonic-google-api 0.9.0 written to /workspace/builds/worker-3-tc1/source/Cargo.toml
[INFO] running `Command { std: CARGO_HOME="/workspace/cargo-home" RUSTUP_HOME="/workspace/rustup-home" "/workspace/cargo-home/bin/cargo" "+nightly-2024-10-28" "generate-lockfile" "--manifest-path" "Cargo.toml", kill_on_drop: false }`
[INFO] [stderr]     Updating crates.io index
[INFO] [stderr]      Locking 54 packages to latest compatible versions
[INFO] running `Command { std: CARGO_HOME="/workspace/cargo-home" RUSTUP_HOME="/workspace/rustup-home" "/workspace/cargo-home/bin/cargo" "+nightly-2024-10-28" "fetch" "--manifest-path" "Cargo.toml", kill_on_drop: false }`
[INFO] running `Command { std: "docker" "create" "-v" "/var/lib/crater-agent-workspace/builds/worker-3-tc1/target:/opt/rustwide/target:rw,Z" "-v" "/var/lib/crater-agent-workspace/builds/worker-3-tc1/source:/opt/rustwide/workdir:ro,Z" "-v" "/var/lib/crater-agent-workspace/cargo-home:/opt/rustwide/cargo-home:ro,Z" "-v" "/var/lib/crater-agent-workspace/rustup-home:/opt/rustwide/rustup-home:ro,Z" "-e" "SOURCE_DIR=/opt/rustwide/workdir" "-e" "CARGO_TARGET_DIR=/opt/rustwide/target" "-e" "CARGO_HOME=/opt/rustwide/cargo-home" "-e" "RUSTUP_HOME=/opt/rustwide/rustup-home" "-w" "/opt/rustwide/workdir" "-m" "1610612736" "--user" "0:0" "--network" "none" "ghcr.io/rust-lang/crates-build-env/linux@sha256:4a844ea9eb2546a2d2c7022eacef16ef2e8229c7fbb2c7d4d55a9ceca922f72d" "/opt/rustwide/cargo-home/bin/cargo" "+nightly-2024-10-28" "metadata" "--no-deps" "--format-version=1", kill_on_drop: false }`
[INFO] [stdout] 3a1403ceac557970782e0d9fc1576baad3ce1fcbcd7fe04e7d1482c0f422a529
[INFO] running `Command { std: "docker" "start" "-a" "3a1403ceac557970782e0d9fc1576baad3ce1fcbcd7fe04e7d1482c0f422a529", kill_on_drop: false }`
[INFO] running `Command { std: "docker" "inspect" "3a1403ceac557970782e0d9fc1576baad3ce1fcbcd7fe04e7d1482c0f422a529", kill_on_drop: false }`
[INFO] running `Command { std: "docker" "rm" "-f" "3a1403ceac557970782e0d9fc1576baad3ce1fcbcd7fe04e7d1482c0f422a529", kill_on_drop: false }`
[INFO] [stdout] 3a1403ceac557970782e0d9fc1576baad3ce1fcbcd7fe04e7d1482c0f422a529
[INFO] running `Command { std: "docker" "create" "-v" "/var/lib/crater-agent-workspace/builds/worker-3-tc1/target:/opt/rustwide/target:rw,Z" "-v" "/var/lib/crater-agent-workspace/builds/worker-3-tc1/source:/opt/rustwide/workdir:ro,Z" "-v" "/var/lib/crater-agent-workspace/cargo-home:/opt/rustwide/cargo-home:ro,Z" "-v" "/var/lib/crater-agent-workspace/rustup-home:/opt/rustwide/rustup-home:ro,Z" "-e" "SOURCE_DIR=/opt/rustwide/workdir" "-e" "CARGO_TARGET_DIR=/opt/rustwide/target" "-e" "CARGO_INCREMENTAL=0" "-e" "RUST_BACKTRACE=full" "-e" "RUSTFLAGS=--cap-lints=forbid" "-e" "RUSTDOCFLAGS=--cap-lints=forbid" "-e" "CARGO_HOME=/opt/rustwide/cargo-home" "-e" "RUSTUP_HOME=/opt/rustwide/rustup-home" "-w" "/opt/rustwide/workdir" "-m" "1610612736" "--user" "0:0" "--network" "none" "ghcr.io/rust-lang/crates-build-env/linux@sha256:4a844ea9eb2546a2d2c7022eacef16ef2e8229c7fbb2c7d4d55a9ceca922f72d" "/opt/rustwide/cargo-home/bin/cargo" "+nightly-2024-10-28" "build" "--frozen" "--message-format=json", kill_on_drop: false }`
[INFO] [stdout] 7da52c81ca04290f9b8b0f84fb1f6f48969ee613717b3264a78714dc83866a90
[INFO] running `Command { std: "docker" "start" "-a" "7da52c81ca04290f9b8b0f84fb1f6f48969ee613717b3264a78714dc83866a90", kill_on_drop: false }`
[INFO] [stderr]    Compiling either v1.13.0
[INFO] [stderr]    Compiling anyhow v1.0.92
[INFO] [stderr]    Compiling futures-task v0.3.31
[INFO] [stderr]    Compiling tokio v1.41.0
[INFO] [stderr]    Compiling tower-layer v0.3.3
[INFO] [stderr]    Compiling pin-project-internal v1.1.7
[INFO] [stderr]    Compiling tracing-attributes v0.1.27
[INFO] [stderr]    Compiling futures-util v0.3.31
[INFO] [stderr]    Compiling itertools v0.13.0
[INFO] [stderr]    Compiling pin-project v1.1.7
[INFO] [stderr]    Compiling tokio-stream v0.1.16
[INFO] [stderr]    Compiling tracing v0.1.40
[INFO] [stderr]    Compiling http-body-util v0.1.2
[INFO] [stderr]    Compiling prost-derive v0.13.3
[INFO] [stderr]    Compiling prost v0.13.3
[INFO] [stderr]    Compiling tonic v0.12.3
[INFO] [stderr]    Compiling prost-types v0.13.3
[INFO] [stderr]    Compiling googleapis-tonic-google-api v0.9.0 (/opt/rustwide/workdir)
[INFO] [stderr]     Finished `dev` profile [unoptimized + debuginfo] target(s) in 9.23s
[INFO] running `Command { std: "docker" "inspect" "7da52c81ca04290f9b8b0f84fb1f6f48969ee613717b3264a78714dc83866a90", kill_on_drop: false }`
[INFO] running `Command { std: "docker" "rm" "-f" "7da52c81ca04290f9b8b0f84fb1f6f48969ee613717b3264a78714dc83866a90", kill_on_drop: false }`
[INFO] [stdout] 7da52c81ca04290f9b8b0f84fb1f6f48969ee613717b3264a78714dc83866a90
[INFO] running `Command { std: "docker" "create" "-v" "/var/lib/crater-agent-workspace/builds/worker-3-tc1/target:/opt/rustwide/target:rw,Z" "-v" "/var/lib/crater-agent-workspace/builds/worker-3-tc1/source:/opt/rustwide/workdir:ro,Z" "-v" "/var/lib/crater-agent-workspace/cargo-home:/opt/rustwide/cargo-home:ro,Z" "-v" "/var/lib/crater-agent-workspace/rustup-home:/opt/rustwide/rustup-home:ro,Z" "-e" "SOURCE_DIR=/opt/rustwide/workdir" "-e" "CARGO_TARGET_DIR=/opt/rustwide/target" "-e" "CARGO_INCREMENTAL=0" "-e" "RUST_BACKTRACE=full" "-e" "RUSTFLAGS=--cap-lints=forbid" "-e" "RUSTDOCFLAGS=--cap-lints=forbid" "-e" "CARGO_HOME=/opt/rustwide/cargo-home" "-e" "RUSTUP_HOME=/opt/rustwide/rustup-home" "-w" "/opt/rustwide/workdir" "-m" "1610612736" "--user" "0:0" "--network" "none" "ghcr.io/rust-lang/crates-build-env/linux@sha256:4a844ea9eb2546a2d2c7022eacef16ef2e8229c7fbb2c7d4d55a9ceca922f72d" "/opt/rustwide/cargo-home/bin/cargo" "+nightly-2024-10-28" "test" "--frozen" "--no-run" "--message-format=json", kill_on_drop: false }`
[INFO] [stdout] 5ed941a3c783a62514391fd8ac773682b4a569c474571932fca2b0081f404aee
[INFO] running `Command { std: "docker" "start" "-a" "5ed941a3c783a62514391fd8ac773682b4a569c474571932fca2b0081f404aee", kill_on_drop: false }`
[INFO] [stderr]    Compiling googleapis-tonic-google-api v0.9.0 (/opt/rustwide/workdir)
[INFO] [stderr]     Finished `test` profile [unoptimized + debuginfo] target(s) in 0.89s
[INFO] running `Command { std: "docker" "inspect" "5ed941a3c783a62514391fd8ac773682b4a569c474571932fca2b0081f404aee", kill_on_drop: false }`
[INFO] running `Command { std: "docker" "rm" "-f" "5ed941a3c783a62514391fd8ac773682b4a569c474571932fca2b0081f404aee", kill_on_drop: false }`
[INFO] [stdout] 5ed941a3c783a62514391fd8ac773682b4a569c474571932fca2b0081f404aee
[INFO] running `Command { std: "docker" "create" "-v" "/var/lib/crater-agent-workspace/builds/worker-3-tc1/target:/opt/rustwide/target:rw,Z" "-v" "/var/lib/crater-agent-workspace/builds/worker-3-tc1/source:/opt/rustwide/workdir:ro,Z" "-v" "/var/lib/crater-agent-workspace/cargo-home:/opt/rustwide/cargo-home:ro,Z" "-v" "/var/lib/crater-agent-workspace/rustup-home:/opt/rustwide/rustup-home:ro,Z" "-e" "SOURCE_DIR=/opt/rustwide/workdir" "-e" "CARGO_TARGET_DIR=/opt/rustwide/target" "-e" "CARGO_INCREMENTAL=0" "-e" "RUST_BACKTRACE=full" "-e" "RUSTFLAGS=--cap-lints=forbid" "-e" "RUSTDOCFLAGS=--cap-lints=forbid" "-e" "CARGO_HOME=/opt/rustwide/cargo-home" "-e" "RUSTUP_HOME=/opt/rustwide/rustup-home" "-w" "/opt/rustwide/workdir" "-m" "1610612736" "--user" "0:0" "--network" "none" "ghcr.io/rust-lang/crates-build-env/linux@sha256:4a844ea9eb2546a2d2c7022eacef16ef2e8229c7fbb2c7d4d55a9ceca922f72d" "/opt/rustwide/cargo-home/bin/cargo" "+nightly-2024-10-28" "test" "--frozen", kill_on_drop: false }`
[INFO] [stdout] 1687d229ca3f7bf2bb26801680ef7fec05a5ce0a5616a84adeb83f88b2628e2c
[INFO] running `Command { std: "docker" "start" "-a" "1687d229ca3f7bf2bb26801680ef7fec05a5ce0a5616a84adeb83f88b2628e2c", kill_on_drop: false }`
[INFO] [stderr]     Finished `test` profile [unoptimized + debuginfo] target(s) in 0.03s
[INFO] [stderr]      Running unittests src/lib.rs (/opt/rustwide/target/debug/deps/googleapis_tonic_google_api-29563cb51630b8e8)
[INFO] [stdout] 
[INFO] [stdout] running 0 tests
[INFO] [stdout] 
[INFO] [stdout] test result: ok. 0 passed; 0 failed; 0 ignored; 0 measured; 0 filtered out; finished in 0.00s
[INFO] [stdout] 
[INFO] [stderr]    Doc-tests googleapis_tonic_google_api
[INFO] [stdout] 
[INFO] [stdout] running 120 tests
[INFO] [stdout] test src/vec_u8_hash_map/google.api.rs - vec_u8_hash_map::google::api::BackendRule::address (line 1449) ... FAILED
[INFO] [stdout] test src/vec_u8_hash_map/google.api.rs - vec_u8_hash_map::google::api::Authentication (line 1205) ... FAILED
[INFO] [stdout] test src/vec_u8_hash_map/google.api.rs - vec_u8_hash_map::google::api::BackendRule::protocol (line 1486) ... FAILED
[INFO] [stdout] test src/vec_u8_hash_map/google.api.rs - vec_u8_hash_map::google::api::AuthRequirement::audiences (line 1421) ... FAILED
[INFO] [stdout] test src/vec_u8_hash_map/google.api.rs - vec_u8_hash_map::google::api::Billing (line 1655) ... FAILED
[INFO] [stdout] test src/vec_u8_hash_map/google.api.rs - vec_u8_hash_map::google::api::AuthProvider::audiences (line 1336) ... FAILED
[INFO] [stdout] test src/vec_u8_hash_map/google.api.rs - vec_u8_hash_map::google::api::Context (line 1891) ... FAILED
[INFO] [stdout] test src/vec_u8_hash_map/google.api.rs - vec_u8_hash_map::google::api::AuthRequirement::provider_id (line 1404) ... FAILED
[INFO] [stdout] test src/vec_u8_hash_map/google.api.rs - vec_u8_hash_map::google::api::Context (line 1913) ... FAILED
[INFO] [stdout] test src/vec_u8_hash_map/google.api.rs - vec_u8_hash_map::google::api::ErrorReason::AccountStateInvalid (line 2759) ... FAILED
[INFO] [stdout] test src/vec_u8_hash_map/google.api.rs - vec_u8_hash_map::google::api::ErrorReason::AccessTokenTypeUnsupported (line 2774) ... FAILED
[INFO] [stdout] test src/vec_u8_hash_map/google.api.rs - vec_u8_hash_map::google::api::Endpoint (line 2387) ... FAILED
[INFO] [stdout] test src/vec_u8_hash_map/google.api.rs - vec_u8_hash_map::google::api::ErrorReason::AccessTokenScopeInsufficient (line 2739) ... FAILED
[INFO] [stdout] test src/vec_u8_hash_map/google.api.rs - vec_u8_hash_map::google::api::Control (line 2015) ... FAILED
[INFO] [stdout] test src/vec_u8_hash_map/google.api.rs - vec_u8_hash_map::google::api::ErrorReason::AccessTokenExpired (line 2721) ... FAILED
[INFO] [stdout] test src/vec_u8_hash_map/google.api.rs - vec_u8_hash_map::google::api::ErrorReason::ApiKeyAndroidAppBlocked (line 2540) ... FAILED
[INFO] [stdout] test src/vec_u8_hash_map/google.api.rs - vec_u8_hash_map::google::api::ErrorReason::ApiKeyServiceBlocked (line 2495) ... FAILED
[INFO] [stdout] test src/vec_u8_hash_map/google.api.rs - vec_u8_hash_map::google::api::ErrorReason::BillingDisabled (line 2464) ... FAILED
[INFO] [stdout] test src/vec_u8_hash_map/google.api.rs - vec_u8_hash_map::google::api::Distribution::sum_of_squared_deviation (line 2056) ... FAILED
[INFO] [stdout] test src/vec_u8_hash_map/google.api.rs - vec_u8_hash_map::google::api::ErrorReason::ApiKeyInvalid (line 2481) ... FAILED
[INFO] [stdout] test src/vec_u8_hash_map/google.api.rs - vec_u8_hash_map::google::api::ErrorReason::ApiKeyHttpReferrerBlocked (line 2510) ... FAILED
[INFO] [stdout] test src/vec_u8_hash_map/google.api.rs - vec_u8_hash_map::google::api::ErrorReason::CredentialsMissing (line 2790) ... FAILED
[INFO] [stdout] test src/vec_u8_hash_map/google.api.rs - vec_u8_hash_map::google::api::ErrorReason::ConsumerInvalid (line 2688) ... FAILED
[INFO] [stdout] test src/vec_u8_hash_map/google.api.rs - vec_u8_hash_map::google::api::ErrorReason::GcpSuspended (line 2935) ... FAILED
[INFO] [stdout] test src/vec_u8_hash_map/google.api.rs - vec_u8_hash_map::google::api::ErrorReason::LocationPolicyViolated (line 2951) ... FAILED
[INFO] [stdout] test src/vec_u8_hash_map/google.api.rs - vec_u8_hash_map::google::api::ErrorReason::ApiKeyIosAppBlocked (line 2555) ... FAILED
[INFO] [stdout] test src/vec_u8_hash_map/google.api.rs - vec_u8_hash_map::google::api::ErrorReason::LocationTaxPolicyViolated (line 2638) ... FAILED
[INFO] [stdout] test src/vec_u8_hash_map/google.api.rs - vec_u8_hash_map::google::api::ErrorReason::ResourceProjectInvalid (line 2807) ... FAILED
[INFO] [stdout] test src/vec_u8_hash_map/google.api.rs - vec_u8_hash_map::google::api::ErrorReason::ConsumerSuspended (line 2674) ... FAILED
[INFO] [stdout] test src/vec_u8_hash_map/google.api.rs - vec_u8_hash_map::google::api::ErrorReason::ApiKeyIpAddressBlocked (line 2525) ... FAILED
[INFO] [stdout] test src/vec_u8_hash_map/google.api.rs - vec_u8_hash_map::google::api::ErrorReason::RateLimitExceeded (line 2572) ... FAILED
[INFO] [stdout] test src/vec_u8_hash_map/google.api.rs - vec_u8_hash_map::google::api::ErrorReason::RateLimitExceeded (line 2587) ... FAILED
[INFO] [stdout] test src/vec_u8_hash_map/google.api.rs - vec_u8_hash_map::google::api::ErrorReason::ResourceQuotaExceeded (line 2605) ... FAILED
[INFO] [stdout] test src/vec_u8_hash_map/google.api.rs - vec_u8_hash_map::google::api::ErrorReason::ResourceQuotaExceeded (line 2620) ... FAILED
[INFO] [stdout] test src/vec_u8_hash_map/google.api.rs - vec_u8_hash_map::google::api::ErrorReason::ResourceUsageRestrictionViolated (line 2855) ... FAILED
[INFO] [stdout] test src/vec_u8_hash_map/google.api.rs - vec_u8_hash_map::google::api::ErrorReason::SecurityPolicyViolated (line 2707) ... FAILED
[INFO] [stdout] test src/vec_u8_hash_map/google.api.rs - vec_u8_hash_map::google::api::ErrorReason::ServiceNotVisible (line 2919) ... FAILED
[INFO] [stdout] test src/vec_u8_hash_map/google.api.rs - vec_u8_hash_map::google::api::ErrorReason::UserBlockedByAdmin (line 2839) ... FAILED
[INFO] [stdout] test src/vec_u8_hash_map/google.api.rs - vec_u8_hash_map::google::api::ErrorReason::ServiceDisabled (line 2447) ... FAILED
[INFO] [stdout] test src/vec_u8_hash_map/google.api.rs - vec_u8_hash_map::google::api::HttpBody (line 3158) ... FAILED
[INFO] [stdout] test src/vec_u8_hash_map/google.api.rs - vec_u8_hash_map::google::api::ErrorReason::SystemParameterUnsupported (line 2872) ... FAILED
[INFO] [stdout] test src/vec_u8_hash_map/google.api.rs - vec_u8_hash_map::google::api::ErrorReason::UserProjectDenied (line 2658) ... FAILED
[INFO] [stdout] test src/vec_u8_hash_map/google.api.rs - vec_u8_hash_map::google::api::ErrorReason::SessionCookieInvalid (line 2822) ... FAILED
[INFO] [stdout] test src/vec_u8_hash_map/google.api.rs - vec_u8_hash_map::google::api::HttpBody (line 3177) ... FAILED
[INFO] [stdout] test src/vec_u8_hash_map/google.api.rs - vec_u8_hash_map::google::api::HttpRule (line 457) ... FAILED
[INFO] [stdout] test src/vec_u8_hash_map/google.api.rs - vec_u8_hash_map::google::api::HttpRule (line 424) ... FAILED
[INFO] [stdout] test src/vec_u8_hash_map/google.api.rs - vec_u8_hash_map::google::api::HttpRule (line 510) ... FAILED
[INFO] [stdout] test src/vec_u8_hash_map/google.api.rs - vec_u8_hash_map::google::api::HttpRule (line 401) ... FAILED
[INFO] [stdout] test src/vec_u8_hash_map/google.api.rs - vec_u8_hash_map::google::api::HttpRule (line 482) ... FAILED
[INFO] [stdout] test src/vec_u8_hash_map/google.api.rs - vec_u8_hash_map::google::api::HttpRule (line 554) ... FAILED
[INFO] [stdout] test src/vec_u8_hash_map/google.api.rs - vec_u8_hash_map::google::api::HttpRule (line 608) ... FAILED
[INFO] [stdout] test src/vec_u8_hash_map/google.api.rs - vec_u8_hash_map::google::api::MethodSettings::auto_populated_fields (line 1075) ... FAILED
[INFO] [stdout] test src/vec_u8_hash_map/google.api.rs - vec_u8_hash_map::google::api::LogDescriptor (line 3261) ... FAILED
[INFO] [stdout] test src/vec_u8_hash_map/google.api.rs - vec_u8_hash_map::google::api::Logging (line 3296) ... FAILED
[INFO] [stdout] test src/vec_u8_hash_map/google.api.rs - vec_u8_hash_map::google::api::MethodSettings::selector (line 1047) ... FAILED
[INFO] [stdout] test src/vec_u8_hash_map/google.api.rs - vec_u8_hash_map::google::api::MethodSettings::long_running (line 1059) ... FAILED
[INFO] [stdout] test src/vec_u8_hash_map/google.api.rs - vec_u8_hash_map::google::api::MetricDescriptor::unit (line 3459) ... FAILED
[INFO] [stdout] test src/vec_u8_hash_map/google.api.rs - vec_u8_hash_map::google::api::MonitoredResource (line 3732) ... FAILED
[INFO] [stdout] test src/vec_u8_hash_map/google.api.rs - vec_u8_hash_map::google::api::MetricDescriptor::r#type (line 3366) ... FAILED
[INFO] [stdout] test src/vec_u8_hash_map/google.api.rs - vec_u8_hash_map::google::api::OAuthRequirements::canonical_scopes (line 1390) ... FAILED
[INFO] [stdout] test src/vec_u8_hash_map/google.api.rs - vec_u8_hash_map::google::api::Monitoring (line 3792) ... FAILED
[INFO] [stdout] test src/vec_u8_hash_map/google.api.rs - vec_u8_hash_map::google::api::MonitoredResourceMetadata::system_labels (line 3771) ... FAILED
[INFO] [stdout] test src/vec_u8_hash_map/google.api.rs - vec_u8_hash_map::google::api::Quota (line 3915) ... FAILED
[INFO] [stdout] test src/vec_u8_hash_map/google.api.rs - vec_u8_hash_map::google::api::ResourceDescriptor (line 112) ... FAILED
[INFO] [stdout] test src/vec_u8_hash_map/google.api.rs - vec_u8_hash_map::google::api::Quota (line 3888) ... FAILED
[INFO] [stdout] test src/vec_u8_hash_map/google.api.rs - vec_u8_hash_map::google::api::ResourceDescriptor (line 133) ... FAILED
[INFO] [stdout] test src/vec_u8_hash_map/google.api.rs - vec_u8_hash_map::google::api::ResourceDescriptor (line 100) ... FAILED
[INFO] [stdout] test src/vec_u8_hash_map/google.api.rs - vec_u8_hash_map::google::api::ProjectProperties (line 1798) ... FAILED
[INFO] [stdout] test src/vec_u8_hash_map/google.api.rs - vec_u8_hash_map::google::api::ResourceDescriptor (line 121) ... FAILED
[INFO] [stdout] test src/vec_u8_hash_map/google.api.rs - vec_u8_hash_map::google::api::ResourceDescriptor::history (line 182) ... FAILED
[INFO] [stdout] test src/vec_u8_hash_map/google.api.rs - vec_u8_hash_map::google::api::ResourceDescriptor::pattern (line 165) ... FAILED
[INFO] [stdout] test src/vec_u8_hash_map/google.api.rs - vec_u8_hash_map::google::api::ResourceReference::child_type (line 349) ... FAILED
[INFO] [stdout] test src/vec_u8_hash_map/google.api.rs - vec_u8_hash_map::google::api::RoutingParameter::path_template (line 4428) ... FAILED
[INFO] [stdout] test src/vec_u8_hash_map/google.api.rs - vec_u8_hash_map::google::api::RoutingRule (line 4048) ... FAILED
[INFO] [stdout] test src/vec_u8_hash_map/google.api.rs - vec_u8_hash_map::google::api::RoutingParameter::path_template (line 4464) ... FAILED
[INFO] [stdout] test src/vec_u8_hash_map/google.api.rs - vec_u8_hash_map::google::api::ResourceReference::r#type (line 336) ... FAILED
[INFO] [stdout] test src/vec_u8_hash_map/google.api.rs - vec_u8_hash_map::google::api::RoutingParameter::path_template (line 4458) ... FAILED
[INFO] [stdout] test src/vec_u8_hash_map/google.api.rs - vec_u8_hash_map::google::api::ResourceReference::r#type (line 325) ... FAILED
[INFO] [stdout] test src/vec_u8_hash_map/google.api.rs - vec_u8_hash_map::google::api::RoutingRule (line 4065) ... FAILED
[INFO] [stdout] test src/vec_u8_hash_map/google.api.rs - vec_u8_hash_map::google::api::ResourceDescriptor::pattern (line 159) ... FAILED
[INFO] [stdout] test src/vec_u8_hash_map/google.api.rs - vec_u8_hash_map::google::api::RoutingRule (line 4110) ... FAILED
[INFO] [stdout] test src/vec_u8_hash_map/google.api.rs - vec_u8_hash_map::google::api::RoutingRule (line 4091) ... FAILED
[INFO] [stdout] test src/vec_u8_hash_map/google.api.rs - vec_u8_hash_map::google::api::RoutingRule (line 4126) ... FAILED
[INFO] [stdout] test src/vec_u8_hash_map/google.api.rs - vec_u8_hash_map::google::api::RoutingRule (line 4137) ... FAILED
[INFO] [stdout] test src/vec_u8_hash_map/google.api.rs - vec_u8_hash_map::google::api::RoutingRule (line 4100) ... FAILED
[INFO] [stdout] test src/vec_u8_hash_map/google.api.rs - vec_u8_hash_map::google::api::RoutingRule (line 4157) ... FAILED
[INFO] [stdout] test src/vec_u8_hash_map/google.api.rs - vec_u8_hash_map::google::api::RoutingRule (line 4082) ... FAILED
[INFO] [stdout] test src/vec_u8_hash_map/google.api.rs - vec_u8_hash_map::google::api::RoutingRule (line 4146) ... FAILED
[INFO] [stdout] test src/vec_u8_hash_map/google.api.rs - vec_u8_hash_map::google::api::RoutingRule (line 4182) ... FAILED
[INFO] [stdout] test src/vec_u8_hash_map/google.api.rs - vec_u8_hash_map::google::api::RoutingRule (line 4202) ... FAILED
[INFO] [stdout] test src/vec_u8_hash_map/google.api.rs - vec_u8_hash_map::google::api::RoutingRule (line 4229) ... FAILED
[INFO] [stdout] test src/vec_u8_hash_map/google.api.rs - vec_u8_hash_map::google::api::RoutingRule (line 4212) ... FAILED
[INFO] [stdout] test src/vec_u8_hash_map/google.api.rs - vec_u8_hash_map::google::api::RoutingRule (line 4192) ... FAILED
[INFO] [stdout] test src/vec_u8_hash_map/google.api.rs - vec_u8_hash_map::google::api::RoutingRule (line 4166) ... FAILED
[INFO] [stdout] test src/vec_u8_hash_map/google.api.rs - vec_u8_hash_map::google::api::RoutingRule (line 4261) ... FAILED
[INFO] [stdout] test src/vec_u8_hash_map/google.api.rs - vec_u8_hash_map::google::api::RoutingRule (line 4271) ... FAILED
[INFO] [stdout] test src/vec_u8_hash_map/google.api.rs - vec_u8_hash_map::google::api::RoutingRule (line 4289) ... FAILED
[INFO] [stdout] test src/vec_u8_hash_map/google.api.rs - vec_u8_hash_map::google::api::RoutingRule (line 4244) ... FAILED
[INFO] [stdout] test src/vec_u8_hash_map/google.api.rs - vec_u8_hash_map::google::api::RoutingRule (line 4305) ... FAILED
[INFO] [stdout] test src/vec_u8_hash_map/google.api.rs - vec_u8_hash_map::google::api::RoutingRule (line 4321) ... FAILED
[INFO] [stdout] test src/vec_u8_hash_map/google.api.rs - vec_u8_hash_map::google::api::Service::enums (line 4707) ... FAILED
[INFO] [stdout] test src/vec_u8_hash_map/google.api.rs - vec_u8_hash_map::google::api::RoutingRule (line 4361) ... FAILED
[INFO] [stdout] test src/vec_u8_hash_map/google.api.rs - vec_u8_hash_map::google::api::RoutingRule (line 4353) ... FAILED
[INFO] [stdout] test src/vec_u8_hash_map/google.api.rs - vec_u8_hash_map::google::api::Service (line 4640) ... FAILED
[INFO] [stdout] test src/vec_u8_hash_map/google.api.rs - vec_u8_hash_map::google::api::RoutingRule (line 4397) ... FAILED
[INFO] [stdout] test src/vec_u8_hash_map/google.api.rs - vec_u8_hash_map::google::api::RoutingRule (line 4332) ... FAILED
[INFO] [stdout] test src/vec_u8_hash_map/google.api.rs - vec_u8_hash_map::google::api::UsageRule (line 4600) ... FAILED
[INFO] [stdout] test src/vec_u8_hash_map/google.api.rs - vec_u8_hash_map::google::api::Service::types (line 4698) ... FAILED
[INFO] [stdout] test src/vec_u8_hash_map/google.api.rs - vec_u8_hash_map::google::api::SystemParameters::rules (line 4507) ... FAILED
[INFO] [stdout] test src/vec_u8_hash_map/google.api.rs - vec_u8_hash_map::google::api::backend_rule::PathTranslation::AppendPathToAddress (line 1579) ... FAILED
[INFO] [stdout] test src/vec_u8_hash_map/google.api.rs - vec_u8_hash_map::google::api::UsageRule (line 4607) ... FAILED
[INFO] [stdout] test src/vec_u8_hash_map/google.api.rs - vec_u8_hash_map::google::api::Visibility (line 4792) ... FAILED
[INFO] [stdout] test src/vec_u8_hash_map/google.api.rs - vec_u8_hash_map::google::api::backend_rule::PathTranslation::ConstantAddress (line 1559) ... FAILED
[INFO] [stdout] test src/vec_u8_hash_map/google.api.rs - vec_u8_hash_map::google::api::SystemParameters::rules (line 4497) ... FAILED
[INFO] [stdout] test src/vec_u8_hash_map/google.api.rs - vec_u8_hash_map::google::api::VisibilityRule::restriction (line 4827) ... FAILED
[INFO] [stdout] test src/vec_u8_hash_map/google.api.rs - vec_u8_hash_map::google::api::backend_rule::PathTranslation::AppendPathToAddress (line 1585) ... FAILED
[INFO] [stdout] test src/vec_u8_hash_map/google.api.rs - vec_u8_hash_map::google::api::backend_rule::PathTranslation::ConstantAddress (line 1565) ... FAILED
[INFO] [stdout] test src/vec_u8_hash_map/google.api.rs - vec_u8_hash_map::google::api::distribution::bucket_options::Explicit (line 2177) ... FAILED
[INFO] [stdout] test src/vec_u8_hash_map/google.api.rs - vec_u8_hash_map::google::api::distribution::bucket_options::Exponential (line 2157) ... FAILED
[INFO] [stdout] test src/vec_u8_hash_map/google.api.rs - vec_u8_hash_map::google::api::distribution::bucket_options::Linear (line 2135) ... FAILED
[INFO] [stdout] 
[INFO] [stdout] failures:
[INFO] [stdout] 
[INFO] [stdout] ---- src/vec_u8_hash_map/google.api.rs - vec_u8_hash_map::google::api::BackendRule::address (line 1449) stdout ----
[INFO] [stdout] error: expected one of `!`, `.`, `::`, `;`, `?`, `{`, `}`, or an operator, found `PROTOCOL`
[INFO] [stdout]  --> src/vec_u8_hash_map/google.api.rs:1450:15
[INFO] [stdout]   |
[INFO] [stdout] 3 | SCHEME        PROTOCOL    SECURITY
[INFO] [stdout]   |               ^^^^^^^^ expected one of 8 possible tokens
[INFO] [stdout] 
[INFO] [stdout] error: aborting due to 1 previous error
[INFO] [stdout] 
[INFO] [stdout] Couldn't compile the test.
[INFO] [stdout] ---- src/vec_u8_hash_map/google.api.rs - vec_u8_hash_map::google::api::Authentication (line 1205) stdout ----
[INFO] [stdout] error: expected identifier, found `:`
[INFO] [stdout]  --> src/vec_u8_hash_map/google.api.rs:1206:5
[INFO] [stdout]   |
[INFO] [stdout] 3 | name: calendar.googleapis.com
[INFO] [stdout]   |     ^ expected identifier
[INFO] [stdout] 
[INFO] [stdout] error: aborting due to 1 previous error
[INFO] [stdout] 
[INFO] [stdout] Couldn't compile the test.
[INFO] [stdout] ---- src/vec_u8_hash_map/google.api.rs - vec_u8_hash_map::google::api::BackendRule::protocol (line 1486) stdout ----
[INFO] [stdout] error: expected one of `!`, `.`, `::`, `;`, `?`, `{`, `}`, or an operator, found `PROTOCOL`
[INFO] [stdout]  --> src/vec_u8_hash_map/google.api.rs:1487:15
[INFO] [stdout]   |
[INFO] [stdout] 3 | SCHEME        PROTOCOL
[INFO] [stdout]   |               ^^^^^^^^ expected one of 8 possible tokens
[INFO] [stdout] 
[INFO] [stdout] error: aborting due to 1 previous error
[INFO] [stdout] 
[INFO] [stdout] Couldn't compile the test.
[INFO] [stdout] ---- src/vec_u8_hash_map/google.api.rs - vec_u8_hash_map::google::api::AuthRequirement::audiences (line 1421) stdout ----
[INFO] [stdout] error: expected identifier, found `:`
[INFO] [stdout]  --> src/vec_u8_hash_map/google.api.rs:1422:10
[INFO] [stdout]   |
[INFO] [stdout] 3 | audiences: bookstore_android.apps.googleusercontent.com,
[INFO] [stdout]   |          ^ expected identifier
[INFO] [stdout] 
[INFO] [stdout] error: aborting due to 1 previous error
[INFO] [stdout] 
[INFO] [stdout] Couldn't compile the test.
[INFO] [stdout] ---- src/vec_u8_hash_map/google.api.rs - vec_u8_hash_map::google::api::Billing (line 1655) stdout ----
[INFO] [stdout] error: statements are terminated with a semicolon
[INFO] [stdout]  --> src/vec_u8_hash_map/google.api.rs:1656:20
[INFO] [stdout]   |
[INFO] [stdout] 3 | monitored_resources:
[INFO] [stdout]   |                    ^
[INFO] [stdout]   |
[INFO] [stdout]   = note: if you meant to annotate an expression with a type, the type ascription syntax has been removed, see issue #101728 <https://github.com/rust-lang/rust/issues/101728>
[INFO] [stdout] help: use a semicolon instead
[INFO] [stdout]   |
[INFO] [stdout] 3 | monitored_resources;
[INFO] [stdout]   |                    ~
[INFO] [stdout] 
[INFO] [stdout] error: expected expression, found keyword `type`
[INFO] [stdout]  --> src/vec_u8_hash_map/google.api.rs:1657:4
[INFO] [stdout]   |
[INFO] [stdout] 4 |  - type: library.googleapis.com/billing_branch
[INFO] [stdout]   |    ^^^^ expected expression
[INFO] [stdout] 
[INFO] [stdout] error: aborting due to 2 previous errors
[INFO] [stdout] 
[INFO] [stdout] Couldn't compile the test.
[INFO] [stdout] ---- src/vec_u8_hash_map/google.api.rs - vec_u8_hash_map::google::api::AuthProvider::audiences (line 1336) stdout ----
[INFO] [stdout] error: expected identifier, found `:`
[INFO] [stdout]  --> src/vec_u8_hash_map/google.api.rs:1337:10
[INFO] [stdout]   |
[INFO] [stdout] 3 | audiences: bookstore_android.apps.googleusercontent.com,
[INFO] [stdout]   |          ^ expected identifier
[INFO] [stdout] 
[INFO] [stdout] error: aborting due to 1 previous error
[INFO] [stdout] 
[INFO] [stdout] Couldn't compile the test.
[INFO] [stdout] ---- src/vec_u8_hash_map/google.api.rs - vec_u8_hash_map::google::api::Context (line 1891) stdout ----
[INFO] [stdout] error: expected identifier, found `:`
[INFO] [stdout]  --> src/vec_u8_hash_map/google.api.rs:1892:8
[INFO] [stdout]   |
[INFO] [stdout] 3 | context:
[INFO] [stdout]   |        ^ expected identifier
[INFO] [stdout] 
[INFO] [stdout] error: aborting due to 1 previous error
[INFO] [stdout] 
[INFO] [stdout] Couldn't compile the test.
[INFO] [stdout] ---- src/vec_u8_hash_map/google.api.rs - vec_u8_hash_map::google::api::AuthRequirement::provider_id (line 1404) stdout ----
[INFO] [stdout] error: struct literal body without path
[INFO] [stdout]  --> src/vec_u8_hash_map/google.api.rs:1404:98
[INFO] [stdout]   |
[INFO] [stdout] 2 |   fn main() { #[allow(non_snake_case)] fn _doctest_main_src_vec_u8_hash_map_google_api_rs_1404_0() {
[INFO] [stdout]   |  __________________________________________________________________________________________________^
[INFO] [stdout] 3 | | provider_id: bookstore_auth
[INFO] [stdout] 4 | | } _doctest_main_src_vec_u8_hash_map_google_api_rs_1404_0() }
[INFO] [stdout]   | |_^
[INFO] [stdout]   |
[INFO] [stdout] help: you might have forgotten to add the struct literal inside the block
[INFO] [stdout]   |
[INFO] [stdout] 2 ~ fn main() { #[allow(non_snake_case)] fn _doctest_main_src_vec_u8_hash_map_google_api_rs_1404_0() { SomeStruct {
[INFO] [stdout] 3 | provider_id: bookstore_auth
[INFO] [stdout] 4 ~ } } _doctest_main_src_vec_u8_hash_map_google_api_rs_1404_0() }
[INFO] [stdout]   |
[INFO] [stdout] 
[INFO] [stdout] error: aborting due to 1 previous error
[INFO] [stdout] 
[INFO] [stdout] Couldn't compile the test.
[INFO] [stdout] ---- src/vec_u8_hash_map/google.api.rs - vec_u8_hash_map::google::api::Context (line 1913) stdout ----
[INFO] [stdout] error: expected identifier, found `:`
[INFO] [stdout]  --> src/vec_u8_hash_map/google.api.rs:1914:8
[INFO] [stdout]   |
[INFO] [stdout] 3 | context:
[INFO] [stdout]   |        ^ expected identifier
[INFO] [stdout] 
[INFO] [stdout] error: aborting due to 1 previous error
[INFO] [stdout] 
[INFO] [stdout] Couldn't compile the test.
[INFO] [stdout] ---- src/vec_u8_hash_map/google.api.rs - vec_u8_hash_map::google::api::ErrorReason::AccountStateInvalid (line 2759) stdout ----
[INFO] [stdout] error: expected one of `.`, `;`, `?`, `}`, or an operator, found `:`
[INFO] [stdout]  --> src/vec_u8_hash_map/google.api.rs:2760:11
[INFO] [stdout]   |
[INFO] [stdout] 3 | { "reason": "ACCOUNT_STATE_INVALID",
[INFO] [stdout]   |           ^ expected one of `.`, `;`, `?`, `}`, or an operator
[INFO] [stdout] 
[INFO] [stdout] error: aborting due to 1 previous error
[INFO] [stdout] 
[INFO] [stdout] Couldn't compile the test.
[INFO] [stdout] ---- src/vec_u8_hash_map/google.api.rs - vec_u8_hash_map::google::api::ErrorReason::AccessTokenTypeUnsupported (line 2774) stdout ----
[INFO] [stdout] error: expected one of `.`, `;`, `?`, `}`, or an operator, found `:`
[INFO] [stdout]  --> src/vec_u8_hash_map/google.api.rs:2775:11
[INFO] [stdout]   |
[INFO] [stdout] 3 | { "reason": "ACCESS_TOKEN_TYPE_UNSUPPORTED",
[INFO] [stdout]   |           ^ expected one of `.`, `;`, `?`, `}`, or an operator
[INFO] [stdout] 
[INFO] [stdout] error: aborting due to 1 previous error
[INFO] [stdout] 
[INFO] [stdout] Couldn't compile the test.
[INFO] [stdout] ---- src/vec_u8_hash_map/google.api.rs - vec_u8_hash_map::google::api::Endpoint (line 2387) stdout ----
[INFO] [stdout] error: unknown start of token: `
[INFO] [stdout]  --> src/vec_u8_hash_map/google.api.rs:2391:26
[INFO] [stdout]   |
[INFO] [stdout] 6 | Declares network address `<https://library-example.googleapis.com`>
[INFO] [stdout]   |                          ^
[INFO] [stdout]   |
[INFO] [stdout] help: Unicode character '`' (Grave Accent) looks like ''' (Single Quote), but it is not
[INFO] [stdout]   |
[INFO] [stdout] 6 | Declares network address '<https://library-example.googleapis.com`>
[INFO] [stdout]   |                          ~
[INFO] [stdout] 
[INFO] [stdout] error: unknown start of token: `
[INFO] [stdout]  --> src/vec_u8_hash_map/google.api.rs:2392:13
[INFO] [stdout]   |
[INFO] [stdout] 7 | for service `library-example.googleapis.com`. The `https` scheme
[INFO] [stdout]   |             ^
[INFO] [stdout]   |
[INFO] [stdout] help: Unicode character '`' (Grave Accent) looks like ''' (Single Quote), but it is not
[INFO] [stdout]   |
[INFO] [stdout] 7 | for service 'library-example.googleapis.com`. The `https` scheme
[INFO] [stdout]   |             ~
[INFO] [stdout] 
[INFO] [stdout] error: unknown start of token: `
[INFO] [stdout]  --> src/vec_u8_hash_map/google.api.rs:2392:44
[INFO] [stdout]   |
[INFO] [stdout] 7 | for service `library-example.googleapis.com`. The `https` scheme
[INFO] [stdout]   |                                            ^
[INFO] [stdout]   |
[INFO] [stdout] help: Unicode character '`' (Grave Accent) looks like ''' (Single Quote), but it is not
[INFO] [stdout]   |
[INFO] [stdout] 7 | for service `library-example.googleapis.com'. The `https` scheme
[INFO] [stdout]   |                                            ~
[INFO] [stdout] 
[INFO] [stdout] error: unknown start of token: `
[INFO] [stdout]  --> src/vec_u8_hash_map/google.api.rs:2392:51
[INFO] [stdout]   |
[INFO] [stdout] 7 | for service `library-example.googleapis.com`. The `https` scheme
[INFO] [stdout]   |                                                   ^
[INFO] [stdout]   |
[INFO] [stdout] help: Unicode character '`' (Grave Accent) looks like ''' (Single Quote), but it is not
[INFO] [stdout]   |
[INFO] [stdout] 7 | for service `library-example.googleapis.com`. The 'https` scheme
[INFO] [stdout]   |                                                   ~
[INFO] [stdout] 
[INFO] [stdout] error: unknown start of token: `
[INFO] [stdout]  --> src/vec_u8_hash_map/google.api.rs:2392:57
[INFO] [stdout]   |
[INFO] [stdout] 7 | for service `library-example.googleapis.com`. The `https` scheme
[INFO] [stdout]   |                                                         ^
[INFO] [stdout]   |
[INFO] [stdout] help: Unicode character '`' (Grave Accent) looks like ''' (Single Quote), but it is not
[INFO] [stdout]   |
[INFO] [stdout] 7 | for service `library-example.googleapis.com`. The `https' scheme
[INFO] [stdout]   |                                                         ~
[INFO] [stdout] 
[INFO] [stdout] error: expected identifier, found keyword `type`
[INFO] [stdout]  --> src/vec_u8_hash_map/google.api.rs:2388:1
[INFO] [stdout]   |
[INFO] [stdout] 3 | type: google.api.Service
[INFO] [stdout]   | ^^^^ expected identifier, found keyword
[INFO] [stdout]   |
[INFO] [stdout] help: escape `type` to use it as an identifier
[INFO] [stdout]   |
[INFO] [stdout] 3 | r#type: google.api.Service
[INFO] [stdout]   | ++
[INFO] [stdout] 
[INFO] [stdout] error: expected identifier, found `:`
[INFO] [stdout]  --> src/vec_u8_hash_map/google.api.rs:2388:5
[INFO] [stdout]   |
[INFO] [stdout] 3 | type: google.api.Service
[INFO] [stdout]   |     ^ expected identifier
[INFO] [stdout] 
[INFO] [stdout] error: aborting due to 7 previous errors
[INFO] [stdout] 
[INFO] [stdout] Couldn't compile the test.
[INFO] [stdout] ---- src/vec_u8_hash_map/google.api.rs - vec_u8_hash_map::google::api::ErrorReason::AccessTokenScopeInsufficient (line 2739) stdout ----
[INFO] [stdout] error: expected one of `.`, `;`, `?`, `}`, or an operator, found `:`
[INFO] [stdout]  --> src/vec_u8_hash_map/google.api.rs:2740:11
[INFO] [stdout]   |
[INFO] [stdout] 3 | { "reason": "ACCESS_TOKEN_SCOPE_INSUFFICIENT",
[INFO] [stdout]   |           ^ expected one of `.`, `;`, `?`, `}`, or an operator
[INFO] [stdout] 
[INFO] [stdout] error: aborting due to 1 previous error
[INFO] [stdout] 
[INFO] [stdout] Couldn't compile the test.
[INFO] [stdout] ---- src/vec_u8_hash_map/google.api.rs - vec_u8_hash_map::google::api::Control (line 2015) stdout ----
[INFO] [stdout] error: expected identifier, found `:`
[INFO] [stdout]  --> src/vec_u8_hash_map/google.api.rs:2016:8
[INFO] [stdout]   |
[INFO] [stdout] 3 | control:
[INFO] [stdout]   |        ^ expected identifier
[INFO] [stdout] 
[INFO] [stdout] error: aborting due to 1 previous error
[INFO] [stdout] 
[INFO] [stdout] Couldn't compile the test.
[INFO] [stdout] ---- src/vec_u8_hash_map/google.api.rs - vec_u8_hash_map::google::api::ErrorReason::AccessTokenExpired (line 2721) stdout ----
[INFO] [stdout] error: expected one of `.`, `;`, `?`, `}`, or an operator, found `:`
[INFO] [stdout]  --> src/vec_u8_hash_map/google.api.rs:2722:11
[INFO] [stdout]   |
[INFO] [stdout] 3 | { "reason": "ACCESS_TOKEN_EXPIRED",
[INFO] [stdout]   |           ^ expected one of `.`, `;`, `?`, `}`, or an operator
[INFO] [stdout] 
[INFO] [stdout] error: aborting due to 1 previous error
[INFO] [stdout] 
[INFO] [stdout] Couldn't compile the test.
[INFO] [stdout] ---- src/vec_u8_hash_map/google.api.rs - vec_u8_hash_map::google::api::ErrorReason::ApiKeyAndroidAppBlocked (line 2540) stdout ----
[INFO] [stdout] error: expected one of `.`, `;`, `?`, `}`, or an operator, found `:`
[INFO] [stdout]  --> src/vec_u8_hash_map/google.api.rs:2541:11
[INFO] [stdout]   |
[INFO] [stdout] 3 | { "reason": "API_KEY_ANDROID_APP_BLOCKED",
[INFO] [stdout]   |           ^ expected one of `.`, `;`, `?`, `}`, or an operator
[INFO] [stdout] 
[INFO] [stdout] error: aborting due to 1 previous error
[INFO] [stdout] 
[INFO] [stdout] Couldn't compile the test.
[INFO] [stdout] ---- src/vec_u8_hash_map/google.api.rs - vec_u8_hash_map::google::api::ErrorReason::ApiKeyServiceBlocked (line 2495) stdout ----
[INFO] [stdout] error: expected one of `.`, `;`, `?`, `}`, or an operator, found `:`
[INFO] [stdout]  --> src/vec_u8_hash_map/google.api.rs:2496:11
[INFO] [stdout]   |
[INFO] [stdout] 3 | { "reason": "API_KEY_SERVICE_BLOCKED",
[INFO] [stdout]   |           ^ expected one of `.`, `;`, `?`, `}`, or an operator
[INFO] [stdout] 
[INFO] [stdout] error: aborting due to 1 previous error
[INFO] [stdout] 
[INFO] [stdout] Couldn't compile the test.
[INFO] [stdout] ---- src/vec_u8_hash_map/google.api.rs - vec_u8_hash_map::google::api::ErrorReason::BillingDisabled (line 2464) stdout ----
[INFO] [stdout] error: expected one of `.`, `;`, `?`, `}`, or an operator, found `:`
[INFO] [stdout]  --> src/vec_u8_hash_map/google.api.rs:2465:11
[INFO] [stdout]   |
[INFO] [stdout] 3 | { "reason": "BILLING_DISABLED",
[INFO] [stdout]   |           ^ expected one of `.`, `;`, `?`, `}`, or an operator
[INFO] [stdout] 
[INFO] [stdout] error: aborting due to 1 previous error
[INFO] [stdout] 
[INFO] [stdout] Couldn't compile the test.
[INFO] [stdout] ---- src/vec_u8_hash_map/google.api.rs - vec_u8_hash_map::google::api::Distribution::sum_of_squared_deviation (line 2056) stdout ----
[INFO] [stdout] error[E0425]: cannot find value `Sum` in this scope
[INFO] [stdout]  --> src/vec_u8_hash_map/google.api.rs:2057:1
[INFO] [stdout]   |
[INFO] [stdout] 3 | Sum[i=1..n]((x_i - mean)^2)
[INFO] [stdout]   | ^^^ not found in this scope
[INFO] [stdout] 
[INFO] [stdout] error[E0425]: cannot find value `i` in this scope
[INFO] [stdout]  --> src/vec_u8_hash_map/google.api.rs:2057:5
[INFO] [stdout]   |
[INFO] [stdout] 3 | Sum[i=1..n]((x_i - mean)^2)
[INFO] [stdout]   |     ^
[INFO] [stdout]   |
[INFO] [stdout] help: you might have meant to introduce a new binding
[INFO] [stdout]   |
[INFO] [stdout] 3 | Sum[let i=1..n]((x_i - mean)^2)
[INFO] [stdout]   |     +++
[INFO] [stdout] 
[INFO] [stdout] error[E0425]: cannot find value `n` in this scope
[INFO] [stdout]  --> src/vec_u8_hash_map/google.api.rs:2057:10
[INFO] [stdout]   |
[INFO] [stdout] 3 | Sum[i=1..n]((x_i - mean)^2)
[INFO] [stdout]   |          ^ not found in this scope
[INFO] [stdout] 
[INFO] [stdout] error[E0425]: cannot find value `x_i` in this scope
[INFO] [stdout]  --> src/vec_u8_hash_map/google.api.rs:2057:14
[INFO] [stdout]   |
[INFO] [stdout] 3 | Sum[i=1..n]((x_i - mean)^2)
[INFO] [stdout]   |              ^^^ not found in this scope
[INFO] [stdout] 
[INFO] [stdout] error[E0425]: cannot find value `mean` in this scope
[INFO] [stdout]  --> src/vec_u8_hash_map/google.api.rs:2057:20
[INFO] [stdout]   |
[INFO] [stdout] 3 | Sum[i=1..n]((x_i - mean)^2)
[INFO] [stdout]   |                    ^^^^ not found in this scope
[INFO] [stdout] 
[INFO] [stdout] error: aborting due to 5 previous errors
[INFO] [stdout] 
[INFO] [stdout] For more information about this error, try `rustc --explain E0425`.
[INFO] [stdout] Couldn't compile the test.
[INFO] [stdout] ---- src/vec_u8_hash_map/google.api.rs - vec_u8_hash_map::google::api::ErrorReason::ApiKeyInvalid (line 2481) stdout ----
[INFO] [stdout] error: expected one of `.`, `;`, `?`, `}`, or an operator, found `:`
[INFO] [stdout]  --> src/vec_u8_hash_map/google.api.rs:2482:11
[INFO] [stdout]   |
[INFO] [stdout] 3 | { "reason": "API_KEY_INVALID",
[INFO] [stdout]   |           ^ expected one of `.`, `;`, `?`, `}`, or an operator
[INFO] [stdout] 
[INFO] [stdout] error: aborting due to 1 previous error
[INFO] [stdout] 
[INFO] [stdout] Couldn't compile the test.
[INFO] [stdout] ---- src/vec_u8_hash_map/google.api.rs - vec_u8_hash_map::google::api::ErrorReason::ApiKeyHttpReferrerBlocked (line 2510) stdout ----
[INFO] [stdout] error: expected one of `.`, `;`, `?`, `}`, or an operator, found `:`
[INFO] [stdout]  --> src/vec_u8_hash_map/google.api.rs:2511:11
[INFO] [stdout]   |
[INFO] [stdout] 3 | { "reason": "API_KEY_HTTP_REFERRER_BLOCKED",
[INFO] [stdout]   |           ^ expected one of `.`, `;`, `?`, `}`, or an operator
[INFO] [stdout] 
[INFO] [stdout] error: aborting due to 1 previous error
[INFO] [stdout] 
[INFO] [stdout] Couldn't compile the test.
[INFO] [stdout] ---- src/vec_u8_hash_map/google.api.rs - vec_u8_hash_map::google::api::ErrorReason::CredentialsMissing (line 2790) stdout ----
[INFO] [stdout] error: expected one of `.`, `;`, `?`, `}`, or an operator, found `:`
[INFO] [stdout]  --> src/vec_u8_hash_map/google.api.rs:2791:11
[INFO] [stdout]   |
[INFO] [stdout] 3 | { "reason": "CREDENTIALS_MISSING",
[INFO] [stdout]   |           ^ expected one of `.`, `;`, `?`, `}`, or an operator
[INFO] [stdout] 
[INFO] [stdout] error: aborting due to 1 previous error
[INFO] [stdout] 
[INFO] [stdout] Couldn't compile the test.
[INFO] [stdout] ---- src/vec_u8_hash_map/google.api.rs - vec_u8_hash_map::google::api::ErrorReason::ConsumerInvalid (line 2688) stdout ----
[INFO] [stdout] error: expected one of `.`, `;`, `?`, `}`, or an operator, found `:`
[INFO] [stdout]  --> src/vec_u8_hash_map/google.api.rs:2689:11
[INFO] [stdout]   |
[INFO] [stdout] 3 | { "reason": "CONSUMER_INVALID",
[INFO] [stdout]   |           ^ expected one of `.`, `;`, `?`, `}`, or an operator
[INFO] [stdout] 
[INFO] [stdout] error: aborting due to 1 previous error
[INFO] [stdout] 
[INFO] [stdout] Couldn't compile the test.
[INFO] [stdout] ---- src/vec_u8_hash_map/google.api.rs - vec_u8_hash_map::google::api::ErrorReason::GcpSuspended (line 2935) stdout ----
[INFO] [stdout] error: expected one of `.`, `;`, `?`, `}`, or an operator, found `:`
[INFO] [stdout]  --> src/vec_u8_hash_map/google.api.rs:2936:11
[INFO] [stdout]   |
[INFO] [stdout] 3 | { "reason": "GCP_SUSPENDED",
[INFO] [stdout]   |           ^ expected one of `.`, `;`, `?`, `}`, or an operator
[INFO] [stdout] 
[INFO] [stdout] error: aborting due to 1 previous error
[INFO] [stdout] 
[INFO] [stdout] Couldn't compile the test.
[INFO] [stdout] ---- src/vec_u8_hash_map/google.api.rs - vec_u8_hash_map::google::api::ErrorReason::LocationPolicyViolated (line 2951) stdout ----
[INFO] [stdout] error: expected one of `.`, `;`, `?`, `}`, or an operator, found `:`
[INFO] [stdout]  --> src/vec_u8_hash_map/google.api.rs:2952:11
[INFO] [stdout]   |
[INFO] [stdout] 3 | { "reason": "LOCATION_POLICY_VIOLATED",
[INFO] [stdout]   |           ^ expected one of `.`, `;`, `?`, `}`, or an operator
[INFO] [stdout] 
[INFO] [stdout] error: aborting due to 1 previous error
[INFO] [stdout] 
[INFO] [stdout] Couldn't compile the test.
[INFO] [stdout] ---- src/vec_u8_hash_map/google.api.rs - vec_u8_hash_map::google::api::ErrorReason::ApiKeyIosAppBlocked (line 2555) stdout ----
[INFO] [stdout] error: expected one of `.`, `;`, `?`, `}`, or an operator, found `:`
[INFO] [stdout]  --> src/vec_u8_hash_map/google.api.rs:2556:11
[INFO] [stdout]   |
[INFO] [stdout] 3 | { "reason": "API_KEY_IOS_APP_BLOCKED",
[INFO] [stdout]   |           ^ expected one of `.`, `;`, `?`, `}`, or an operator
[INFO] [stdout] 
[INFO] [stdout] error: aborting due to 1 previous error
[INFO] [stdout] 
[INFO] [stdout] Couldn't compile the test.
[INFO] [stdout] ---- src/vec_u8_hash_map/google.api.rs - vec_u8_hash_map::google::api::ErrorReason::LocationTaxPolicyViolated (line 2638) stdout ----
[INFO] [stdout] error: expected one of `.`, `;`, `?`, `}`, or an operator, found `:`
[INFO] [stdout]  --> src/vec_u8_hash_map/google.api.rs:2639:11
[INFO] [stdout]   |
[INFO] [stdout] 3 | { "reason": "LOCATION_TAX_POLICY_VIOLATED",
[INFO] [stdout]   |           ^ expected one of `.`, `;`, `?`, `}`, or an operator
[INFO] [stdout] 
[INFO] [stdout] error: aborting due to 1 previous error
[INFO] [stdout] 
[INFO] [stdout] Couldn't compile the test.
[INFO] [stdout] ---- src/vec_u8_hash_map/google.api.rs - vec_u8_hash_map::google::api::ErrorReason::ResourceProjectInvalid (line 2807) stdout ----
[INFO] [stdout] error: expected one of `.`, `;`, `?`, `}`, or an operator, found `:`
[INFO] [stdout]  --> src/vec_u8_hash_map/google.api.rs:2808:11
[INFO] [stdout]   |
[INFO] [stdout] 3 | { "reason": "RESOURCE_PROJECT_INVALID",
[INFO] [stdout]   |           ^ expected one of `.`, `;`, `?`, `}`, or an operator
[INFO] [stdout] 
[INFO] [stdout] error: aborting due to 1 previous error
[INFO] [stdout] 
[INFO] [stdout] Couldn't compile the test.
[INFO] [stdout] ---- src/vec_u8_hash_map/google.api.rs - vec_u8_hash_map::google::api::ErrorReason::ConsumerSuspended (line 2674) stdout ----
[INFO] [stdout] error: expected one of `.`, `;`, `?`, `}`, or an operator, found `:`
[INFO] [stdout]  --> src/vec_u8_hash_map/google.api.rs:2675:11
[INFO] [stdout]   |
[INFO] [stdout] 3 | { "reason": "CONSUMER_SUSPENDED",
[INFO] [stdout]   |           ^ expected one of `.`, `;`, `?`, `}`, or an operator
[INFO] [stdout] 
[INFO] [stdout] error: aborting due to 1 previous error
[INFO] [stdout] 
[INFO] [stdout] Couldn't compile the test.
[INFO] [stdout] ---- src/vec_u8_hash_map/google.api.rs - vec_u8_hash_map::google::api::ErrorReason::ApiKeyIpAddressBlocked (line 2525) stdout ----
[INFO] [stdout] error: expected one of `.`, `;`, `?`, `}`, or an operator, found `:`
[INFO] [stdout]  --> src/vec_u8_hash_map/google.api.rs:2526:11
[INFO] [stdout]   |
[INFO] [stdout] 3 | { "reason": "API_KEY_IP_ADDRESS_BLOCKED",
[INFO] [stdout]   |           ^ expected one of `.`, `;`, `?`, `}`, or an operator
[INFO] [stdout] 
[INFO] [stdout] error: aborting due to 1 previous error
[INFO] [stdout] 
[INFO] [stdout] Couldn't compile the test.
[INFO] [stdout] ---- src/vec_u8_hash_map/google.api.rs - vec_u8_hash_map::google::api::ErrorReason::RateLimitExceeded (line 2572) stdout ----
[INFO] [stdout] error: expected one of `.`, `;`, `?`, `}`, or an operator, found `:`
[INFO] [stdout]  --> src/vec_u8_hash_map/google.api.rs:2573:11
[INFO] [stdout]   |
[INFO] [stdout] 3 | { "reason": "RATE_LIMIT_EXCEEDED",
[INFO] [stdout]   |           ^ expected one of `.`, `;`, `?`, `}`, or an operator
[INFO] [stdout] 
[INFO] [stdout] error: aborting due to 1 previous error
[INFO] [stdout] 
[INFO] [stdout] Couldn't compile the test.
[INFO] [stdout] ---- src/vec_u8_hash_map/google.api.rs - vec_u8_hash_map::google::api::ErrorReason::RateLimitExceeded (line 2587) stdout ----
[INFO] [stdout] error: expected one of `.`, `;`, `?`, `}`, or an operator, found `:`
[INFO] [stdout]  --> src/vec_u8_hash_map/google.api.rs:2588:11
[INFO] [stdout]   |
[INFO] [stdout] 3 | { "reason": "RATE_LIMIT_EXCEEDED",
[INFO] [stdout]   |           ^ expected one of `.`, `;`, `?`, `}`, or an operator
[INFO] [stdout] 
[INFO] [stdout] error: aborting due to 1 previous error
[INFO] [stdout] 
[INFO] [stdout] Couldn't compile the test.
[INFO] [stdout] ---- src/vec_u8_hash_map/google.api.rs - vec_u8_hash_map::google::api::ErrorReason::ResourceQuotaExceeded (line 2605) stdout ----
[INFO] [stdout] error: expected one of `.`, `;`, `?`, `}`, or an operator, found `:`
[INFO] [stdout]  --> src/vec_u8_hash_map/google.api.rs:2606:11
[INFO] [stdout]   |
[INFO] [stdout] 3 | { "reason": "RESOURCE_QUOTA_EXCEEDED",
[INFO] [stdout]   |           ^ expected one of `.`, `;`, `?`, `}`, or an operator
[INFO] [stdout] 
[INFO] [stdout] error: aborting due to 1 previous error
[INFO] [stdout] 
[INFO] [stdout] Couldn't compile the test.
[INFO] [stdout] ---- src/vec_u8_hash_map/google.api.rs - vec_u8_hash_map::google::api::ErrorReason::ResourceQuotaExceeded (line 2620) stdout ----
[INFO] [stdout] error: expected one of `.`, `;`, `?`, `}`, or an operator, found `:`
[INFO] [stdout]  --> src/vec_u8_hash_map/google.api.rs:2621:11
[INFO] [stdout]   |
[INFO] [stdout] 3 | { "reason": "RESOURCE_QUOTA_EXCEEDED",
[INFO] [stdout]   |           ^ expected one of `.`, `;`, `?`, `}`, or an operator
[INFO] [stdout] 
[INFO] [stdout] error: aborting due to 1 previous error
[INFO] [stdout] 
[INFO] [stdout] Couldn't compile the test.
[INFO] [stdout] ---- src/vec_u8_hash_map/google.api.rs - vec_u8_hash_map::google::api::ErrorReason::ResourceUsageRestrictionViolated (line 2855) stdout ----
[INFO] [stdout] error: expected one of `.`, `;`, `?`, `}`, or an operator, found `:`
[INFO] [stdout]  --> src/vec_u8_hash_map/google.api.rs:2856:11
[INFO] [stdout]   |
[INFO] [stdout] 3 | { "reason": "RESOURCE_USAGE_RESTRICTION_VIOLATED",
[INFO] [stdout]   |           ^ expected one of `.`, `;`, `?`, `}`, or an operator
[INFO] [stdout] 
[INFO] [stdout] error: aborting due to 1 previous error
[INFO] [stdout] 
[INFO] [stdout] Couldn't compile the test.
[INFO] [stdout] ---- src/vec_u8_hash_map/google.api.rs - vec_u8_hash_map::google::api::ErrorReason::SecurityPolicyViolated (line 2707) stdout ----
[INFO] [stdout] error: expected one of `.`, `;`, `?`, `}`, or an operator, found `:`
[INFO] [stdout]  --> src/vec_u8_hash_map/google.api.rs:2708:11
[INFO] [stdout]   |
[INFO] [stdout] 3 | { "reason": "SECURITY_POLICY_VIOLATED",
[INFO] [stdout]   |           ^ expected one of `.`, `;`, `?`, `}`, or an operator
[INFO] [stdout] 
[INFO] [stdout] error: aborting due to 1 previous error
[INFO] [stdout] 
[INFO] [stdout] Couldn't compile the test.
[INFO] [stdout] ---- src/vec_u8_hash_map/google.api.rs - vec_u8_hash_map::google::api::ErrorReason::ServiceNotVisible (line 2919) stdout ----
[INFO] [stdout] error: expected one of `.`, `;`, `?`, `}`, or an operator, found `:`
[INFO] [stdout]  --> src/vec_u8_hash_map/google.api.rs:2920:11
[INFO] [stdout]   |
[INFO] [stdout] 3 | { "reason": "SERVICE_NOT_VISIBLE",
[INFO] [stdout]   |           ^ expected one of `.`, `;`, `?`, `}`, or an operator
[INFO] [stdout] 
[INFO] [stdout] error: aborting due to 1 previous error
[INFO] [stdout] 
[INFO] [stdout] Couldn't compile the test.
[INFO] [stdout] ---- src/vec_u8_hash_map/google.api.rs - vec_u8_hash_map::google::api::ErrorReason::UserBlockedByAdmin (line 2839) stdout ----
[INFO] [stdout] error: expected one of `.`, `;`, `?`, `}`, or an operator, found `:`
[INFO] [stdout]  --> src/vec_u8_hash_map/google.api.rs:2840:11
[INFO] [stdout]   |
[INFO] [stdout] 3 | { "reason": "USER_BLOCKED_BY_ADMIN",
[INFO] [stdout]   |           ^ expected one of `.`, `;`, `?`, `}`, or an operator
[INFO] [stdout] 
[INFO] [stdout] error: aborting due to 1 previous error
[INFO] [stdout] 
[INFO] [stdout] Couldn't compile the test.
[INFO] [stdout] ---- src/vec_u8_hash_map/google.api.rs - vec_u8_hash_map::google::api::ErrorReason::ServiceDisabled (line 2447) stdout ----
[INFO] [stdout] error: expected one of `.`, `;`, `?`, `}`, or an operator, found `:`
[INFO] [stdout]  --> src/vec_u8_hash_map/google.api.rs:2448:11
[INFO] [stdout]   |
[INFO] [stdout] 3 | { "reason": "SERVICE_DISABLED",
[INFO] [stdout]   |           ^ expected one of `.`, `;`, `?`, `}`, or an operator
[INFO] [stdout] 
[INFO] [stdout] error: aborting due to 1 previous error
[INFO] [stdout] 
[INFO] [stdout] Couldn't compile the test.
[INFO] [stdout] ---- src/vec_u8_hash_map/google.api.rs - vec_u8_hash_map::google::api::HttpBody (line 3158) stdout ----
[INFO] [stdout] error: expected one of `!`, `.`, `::`, `;`, `?`, `{`, `}`, or an operator, found `GetResourceRequest`
[INFO] [stdout]  --> src/vec_u8_hash_map/google.api.rs:3159:9
[INFO] [stdout]   |
[INFO] [stdout] 3 | message GetResourceRequest {
[INFO] [stdout]   |         ^^^^^^^^^^^^^^^^^^ expected one of 8 possible tokens
[INFO] [stdout] 
[INFO] [stdout] error: aborting due to 1 previous error
[INFO] [stdout] 
[INFO] [stdout] Couldn't compile the test.
[INFO] [stdout] ---- src/vec_u8_hash_map/google.api.rs - vec_u8_hash_map::google::api::ErrorReason::SystemParameterUnsupported (line 2872) stdout ----
[INFO] [stdout] error: expected one of `.`, `;`, `?`, `}`, or an operator, found `:`
[INFO] [stdout]  --> src/vec_u8_hash_map/google.api.rs:2873:11
[INFO] [stdout]   |
[INFO] [stdout] 3 | { "reason": "SYSTEM_PARAMETER_UNSUPPORTED",
[INFO] [stdout]   |           ^ expected one of `.`, `;`, `?`, `}`, or an operator
[INFO] [stdout] 
[INFO] [stdout] error: aborting due to 1 previous error
[INFO] [stdout] 
[INFO] [stdout] Couldn't compile the test.
[INFO] [stdout] ---- src/vec_u8_hash_map/google.api.rs - vec_u8_hash_map::google::api::ErrorReason::UserProjectDenied (line 2658) stdout ----
[INFO] [stdout] error: expected one of `.`, `;`, `?`, `}`, or an operator, found `:`
[INFO] [stdout]  --> src/vec_u8_hash_map/google.api.rs:2659:11
[INFO] [stdout]   |
[INFO] [stdout] 3 | { "reason": "USER_PROJECT_DENIED",
[INFO] [stdout]   |           ^ expected one of `.`, `;`, `?`, `}`, or an operator
[INFO] [stdout] 
[INFO] [stdout] error: aborting due to 1 previous error
[INFO] [stdout] 
[INFO] [stdout] Couldn't compile the test.
[INFO] [stdout] ---- src/vec_u8_hash_map/google.api.rs - vec_u8_hash_map::google::api::ErrorReason::SessionCookieInvalid (line 2822) stdout ----
[INFO] [stdout] error: expected one of `.`, `;`, `?`, `}`, or an operator, found `:`
[INFO] [stdout]  --> src/vec_u8_hash_map/google.api.rs:2823:11
[INFO] [stdout]   |
[INFO] [stdout] 3 | { "reason": "SESSION_COOKIE_INVALID",
[INFO] [stdout]   |           ^ expected one of `.`, `;`, `?`, `}`, or an operator
[INFO] [stdout] 
[INFO] [stdout] error: aborting due to 1 previous error
[INFO] [stdout] 
[INFO] [stdout] Couldn't compile the test.
[INFO] [stdout] ---- src/vec_u8_hash_map/google.api.rs - vec_u8_hash_map::google::api::HttpBody (line 3177) stdout ----
[INFO] [stdout] error: expected one of `!`, `.`, `::`, `;`, `?`, `{`, `}`, or an operator, found `CaldavService`
[INFO] [stdout]  --> src/vec_u8_hash_map/google.api.rs:3178:9
[INFO] [stdout]   |
[INFO] [stdout] 3 | service CaldavService {
[INFO] [stdout]   |         ^^^^^^^^^^^^^ expected one of 8 possible tokens
[INFO] [stdout] 
[INFO] [stdout] error: aborting due to 1 previous error
[INFO] [stdout] 
[INFO] [stdout] Couldn't compile the test.
[INFO] [stdout] ---- src/vec_u8_hash_map/google.api.rs - vec_u8_hash_map::google::api::HttpRule (line 457) stdout ----
[INFO] [stdout] error: expected one of `!`, `.`, `::`, `;`, `?`, `{`, `}`, or an operator, found `Messaging`
[INFO] [stdout]  --> src/vec_u8_hash_map/google.api.rs:458:9
[INFO] [stdout]   |
[INFO] [stdout] 3 | service Messaging {
[INFO] [stdout]   |         ^^^^^^^^^ expected one of 8 possible tokens
[INFO] [stdout] 
[INFO] [stdout] error: aborting due to 1 previous error
[INFO] [stdout] 
[INFO] [stdout] Couldn't compile the test.
[INFO] [stdout] ---- src/vec_u8_hash_map/google.api.rs - vec_u8_hash_map::google::api::HttpRule (line 424) stdout ----
[INFO] [stdout] error: expected one of `!`, `.`, `::`, `;`, `?`, `{`, `}`, or an operator, found `Messaging`
[INFO] [stdout]  --> src/vec_u8_hash_map/google.api.rs:425:9
[INFO] [stdout]   |
[INFO] [stdout] 3 | service Messaging {
[INFO] [stdout]   |         ^^^^^^^^^ expected one of 8 possible tokens
[INFO] [stdout] 
[INFO] [stdout] error: aborting due to 1 previous error
[INFO] [stdout] 
[INFO] [stdout] Couldn't compile the test.
[INFO] [stdout] ---- src/vec_u8_hash_map/google.api.rs - vec_u8_hash_map::google::api::HttpRule (line 510) stdout ----
[INFO] [stdout] error: expected one of `!`, `.`, `::`, `;`, `?`, `{`, `}`, or an operator, found `Messaging`
[INFO] [stdout]  --> src/vec_u8_hash_map/google.api.rs:511:9
[INFO] [stdout]   |
[INFO] [stdout] 3 | service Messaging {
[INFO] [stdout]   |         ^^^^^^^^^ expected one of 8 possible tokens
[INFO] [stdout] 
[INFO] [stdout] error: aborting due to 1 previous error
[INFO] [stdout] 
[INFO] [stdout] Couldn't compile the test.
[INFO] [stdout] ---- src/vec_u8_hash_map/google.api.rs - vec_u8_hash_map::google::api::HttpRule (line 401) stdout ----
[INFO] [stdout] error: expected one of `!`, `.`, `::`, `;`, `?`, `{`, `}`, or an operator, found `Messaging`
[INFO] [stdout]  --> src/vec_u8_hash_map/google.api.rs:402:9
[INFO] [stdout]   |
[INFO] [stdout] 3 | service Messaging {
[INFO] [stdout]   |         ^^^^^^^^^ expected one of 8 possible tokens
[INFO] [stdout] 
[INFO] [stdout] error: aborting due to 1 previous error
[INFO] [stdout] 
[INFO] [stdout] Couldn't compile the test.
[INFO] [stdout] ---- src/vec_u8_hash_map/google.api.rs - vec_u8_hash_map::google::api::HttpRule (line 482) stdout ----
[INFO] [stdout] error: expected one of `!`, `.`, `::`, `;`, `?`, `{`, `}`, or an operator, found `Messaging`
[INFO] [stdout]  --> src/vec_u8_hash_map/google.api.rs:483:9
[INFO] [stdout]   |
[INFO] [stdout] 3 | service Messaging {
[INFO] [stdout]   |         ^^^^^^^^^ expected one of 8 possible tokens
[INFO] [stdout] 
[INFO] [stdout] error: aborting due to 1 previous error
[INFO] [stdout] 
[INFO] [stdout] Couldn't compile the test.
[INFO] [stdout] ---- src/vec_u8_hash_map/google.api.rs - vec_u8_hash_map::google::api::HttpRule (line 554) stdout ----
[INFO] [stdout] error: unknown start of token: \
[INFO] [stdout]  --> src/vec_u8_hash_map/google.api.rs:555:25
[INFO] [stdout]   |
[INFO] [stdout] 3 | Template = "/" Segments \[ Verb \] ;
[INFO] [stdout]   |                         ^
[INFO] [stdout] 
[INFO] [stdout] error: unknown start of token: \
[INFO] [stdout]  --> src/vec_u8_hash_map/google.api.rs:555:33
[INFO] [stdout]   |
[INFO] [stdout] 3 | Template = "/" Segments \[ Verb \] ;
[INFO] [stdout]   |                                 ^
[INFO] [stdout] 
[INFO] [stdout] error: unknown start of token: \
[INFO] [stdout]  --> src/vec_u8_hash_map/google.api.rs:558:27
[INFO] [stdout]   |
[INFO] [stdout] 6 |  Variable = "{" FieldPath \[ "=" Segments \] "}" ;
[INFO] [stdout]   |                           ^
[INFO] [stdout] 
[INFO] [stdout] error: unknown start of token: \
[INFO] [stdout]  --> src/vec_u8_hash_map/google.api.rs:558:43
[INFO] [stdout]   |
[INFO] [stdout] 6 |  Variable = "{" FieldPath \[ "=" Segments \] "}" ;
[INFO] [stdout]   |                                           ^
[INFO] [stdout] 
[INFO] [stdout] error: expected one of `.`, `;`, `?`, `}`, or an operator, found `Segments`
[INFO] [stdout]  --> src/vec_u8_hash_map/google.api.rs:555:16
[INFO] [stdout]   |
[INFO] [stdout] 3 | Template = "/" Segments \[ Verb \] ;
[INFO] [stdout]   |                ^^^^^^^^ expected one of `.`, `;`, `?`, `}`, or an operator
[INFO] [stdout] 
[INFO] [stdout] error: aborting due to 5 previous errors
[INFO] [stdout] 
[INFO] [stdout] Couldn't compile the test.
[INFO] [stdout] ---- src/vec_u8_hash_map/google.api.rs - vec_u8_hash_map::google::api::HttpRule (line 608) stdout ----
[INFO] [stdout] error: expected identifier, found `:`
[INFO] [stdout]  --> src/vec_u8_hash_map/google.api.rs:609:5
[INFO] [stdout]   |
[INFO] [stdout] 3 | http:
[INFO] [stdout]   |     ^ expected identifier
[INFO] [stdout] 
[INFO] [stdout] error: aborting due to 1 previous error
[INFO] [stdout] 
[INFO] [stdout] Couldn't compile the test.
[INFO] [stdout] ---- src/vec_u8_hash_map/google.api.rs - vec_u8_hash_map::google::api::MethodSettings::auto_populated_fields (line 1075) stdout ----
[INFO] [stdout] error: expected identifier, found `:`
[INFO] [stdout]  --> src/vec_u8_hash_map/google.api.rs:1076:11
[INFO] [stdout]   |
[INFO] [stdout] 3 | publishing:
[INFO] [stdout]   |           ^ expected identifier
[INFO] [stdout] 
[INFO] [stdout] error: aborting due to 1 previous error
[INFO] [stdout] 
[INFO] [stdout] Couldn't compile the test.
[INFO] [stdout] ---- src/vec_u8_hash_map/google.api.rs - vec_u8_hash_map::google::api::LogDescriptor (line 3261) stdout ----
[INFO] [stdout] error: expected identifier, found `:`
[INFO] [stdout]  --> src/vec_u8_hash_map/google.api.rs:3262:7
[INFO] [stdout]   |
[INFO] [stdout] 3 | - name: library.googleapis.com/activity_history
[INFO] [stdout]   |       ^ expected identifier
[INFO] [stdout]   |
[INFO] [stdout]   = note: type ascription syntax has been removed, see issue #101728 <https://github.com/rust-lang/rust/issues/101728>
[INFO] [stdout] 
[INFO] [stdout] error: aborting due to 1 previous error
[INFO] [stdout] 
[INFO] [stdout] Couldn't compile the test.
[INFO] [stdout] ---- src/vec_u8_hash_map/google.api.rs - vec_u8_hash_map::google::api::Logging (line 3296) stdout ----
[INFO] [stdout] error: statements are terminated with a semicolon
[INFO] [stdout]  --> src/vec_u8_hash_map/google.api.rs:3297:20
[INFO] [stdout]   |
[INFO] [stdout] 3 | monitored_resources:
[INFO] [stdout]   |                    ^
[INFO] [stdout]   |
[INFO] [stdout]   = note: if you meant to annotate an expression with a type, the type ascription syntax has been removed, see issue #101728 <https://github.com/rust-lang/rust/issues/101728>
[INFO] [stdout] help: use a semicolon instead
[INFO] [stdout]   |
[INFO] [stdout] 3 | monitored_resources;
[INFO] [stdout]   |                    ~
[INFO] [stdout] 
[INFO] [stdout] error: expected expression, found keyword `type`
[INFO] [stdout]  --> src/vec_u8_hash_map/google.api.rs:3298:4
[INFO] [stdout]   |
[INFO] [stdout] 4 |  - type: library.googleapis.com/branch
[INFO] [stdout]   |    ^^^^ expected expression
[INFO] [stdout] 
[INFO] [stdout] error: aborting due to 2 previous errors
[INFO] [stdout] 
[INFO] [stdout] Couldn't compile the test.
[INFO] [stdout] ---- src/vec_u8_hash_map/google.api.rs - vec_u8_hash_map::google::api::MethodSettings::selector (line 1047) stdout ----
[INFO] [stdout] error: expected identifier, found `:`
[INFO] [stdout]  --> src/vec_u8_hash_map/google.api.rs:1048:11
[INFO] [stdout]   |
[INFO] [stdout] 3 | publishing:
[INFO] [stdout]   |           ^ expected identifier
[INFO] [stdout] 
[INFO] [stdout] error: aborting due to 1 previous error
[INFO] [stdout] 
[INFO] [stdout] Couldn't compile the test.
[INFO] [stdout] ---- src/vec_u8_hash_map/google.api.rs - vec_u8_hash_map::google::api::MethodSettings::long_running (line 1059) stdout ----
[INFO] [stdout] error: expected identifier, found `:`
[INFO] [stdout]  --> src/vec_u8_hash_map/google.api.rs:1060:11
[INFO] [stdout]   |
[INFO] [stdout] 3 | publishing:
[INFO] [stdout]   |           ^ expected identifier
[INFO] [stdout] 
[INFO] [stdout] error: aborting due to 1 previous error
[INFO] [stdout] 
[INFO] [stdout] Couldn't compile the test.
[INFO] [stdout] ---- src/vec_u8_hash_map/google.api.rs - vec_u8_hash_map::google::api::MetricDescriptor::unit (line 3459) stdout ----
[INFO] [stdout] error: unknown start of token: \
[INFO] [stdout]  --> src/vec_u8_hash_map/google.api.rs:3462:16
[INFO] [stdout]   |
[INFO] [stdout] 5 |  Component = ( \[ PREFIX \] UNIT | "%" ) \[ Annotation \]
[INFO] [stdout]   |                ^
[INFO] [stdout] 
[INFO] [stdout] error: unknown start of token: \
[INFO] [stdout]  --> src/vec_u8_hash_map/google.api.rs:3462:26
[INFO] [stdout]   |
[INFO] [stdout] 5 |  Component = ( \[ PREFIX \] UNIT | "%" ) \[ Annotation \]
[INFO] [stdout]   |                          ^
[INFO] [stdout] 
[INFO] [stdout] error: unknown start of token: \
[INFO] [stdout]  --> src/vec_u8_hash_map/google.api.rs:3462:42
[INFO] [stdout]   |
[INFO] [stdout] 5 |  Component = ( \[ PREFIX \] UNIT | "%" ) \[ Annotation \]
[INFO] [stdout]   |                                          ^
[INFO] [stdout] 
[INFO] [stdout] error: unknown start of token: \
[INFO] [stdout]  --> src/vec_u8_hash_map/google.api.rs:3462:56
[INFO] [stdout]   |
[INFO] [stdout] 5 |  Component = ( \[ PREFIX \] UNIT | "%" ) \[ Annotation \]
[INFO] [stdout]   |                                                        ^
[INFO] [stdout] 
[INFO] [stdout] error: expected identifier, found `"."`
[INFO] [stdout]  --> src/vec_u8_hash_map/google.api.rs:3460:26
[INFO] [stdout]   |
[INFO] [stdout] 3 | Expression = Component { "." Component } { "/" Component } ;
[INFO] [stdout]   |              ---------   ^^^ expected identifier
[INFO] [stdout]   |              |
[INFO] [stdout]   |              while parsing this struct
[INFO] [stdout] 
[INFO] [stdout] error: expected one of `.`, `;`, `?`, `}`, or an operator, found `{`
[INFO] [stdout]  --> src/vec_u8_hash_map/google.api.rs:3460:42
[INFO] [stdout]   |
[INFO] [stdout] 3 | Expression = Component { "." Component } { "/" Component } ;
[INFO] [stdout]   |                                          ^ expected one of `.`, `;`, `?`, `}`, or an operator
[INFO] [stdout] 
[INFO] [stdout] error: aborting due to 6 previous errors
[INFO] [stdout] 
[INFO] [stdout] Couldn't compile the test.
[INFO] [stdout] ---- src/vec_u8_hash_map/google.api.rs - vec_u8_hash_map::google::api::MonitoredResource (line 3732) stdout ----
[INFO] [stdout] error: expected one of `.`, `;`, `?`, `}`, or an operator, found `:`
[INFO] [stdout]  --> src/vec_u8_hash_map/google.api.rs:3733:9
[INFO] [stdout]   |
[INFO] [stdout] 3 | { "type": "gce_instance",
[INFO] [stdout]   |         ^ expected one of `.`, `;`, `?`, `}`, or an operator
[INFO] [stdout] 
[INFO] [stdout] error: aborting due to 1 previous error
[INFO] [stdout] 
[INFO] [stdout] Couldn't compile the test.
[INFO] [stdout] ---- src/vec_u8_hash_map/google.api.rs - vec_u8_hash_map::google::api::MetricDescriptor::r#type (line 3366) stdout ----
[INFO] [stdout] error: expected `;`, found `"external.googleapis.com/prometheus/up"`
[INFO] [stdout]  --> src/vec_u8_hash_map/google.api.rs:3367:44
[INFO] [stdout]   |
[INFO] [stdout] 3 | "custom.googleapis.com/invoice/paid/amount"
[INFO] [stdout]   |                                            ^ help: add `;` here
[INFO] [stdout] 4 |  "external.googleapis.com/prometheus/up"
[INFO] [stdout]   |  --------------------------------------- unexpected token
[INFO] [stdout] 
[INFO] [stdout] error: expected `;`, found `"appengine.googleapis.com/http/server/response_latencies"`
[INFO] [stdout]  --> src/vec_u8_hash_map/google.api.rs:3368:41
[INFO] [stdout]   |
[INFO] [stdout] 4 |  "external.googleapis.com/prometheus/up"
[INFO] [stdout]   |                                         ^ help: add `;` here
[INFO] [stdout] 5 |  "appengine.googleapis.com/http/server/response_latencies"
[INFO] [stdout]   |  --------------------------------------------------------- unexpected token
[INFO] [stdout] 
[INFO] [stdout] error[E0308]: mismatched types
[INFO] [stdout]  --> src/vec_u8_hash_map/google.api.rs:3369:2
[INFO] [stdout]   |
[INFO] [stdout] 2 | fn main() { #[allow(non_snake_case)] fn _doctest_main_src_vec_u8_hash_map_google_api_rs_3366_0() {
[INFO] [stdout]   |                                                                                                 - help: try adding a return type: `-> &'static str`
[INFO] [stdout] ...
[INFO] [stdout] 5 |  "appengine.googleapis.com/http/server/response_latencies"
[INFO] [stdout]   |  ^^^^^^^^^^^^^^^^^^^^^^^^^^^^^^^^^^^^^^^^^^^^^^^^^^^^^^^^^ expected `()`, found `&str`
[INFO] [stdout] 
[INFO] [stdout] error: aborting due to 3 previous errors
[INFO] [stdout] 
[INFO] [stdout] For more information about this error, try `rustc --explain E0308`.
[INFO] [stdout] Couldn't compile the test.
[INFO] [stdout] ---- src/vec_u8_hash_map/google.api.rs - vec_u8_hash_map::google::api::OAuthRequirements::canonical_scopes (line 1390) stdout ----
[INFO] [stdout] error: expected one of `!`, `.`, `::`, `;`, `?`, `{`, `}`, or an operator, found `:`
[INFO] [stdout]  --> src/vec_u8_hash_map/google.api.rs:1391:17
[INFO] [stdout]   |
[INFO] [stdout] 3 | canonical_scopes: <https://www.googleapis.com/auth/calendar,>
[INFO] [stdout]   |                 ^ expected one of 8 possible tokens
[INFO] [stdout] 
[INFO] [stdout] error: aborting due to 1 previous error
[INFO] [stdout] 
[INFO] [stdout] Couldn't compile the test.
[INFO] [stdout] ---- src/vec_u8_hash_map/google.api.rs - vec_u8_hash_map::google::api::Monitoring (line 3792) stdout ----
[INFO] [stdout] error: statements are terminated with a semicolon
[INFO] [stdout]  --> src/vec_u8_hash_map/google.api.rs:3793:20
[INFO] [stdout]   |
[INFO] [stdout] 3 | monitored_resources:
[INFO] [stdout]   |                    ^
[INFO] [stdout]   |
[INFO] [stdout]   = note: if you meant to annotate an expression with a type, the type ascription syntax has been removed, see issue #101728 <https://github.com/rust-lang/rust/issues/101728>
[INFO] [stdout] help: use a semicolon instead
[INFO] [stdout]   |
[INFO] [stdout] 3 | monitored_resources;
[INFO] [stdout]   |                    ~
[INFO] [stdout] 
[INFO] [stdout] error: expected expression, found keyword `type`
[INFO] [stdout]  --> src/vec_u8_hash_map/google.api.rs:3794:4
[INFO] [stdout]   |
[INFO] [stdout] 4 |  - type: library.googleapis.com/Branch
[INFO] [stdout]   |    ^^^^ expected expression
[INFO] [stdout] 
[INFO] [stdout] error: aborting due to 2 previous errors
[INFO] [stdout] 
[INFO] [stdout] Couldn't compile the test.
[INFO] [stdout] ---- src/vec_u8_hash_map/google.api.rs - vec_u8_hash_map::google::api::MonitoredResourceMetadata::system_labels (line 3771) stdout ----
[INFO] [stdout] error: unknown start of token: \
[INFO] [stdout]  --> src/vec_u8_hash_map/google.api.rs:3773:22
[INFO] [stdout]   |
[INFO] [stdout] 4 |    "security_group": \["a", "b", "c"\],
[INFO] [stdout]   |                      ^
[INFO] [stdout] 
[INFO] [stdout] error: unknown start of token: \
[INFO] [stdout]  --> src/vec_u8_hash_map/google.api.rs:3773:37
[INFO] [stdout]   |
[INFO] [stdout] 4 |    "security_group": \["a", "b", "c"\],
[INFO] [stdout]   |                                     ^
[INFO] [stdout] 
[INFO] [stdout] error: expected one of `.`, `;`, `?`, `}`, or an operator, found `:`
[INFO] [stdout]  --> src/vec_u8_hash_map/google.api.rs:3772:9
[INFO] [stdout]   |
[INFO] [stdout] 3 | { "name": "my-test-instance",
[INFO] [stdout]   |         ^ expected one of `.`, `;`, `?`, `}`, or an operator
[INFO] [stdout] 
[INFO] [stdout] error: aborting due to 3 previous errors
[INFO] [stdout] 
[INFO] [stdout] Couldn't compile the test.
[INFO] [stdout] ---- src/vec_u8_hash_map/google.api.rs - vec_u8_hash_map::google::api::Quota (line 3915) stdout ----
[INFO] [stdout] error: statements are terminated with a semicolon
[INFO] [stdout]  --> src/vec_u8_hash_map/google.api.rs:3916:8
[INFO] [stdout]   |
[INFO] [stdout] 3 | metrics:
[INFO] [stdout]   |        ^
[INFO] [stdout]   |
[INFO] [stdout]   = note: if you meant to annotate an expression with a type, the type ascription syntax has been removed, see issue #101728 <https://github.com/rust-lang/rust/issues/101728>
[INFO] [stdout] help: use a semicolon instead
[INFO] [stdout]   |
[INFO] [stdout] 3 | metrics;
[INFO] [stdout]   |        ~
[INFO] [stdout] 
[INFO] [stdout] error: expected identifier, found `:`
[INFO] [stdout]  --> src/vec_u8_hash_map/google.api.rs:3917:9
[INFO] [stdout]   |
[INFO] [stdout] 4 |   - name: library.googleapis.com/read_calls
[INFO] [stdout]   |         ^ expected identifier
[INFO] [stdout] 
[INFO] [stdout] error: aborting due to 2 previous errors
[INFO] [stdout] 
[INFO] [stdout] Couldn't compile the test.
[INFO] [stdout] ---- src/vec_u8_hash_map/google.api.rs - vec_u8_hash_map::google::api::ResourceDescriptor (line 112) stdout ----
[INFO] [stdout] error: statements are terminated with a semicolon
[INFO] [stdout]  --> src/vec_u8_hash_map/google.api.rs:113:10
[INFO] [stdout]   |
[INFO] [stdout] 3 | resources:
[INFO] [stdout]   |          ^
[INFO] [stdout]   |
[INFO] [stdout]   = note: if you meant to annotate an expression with a type, the type ascription syntax has been removed, see issue #101728 <https://github.com/rust-lang/rust/issues/101728>
[INFO] [stdout] help: use a semicolon instead
[INFO] [stdout]   |
[INFO] [stdout] 3 | resources;
[INFO] [stdout]   |          ~
[INFO] [stdout] 
[INFO] [stdout] error: expected expression, found keyword `type`
[INFO] [stdout]  --> src/vec_u8_hash_map/google.api.rs:114:4
[INFO] [stdout]   |
[INFO] [stdout] 4 |  - type: "pubsub.googleapis.com/Topic"
[INFO] [stdout]   |    ^^^^ expected expression
[INFO] [stdout] 
[INFO] [stdout] error: aborting due to 2 previous errors
[INFO] [stdout] 
[INFO] [stdout] Couldn't compile the test.
[INFO] [stdout] ---- src/vec_u8_hash_map/google.api.rs - vec_u8_hash_map::google::api::Quota (line 3888) stdout ----
[INFO] [stdout] error: expected identifier, found `:`
[INFO] [stdout]  --> src/vec_u8_hash_map/google.api.rs:3889:6
[INFO] [stdout]   |
[INFO] [stdout] 3 | quota:
[INFO] [stdout]   |      ^ expected identifier
[INFO] [stdout] 
[INFO] [stdout] error: aborting due to 1 previous error
[INFO] [stdout] 
[INFO] [stdout] Couldn't compile the test.
[INFO] [stdout] ---- src/vec_u8_hash_map/google.api.rs - vec_u8_hash_map::google::api::ResourceDescriptor (line 133) stdout ----
[INFO] [stdout] error: prefix `LogEntry` is unknown
[INFO] [stdout]  --> src/vec_u8_hash_map/google.api.rs:135:34
[INFO] [stdout]   |
[INFO] [stdout] 2 |  - type: 'logging.googleapis.com/LogEntry'
[INFO] [stdout]   |                                  ^^^^^^^^ unknown prefix
[INFO] [stdout]   |
[INFO] [stdout]   = note: prefixed identifiers and literals are reserved since Rust 2021
[INFO] [stdout] help: if you meant to write a string literal, use double quotes
[INFO] [stdout]   |
[INFO] [stdout] 2 |  - type: "logging.googleapis.com/LogEntry"
[INFO] [stdout]   |          ~                               ~
[INFO] [stdout] 
[INFO] [stdout] error[E0762]: unterminated character literal
[INFO] [stdout]  --> src/vec_u8_hash_map/google.api.rs:135:42
[INFO] [stdout]   |
[INFO] [stdout] 2 |  - type: 'logging.googleapis.com/LogEntry'
[INFO] [stdout]   |                                          ^
[INFO] [stdout]   |
[INFO] [stdout] help: if you meant to write a string literal, use double quotes
[INFO] [stdout]   |
[INFO] [stdout] 2 |  - type: "logging.googleapis.com/LogEntry"
[INFO] [stdout]   |          ~                               ~
[INFO] [stdout] 
[INFO] [stdout] error: aborting due to 2 previous errors
[INFO] [stdout] 
[INFO] [stdout] For more information about this error, try `rustc --explain E0762`.
[INFO] [stdout] Couldn't compile the test.
[INFO] [stdout] ---- src/vec_u8_hash_map/google.api.rs - vec_u8_hash_map::google::api::ResourceDescriptor (line 100) stdout ----
[INFO] [stdout] error: expected one of `!`, `.`, `::`, `;`, `?`, `{`, `}`, or an operator, found `Topic`
[INFO] [stdout]  --> src/vec_u8_hash_map/google.api.rs:101:9
[INFO] [stdout]   |
[INFO] [stdout] 3 | message Topic {
[INFO] [stdout]   |         ^^^^^ expected one of 8 possible tokens
[INFO] [stdout] 
[INFO] [stdout] error: aborting due to 1 previous error
[INFO] [stdout] 
[INFO] [stdout] Couldn't compile the test.
[INFO] [stdout] ---- src/vec_u8_hash_map/google.api.rs - vec_u8_hash_map::google::api::ProjectProperties (line 1798) stdout ----
[INFO] [stdout] error: expected identifier, found `:`
[INFO] [stdout]  --> src/vec_u8_hash_map/google.api.rs:1799:19
[INFO] [stdout]   |
[INFO] [stdout] 3 | project_properties:
[INFO] [stdout]   |                   ^ expected identifier
[INFO] [stdout] 
[INFO] [stdout] error: aborting due to 1 previous error
[INFO] [stdout] 
[INFO] [stdout] Couldn't compile the test.
[INFO] [stdout] ---- src/vec_u8_hash_map/google.api.rs - vec_u8_hash_map::google::api::ResourceDescriptor (line 121) stdout ----
[INFO] [stdout] error: expected one of `!`, `.`, `::`, `;`, `?`, `{`, `}`, or an operator, found `LogEntry`
[INFO] [stdout]  --> src/vec_u8_hash_map/google.api.rs:122:9
[INFO] [stdout]   |
[INFO] [stdout] 3 | message LogEntry {
[INFO] [stdout]   |         ^^^^^^^^ expected one of 8 possible tokens
[INFO] [stdout] 
[INFO] [stdout] error: aborting due to 1 previous error
[INFO] [stdout] 
[INFO] [stdout] Couldn't compile the test.
[INFO] [stdout] ---- src/vec_u8_hash_map/google.api.rs - vec_u8_hash_map::google::api::ResourceDescriptor::history (line 182) stdout ----
[INFO] [stdout] error: expected one of `!`, `.`, `::`, `;`, `?`, `{`, `}`, or an operator, found `InspectTemplate`
[INFO] [stdout]  --> src/vec_u8_hash_map/google.api.rs:185:9
[INFO] [stdout]   |
[INFO] [stdout] 5 | message InspectTemplate {
[INFO] [stdout]   |         ^^^^^^^^^^^^^^^ expected one of 8 possible tokens
[INFO] [stdout] 
[INFO] [stdout] error: aborting due to 1 previous error
[INFO] [stdout] 
[INFO] [stdout] Couldn't compile the test.
[INFO] [stdout] ---- src/vec_u8_hash_map/google.api.rs - vec_u8_hash_map::google::api::ResourceDescriptor::pattern (line 165) stdout ----
[INFO] [stdout] error[E0600]: cannot apply unary operator `-` to type `&'static str`
[INFO] [stdout]  --> src/vec_u8_hash_map/google.api.rs:166:1
[INFO] [stdout]   |
[INFO] [stdout] 3 | - "projects/{project}/topics/{topic}"
[INFO] [stdout]   | ^^^^^^^^^^^^^^^^^^^^^^^^^^^^^^^^^^^^^ cannot apply unary operator `-`
[INFO] [stdout] 
[INFO] [stdout] error: aborting due to 1 previous error
[INFO] [stdout] 
[INFO] [stdout] For more information about this error, try `rustc --explain E0600`.
[INFO] [stdout] Couldn't compile the test.
[INFO] [stdout] ---- src/vec_u8_hash_map/google.api.rs - vec_u8_hash_map::google::api::ResourceReference::child_type (line 349) stdout ----
[INFO] [stdout] error: mismatched closing delimiter: `}`
[INFO] [stdout]  --> src/vec_u8_hash_map/google.api.rs:351:22
[INFO] [stdout]   |
[INFO] [stdout] 1 |  message ListLogEntriesRequest {
[INFO] [stdout]   |                                - closing delimiter possibly meant for this
[INFO] [stdout] 2 |    string parent = 1 [(google.api.resource_reference) = {
[INFO] [stdout]   |                      ^ unclosed delimiter
[INFO] [stdout] ...
[INFO] [stdout] 5 |  }
[INFO] [stdout]   |  ^ mismatched closing delimiter
[INFO] [stdout] 
[INFO] [stdout] error: aborting due to 1 previous error
[INFO] [stdout] 
[INFO] [stdout] Couldn't compile the test.
[INFO] [stdout] ---- src/vec_u8_hash_map/google.api.rs - vec_u8_hash_map::google::api::RoutingParameter::path_template (line 4428) stdout ----
[INFO] [stdout] error: expected one of `!`, `.`, `::`, `;`, `?`, `{`, `}`, or an operator, found `is`
[INFO] [stdout]  --> src/vec_u8_hash_map/google.api.rs:4429:9
[INFO] [stdout]   |
[INFO] [stdout] 3 | -- This is a field in the request message
[INFO] [stdout]   |         ^^ expected one of 8 possible tokens
[INFO] [stdout] 
[INFO] [stdout] error: aborting due to 1 previous error
[INFO] [stdout] 
[INFO] [stdout] Couldn't compile the test.
[INFO] [stdout] ---- src/vec_u8_hash_map/google.api.rs - vec_u8_hash_map::google::api::RoutingRule (line 4048) stdout ----
[INFO] [stdout] error: expected one of `!`, `.`, `::`, `;`, `?`, `{`, `}`, or an operator, found `Request`
[INFO] [stdout]  --> src/vec_u8_hash_map/google.api.rs:4049:9
[INFO] [stdout]   |
[INFO] [stdout] 3 | message Request {
[INFO] [stdout]   |         ^^^^^^^ expected one of 8 possible tokens
[INFO] [stdout] 
[INFO] [stdout] error: aborting due to 1 previous error
[INFO] [stdout] 
[INFO] [stdout] Couldn't compile the test.
[INFO] [stdout] ---- src/vec_u8_hash_map/google.api.rs - vec_u8_hash_map::google::api::RoutingParameter::path_template (line 4464) stdout ----
[INFO] [stdout] error: expected one of `!`, `.`, `::`, `;`, `?`, `{`, `}`, or an operator, found `:`
[INFO] [stdout]  --> src/vec_u8_hash_map/google.api.rs:4466:9
[INFO] [stdout]   |
[INFO] [stdout] 4 |    field: "table_name"
[INFO] [stdout]   |         ^ expected one of 8 possible tokens
[INFO] [stdout] 
[INFO] [stdout] error: aborting due to 1 previous error
[INFO] [stdout] 
[INFO] [stdout] Couldn't compile the test.
[INFO] [stdout] ---- src/vec_u8_hash_map/google.api.rs - vec_u8_hash_map::google::api::ResourceReference::r#type (line 336) stdout ----
[INFO] [stdout] error: expected one of `!`, `.`, `::`, `;`, `?`, `{`, `}`, or an operator, found `GetIamPolicyRequest`
[INFO] [stdout]  --> src/vec_u8_hash_map/google.api.rs:337:9
[INFO] [stdout]   |
[INFO] [stdout] 3 | message GetIamPolicyRequest {
[INFO] [stdout]   |         ^^^^^^^^^^^^^^^^^^^ expected one of 8 possible tokens
[INFO] [stdout] 
[INFO] [stdout] error: aborting due to 1 previous error
[INFO] [stdout] 
[INFO] [stdout] Couldn't compile the test.
[INFO] [stdout] ---- src/vec_u8_hash_map/google.api.rs - vec_u8_hash_map::google::api::RoutingParameter::path_template (line 4458) stdout ----
[INFO] [stdout] error: struct literal body without path
[INFO] [stdout]  --> src/vec_u8_hash_map/google.api.rs:4459:1
[INFO] [stdout]   |
[INFO] [stdout] 3 | / {
[INFO] [stdout] 4 | |    field: "table_name"
[INFO] [stdout] 5 | |  }
[INFO] [stdout]   | |__^
[INFO] [stdout]   |
[INFO] [stdout] help: you might have forgotten to add the struct literal inside the block
[INFO] [stdout]   |
[INFO] [stdout] 3 ~ { SomeStruct {
[INFO] [stdout] 4 |    field: "table_name"
[INFO] [stdout] 5 ~  } }
[INFO] [stdout]   |
[INFO] [stdout] 
[INFO] [stdout] error: aborting due to 1 previous error
[INFO] [stdout] 
[INFO] [stdout] Couldn't compile the test.
[INFO] [stdout] ---- src/vec_u8_hash_map/google.api.rs - vec_u8_hash_map::google::api::ResourceReference::r#type (line 325) stdout ----
[INFO] [stdout] error: expected one of `!`, `.`, `::`, `;`, `?`, `{`, `}`, or an operator, found `Subscription`
[INFO] [stdout]  --> src/vec_u8_hash_map/google.api.rs:326:9
[INFO] [stdout]   |
[INFO] [stdout] 3 | message Subscription {
[INFO] [stdout]   |         ^^^^^^^^^^^^ expected one of 8 possible tokens
[INFO] [stdout] 
[INFO] [stdout] error: aborting due to 1 previous error
[INFO] [stdout] 
[INFO] [stdout] Couldn't compile the test.
[INFO] [stdout] ---- src/vec_u8_hash_map/google.api.rs - vec_u8_hash_map::google::api::RoutingRule (line 4065) stdout ----
[INFO] [stdout] error: struct literal body without path
[INFO] [stdout]  --> src/vec_u8_hash_map/google.api.rs:4066:1
[INFO] [stdout]   |
[INFO] [stdout] 3 | / {
[INFO] [stdout] 4 | |    table_name: projects/proj_foo/instances/instance_bar/table/table_baz,
[INFO] [stdout] 5 | |    app_profile_id: profiles/prof_qux
[INFO] [stdout] 6 | |  }
[INFO] [stdout]   | |__^
[INFO] [stdout]   |
[INFO] [stdout] help: you might have forgotten to add the struct literal inside the block
[INFO] [stdout]   |
[INFO] [stdout] 3 ~ { SomeStruct {
[INFO] [stdout] 4 |    table_name: projects/proj_foo/instances/instance_bar/table/table_baz,
[INFO] [stdout] 5 |    app_profile_id: profiles/prof_qux
[INFO] [stdout] 6 ~  } }
[INFO] [stdout]   |
[INFO] [stdout] 
[INFO] [stdout] error: aborting due to 1 previous error
[INFO] [stdout] 
[INFO] [stdout] Couldn't compile the test.
[INFO] [stdout] ---- src/vec_u8_hash_map/google.api.rs - vec_u8_hash_map::google::api::ResourceDescriptor::pattern (line 159) stdout ----
[INFO] [stdout] error: expected identifier, found `"/"`
[INFO] [stdout]  --> src/vec_u8_hash_map/google.api.rs:160:22
[INFO] [stdout]   |
[INFO] [stdout] 3 | Template = Segment { "/" Segment } ;
[INFO] [stdout]   |            -------   ^^^ expected identifier
[INFO] [stdout]   |            |
[INFO] [stdout]   |            while parsing this struct
[INFO] [stdout] 
[INFO] [stdout] error: expected one of `.`, `;`, `?`, `}`, or an operator, found `LITERAL`
[INFO] [stdout]  --> src/vec_u8_hash_map/google.api.rs:162:17
[INFO] [stdout]   |
[INFO] [stdout] 5 |  Variable = "{" LITERAL "}" ;
[INFO] [stdout]   |                 ^^^^^^^ expected one of `.`, `;`, `?`, `}`, or an operator
[INFO] [stdout] 
[INFO] [stdout] error[E0425]: cannot find value `Template` in this scope
[INFO] [stdout]  --> src/vec_u8_hash_map/google.api.rs:160:1
[INFO] [stdout]   |
[INFO] [stdout] 3 | Template = Segment { "/" Segment } ;
[INFO] [stdout]   | ^^^^^^^^
[INFO] [stdout]   |
[INFO] [stdout] help: you might have meant to introduce a new binding
[INFO] [stdout]   |
[INFO] [stdout] 3 | let Template = Segment { "/" Segment } ;
[INFO] [stdout]   | +++
[INFO] [stdout] 
[INFO] [stdout] error[E0422]: cannot find struct, variant or union type `Segment` in this scope
[INFO] [stdout]  --> src/vec_u8_hash_map/google.api.rs:160:12
[INFO] [stdout]   |
[INFO] [stdout] 3 | Template = Segment { "/" Segment } ;
[INFO] [stdout]   |            ^^^^^^^ not found in this scope
[INFO] [stdout] 
[INFO] [stdout] error[E0425]: cannot find value `Segment` in this scope
[INFO] [stdout]  --> src/vec_u8_hash_map/google.api.rs:161:2
[INFO] [stdout]   |
[INFO] [stdout] 4 |  Segment = LITERAL | Variable ;
[INFO] [stdout]   |  ^^^^^^^
[INFO] [stdout]   |
[INFO] [stdout] help: you might have meant to introduce a new binding
[INFO] [stdout]   |
[INFO] [stdout] 4 |  let Segment = LITERAL | Variable ;
[INFO] [stdout]   |  +++
[INFO] [stdout] 
[INFO] [stdout] error[E0425]: cannot find value `LITERAL` in this scope
[INFO] [stdout]  --> src/vec_u8_hash_map/google.api.rs:161:12
[INFO] [stdout]   |
[INFO] [stdout] 4 |  Segment = LITERAL | Variable ;
[INFO] [stdout]   |            ^^^^^^^ not found in this scope
[INFO] [stdout] 
[INFO] [stdout] error[E0425]: cannot find value `Variable` in this scope
[INFO] [stdout]  --> src/vec_u8_hash_map/google.api.rs:161:22
[INFO] [stdout]   |
[INFO] [stdout] 4 |  Segment = LITERAL | Variable ;
[INFO] [stdout]   |                      ^^^^^^^^ not found in this scope
[INFO] [stdout] 
[INFO] [stdout] error: aborting due to 7 previous errors
[INFO] [stdout] 
[INFO] [stdout] Some errors have detailed explanations: E0422, E0425.
[INFO] [stdout] For more information about an error, try `rustc --explain E0422`.
[INFO] [stdout] Couldn't compile the test.
[INFO] [stdout] ---- src/vec_u8_hash_map/google.api.rs - vec_u8_hash_map::google::api::RoutingRule (line 4110) stdout ----
[INFO] [stdout] error: expected identifier, found `:`
[INFO] [stdout]  --> src/vec_u8_hash_map/google.api.rs:4111:22
[INFO] [stdout]   |
[INFO] [stdout] 3 | x-goog-request-params: routing_id=profiles/prof_qux
[INFO] [stdout]   |                      ^ expected identifier
[INFO] [stdout]   |
[INFO] [stdout]   = note: type ascription syntax has been removed, see issue #101728 <https://github.com/rust-lang/rust/issues/101728>
[INFO] [stdout] help: you might have meant to introduce a new binding
[INFO] [stdout]   |
[INFO] [stdout] 3 | x-goog-request-let params: routing_id=profiles/prof_qux
[INFO] [stdout]   |                +++
[INFO] [stdout] 
[INFO] [stdout] error: aborting due to 1 previous error
[INFO] [stdout] 
[INFO] [stdout] Couldn't compile the test.
[INFO] [stdout] ---- src/vec_u8_hash_map/google.api.rs - vec_u8_hash_map::google::api::RoutingRule (line 4091) stdout ----
[INFO] [stdout] error: expected identifier, found `:`
[INFO] [stdout]  --> src/vec_u8_hash_map/google.api.rs:4092:22
[INFO] [stdout]   |
[INFO] [stdout] 3 | x-goog-request-params: app_profile_id=profiles/prof_qux
[INFO] [stdout]   |                      ^ expected identifier
[INFO] [stdout]   |
[INFO] [stdout]   = note: type ascription syntax has been removed, see issue #101728 <https://github.com/rust-lang/rust/issues/101728>
[INFO] [stdout] help: you might have meant to introduce a new binding
[INFO] [stdout]   |
[INFO] [stdout] 3 | x-goog-request-let params: app_profile_id=profiles/prof_qux
[INFO] [stdout]   |                +++
[INFO] [stdout] 
[INFO] [stdout] error: aborting due to 1 previous error
[INFO] [stdout] 
[INFO] [stdout] Couldn't compile the test.
[INFO] [stdout] ---- src/vec_u8_hash_map/google.api.rs - vec_u8_hash_map::google::api::RoutingRule (line 4126) stdout ----
[INFO] [stdout] error: expected one of `,`, `.`, `?`, `}`, or an operator, found `path_template`
[INFO] [stdout]  --> src/vec_u8_hash_map/google.api.rs:4132:6
[INFO] [stdout]   |
[INFO] [stdout] 6 |    routing_parameters {
[INFO] [stdout]   |    ------------------ while parsing this struct
[INFO] [stdout] 7 |      field: "table_name"
[INFO] [stdout]   |                         -
[INFO] [stdout]   |                         |
[INFO] [stdout]   |                         expected one of `,`, `.`, `?`, `}`, or an operator
[INFO] [stdout]   |                         help: try adding a comma: `,`
[INFO] [stdout] 8 |      path_template: "{table_name=projects/*/instances/*/**}"
[INFO] [stdout]   |      ^^^^^^^^^^^^^ unexpected token
[INFO] [stdout] 
[INFO] [stdout] error[E0425]: cannot find value `google` in this scope
[INFO] [stdout]  --> src/vec_u8_hash_map/google.api.rs:4127:9
[INFO] [stdout]   |
[INFO] [stdout] 3 | option (google.api.routing) = {
[INFO] [stdout]   |         ^^^^^^ not found in this scope
[INFO] [stdout] 
[INFO] [stdout] error[E0422]: cannot find struct, variant or union type `routing_parameters` in this scope
[INFO] [stdout]  --> src/vec_u8_hash_map/google.api.rs:4130:4
[INFO] [stdout]   |
[INFO] [stdout] 6 |    routing_parameters {
[INFO] [stdout]   |    ^^^^^^^^^^^^^^^^^^ not found in this scope
[INFO] [stdout] 
[INFO] [stdout] error[E0425]: cannot find function `option` in this scope
[INFO] [stdout]  --> src/vec_u8_hash_map/google.api.rs:4127:1
[INFO] [stdout]   |
[INFO] [stdout] 3 | option (google.api.routing) = {
[INFO] [stdout]   | ^^^^^^ not found in this scope
[INFO] [stdout] 
[INFO] [stdout] error[E0070]: invalid left-hand side of assignment
[INFO] [stdout]  --> src/vec_u8_hash_map/google.api.rs:4127:29
[INFO] [stdout]   |
[INFO] [stdout] 3 | option (google.api.routing) = {
[INFO] [stdout]   | --------------------------- ^
[INFO] [stdout]   | |
[INFO] [stdout]   | cannot assign to this expression
[INFO] [stdout] 
[INFO] [stdout] error: aborting due to 5 previous errors
[INFO] [stdout] 
[INFO] [stdout] Some errors have detailed explanations: E0070, E0422, E0425.
[INFO] [stdout] For more information about an error, try `rustc --explain E0070`.
[INFO] [stdout] Couldn't compile the test.
[INFO] [stdout] ---- src/vec_u8_hash_map/google.api.rs - vec_u8_hash_map::google::api::RoutingRule (line 4137) stdout ----
[INFO] [stdout] error: expected identifier, found `:`
[INFO] [stdout]  --> src/vec_u8_hash_map/google.api.rs:4138:22
[INFO] [stdout]   |
[INFO] [stdout] 3 | x-goog-request-params:
[INFO] [stdout]   |                      ^ expected identifier
[INFO] [stdout]   |
[INFO] [stdout]   = note: type ascription syntax has been removed, see issue #101728 <https://github.com/rust-lang/rust/issues/101728>
[INFO] [stdout] help: you might have meant to introduce a new binding
[INFO] [stdout]   |
[INFO] [stdout] 3 | x-goog-request-let params:
[INFO] [stdout]   |                +++
[INFO] [stdout] 
[INFO] [stdout] error: aborting due to 1 previous error
[INFO] [stdout] 
[INFO] [stdout] Couldn't compile the test.
[INFO] [stdout] ---- src/vec_u8_hash_map/google.api.rs - vec_u8_hash_map::google::api::RoutingRule (line 4100) stdout ----
[INFO] [stdout] error: expected one of `,`, `.`, `?`, `}`, or an operator, found `path_template`
[INFO] [stdout]  --> src/vec_u8_hash_map/google.api.rs:4105:6
[INFO] [stdout]   |
[INFO] [stdout] 5 |    routing_parameters {
[INFO] [stdout]   |    ------------------ while parsing this struct
[INFO] [stdout] 6 |      field: "app_profile_id"
[INFO] [stdout]   |                             -
[INFO] [stdout]   |                             |
[INFO] [stdout]   |                             expected one of `,`, `.`, `?`, `}`, or an operator
[INFO] [stdout]   |                             help: try adding a comma: `,`
[INFO] [stdout] 7 |      path_template: "{routing_id=**}"
[INFO] [stdout]   |      ^^^^^^^^^^^^^ unexpected token
[INFO] [stdout] 
[INFO] [stdout] error[E0425]: cannot find value `google` in this scope
[INFO] [stdout]  --> src/vec_u8_hash_map/google.api.rs:4101:9
[INFO] [stdout]   |
[INFO] [stdout] 3 | option (google.api.routing) = {
[INFO] [stdout]   |         ^^^^^^ not found in this scope
[INFO] [stdout] 
[INFO] [stdout] error[E0422]: cannot find struct, variant or union type `routing_parameters` in this scope
[INFO] [stdout]  --> src/vec_u8_hash_map/google.api.rs:4103:4
[INFO] [stdout]   |
[INFO] [stdout] 5 |    routing_parameters {
[INFO] [stdout]   |    ^^^^^^^^^^^^^^^^^^ not found in this scope
[INFO] [stdout] 
[INFO] [stdout] error[E0425]: cannot find function `option` in this scope
[INFO] [stdout]  --> src/vec_u8_hash_map/google.api.rs:4101:1
[INFO] [stdout]   |
[INFO] [stdout] 3 | option (google.api.routing) = {
[INFO] [stdout]   | ^^^^^^ not found in this scope
[INFO] [stdout] 
[INFO] [stdout] error[E0070]: invalid left-hand side of assignment
[INFO] [stdout]  --> src/vec_u8_hash_map/google.api.rs:4101:29
[INFO] [stdout]   |
[INFO] [stdout] 3 | option (google.api.routing) = {
[INFO] [stdout]   | --------------------------- ^
[INFO] [stdout]   | |
[INFO] [stdout]   | cannot assign to this expression
[INFO] [stdout] 
[INFO] [stdout] error: aborting due to 5 previous errors
[INFO] [stdout] 
[INFO] [stdout] Some errors have detailed explanations: E0070, E0422, E0425.
[INFO] [stdout] For more information about an error, try `rustc --explain E0070`.
[INFO] [stdout] Couldn't compile the test.
[INFO] [stdout] ---- src/vec_u8_hash_map/google.api.rs - vec_u8_hash_map::google::api::RoutingRule (line 4157) stdout ----
[INFO] [stdout] error: expected one of `!`, `(`, `+`, `::`, `<`, `>`, or `as`, found `routing`
[INFO] [stdout]  --> src/vec_u8_hash_map/google.api.rs:4158:5
[INFO] [stdout]   |
[INFO] [stdout] 3 | <no routing header will be sent>
[INFO] [stdout]   |     ^^^^^^^ expected one of 7 possible tokens
[INFO] [stdout] 
[INFO] [stdout] error: aborting due to 1 previous error
[INFO] [stdout] 
[INFO] [stdout] Couldn't compile the test.
[INFO] [stdout] ---- src/vec_u8_hash_map/google.api.rs - vec_u8_hash_map::google::api::RoutingRule (line 4082) stdout ----
[INFO] [stdout] error[E0425]: cannot find value `google` in this scope
[INFO] [stdout]  --> src/vec_u8_hash_map/google.api.rs:4083:9
[INFO] [stdout]   |
[INFO] [stdout] 3 | option (google.api.routing) = {
[INFO] [stdout]   |         ^^^^^^ not found in this scope
[INFO] [stdout] 
[INFO] [stdout] error[E0422]: cannot find struct, variant or union type `routing_parameters` in this scope
[INFO] [stdout]  --> src/vec_u8_hash_map/google.api.rs:4085:4
[INFO] [stdout]   |
[INFO] [stdout] 5 |    routing_parameters {
[INFO] [stdout]   |    ^^^^^^^^^^^^^^^^^^ not found in this scope
[INFO] [stdout] 
[INFO] [stdout] error[E0425]: cannot find function `option` in this scope
[INFO] [stdout]  --> src/vec_u8_hash_map/google.api.rs:4083:1
[INFO] [stdout]   |
[INFO] [stdout] 3 | option (google.api.routing) = {
[INFO] [stdout]   | ^^^^^^ not found in this scope
[INFO] [stdout] 
[INFO] [stdout] error[E0070]: invalid left-hand side of assignment
[INFO] [stdout]  --> src/vec_u8_hash_map/google.api.rs:4083:29
[INFO] [stdout]   |
[INFO] [stdout] 3 | option (google.api.routing) = {
[INFO] [stdout]   | --------------------------- ^
[INFO] [stdout]   | |
[INFO] [stdout]   | cannot assign to this expression
[INFO] [stdout] 
[INFO] [stdout] error: aborting due to 4 previous errors
[INFO] [stdout] 
[INFO] [stdout] Some errors have detailed explanations: E0070, E0422, E0425.
[INFO] [stdout] For more information about an error, try `rustc --explain E0070`.
[INFO] [stdout] Couldn't compile the test.
[INFO] [stdout] ---- src/vec_u8_hash_map/google.api.rs - vec_u8_hash_map::google::api::RoutingRule (line 4146) stdout ----
[INFO] [stdout] error: expected one of `,`, `.`, `?`, `}`, or an operator, found `path_template`
[INFO] [stdout]  --> src/vec_u8_hash_map/google.api.rs:4152:6
[INFO] [stdout]   |
[INFO] [stdout] 6 |    routing_parameters {
[INFO] [stdout]   |    ------------------ while parsing this struct
[INFO] [stdout] 7 |      field: "table_name"
[INFO] [stdout]   |                         -
[INFO] [stdout]   |                         |
[INFO] [stdout]   |                         expected one of `,`, `.`, `?`, `}`, or an operator
[INFO] [stdout]   |                         help: try adding a comma: `,`
[INFO] [stdout] 8 |      path_template: "{table_name=regions/*/zones/*/**}"
[INFO] [stdout]   |      ^^^^^^^^^^^^^ unexpected token
[INFO] [stdout] 
[INFO] [stdout] error[E0425]: cannot find value `google` in this scope
[INFO] [stdout]  --> src/vec_u8_hash_map/google.api.rs:4147:9
[INFO] [stdout]   |
[INFO] [stdout] 3 | option (google.api.routing) = {
[INFO] [stdout]   |         ^^^^^^ not found in this scope
[INFO] [stdout] 
[INFO] [stdout] error[E0422]: cannot find struct, variant or union type `routing_parameters` in this scope
[INFO] [stdout]  --> src/vec_u8_hash_map/google.api.rs:4150:4
[INFO] [stdout]   |
[INFO] [stdout] 6 |    routing_parameters {
[INFO] [stdout]   |    ^^^^^^^^^^^^^^^^^^ not found in this scope
[INFO] [stdout] 
[INFO] [stdout] error[E0425]: cannot find function `option` in this scope
[INFO] [stdout]  --> src/vec_u8_hash_map/google.api.rs:4147:1
[INFO] [stdout]   |
[INFO] [stdout] 3 | option (google.api.routing) = {
[INFO] [stdout]   | ^^^^^^ not found in this scope
[INFO] [stdout] 
[INFO] [stdout] error[E0070]: invalid left-hand side of assignment
[INFO] [stdout]  --> src/vec_u8_hash_map/google.api.rs:4147:29
[INFO] [stdout]   |
[INFO] [stdout] 3 | option (google.api.routing) = {
[INFO] [stdout]   | --------------------------- ^
[INFO] [stdout]   | |
[INFO] [stdout]   | cannot assign to this expression
[INFO] [stdout] 
[INFO] [stdout] error: aborting due to 5 previous errors
[INFO] [stdout] 
[INFO] [stdout] Some errors have detailed explanations: E0070, E0422, E0425.
[INFO] [stdout] For more information about an error, try `rustc --explain E0070`.
[INFO] [stdout] Couldn't compile the test.
[INFO] [stdout] ---- src/vec_u8_hash_map/google.api.rs - vec_u8_hash_map::google::api::RoutingRule (line 4182) stdout ----
[INFO] [stdout] error: expected identifier, found `:`
[INFO] [stdout]  --> src/vec_u8_hash_map/google.api.rs:4183:22
[INFO] [stdout]   |
[INFO] [stdout] 3 | x-goog-request-params:
[INFO] [stdout]   |                      ^ expected identifier
[INFO] [stdout]   |
[INFO] [stdout]   = note: type ascription syntax has been removed, see issue #101728 <https://github.com/rust-lang/rust/issues/101728>
[INFO] [stdout] help: you might have meant to introduce a new binding
[INFO] [stdout]   |
[INFO] [stdout] 3 | x-goog-request-let params:
[INFO] [stdout]   |                +++
[INFO] [stdout] 
[INFO] [stdout] error: aborting due to 1 previous error
[INFO] [stdout] 
[INFO] [stdout] Couldn't compile the test.
[INFO] [stdout] ---- src/vec_u8_hash_map/google.api.rs - vec_u8_hash_map::google::api::RoutingRule (line 4202) stdout ----
[INFO] [stdout] error: expected identifier, found `:`
[INFO] [stdout]  --> src/vec_u8_hash_map/google.api.rs:4203:22
[INFO] [stdout]   |
[INFO] [stdout] 3 | x-goog-request-params: routing_id=projects/proj_foo
[INFO] [stdout]   |                      ^ expected identifier
[INFO] [stdout]   |
[INFO] [stdout]   = note: type ascription syntax has been removed, see issue #101728 <https://github.com/rust-lang/rust/issues/101728>
[INFO] [stdout] help: you might have meant to introduce a new binding
[INFO] [stdout]   |
[INFO] [stdout] 3 | x-goog-request-let params: routing_id=projects/proj_foo
[INFO] [stdout]   |                +++
[INFO] [stdout] 
[INFO] [stdout] error: aborting due to 1 previous error
[INFO] [stdout] 
[INFO] [stdout] Couldn't compile the test.
[INFO] [stdout] ---- src/vec_u8_hash_map/google.api.rs - vec_u8_hash_map::google::api::RoutingRule (line 4229) stdout ----
[INFO] [stdout] error: expected identifier, found `:`
[INFO] [stdout]  --> src/vec_u8_hash_map/google.api.rs:4230:22
[INFO] [stdout]   |
[INFO] [stdout] 3 | x-goog-request-params:
[INFO] [stdout]   |                      ^ expected identifier
[INFO] [stdout]   |
[INFO] [stdout]   = note: type ascription syntax has been removed, see issue #101728 <https://github.com/rust-lang/rust/issues/101728>
[INFO] [stdout] help: you might have meant to introduce a new binding
[INFO] [stdout]   |
[INFO] [stdout] 3 | x-goog-request-let params:
[INFO] [stdout]   |                +++
[INFO] [stdout] 
[INFO] [stdout] error: aborting due to 1 previous error
[INFO] [stdout] 
[INFO] [stdout] Couldn't compile the test.
[INFO] [stdout] ---- src/vec_u8_hash_map/google.api.rs - vec_u8_hash_map::google::api::RoutingRule (line 4212) stdout ----
[INFO] [stdout] error: expected one of `,`, `.`, `?`, `}`, or an operator, found `path_template`
[INFO] [stdout]   --> src/vec_u8_hash_map/google.api.rs:4220:6
[INFO] [stdout]    |
[INFO] [stdout] 8  |    routing_parameters {
[INFO] [stdout]    |    ------------------ while parsing this struct
[INFO] [stdout] 9  |      field: "table_name"
[INFO] [stdout]    |                         -
[INFO] [stdout]    |                         |
[INFO] [stdout]    |                         expected one of `,`, `.`, `?`, `}`, or an operator
[INFO] [stdout]    |                         help: try adding a comma: `,`
[INFO] [stdout] 10 |      path_template: "{routing_id=projects/*}/**"
[INFO] [stdout]    |      ^^^^^^^^^^^^^ unexpected token
[INFO] [stdout] 
[INFO] [stdout] error: expected `;`, found `routing_parameters`
[INFO] [stdout]   --> src/vec_u8_hash_map/google.api.rs:4221:5
[INFO] [stdout]    |
[INFO] [stdout] 11 |    }
[INFO] [stdout]    |     ^ help: add `;` here
[INFO] [stdout] 12 |    routing_parameters {
[INFO] [stdout]    |    ------------------ unexpected token
[INFO] [stdout] 
[INFO] [stdout] error: expected one of `,`, `.`, `?`, `}`, or an operator, found `path_template`
[INFO] [stdout]   --> src/vec_u8_hash_map/google.api.rs:4224:6
[INFO] [stdout]    |
[INFO] [stdout] 12 |    routing_parameters {
[INFO] [stdout]    |    ------------------ while parsing this struct
[INFO] [stdout] 13 |      field: "table_name"
[INFO] [stdout]    |                         -
[INFO] [stdout]    |                         |
[INFO] [stdout]    |                         expected one of `,`, `.`, `?`, `}`, or an operator
[INFO] [stdout]    |                         help: try adding a comma: `,`
[INFO] [stdout] 14 |      path_template: "{routing_id=projects/*/instances/*}/**"
[INFO] [stdout]    |      ^^^^^^^^^^^^^ unexpected token
[INFO] [stdout] 
[INFO] [stdout] error[E0425]: cannot find value `google` in this scope
[INFO] [stdout]  --> src/vec_u8_hash_map/google.api.rs:4213:9
[INFO] [stdout]   |
[INFO] [stdout] 3 | option (google.api.routing) = {
[INFO] [stdout]   |         ^^^^^^ not found in this scope
[INFO] [stdout] 
[INFO] [stdout] error[E0422]: cannot find struct, variant or union type `routing_parameters` in this scope
[INFO] [stdout]   --> src/vec_u8_hash_map/google.api.rs:4222:4
[INFO] [stdout]    |
[INFO] [stdout] 12 |    routing_parameters {
[INFO] [stdout]    |    ^^^^^^^^^^^^^^^^^^ not found in this scope
[INFO] [stdout] 
[INFO] [stdout] error[E0425]: cannot find function `option` in this scope
[INFO] [stdout]  --> src/vec_u8_hash_map/google.api.rs:4213:1
[INFO] [stdout]   |
[INFO] [stdout] 3 | option (google.api.routing) = {
[INFO] [stdout]   | ^^^^^^ not found in this scope
[INFO] [stdout] 
[INFO] [stdout] error[E0070]: invalid left-hand side of assignment
[INFO] [stdout]  --> src/vec_u8_hash_map/google.api.rs:4213:29
[INFO] [stdout]   |
[INFO] [stdout] 3 | option (google.api.routing) = {
[INFO] [stdout]   | --------------------------- ^
[INFO] [stdout]   | |
[INFO] [stdout]   | cannot assign to this expression
[INFO] [stdout] 
[INFO] [stdout] error: aborting due to 7 previous errors
[INFO] [stdout] 
[INFO] [stdout] Some errors have detailed explanations: E0070, E0422, E0425.
[INFO] [stdout] For more information about an error, try `rustc --explain E0070`.
[INFO] [stdout] Couldn't compile the test.
[INFO] [stdout] ---- src/vec_u8_hash_map/google.api.rs - vec_u8_hash_map::google::api::RoutingRule (line 4192) stdout ----
[INFO] [stdout] error: expected one of `,`, `.`, `?`, `}`, or an operator, found `path_template`
[INFO] [stdout]  --> src/vec_u8_hash_map/google.api.rs:4197:6
[INFO] [stdout]   |
[INFO] [stdout] 5 |    routing_parameters {
[INFO] [stdout]   |    ------------------ while parsing this struct
[INFO] [stdout] 6 |      field: "table_name"
[INFO] [stdout]   |                         -
[INFO] [stdout]   |                         |
[INFO] [stdout]   |                         expected one of `,`, `.`, `?`, `}`, or an operator
[INFO] [stdout]   |                         help: try adding a comma: `,`
[INFO] [stdout] 7 |      path_template: "{routing_id=projects/*}/**"
[INFO] [stdout]   |      ^^^^^^^^^^^^^ unexpected token
[INFO] [stdout] 
[INFO] [stdout] error[E0425]: cannot find value `google` in this scope
[INFO] [stdout]  --> src/vec_u8_hash_map/google.api.rs:4193:9
[INFO] [stdout]   |
[INFO] [stdout] 3 | option (google.api.routing) = {
[INFO] [stdout]   |         ^^^^^^ not found in this scope
[INFO] [stdout] 
[INFO] [stdout] error[E0422]: cannot find struct, variant or union type `routing_parameters` in this scope
[INFO] [stdout]  --> src/vec_u8_hash_map/google.api.rs:4195:4
[INFO] [stdout]   |
[INFO] [stdout] 5 |    routing_parameters {
[INFO] [stdout]   |    ^^^^^^^^^^^^^^^^^^ not found in this scope
[INFO] [stdout] 
[INFO] [stdout] error[E0425]: cannot find function `option` in this scope
[INFO] [stdout]  --> src/vec_u8_hash_map/google.api.rs:4193:1
[INFO] [stdout]   |
[INFO] [stdout] 3 | option (google.api.routing) = {
[INFO] [stdout]   | ^^^^^^ not found in this scope
[INFO] [stdout] 
[INFO] [stdout] error[E0070]: invalid left-hand side of assignment
[INFO] [stdout]  --> src/vec_u8_hash_map/google.api.rs:4193:29
[INFO] [stdout]   |
[INFO] [stdout] 3 | option (google.api.routing) = {
[INFO] [stdout]   | --------------------------- ^
[INFO] [stdout]   | |
[INFO] [stdout]   | cannot assign to this expression
[INFO] [stdout] 
[INFO] [stdout] error: aborting due to 5 previous errors
[INFO] [stdout] 
[INFO] [stdout] Some errors have detailed explanations: E0070, E0422, E0425.
[INFO] [stdout] For more information about an error, try `rustc --explain E0070`.
[INFO] [stdout] Couldn't compile the test.
[INFO] [stdout] ---- src/vec_u8_hash_map/google.api.rs - vec_u8_hash_map::google::api::RoutingRule (line 4166) stdout ----
[INFO] [stdout] error: expected one of `,`, `.`, `?`, `}`, or an operator, found `path_template`
[INFO] [stdout]  --> src/vec_u8_hash_map/google.api.rs:4173:6
[INFO] [stdout]   |
[INFO] [stdout] 7 |    routing_parameters {
[INFO] [stdout]   |    ------------------ while parsing this struct
[INFO] [stdout] 8 |      field: "table_name"
[INFO] [stdout]   |                         -
[INFO] [stdout]   |                         |
[INFO] [stdout]   |                         expected one of `,`, `.`, `?`, `}`, or an operator
[INFO] [stdout]   |                         help: try adding a comma: `,`
[INFO] [stdout] 9 |      path_template: "{table_name=regions/*/zones/*/**}"
[INFO] [stdout]   |      ^^^^^^^^^^^^^ unexpected token
[INFO] [stdout] 
[INFO] [stdout] error: expected `;`, found `routing_parameters`
[INFO] [stdout]   --> src/vec_u8_hash_map/google.api.rs:4174:5
[INFO] [stdout]    |
[INFO] [stdout] 10 |    }
[INFO] [stdout]    |     ^ help: add `;` here
[INFO] [stdout] 11 |    routing_parameters {
[INFO] [stdout]    |    ------------------ unexpected token
[INFO] [stdout] 
[INFO] [stdout] error: expected one of `,`, `.`, `?`, `}`, or an operator, found `path_template`
[INFO] [stdout]   --> src/vec_u8_hash_map/google.api.rs:4177:6
[INFO] [stdout]    |
[INFO] [stdout] 11 |    routing_parameters {
[INFO] [stdout]    |    ------------------ while parsing this struct
[INFO] [stdout] 12 |      field: "table_name"
[INFO] [stdout]    |                         -
[INFO] [stdout]    |                         |
[INFO] [stdout]    |                         expected one of `,`, `.`, `?`, `}`, or an operator
[INFO] [stdout]    |                         help: try adding a comma: `,`
[INFO] [stdout] 13 |      path_template: "{table_name=projects/*/instances/*/**}"
[INFO] [stdout]    |      ^^^^^^^^^^^^^ unexpected token
[INFO] [stdout] 
[INFO] [stdout] error[E0425]: cannot find value `google` in this scope
[INFO] [stdout]  --> src/vec_u8_hash_map/google.api.rs:4167:9
[INFO] [stdout]   |
[INFO] [stdout] 3 | option (google.api.routing) = {
[INFO] [stdout]   |         ^^^^^^ not found in this scope
[INFO] [stdout] 
[INFO] [stdout] error[E0422]: cannot find struct, variant or union type `routing_parameters` in this scope
[INFO] [stdout]   --> src/vec_u8_hash_map/google.api.rs:4175:4
[INFO] [stdout]    |
[INFO] [stdout] 11 |    routing_parameters {
[INFO] [stdout]    |    ^^^^^^^^^^^^^^^^^^ not found in this scope
[INFO] [stdout] 
[INFO] [stdout] error[E0425]: cannot find function `option` in this scope
[INFO] [stdout]  --> src/vec_u8_hash_map/google.api.rs:4167:1
[INFO] [stdout]   |
[INFO] [stdout] 3 | option (google.api.routing) = {
[INFO] [stdout]   | ^^^^^^ not found in this scope
[INFO] [stdout] 
[INFO] [stdout] error[E0070]: invalid left-hand side of assignment
[INFO] [stdout]  --> src/vec_u8_hash_map/google.api.rs:4167:29
[INFO] [stdout]   |
[INFO] [stdout] 3 | option (google.api.routing) = {
[INFO] [stdout]   | --------------------------- ^
[INFO] [stdout]   | |
[INFO] [stdout]   | cannot assign to this expression
[INFO] [stdout] 
[INFO] [stdout] error: aborting due to 7 previous errors
[INFO] [stdout] 
[INFO] [stdout] Some errors have detailed explanations: E0070, E0422, E0425.
[INFO] [stdout] For more information about an error, try `rustc --explain E0070`.
[INFO] [stdout] Couldn't compile the test.
[INFO] [stdout] ---- src/vec_u8_hash_map/google.api.rs - vec_u8_hash_map::google::api::RoutingRule (line 4261) stdout ----
[INFO] [stdout] error: expected identifier, found `:`
[INFO] [stdout]  --> src/vec_u8_hash_map/google.api.rs:4262:22
[INFO] [stdout]   |
[INFO] [stdout] 3 | x-goog-request-params:
[INFO] [stdout]   |                      ^ expected identifier
[INFO] [stdout]   |
[INFO] [stdout]   = note: type ascription syntax has been removed, see issue #101728 <https://github.com/rust-lang/rust/issues/101728>
[INFO] [stdout] help: you might have meant to introduce a new binding
[INFO] [stdout]   |
[INFO] [stdout] 3 | x-goog-request-let params:
[INFO] [stdout]   |                +++
[INFO] [stdout] 
[INFO] [stdout] error: aborting due to 1 previous error
[INFO] [stdout] 
[INFO] [stdout] Couldn't compile the test.
[INFO] [stdout] ---- src/vec_u8_hash_map/google.api.rs - vec_u8_hash_map::google::api::RoutingRule (line 4271) stdout ----
[INFO] [stdout] error: expected one of `,`, `.`, `?`, `}`, or an operator, found `path_template`
[INFO] [stdout]   --> src/vec_u8_hash_map/google.api.rs:4279:6
[INFO] [stdout]    |
[INFO] [stdout] 8  |    routing_parameters {
[INFO] [stdout]    |    ------------------ while parsing this struct
[INFO] [stdout] 9  |      field: "table_name"
[INFO] [stdout]    |                         -
[INFO] [stdout]    |                         |
[INFO] [stdout]    |                         expected one of `,`, `.`, `?`, `}`, or an operator
[INFO] [stdout]    |                         help: try adding a comma: `,`
[INFO] [stdout] 10 |      path_template: "{project_id=projects/*}/**"
[INFO] [stdout]    |      ^^^^^^^^^^^^^ unexpected token
[INFO] [stdout] 
[INFO] [stdout] error: expected `;`, found `routing_parameters`
[INFO] [stdout]   --> src/vec_u8_hash_map/google.api.rs:4280:5
[INFO] [stdout]    |
[INFO] [stdout] 11 |    }
[INFO] [stdout]    |     ^ help: add `;` here
[INFO] [stdout] 12 |    routing_parameters {
[INFO] [stdout]    |    ------------------ unexpected token
[INFO] [stdout] 
[INFO] [stdout] error: expected one of `,`, `.`, `?`, `}`, or an operator, found `path_template`
[INFO] [stdout]   --> src/vec_u8_hash_map/google.api.rs:4283:6
[INFO] [stdout]    |
[INFO] [stdout] 12 |    routing_parameters {
[INFO] [stdout]    |    ------------------ while parsing this struct
[INFO] [stdout] 13 |      field: "table_name"
[INFO] [stdout]    |                         -
[INFO] [stdout]    |                         |
[INFO] [stdout]    |                         expected one of `,`, `.`, `?`, `}`, or an operator
[INFO] [stdout]    |                         help: try adding a comma: `,`
[INFO] [stdout] 14 |      path_template: "projects/*/{instance_id=instances/*}/**"
[INFO] [stdout]    |      ^^^^^^^^^^^^^ unexpected token
[INFO] [stdout] 
[INFO] [stdout] error[E0425]: cannot find value `google` in this scope
[INFO] [stdout]  --> src/vec_u8_hash_map/google.api.rs:4272:9
[INFO] [stdout]   |
[INFO] [stdout] 3 | option (google.api.routing) = {
[INFO] [stdout]   |         ^^^^^^ not found in this scope
[INFO] [stdout] 
[INFO] [stdout] error[E0422]: cannot find struct, variant or union type `routing_parameters` in this scope
[INFO] [stdout]   --> src/vec_u8_hash_map/google.api.rs:4281:4
[INFO] [stdout]    |
[INFO] [stdout] 12 |    routing_parameters {
[INFO] [stdout]    |    ^^^^^^^^^^^^^^^^^^ not found in this scope
[INFO] [stdout] 
[INFO] [stdout] error[E0425]: cannot find function `option` in this scope
[INFO] [stdout]  --> src/vec_u8_hash_map/google.api.rs:4272:1
[INFO] [stdout]   |
[INFO] [stdout] 3 | option (google.api.routing) = {
[INFO] [stdout]   | ^^^^^^ not found in this scope
[INFO] [stdout] 
[INFO] [stdout] error[E0070]: invalid left-hand side of assignment
[INFO] [stdout]  --> src/vec_u8_hash_map/google.api.rs:4272:29
[INFO] [stdout]   |
[INFO] [stdout] 3 | option (google.api.routing) = {
[INFO] [stdout]   | --------------------------- ^
[INFO] [stdout]   | |
[INFO] [stdout]   | cannot assign to this expression
[INFO] [stdout] 
[INFO] [stdout] error: aborting due to 7 previous errors
[INFO] [stdout] 
[INFO] [stdout] Some errors have detailed explanations: E0070, E0422, E0425.
[INFO] [stdout] For more information about an error, try `rustc --explain E0070`.
[INFO] [stdout] Couldn't compile the test.
[INFO] [stdout] ---- src/vec_u8_hash_map/google.api.rs - vec_u8_hash_map::google::api::RoutingRule (line 4289) stdout ----
[INFO] [stdout] error: expected identifier, found `:`
[INFO] [stdout]  --> src/vec_u8_hash_map/google.api.rs:4290:22
[INFO] [stdout]   |
[INFO] [stdout] 3 | x-goog-request-params:
[INFO] [stdout]   |                      ^ expected identifier
[INFO] [stdout]   |
[INFO] [stdout]   = note: type ascription syntax has been removed, see issue #101728 <https://github.com/rust-lang/rust/issues/101728>
[INFO] [stdout] help: you might have meant to introduce a new binding
[INFO] [stdout]   |
[INFO] [stdout] 3 | x-goog-request-let params:
[INFO] [stdout]   |                +++
[INFO] [stdout] 
[INFO] [stdout] error: aborting due to 1 previous error
[INFO] [stdout] 
[INFO] [stdout] Couldn't compile the test.
[INFO] [stdout] ---- src/vec_u8_hash_map/google.api.rs - vec_u8_hash_map::google::api::RoutingRule (line 4244) stdout ----
[INFO] [stdout] error: expected one of `,`, `.`, `?`, `}`, or an operator, found `path_template`
[INFO] [stdout]   --> src/vec_u8_hash_map/google.api.rs:4252:6
[INFO] [stdout]    |
[INFO] [stdout] 8  |    routing_parameters {
[INFO] [stdout]    |    ------------------ while parsing this struct
[INFO] [stdout] 9  |      field: "table_name"
[INFO] [stdout]    |                         -
[INFO] [stdout]    |                         |
[INFO] [stdout]    |                         expected one of `,`, `.`, `?`, `}`, or an operator
[INFO] [stdout]    |                         help: try adding a comma: `,`
[INFO] [stdout] 10 |      path_template: "{project_id=projects/*}/instances/*/**"
[INFO] [stdout]    |      ^^^^^^^^^^^^^ unexpected token
[INFO] [stdout] 
[INFO] [stdout] error: expected `;`, found `routing_parameters`
[INFO] [stdout]   --> src/vec_u8_hash_map/google.api.rs:4253:5
[INFO] [stdout]    |
[INFO] [stdout] 11 |    }
[INFO] [stdout]    |     ^ help: add `;` here
[INFO] [stdout] 12 |    routing_parameters {
[INFO] [stdout]    |    ------------------ unexpected token
[INFO] [stdout] 
[INFO] [stdout] error: expected one of `,`, `.`, `?`, `}`, or an operator, found `path_template`
[INFO] [stdout]   --> src/vec_u8_hash_map/google.api.rs:4256:6
[INFO] [stdout]    |
[INFO] [stdout] 12 |    routing_parameters {
[INFO] [stdout]    |    ------------------ while parsing this struct
[INFO] [stdout] 13 |      field: "table_name"
[INFO] [stdout]    |                         -
[INFO] [stdout]    |                         |
[INFO] [stdout]    |                         expected one of `,`, `.`, `?`, `}`, or an operator
[INFO] [stdout]    |                         help: try adding a comma: `,`
[INFO] [stdout] 14 |      path_template: "projects/*/{instance_id=instances/*}/**"
[INFO] [stdout]    |      ^^^^^^^^^^^^^ unexpected token
[INFO] [stdout] 
[INFO] [stdout] error[E0425]: cannot find value `google` in this scope
[INFO] [stdout]  --> src/vec_u8_hash_map/google.api.rs:4245:9
[INFO] [stdout]   |
[INFO] [stdout] 3 | option (google.api.routing) = {
[INFO] [stdout]   |         ^^^^^^ not found in this scope
[INFO] [stdout] 
[INFO] [stdout] error[E0422]: cannot find struct, variant or union type `routing_parameters` in this scope
[INFO] [stdout]   --> src/vec_u8_hash_map/google.api.rs:4254:4
[INFO] [stdout]    |
[INFO] [stdout] 12 |    routing_parameters {
[INFO] [stdout]    |    ^^^^^^^^^^^^^^^^^^ not found in this scope
[INFO] [stdout] 
[INFO] [stdout] error[E0425]: cannot find function `option` in this scope
[INFO] [stdout]  --> src/vec_u8_hash_map/google.api.rs:4245:1
[INFO] [stdout]   |
[INFO] [stdout] 3 | option (google.api.routing) = {
[INFO] [stdout]   | ^^^^^^ not found in this scope
[INFO] [stdout] 
[INFO] [stdout] error[E0070]: invalid left-hand side of assignment
[INFO] [stdout]  --> src/vec_u8_hash_map/google.api.rs:4245:29
[INFO] [stdout]   |
[INFO] [stdout] 3 | option (google.api.routing) = {
[INFO] [stdout]   | --------------------------- ^
[INFO] [stdout]   | |
[INFO] [stdout]   | cannot assign to this expression
[INFO] [stdout] 
[INFO] [stdout] error: aborting due to 7 previous errors
[INFO] [stdout] 
[INFO] [stdout] Some errors have detailed explanations: E0070, E0422, E0425.
[INFO] [stdout] For more information about an error, try `rustc --explain E0070`.
[INFO] [stdout] Couldn't compile the test.
[INFO] [stdout] ---- src/vec_u8_hash_map/google.api.rs - vec_u8_hash_map::google::api::RoutingRule (line 4305) stdout ----
[INFO] [stdout] error: expected one of `,`, `.`, `?`, `}`, or an operator, found `path_template`
[INFO] [stdout]  --> src/vec_u8_hash_map/google.api.rs:4312:6
[INFO] [stdout]   |
[INFO] [stdout] 7 |    routing_parameters {
[INFO] [stdout]   |    ------------------ while parsing this struct
[INFO] [stdout] 8 |      field: "table_name"
[INFO] [stdout]   |                         -
[INFO] [stdout]   |                         |
[INFO] [stdout]   |                         expected one of `,`, `.`, `?`, `}`, or an operator
[INFO] [stdout]   |                         help: try adding a comma: `,`
[INFO] [stdout] 9 |      path_template: "{project_id=projects/*}/**"
[INFO] [stdout]   |      ^^^^^^^^^^^^^ unexpected token
[INFO] [stdout] 
[INFO] [stdout] error: expected `;`, found `routing_parameters`
[INFO] [stdout]   --> src/vec_u8_hash_map/google.api.rs:4313:5
[INFO] [stdout]    |
[INFO] [stdout] 10 |    }
[INFO] [stdout]    |     ^ help: add `;` here
[INFO] [stdout] 11 |    routing_parameters {
[INFO] [stdout]    |    ------------------ unexpected token
[INFO] [stdout] 
[INFO] [stdout] error: expected one of `,`, `.`, `?`, `}`, or an operator, found `path_template`
[INFO] [stdout]   --> src/vec_u8_hash_map/google.api.rs:4316:6
[INFO] [stdout]    |
[INFO] [stdout] 11 |    routing_parameters {
[INFO] [stdout]    |    ------------------ while parsing this struct
[INFO] [stdout] 12 |      field: "app_profile_id"
[INFO] [stdout]    |                             -
[INFO] [stdout]    |                             |
[INFO] [stdout]    |                             expected one of `,`, `.`, `?`, `}`, or an operator
[INFO] [stdout]    |                             help: try adding a comma: `,`
[INFO] [stdout] 13 |      path_template: "{routing_id=**}"
[INFO] [stdout]    |      ^^^^^^^^^^^^^ unexpected token
[INFO] [stdout] 
[INFO] [stdout] error[E0425]: cannot find value `google` in this scope
[INFO] [stdout]  --> src/vec_u8_hash_map/google.api.rs:4306:9
[INFO] [stdout]   |
[INFO] [stdout] 3 | option (google.api.routing) = {
[INFO] [stdout]   |         ^^^^^^ not found in this scope
[INFO] [stdout] 
[INFO] [stdout] error[E0422]: cannot find struct, variant or union type `routing_parameters` in this scope
[INFO] [stdout]   --> src/vec_u8_hash_map/google.api.rs:4314:4
[INFO] [stdout]    |
[INFO] [stdout] 11 |    routing_parameters {
[INFO] [stdout]    |    ^^^^^^^^^^^^^^^^^^ not found in this scope
[INFO] [stdout] 
[INFO] [stdout] error[E0425]: cannot find function `option` in this scope
[INFO] [stdout]  --> src/vec_u8_hash_map/google.api.rs:4306:1
[INFO] [stdout]   |
[INFO] [stdout] 3 | option (google.api.routing) = {
[INFO] [stdout]   | ^^^^^^ not found in this scope
[INFO] [stdout] 
[INFO] [stdout] error[E0070]: invalid left-hand side of assignment
[INFO] [stdout]  --> src/vec_u8_hash_map/google.api.rs:4306:29
[INFO] [stdout]   |
[INFO] [stdout] 3 | option (google.api.routing) = {
[INFO] [stdout]   | --------------------------- ^
[INFO] [stdout]   | |
[INFO] [stdout]   | cannot assign to this expression
[INFO] [stdout] 
[INFO] [stdout] error: aborting due to 7 previous errors
[INFO] [stdout] 
[INFO] [stdout] Some errors have detailed explanations: E0070, E0422, E0425.
[INFO] [stdout] For more information about an error, try `rustc --explain E0070`.
[INFO] [stdout] Couldn't compile the test.
[INFO] [stdout] ---- src/vec_u8_hash_map/google.api.rs - vec_u8_hash_map::google::api::RoutingRule (line 4321) stdout ----
[INFO] [stdout] error: expected identifier, found `:`
[INFO] [stdout]  --> src/vec_u8_hash_map/google.api.rs:4322:22
[INFO] [stdout]   |
[INFO] [stdout] 3 | x-goog-request-params:
[INFO] [stdout]   |                      ^ expected identifier
[INFO] [stdout]   |
[INFO] [stdout]   = note: type ascription syntax has been removed, see issue #101728 <https://github.com/rust-lang/rust/issues/101728>
[INFO] [stdout] help: you might have meant to introduce a new binding
[INFO] [stdout]   |
[INFO] [stdout] 3 | x-goog-request-let params:
[INFO] [stdout]   |                +++
[INFO] [stdout] 
[INFO] [stdout] error: aborting due to 1 previous error
[INFO] [stdout] 
[INFO] [stdout] Couldn't compile the test.
[INFO] [stdout] ---- src/vec_u8_hash_map/google.api.rs - vec_u8_hash_map::google::api::Service::enums (line 4707) stdout ----
[INFO] [stdout] error: statements are terminated with a semicolon
[INFO] [stdout]  --> src/vec_u8_hash_map/google.api.rs:4708:6
[INFO] [stdout]   |
[INFO] [stdout] 3 | enums:
[INFO] [stdout]   |      ^
[INFO] [stdout]   |
[INFO] [stdout]   = note: if you meant to annotate an expression with a type, the type ascription syntax has been removed, see issue #101728 <https://github.com/rust-lang/rust/issues/101728>
[INFO] [stdout] help: use a semicolon instead
[INFO] [stdout]   |
[INFO] [stdout] 3 | enums;
[INFO] [stdout]   |      ~
[INFO] [stdout] 
[INFO] [stdout] error: expected identifier, found `:`
[INFO] [stdout]  --> src/vec_u8_hash_map/google.api.rs:4709:8
[INFO] [stdout]   |
[INFO] [stdout] 4 |  - name: google.someapi.v1.SomeEnum
[INFO] [stdout]   |        ^ expected identifier
[INFO] [stdout] 
[INFO] [stdout] error: aborting due to 2 previous errors
[INFO] [stdout] 
[INFO] [stdout] Couldn't compile the test.
[INFO] [stdout] ---- src/vec_u8_hash_map/google.api.rs - vec_u8_hash_map::google::api::RoutingRule (line 4361) stdout ----
[INFO] [stdout] error: expected one of `,`, `.`, `?`, `}`, or an operator, found `path_template`
[INFO] [stdout]   --> src/vec_u8_hash_map/google.api.rs:4376:6
[INFO] [stdout]    |
[INFO] [stdout] 15 |    routing_parameters {
[INFO] [stdout]    |    ------------------ while parsing this struct
[INFO] [stdout] 16 |      field: "table_name"
[INFO] [stdout]    |                         -
[INFO] [stdout]    |                         |
[INFO] [stdout]    |                         expected one of `,`, `.`, `?`, `}`, or an operator
[INFO] [stdout]    |                         help: try adding a comma: `,`
[INFO] [stdout] 17 |      path_template: "projects/*/{table_location=instances/*}/tables/*"
[INFO] [stdout]    |      ^^^^^^^^^^^^^ unexpected token
[INFO] [stdout] 
[INFO] [stdout] error: expected `;`, found `routing_parameters`
[INFO] [stdout]   --> src/vec_u8_hash_map/google.api.rs:4377:5
[INFO] [stdout]    |
[INFO] [stdout] 18 |    }
[INFO] [stdout]    |     ^ help: add `;` here
[INFO] [stdout] 19 |    routing_parameters {
[INFO] [stdout]    |    ------------------ unexpected token
[INFO] [stdout] 
[INFO] [stdout] error: expected one of `,`, `.`, `?`, `}`, or an operator, found `path_template`
[INFO] [stdout]   --> src/vec_u8_hash_map/google.api.rs:4380:6
[INFO] [stdout]    |
[INFO] [stdout] 19 |    routing_parameters {
[INFO] [stdout]    |    ------------------ while parsing this struct
[INFO] [stdout] 20 |      field: "table_name"
[INFO] [stdout]    |                         -
[INFO] [stdout]    |                         |
[INFO] [stdout]    |                         expected one of `,`, `.`, `?`, `}`, or an operator
[INFO] [stdout]    |                         help: try adding a comma: `,`
[INFO] [stdout] 21 |      path_template: "{table_location=regions/*/zones/*}/tables/*"
[INFO] [stdout]    |      ^^^^^^^^^^^^^ unexpected token
[INFO] [stdout] 
[INFO] [stdout] error: expected `;`, found `routing_parameters`
[INFO] [stdout]   --> src/vec_u8_hash_map/google.api.rs:4381:5
[INFO] [stdout]    |
[INFO] [stdout] 22 |    }
[INFO] [stdout]    |     ^ help: add `;` here
[INFO] [stdout] 23 |    routing_parameters {
[INFO] [stdout]    |    ------------------ unexpected token
[INFO] [stdout] 
[INFO] [stdout] error: expected one of `,`, `.`, `?`, `}`, or an operator, found `path_template`
[INFO] [stdout]   --> src/vec_u8_hash_map/google.api.rs:4384:6
[INFO] [stdout]    |
[INFO] [stdout] 23 |    routing_parameters {
[INFO] [stdout]    |    ------------------ while parsing this struct
[INFO] [stdout] 24 |      field: "table_name"
[INFO] [stdout]    |                         -
[INFO] [stdout]    |                         |
[INFO] [stdout]    |                         expected one of `,`, `.`, `?`, `}`, or an operator
[INFO] [stdout]    |                         help: try adding a comma: `,`
[INFO] [stdout] 25 |      path_template: "{routing_id=projects/*}/**"
[INFO] [stdout]    |      ^^^^^^^^^^^^^ unexpected token
[INFO] [stdout] 
[INFO] [stdout] error: expected `;`, found `routing_parameters`
[INFO] [stdout]   --> src/vec_u8_hash_map/google.api.rs:4385:5
[INFO] [stdout]    |
[INFO] [stdout] 26 |    }
[INFO] [stdout]    |     ^ help: add `;` here
[INFO] [stdout] 27 |    routing_parameters {
[INFO] [stdout]    |    ------------------ unexpected token
[INFO] [stdout] 
[INFO] [stdout] error: expected one of `,`, `.`, `?`, `}`, or an operator, found `path_template`
[INFO] [stdout]   --> src/vec_u8_hash_map/google.api.rs:4388:6
[INFO] [stdout]    |
[INFO] [stdout] 27 |    routing_parameters {
[INFO] [stdout]    |    ------------------ while parsing this struct
[INFO] [stdout] 28 |      field: "app_profile_id"
[INFO] [stdout]    |                             -
[INFO] [stdout]    |                             |
[INFO] [stdout]    |                             expected one of `,`, `.`, `?`, `}`, or an operator
[INFO] [stdout]    |                             help: try adding a comma: `,`
[INFO] [stdout] 29 |      path_template: "{routing_id=**}"
[INFO] [stdout]    |      ^^^^^^^^^^^^^ unexpected token
[INFO] [stdout] 
[INFO] [stdout] error: expected `;`, found `routing_parameters`
[INFO] [stdout]   --> src/vec_u8_hash_map/google.api.rs:4389:5
[INFO] [stdout]    |
[INFO] [stdout] 30 |    }
[INFO] [stdout]    |     ^ help: add `;` here
[INFO] [stdout] 31 |    routing_parameters {
[INFO] [stdout]    |    ------------------ unexpected token
[INFO] [stdout] 
[INFO] [stdout] error: expected one of `,`, `.`, `?`, `}`, or an operator, found `path_template`
[INFO] [stdout]   --> src/vec_u8_hash_map/google.api.rs:4392:6
[INFO] [stdout]    |
[INFO] [stdout] 31 |    routing_parameters {
[INFO] [stdout]    |    ------------------ while parsing this struct
[INFO] [stdout] 32 |      field: "app_profile_id"
[INFO] [stdout]    |                             -
[INFO] [stdout]    |                             |
[INFO] [stdout]    |                             expected one of `,`, `.`, `?`, `}`, or an operator
[INFO] [stdout]    |                             help: try adding a comma: `,`
[INFO] [stdout] 33 |      path_template: "profiles/{routing_id=*}"
[INFO] [stdout]    |      ^^^^^^^^^^^^^ unexpected token
[INFO] [stdout] 
[INFO] [stdout] error[E0425]: cannot find value `google` in this scope
[INFO] [stdout]  --> src/vec_u8_hash_map/google.api.rs:4362:9
[INFO] [stdout]   |
[INFO] [stdout] 3 | option (google.api.routing) = {
[INFO] [stdout]   |         ^^^^^^ not found in this scope
[INFO] [stdout] 
[INFO] [stdout] error[E0422]: cannot find struct, variant or union type `routing_parameters` in this scope
[INFO] [stdout]   --> src/vec_u8_hash_map/google.api.rs:4390:4
[INFO] [stdout]    |
[INFO] [stdout] 31 |    routing_parameters {
[INFO] [stdout]    |    ^^^^^^^^^^^^^^^^^^ not found in this scope
[INFO] [stdout] 
[INFO] [stdout] error[E0425]: cannot find function `option` in this scope
[INFO] [stdout]  --> src/vec_u8_hash_map/google.api.rs:4362:1
[INFO] [stdout]   |
[INFO] [stdout] 3 | option (google.api.routing) = {
[INFO] [stdout]   | ^^^^^^ not found in this scope
[INFO] [stdout] 
[INFO] [stdout] error[E0070]: invalid left-hand side of assignment
[INFO] [stdout]  --> src/vec_u8_hash_map/google.api.rs:4362:29
[INFO] [stdout]   |
[INFO] [stdout] 3 | option (google.api.routing) = {
[INFO] [stdout]   | --------------------------- ^
[INFO] [stdout]   | |
[INFO] [stdout]   | cannot assign to this expression
[INFO] [stdout] 
[INFO] [stdout] error: aborting due to 13 previous errors
[INFO] [stdout] 
[INFO] [stdout] Some errors have detailed explanations: E0070, E0422, E0425.
[INFO] [stdout] For more information about an error, try `rustc --explain E0070`.
[INFO] [stdout] Couldn't compile the test.
[INFO] [stdout] ---- src/vec_u8_hash_map/google.api.rs - vec_u8_hash_map::google::api::RoutingRule (line 4353) stdout ----
[INFO] [stdout] error: expected identifier, found `:`
[INFO] [stdout]  --> src/vec_u8_hash_map/google.api.rs:4354:22
[INFO] [stdout]   |
[INFO] [stdout] 3 | x-goog-request-params: routing_id=profiles/prof_qux
[INFO] [stdout]   |                      ^ expected identifier
[INFO] [stdout]   |
[INFO] [stdout]   = note: type ascription syntax has been removed, see issue #101728 <https://github.com/rust-lang/rust/issues/101728>
[INFO] [stdout] help: you might have meant to introduce a new binding
[INFO] [stdout]   |
[INFO] [stdout] 3 | x-goog-request-let params: routing_id=profiles/prof_qux
[INFO] [stdout]   |                +++
[INFO] [stdout] 
[INFO] [stdout] error: aborting due to 1 previous error
[INFO] [stdout] 
[INFO] [stdout] Couldn't compile the test.
[INFO] [stdout] ---- src/vec_u8_hash_map/google.api.rs - vec_u8_hash_map::google::api::Service (line 4640) stdout ----
[INFO] [stdout] error: expected identifier, found keyword `type`
[INFO] [stdout]  --> src/vec_u8_hash_map/google.api.rs:4641:1
[INFO] [stdout]   |
[INFO] [stdout] 3 | type: google.api.Service
[INFO] [stdout]   | ^^^^ expected identifier, found keyword
[INFO] [stdout]   |
[INFO] [stdout] help: escape `type` to use it as an identifier
[INFO] [stdout]   |
[INFO] [stdout] 3 | r#type: google.api.Service
[INFO] [stdout]   | ++
[INFO] [stdout] 
[INFO] [stdout] error: expected identifier, found `:`
[INFO] [stdout]  --> src/vec_u8_hash_map/google.api.rs:4641:5
[INFO] [stdout]   |
[INFO] [stdout] 3 | type: google.api.Service
[INFO] [stdout]   |     ^ expected identifier
[INFO] [stdout] 
[INFO] [stdout] error: aborting due to 2 previous errors
[INFO] [stdout] 
[INFO] [stdout] Couldn't compile the test.
[INFO] [stdout] ---- src/vec_u8_hash_map/google.api.rs - vec_u8_hash_map::google::api::RoutingRule (line 4397) stdout ----
[INFO] [stdout] error: expected identifier, found `:`
[INFO] [stdout]  --> src/vec_u8_hash_map/google.api.rs:4398:22
[INFO] [stdout]   |
[INFO] [stdout] 3 | x-goog-request-params:
[INFO] [stdout]   |                      ^ expected identifier
[INFO] [stdout]   |
[INFO] [stdout]   = note: type ascription syntax has been removed, see issue #101728 <https://github.com/rust-lang/rust/issues/101728>
[INFO] [stdout] help: you might have meant to introduce a new binding
[INFO] [stdout]   |
[INFO] [stdout] 3 | x-goog-request-let params:
[INFO] [stdout]   |                +++
[INFO] [stdout] 
[INFO] [stdout] error: aborting due to 1 previous error
[INFO] [stdout] 
[INFO] [stdout] Couldn't compile the test.
[INFO] [stdout] ---- src/vec_u8_hash_map/google.api.rs - vec_u8_hash_map::google::api::RoutingRule (line 4332) stdout ----
[INFO] [stdout] error: expected one of `,`, `.`, `?`, `}`, or an operator, found `path_template`
[INFO] [stdout]   --> src/vec_u8_hash_map/google.api.rs:4340:6
[INFO] [stdout]    |
[INFO] [stdout] 8  |    routing_parameters {
[INFO] [stdout]    |    ------------------ while parsing this struct
[INFO] [stdout] 9  |      field: "table_name"
[INFO] [stdout]    |                         -
[INFO] [stdout]    |                         |
[INFO] [stdout]    |                         expected one of `,`, `.`, `?`, `}`, or an operator
[INFO] [stdout]    |                         help: try adding a comma: `,`
[INFO] [stdout] 10 |      path_template: "{routing_id=projects/*}/**"
[INFO] [stdout]    |      ^^^^^^^^^^^^^ unexpected token
[INFO] [stdout] 
[INFO] [stdout] error: expected `;`, found `routing_parameters`
[INFO] [stdout]   --> src/vec_u8_hash_map/google.api.rs:4341:5
[INFO] [stdout]    |
[INFO] [stdout] 11 |    }
[INFO] [stdout]    |     ^ help: add `;` here
[INFO] [stdout] 12 |    routing_parameters {
[INFO] [stdout]    |    ------------------ unexpected token
[INFO] [stdout] 
[INFO] [stdout] error: expected one of `,`, `.`, `?`, `}`, or an operator, found `path_template`
[INFO] [stdout]   --> src/vec_u8_hash_map/google.api.rs:4344:7
[INFO] [stdout]    |
[INFO] [stdout] 12 |    routing_parameters {
[INFO] [stdout]    |    ------------------ while parsing this struct
[INFO] [stdout] 13 |       field: "table_name"
[INFO] [stdout]    |                          -
[INFO] [stdout]    |                          |
[INFO] [stdout]    |                          expected one of `,`, `.`, `?`, `}`, or an operator
[INFO] [stdout]    |                          help: try adding a comma: `,`
[INFO] [stdout] 14 |       path_template: "{routing_id=regions/*}/**"
[INFO] [stdout]    |       ^^^^^^^^^^^^^ unexpected token
[INFO] [stdout] 
[INFO] [stdout] error: expected `;`, found `routing_parameters`
[INFO] [stdout]   --> src/vec_u8_hash_map/google.api.rs:4345:5
[INFO] [stdout]    |
[INFO] [stdout] 15 |    }
[INFO] [stdout]    |     ^ help: add `;` here
[INFO] [stdout] 16 |    routing_parameters {
[INFO] [stdout]    |    ------------------ unexpected token
[INFO] [stdout] 
[INFO] [stdout] error: expected one of `,`, `.`, `?`, `}`, or an operator, found `path_template`
[INFO] [stdout]   --> src/vec_u8_hash_map/google.api.rs:4348:6
[INFO] [stdout]    |
[INFO] [stdout] 16 |    routing_parameters {
[INFO] [stdout]    |    ------------------ while parsing this struct
[INFO] [stdout] 17 |      field: "app_profile_id"
[INFO] [stdout]    |                             -
[INFO] [stdout]    |                             |
[INFO] [stdout]    |                             expected one of `,`, `.`, `?`, `}`, or an operator
[INFO] [stdout]    |                             help: try adding a comma: `,`
[INFO] [stdout] 18 |      path_template: "{routing_id=**}"
[INFO] [stdout]    |      ^^^^^^^^^^^^^ unexpected token
[INFO] [stdout] 
[INFO] [stdout] error[E0425]: cannot find value `google` in this scope
[INFO] [stdout]  --> src/vec_u8_hash_map/google.api.rs:4333:9
[INFO] [stdout]   |
[INFO] [stdout] 3 | option (google.api.routing) = {
[INFO] [stdout]   |         ^^^^^^ not found in this scope
[INFO] [stdout] 
[INFO] [stdout] error[E0422]: cannot find struct, variant or union type `routing_parameters` in this scope
[INFO] [stdout]   --> src/vec_u8_hash_map/google.api.rs:4346:4
[INFO] [stdout]    |
[INFO] [stdout] 16 |    routing_parameters {
[INFO] [stdout]    |    ^^^^^^^^^^^^^^^^^^ not found in this scope
[INFO] [stdout] 
[INFO] [stdout] error[E0425]: cannot find function `option` in this scope
[INFO] [stdout]  --> src/vec_u8_hash_map/google.api.rs:4333:1
[INFO] [stdout]   |
[INFO] [stdout] 3 | option (google.api.routing) = {
[INFO] [stdout]   | ^^^^^^ not found in this scope
[INFO] [stdout] 
[INFO] [stdout] error[E0070]: invalid left-hand side of assignment
[INFO] [stdout]  --> src/vec_u8_hash_map/google.api.rs:4333:29
[INFO] [stdout]   |
[INFO] [stdout] 3 | option (google.api.routing) = {
[INFO] [stdout]   | --------------------------- ^
[INFO] [stdout]   | |
[INFO] [stdout]   | cannot assign to this expression
[INFO] [stdout] 
[INFO] [stdout] error: aborting due to 9 previous errors
[INFO] [stdout] 
[INFO] [stdout] Some errors have detailed explanations: E0070, E0422, E0425.
[INFO] [stdout] For more information about an error, try `rustc --explain E0070`.
[INFO] [stdout] Couldn't compile the test.
[INFO] [stdout] ---- src/vec_u8_hash_map/google.api.rs - vec_u8_hash_map::google::api::UsageRule (line 4600) stdout ----
[INFO] [stdout] error: expected identifier, found `:`
[INFO] [stdout]  --> src/vec_u8_hash_map/google.api.rs:4601:6
[INFO] [stdout]   |
[INFO] [stdout] 3 | usage:
[INFO] [stdout]   |      ^ expected identifier
[INFO] [stdout] 
[INFO] [stdout] error: aborting due to 1 previous error
[INFO] [stdout] 
[INFO] [stdout] Couldn't compile the test.
[INFO] [stdout] ---- src/vec_u8_hash_map/google.api.rs - vec_u8_hash_map::google::api::Service::types (line 4698) stdout ----
[INFO] [stdout] error: statements are terminated with a semicolon
[INFO] [stdout]  --> src/vec_u8_hash_map/google.api.rs:4699:6
[INFO] [stdout]   |
[INFO] [stdout] 3 | types:
[INFO] [stdout]   |      ^
[INFO] [stdout]   |
[INFO] [stdout]   = note: if you meant to annotate an expression with a type, the type ascription syntax has been removed, see issue #101728 <https://github.com/rust-lang/rust/issues/101728>
[INFO] [stdout] help: use a semicolon instead
[INFO] [stdout]   |
[INFO] [stdout] 3 | types;
[INFO] [stdout]   |      ~
[INFO] [stdout] 
[INFO] [stdout] error: expected identifier, found `:`
[INFO] [stdout]  --> src/vec_u8_hash_map/google.api.rs:4700:8
[INFO] [stdout]   |
[INFO] [stdout] 4 |  - name: google.protobuf.Int32
[INFO] [stdout]   |        ^ expected identifier
[INFO] [stdout] 
[INFO] [stdout] error: aborting due to 2 previous errors
[INFO] [stdout] 
[INFO] [stdout] Couldn't compile the test.
[INFO] [stdout] ---- src/vec_u8_hash_map/google.api.rs - vec_u8_hash_map::google::api::SystemParameters::rules (line 4507) stdout ----
[INFO] [stdout] error: expected `;`, found `rules`
[INFO] [stdout]  --> src/vec_u8_hash_map/google.api.rs:4508:18
[INFO] [stdout]   |
[INFO] [stdout] 3 | system_parameters
[INFO] [stdout]   |                  ^ help: add `;` here
[INFO] [stdout] 4 |    rules:
[INFO] [stdout]   |    ----- unexpected token
[INFO] [stdout] 
[INFO] [stdout] error: statements are terminated with a semicolon
[INFO] [stdout]  --> src/vec_u8_hash_map/google.api.rs:4509:9
[INFO] [stdout]   |
[INFO] [stdout] 4 |    rules:
[INFO] [stdout]   |         ^
[INFO] [stdout]   |
[INFO] [stdout]   = note: if you meant to annotate an expression with a type, the type ascription syntax has been removed, see issue #101728 <https://github.com/rust-lang/rust/issues/101728>
[INFO] [stdout] help: use a semicolon instead
[INFO] [stdout]   |
[INFO] [stdout] 4 |    rules;
[INFO] [stdout]   |         ~
[INFO] [stdout] 
[INFO] [stdout] error: expected one of `!`, `.`, `::`, `;`, `?`, `{`, `}`, or an operator, found `:`
[INFO] [stdout]  --> src/vec_u8_hash_map/google.api.rs:4510:16
[INFO] [stdout]   |
[INFO] [stdout] 5 |      - selector: "/ListShelves"
[INFO] [stdout]   |                ^ expected one of 8 possible tokens
[INFO] [stdout] 
[INFO] [stdout] error[E0425]: cannot find value `rules` in this scope
[INFO] [stdout]  --> src/vec_u8_hash_map/google.api.rs:4509:4
[INFO] [stdout]   |
[INFO] [stdout] 4 |    rules:
[INFO] [stdout]   |    ^^^^^ not found in this scope
[INFO] [stdout] 
[INFO] [stdout] error: aborting due to 4 previous errors
[INFO] [stdout] 
[INFO] [stdout] For more information about this error, try `rustc --explain E0425`.
[INFO] [stdout] Couldn't compile the test.
[INFO] [stdout] ---- src/vec_u8_hash_map/google.api.rs - vec_u8_hash_map::google::api::backend_rule::PathTranslation::AppendPathToAddress (line 1579) stdout ----
[INFO] [stdout] error: expected one of `!`, `.`, `::`, `;`, `?`, `{`, `}`, or an operator, found `path`
[INFO] [stdout]  --> src/vec_u8_hash_map/google.api.rs:1580:8
[INFO] [stdout]   |
[INFO] [stdout] 3 | Method path:        /api/company/{cid}/user/{uid}
[INFO] [stdout]   |        ^^^^ expected one of 8 possible tokens
[INFO] [stdout] 
[INFO] [stdout] error: aborting due to 1 previous error
[INFO] [stdout] 
[INFO] [stdout] Couldn't compile the test.
[INFO] [stdout] ---- src/vec_u8_hash_map/google.api.rs - vec_u8_hash_map::google::api::UsageRule (line 4607) stdout ----
[INFO] [stdout] error: expected identifier, found `:`
[INFO] [stdout]  --> src/vec_u8_hash_map/google.api.rs:4608:6
[INFO] [stdout]   |
[INFO] [stdout] 3 | usage:
[INFO] [stdout]   |      ^ expected identifier
[INFO] [stdout] 
[INFO] [stdout] error: aborting due to 1 previous error
[INFO] [stdout] 
[INFO] [stdout] Couldn't compile the test.
[INFO] [stdout] ---- src/vec_u8_hash_map/google.api.rs - vec_u8_hash_map::google::api::Visibility (line 4792) stdout ----
[INFO] [stdout] error: expected identifier, found `:`
[INFO] [stdout]  --> src/vec_u8_hash_map/google.api.rs:4793:11
[INFO] [stdout]   |
[INFO] [stdout] 3 | visibility:
[INFO] [stdout]   |           ^ expected identifier
[INFO] [stdout] 
[INFO] [stdout] error: aborting due to 1 previous error
[INFO] [stdout] 
[INFO] [stdout] Couldn't compile the test.
[INFO] [stdout] ---- src/vec_u8_hash_map/google.api.rs - vec_u8_hash_map::google::api::backend_rule::PathTranslation::ConstantAddress (line 1559) stdout ----
[INFO] [stdout] error: expected one of `!`, `.`, `::`, `;`, `?`, `{`, `}`, or an operator, found `path`
[INFO] [stdout]  --> src/vec_u8_hash_map/google.api.rs:1560:8
[INFO] [stdout]   |
[INFO] [stdout] 3 | Method path:        /api/company/{cid}/user/{uid}
[INFO] [stdout]   |        ^^^^ expected one of 8 possible tokens
[INFO] [stdout] 
[INFO] [stdout] error: aborting due to 1 previous error
[INFO] [stdout] 
[INFO] [stdout] Couldn't compile the test.
[INFO] [stdout] ---- src/vec_u8_hash_map/google.api.rs - vec_u8_hash_map::google::api::SystemParameters::rules (line 4497) stdout ----
[INFO] [stdout] error: expected `;`, found `rules`
[INFO] [stdout]  --> src/vec_u8_hash_map/google.api.rs:4498:18
[INFO] [stdout]   |
[INFO] [stdout] 3 | system_parameters
[INFO] [stdout]   |                  ^ help: add `;` here
[INFO] [stdout] 4 |    rules:
[INFO] [stdout]   |    ----- unexpected token
[INFO] [stdout] 
[INFO] [stdout] error: statements are terminated with a semicolon
[INFO] [stdout]  --> src/vec_u8_hash_map/google.api.rs:4499:9
[INFO] [stdout]   |
[INFO] [stdout] 4 |    rules:
[INFO] [stdout]   |         ^
[INFO] [stdout]   |
[INFO] [stdout]   = note: if you meant to annotate an expression with a type, the type ascription syntax has been removed, see issue #101728 <https://github.com/rust-lang/rust/issues/101728>
[INFO] [stdout] help: use a semicolon instead
[INFO] [stdout]   |
[INFO] [stdout] 4 |    rules;
[INFO] [stdout]   |         ~
[INFO] [stdout] 
[INFO] [stdout] error: expected one of `!`, `.`, `::`, `;`, `?`, `{`, `}`, or an operator, found `:`
[INFO] [stdout]  --> src/vec_u8_hash_map/google.api.rs:4500:16
[INFO] [stdout]   |
[INFO] [stdout] 5 |      - selector: "*"
[INFO] [stdout]   |                ^ expected one of 8 possible tokens
[INFO] [stdout] 
[INFO] [stdout] error[E0425]: cannot find value `rules` in this scope
[INFO] [stdout]  --> src/vec_u8_hash_map/google.api.rs:4499:4
[INFO] [stdout]   |
[INFO] [stdout] 4 |    rules:
[INFO] [stdout]   |    ^^^^^ not found in this scope
[INFO] [stdout] 
[INFO] [stdout] error: aborting due to 4 previous errors
[INFO] [stdout] 
[INFO] [stdout] For more information about this error, try `rustc --explain E0425`.
[INFO] [stdout] Couldn't compile the test.
[INFO] [stdout] ---- src/vec_u8_hash_map/google.api.rs - vec_u8_hash_map::google::api::VisibilityRule::restriction (line 4827) stdout ----
[INFO] [stdout] error: expected identifier, found `:`
[INFO] [stdout]  --> src/vec_u8_hash_map/google.api.rs:4828:11
[INFO] [stdout]   |
[INFO] [stdout] 3 | visibility:
[INFO] [stdout]   |           ^ expected identifier
[INFO] [stdout] 
[INFO] [stdout] error: aborting due to 1 previous error
[INFO] [stdout] 
[INFO] [stdout] Couldn't compile the test.
[INFO] [stdout] ---- src/vec_u8_hash_map/google.api.rs - vec_u8_hash_map::google::api::backend_rule::PathTranslation::AppendPathToAddress (line 1585) stdout ----
[INFO] [stdout] error: expected one of `!`, `.`, `::`, `;`, `?`, `{`, `}`, or an operator, found `path`
[INFO] [stdout]  --> src/vec_u8_hash_map/google.api.rs:1586:9
[INFO] [stdout]   |
[INFO] [stdout] 3 | Request path: /api/company/widgetworks/user/johndoe
[INFO] [stdout]   |         ^^^^ expected one of 8 possible tokens
[INFO] [stdout] 
[INFO] [stdout] error: aborting due to 1 previous error
[INFO] [stdout] 
[INFO] [stdout] Couldn't compile the test.
[INFO] [stdout] ---- src/vec_u8_hash_map/google.api.rs - vec_u8_hash_map::google::api::backend_rule::PathTranslation::ConstantAddress (line 1565) stdout ----
[INFO] [stdout] error: expected one of `!`, `.`, `::`, `;`, `?`, `{`, `}`, or an operator, found `path`
[INFO] [stdout]  --> src/vec_u8_hash_map/google.api.rs:1566:9
[INFO] [stdout]   |
[INFO] [stdout] 3 | Request path: /api/company/widgetworks/user/johndoe
[INFO] [stdout]   |         ^^^^ expected one of 8 possible tokens
[INFO] [stdout] 
[INFO] [stdout] error: aborting due to 1 previous error
[INFO] [stdout] 
[INFO] [stdout] Couldn't compile the test.
[INFO] [stdout] ---- src/vec_u8_hash_map/google.api.rs - vec_u8_hash_map::google::api::distribution::bucket_options::Explicit (line 2177) stdout ----
[INFO] [stdout] error: unknown start of token: \
[INFO] [stdout]  --> src/vec_u8_hash_map/google.api.rs:2178:39
[INFO] [stdout]   |
[INFO] [stdout] 3 | Upper bound (0 <= i < N-1):     bounds\[i\]
[INFO] [stdout]   |                                       ^
[INFO] [stdout] 
[INFO] [stdout] error: unknown start of token: \
[INFO] [stdout]  --> src/vec_u8_hash_map/google.api.rs:2178:42
[INFO] [stdout]   |
[INFO] [stdout] 3 | Upper bound (0 <= i < N-1):     bounds\[i\]
[INFO] [stdout]   |                                          ^
[INFO] [stdout] 
[INFO] [stdout] error: unknown start of token: \
[INFO] [stdout]  --> src/vec_u8_hash_map/google.api.rs:2179:39
[INFO] [stdout]   |
[INFO] [stdout] 4 | Lower bound (1 <= i < N);       bounds\[i - 1\]
[INFO] [stdout]   |                                       ^
[INFO] [stdout] 
[INFO] [stdout] error: unknown start of token: \
[INFO] [stdout]  --> src/vec_u8_hash_map/google.api.rs:2179:46
[INFO] [stdout]   |
[INFO] [stdout] 4 | Lower bound (1 <= i < N);       bounds\[i - 1\]
[INFO] [stdout]   |                                              ^
[INFO] [stdout] 
[INFO] [stdout] error: expected one of `!`, `.`, `::`, `;`, `?`, `{`, `}`, or an operator, found `bound`
[INFO] [stdout]  --> src/vec_u8_hash_map/google.api.rs:2178:7
[INFO] [stdout]   |
[INFO] [stdout] 3 | Upper bound (0 <= i < N-1):     bounds\[i\]
[INFO] [stdout]   |       ^^^^^ expected one of 8 possible tokens
[INFO] [stdout] 
[INFO] [stdout] error: aborting due to 5 previous errors
[INFO] [stdout] 
[INFO] [stdout] Couldn't compile the test.
[INFO] [stdout] ---- src/vec_u8_hash_map/google.api.rs - vec_u8_hash_map::google::api::distribution::bucket_options::Exponential (line 2157) stdout ----
[INFO] [stdout] error: expected one of `!`, `.`, `::`, `;`, `?`, `{`, `}`, or an operator, found `bound`
[INFO] [stdout]  --> src/vec_u8_hash_map/google.api.rs:2158:7
[INFO] [stdout]   |
[INFO] [stdout] 3 | Upper bound (0 <= i < N-1):     scale * (growth_factor ^ i).
[INFO] [stdout]   |       ^^^^^ expected one of 8 possible tokens
[INFO] [stdout] 
[INFO] [stdout] error: aborting due to 1 previous error
[INFO] [stdout] 
[INFO] [stdout] Couldn't compile the test.
[INFO] [stdout] ---- src/vec_u8_hash_map/google.api.rs - vec_u8_hash_map::google::api::distribution::bucket_options::Linear (line 2135) stdout ----
[INFO] [stdout] error: expected one of `!`, `.`, `::`, `;`, `?`, `{`, `}`, or an operator, found `bound`
[INFO] [stdout]  --> src/vec_u8_hash_map/google.api.rs:2136:7
[INFO] [stdout]   |
[INFO] [stdout] 3 | Upper bound (0 <= i < N-1):     offset + (width * i).
[INFO] [stdout]   |       ^^^^^ expected one of 8 possible tokens
[INFO] [stdout] 
[INFO] [stdout] error: aborting due to 1 previous error
[INFO] [stdout] 
[INFO] [stdout] Couldn't compile the test.
[INFO] [stdout] 
[INFO] [stdout] failures:
[INFO] [stdout]     src/vec_u8_hash_map/google.api.rs - vec_u8_hash_map::google::api::AuthProvider::audiences (line 1336)
[INFO] [stdout]     src/vec_u8_hash_map/google.api.rs - vec_u8_hash_map::google::api::AuthRequirement::audiences (line 1421)
[INFO] [stdout]     src/vec_u8_hash_map/google.api.rs - vec_u8_hash_map::google::api::AuthRequirement::provider_id (line 1404)
[INFO] [stdout]     src/vec_u8_hash_map/google.api.rs - vec_u8_hash_map::google::api::Authentication (line 1205)
[INFO] [stdout]     src/vec_u8_hash_map/google.api.rs - vec_u8_hash_map::google::api::BackendRule::address (line 1449)
[INFO] [stdout]     src/vec_u8_hash_map/google.api.rs - vec_u8_hash_map::google::api::BackendRule::protocol (line 1486)
[INFO] [stdout]     src/vec_u8_hash_map/google.api.rs - vec_u8_hash_map::google::api::Billing (line 1655)
[INFO] [stdout]     src/vec_u8_hash_map/google.api.rs - vec_u8_hash_map::google::api::Context (line 1891)
[INFO] [stdout]     src/vec_u8_hash_map/google.api.rs - vec_u8_hash_map::google::api::Context (line 1913)
[INFO] [stdout]     src/vec_u8_hash_map/google.api.rs - vec_u8_hash_map::google::api::Control (line 2015)
[INFO] [stdout]     src/vec_u8_hash_map/google.api.rs - vec_u8_hash_map::google::api::Distribution::sum_of_squared_deviation (line 2056)
[INFO] [stdout]     src/vec_u8_hash_map/google.api.rs - vec_u8_hash_map::google::api::Endpoint (line 2387)
[INFO] [stdout]     src/vec_u8_hash_map/google.api.rs - vec_u8_hash_map::google::api::ErrorReason::AccessTokenExpired (line 2721)
[INFO] [stdout]     src/vec_u8_hash_map/google.api.rs - vec_u8_hash_map::google::api::ErrorReason::AccessTokenScopeInsufficient (line 2739)
[INFO] [stdout]     src/vec_u8_hash_map/google.api.rs - vec_u8_hash_map::google::api::ErrorReason::AccessTokenTypeUnsupported (line 2774)
[INFO] [stdout]     src/vec_u8_hash_map/google.api.rs - vec_u8_hash_map::google::api::ErrorReason::AccountStateInvalid (line 2759)
[INFO] [stdout]     src/vec_u8_hash_map/google.api.rs - vec_u8_hash_map::google::api::ErrorReason::ApiKeyAndroidAppBlocked (line 2540)
[INFO] [stdout]     src/vec_u8_hash_map/google.api.rs - vec_u8_hash_map::google::api::ErrorReason::ApiKeyHttpReferrerBlocked (line 2510)
[INFO] [stdout]     src/vec_u8_hash_map/google.api.rs - vec_u8_hash_map::google::api::ErrorReason::ApiKeyInvalid (line 2481)
[INFO] [stdout]     src/vec_u8_hash_map/google.api.rs - vec_u8_hash_map::google::api::ErrorReason::ApiKeyIosAppBlocked (line 2555)
[INFO] [stdout]     src/vec_u8_hash_map/google.api.rs - vec_u8_hash_map::google::api::ErrorReason::ApiKeyIpAddressBlocked (line 2525)
[INFO] [stdout]     src/vec_u8_hash_map/google.api.rs - vec_u8_hash_map::google::api::ErrorReason::ApiKeyServiceBlocked (line 2495)
[INFO] [stdout]     src/vec_u8_hash_map/google.api.rs - vec_u8_hash_map::google::api::ErrorReason::BillingDisabled (line 2464)
[INFO] [stdout]     src/vec_u8_hash_map/google.api.rs - vec_u8_hash_map::google::api::ErrorReason::ConsumerInvalid (line 2688)
[INFO] [stdout]     src/vec_u8_hash_map/google.api.rs - vec_u8_hash_map::google::api::ErrorReason::ConsumerSuspended (line 2674)
[INFO] [stdout]     src/vec_u8_hash_map/google.api.rs - vec_u8_hash_map::google::api::ErrorReason::CredentialsMissing (line 2790)
[INFO] [stdout]     src/vec_u8_hash_map/google.api.rs - vec_u8_hash_map::google::api::ErrorReason::GcpSuspended (line 2935)
[INFO] [stdout]     src/vec_u8_hash_map/google.api.rs - vec_u8_hash_map::google::api::ErrorReason::LocationPolicyViolated (line 2951)
[INFO] [stdout]     src/vec_u8_hash_map/google.api.rs - vec_u8_hash_map::google::api::ErrorReason::LocationTaxPolicyViolated (line 2638)
[INFO] [stdout]     src/vec_u8_hash_map/google.api.rs - vec_u8_hash_map::google::api::ErrorReason::RateLimitExceeded (line 2572)
[INFO] [stdout]     src/vec_u8_hash_map/google.api.rs - vec_u8_hash_map::google::api::ErrorReason::RateLimitExceeded (line 2587)
[INFO] [stdout]     src/vec_u8_hash_map/google.api.rs - vec_u8_hash_map::google::api::ErrorReason::ResourceProjectInvalid (line 2807)
[INFO] [stdout]     src/vec_u8_hash_map/google.api.rs - vec_u8_hash_map::google::api::ErrorReason::ResourceQuotaExceeded (line 2605)
[INFO] [stdout]     src/vec_u8_hash_map/google.api.rs - vec_u8_hash_map::google::api::ErrorReason::ResourceQuotaExceeded (line 2620)
[INFO] [stdout]     src/vec_u8_hash_map/google.api.rs - vec_u8_hash_map::google::api::ErrorReason::ResourceUsageRestrictionViolated (line 2855)
[INFO] [stdout]     src/vec_u8_hash_map/google.api.rs - vec_u8_hash_map::google::api::ErrorReason::SecurityPolicyViolated (line 2707)
[INFO] [stdout]     src/vec_u8_hash_map/google.api.rs - vec_u8_hash_map::google::api::ErrorReason::ServiceDisabled (line 2447)
[INFO] [stdout]     src/vec_u8_hash_map/google.api.rs - vec_u8_hash_map::google::api::ErrorReason::ServiceNotVisible (line 2919)
[INFO] [stdout]     src/vec_u8_hash_map/google.api.rs - vec_u8_hash_map::google::api::ErrorReason::SessionCookieInvalid (line 2822)
[INFO] [stdout]     src/vec_u8_hash_map/google.api.rs - vec_u8_hash_map::google::api::ErrorReason::SystemParameterUnsupported (line 2872)
[INFO] [stdout]     src/vec_u8_hash_map/google.api.rs - vec_u8_hash_map::google::api::ErrorReason::UserBlockedByAdmin (line 2839)
[INFO] [stdout]     src/vec_u8_hash_map/google.api.rs - vec_u8_hash_map::google::api::ErrorReason::UserProjectDenied (line 2658)
[INFO] [stdout]     src/vec_u8_hash_map/google.api.rs - vec_u8_hash_map::google::api::HttpBody (line 3158)
[INFO] [stdout]     src/vec_u8_hash_map/google.api.rs - vec_u8_hash_map::google::api::HttpBody (line 3177)
[INFO] [stdout]     src/vec_u8_hash_map/google.api.rs - vec_u8_hash_map::google::api::HttpRule (line 401)
[INFO] [stdout]     src/vec_u8_hash_map/google.api.rs - vec_u8_hash_map::google::api::HttpRule (line 424)
[INFO] [stdout]     src/vec_u8_hash_map/google.api.rs - vec_u8_hash_map::google::api::HttpRule (line 457)
[INFO] [stdout]     src/vec_u8_hash_map/google.api.rs - vec_u8_hash_map::google::api::HttpRule (line 482)
[INFO] [stdout]     src/vec_u8_hash_map/google.api.rs - vec_u8_hash_map::google::api::HttpRule (line 510)
[INFO] [stdout]     src/vec_u8_hash_map/google.api.rs - vec_u8_hash_map::google::api::HttpRule (line 554)
[INFO] [stdout]     src/vec_u8_hash_map/google.api.rs - vec_u8_hash_map::google::api::HttpRule (line 608)
[INFO] [stdout]     src/vec_u8_hash_map/google.api.rs - vec_u8_hash_map::google::api::LogDescriptor (line 3261)
[INFO] [stdout]     src/vec_u8_hash_map/google.api.rs - vec_u8_hash_map::google::api::Logging (line 3296)
[INFO] [stdout]     src/vec_u8_hash_map/google.api.rs - vec_u8_hash_map::google::api::MethodSettings::auto_populated_fields (line 1075)
[INFO] [stdout]     src/vec_u8_hash_map/google.api.rs - vec_u8_hash_map::google::api::MethodSettings::long_running (line 1059)
[INFO] [stdout]     src/vec_u8_hash_map/google.api.rs - vec_u8_hash_map::google::api::MethodSettings::selector (line 1047)
[INFO] [stdout]     src/vec_u8_hash_map/google.api.rs - vec_u8_hash_map::google::api::MetricDescriptor::r#type (line 3366)
[INFO] [stdout]     src/vec_u8_hash_map/google.api.rs - vec_u8_hash_map::google::api::MetricDescriptor::unit (line 3459)
[INFO] [stdout]     src/vec_u8_hash_map/google.api.rs - vec_u8_hash_map::google::api::MonitoredResource (line 3732)
[INFO] [stdout]     src/vec_u8_hash_map/google.api.rs - vec_u8_hash_map::google::api::MonitoredResourceMetadata::system_labels (line 3771)
[INFO] [stdout]     src/vec_u8_hash_map/google.api.rs - vec_u8_hash_map::google::api::Monitoring (line 3792)
[INFO] [stdout]     src/vec_u8_hash_map/google.api.rs - vec_u8_hash_map::google::api::OAuthRequirements::canonical_scopes (line 1390)
[INFO] [stdout]     src/vec_u8_hash_map/google.api.rs - vec_u8_hash_map::google::api::ProjectProperties (line 1798)
[INFO] [stdout]     src/vec_u8_hash_map/google.api.rs - vec_u8_hash_map::google::api::Quota (line 3888)
[INFO] [stdout]     src/vec_u8_hash_map/google.api.rs - vec_u8_hash_map::google::api::Quota (line 3915)
[INFO] [stdout]     src/vec_u8_hash_map/google.api.rs - vec_u8_hash_map::google::api::ResourceDescriptor (line 100)
[INFO] [stdout]     src/vec_u8_hash_map/google.api.rs - vec_u8_hash_map::google::api::ResourceDescriptor (line 112)
[INFO] [stdout]     src/vec_u8_hash_map/google.api.rs - vec_u8_hash_map::google::api::ResourceDescriptor (line 121)
[INFO] [stdout]     src/vec_u8_hash_map/google.api.rs - vec_u8_hash_map::google::api::ResourceDescriptor (line 133)
[INFO] [stdout]     src/vec_u8_hash_map/google.api.rs - vec_u8_hash_map::google::api::ResourceDescriptor::history (line 182)
[INFO] [stdout]     src/vec_u8_hash_map/google.api.rs - vec_u8_hash_map::google::api::ResourceDescriptor::pattern (line 159)
[INFO] [stdout]     src/vec_u8_hash_map/google.api.rs - vec_u8_hash_map::google::api::ResourceDescriptor::pattern (line 165)
[INFO] [stdout]     src/vec_u8_hash_map/google.api.rs - vec_u8_hash_map::google::api::ResourceReference::child_type (line 349)
[INFO] [stdout]     src/vec_u8_hash_map/google.api.rs - vec_u8_hash_map::google::api::ResourceReference::r#type (line 325)
[INFO] [stdout]     src/vec_u8_hash_map/google.api.rs - vec_u8_hash_map::google::api::ResourceReference::r#type (line 336)
[INFO] [stdout]     src/vec_u8_hash_map/google.api.rs - vec_u8_hash_map::google::api::RoutingParameter::path_template (line 4428)
[INFO] [stdout]     src/vec_u8_hash_map/google.api.rs - vec_u8_hash_map::google::api::RoutingParameter::path_template (line 4458)
[INFO] [stdout]     src/vec_u8_hash_map/google.api.rs - vec_u8_hash_map::google::api::RoutingParameter::path_template (line 4464)
[INFO] [stdout]     src/vec_u8_hash_map/google.api.rs - vec_u8_hash_map::google::api::RoutingRule (line 4048)
[INFO] [stdout]     src/vec_u8_hash_map/google.api.rs - vec_u8_hash_map::google::api::RoutingRule (line 4065)
[INFO] [stdout]     src/vec_u8_hash_map/google.api.rs - vec_u8_hash_map::google::api::RoutingRule (line 4082)
[INFO] [stdout]     src/vec_u8_hash_map/google.api.rs - vec_u8_hash_map::google::api::RoutingRule (line 4091)
[INFO] [stdout]     src/vec_u8_hash_map/google.api.rs - vec_u8_hash_map::google::api::RoutingRule (line 4100)
[INFO] [stdout]     src/vec_u8_hash_map/google.api.rs - vec_u8_hash_map::google::api::RoutingRule (line 4110)
[INFO] [stdout]     src/vec_u8_hash_map/google.api.rs - vec_u8_hash_map::google::api::RoutingRule (line 4126)
[INFO] [stdout]     src/vec_u8_hash_map/google.api.rs - vec_u8_hash_map::google::api::RoutingRule (line 4137)
[INFO] [stdout]     src/vec_u8_hash_map/google.api.rs - vec_u8_hash_map::google::api::RoutingRule (line 4146)
[INFO] [stdout]     src/vec_u8_hash_map/google.api.rs - vec_u8_hash_map::google::api::RoutingRule (line 4157)
[INFO] [stdout]     src/vec_u8_hash_map/google.api.rs - vec_u8_hash_map::google::api::RoutingRule (line 4166)
[INFO] [stdout]     src/vec_u8_hash_map/google.api.rs - vec_u8_hash_map::google::api::RoutingRule (line 4182)
[INFO] [stdout]     src/vec_u8_hash_map/google.api.rs - vec_u8_hash_map::google::api::RoutingRule (line 4192)
[INFO] [stdout]     src/vec_u8_hash_map/google.api.rs - vec_u8_hash_map::google::api::RoutingRule (line 4202)
[INFO] [stdout]     src/vec_u8_hash_map/google.api.rs - vec_u8_hash_map::google::api::RoutingRule (line 4212)
[INFO] [stdout]     src/vec_u8_hash_map/google.api.rs - vec_u8_hash_map::google::api::RoutingRule (line 4229)
[INFO] [stdout]     src/vec_u8_hash_map/google.api.rs - vec_u8_hash_map::google::api::RoutingRule (line 4244)
[INFO] [stdout]     src/vec_u8_hash_map/google.api.rs - vec_u8_hash_map::google::api::RoutingRule (line 4261)
[INFO] [stdout]     src/vec_u8_hash_map/google.api.rs - vec_u8_hash_map::google::api::RoutingRule (line 4271)
[INFO] [stdout]     src/vec_u8_hash_map/google.api.rs - vec_u8_hash_map::google::api::RoutingRule (line 4289)
[INFO] [stdout]     src/vec_u8_hash_map/google.api.rs - vec_u8_hash_map::google::api::RoutingRule (line 4305)
[INFO] [stdout]     src/vec_u8_hash_map/google.api.rs - vec_u8_hash_map::google::api::RoutingRule (line 4321)
[INFO] [stdout]     src/vec_u8_hash_map/google.api.rs - vec_u8_hash_map::google::api::RoutingRule (line 4332)
[INFO] [stdout]     src/vec_u8_hash_map/google.api.rs - vec_u8_hash_map::google::api::RoutingRule (line 4353)
[INFO] [stdout]     src/vec_u8_hash_map/google.api.rs - vec_u8_hash_map::google::api::RoutingRule (line 4361)
[INFO] [stdout]     src/vec_u8_hash_map/google.api.rs - vec_u8_hash_map::google::api::RoutingRule (line 4397)
[INFO] [stdout]     src/vec_u8_hash_map/google.api.rs - vec_u8_hash_map::google::api::Service (line 4640)
[INFO] [stdout]     src/vec_u8_hash_map/google.api.rs - vec_u8_hash_map::google::api::Service::enums (line 4707)
[INFO] [stdout]     src/vec_u8_hash_map/google.api.rs - vec_u8_hash_map::google::api::Service::types (line 4698)
[INFO] [stdout]     src/vec_u8_hash_map/google.api.rs - vec_u8_hash_map::google::api::SystemParameters::rules (line 4497)
[INFO] [stdout]     src/vec_u8_hash_map/google.api.rs - vec_u8_hash_map::google::api::SystemParameters::rules (line 4507)
[INFO] [stdout]     src/vec_u8_hash_map/google.api.rs - vec_u8_hash_map::google::api::UsageRule (line 4600)
[INFO] [stdout]     src/vec_u8_hash_map/google.api.rs - vec_u8_hash_map::google::api::UsageRule (line 4607)
[INFO] [stdout]     src/vec_u8_hash_map/google.api.rs - vec_u8_hash_map::google::api::Visibility (line 4792)
[INFO] [stdout]     src/vec_u8_hash_map/google.api.rs - vec_u8_hash_map::google::api::VisibilityRule::restriction (line 4827)
[INFO] [stdout]     src/vec_u8_hash_map/google.api.rs - vec_u8_hash_map::google::api::backend_rule::PathTranslation::AppendPathToAddress (line 1579)
[INFO] [stdout]     src/vec_u8_hash_map/google.api.rs - vec_u8_hash_map::google::api::backend_rule::PathTranslation::AppendPathToAddress (line 1585)
[INFO] [stdout]     src/vec_u8_hash_map/google.api.rs - vec_u8_hash_map::google::api::backend_rule::PathTranslation::ConstantAddress (line 1559)
[INFO] [stdout]     src/vec_u8_hash_map/google.api.rs - vec_u8_hash_map::google::api::backend_rule::PathTranslation::ConstantAddress (line 1565)
[INFO] [stdout]     src/vec_u8_hash_map/google.api.rs - vec_u8_hash_map::google::api::distribution::bucket_options::Explicit (line 2177)
[INFO] [stdout]     src/vec_u8_hash_map/google.api.rs - vec_u8_hash_map::google::api::distribution::bucket_options::Exponential (line 2157)
[INFO] [stdout]     src/vec_u8_hash_map/google.api.rs - vec_u8_hash_map::google::api::distribution::bucket_options::Linear (line 2135)
[INFO] [stdout] 
[INFO] [stdout] test result: FAILED. 0 passed; 120 failed; 0 ignored; 0 measured; 0 filtered out; finished in 1.40s
[INFO] [stdout] 
[INFO] [stderr] error: doctest failed, to rerun pass `--doc`
[INFO] running `Command { std: "docker" "inspect" "1687d229ca3f7bf2bb26801680ef7fec05a5ce0a5616a84adeb83f88b2628e2c", kill_on_drop: false }`
[INFO] running `Command { std: "docker" "rm" "-f" "1687d229ca3f7bf2bb26801680ef7fec05a5ce0a5616a84adeb83f88b2628e2c", kill_on_drop: false }`
[INFO] [stdout] 1687d229ca3f7bf2bb26801680ef7fec05a5ce0a5616a84adeb83f88b2628e2c
