[INFO] fetching crate googleapis-tonic-google-api-expr-v1beta1 0.8.0...
[INFO] testing googleapis-tonic-google-api-expr-v1beta1-0.8.0 against nightly-2024-10-28 for randomize-layout
[INFO] extracting crate googleapis-tonic-google-api-expr-v1beta1 0.8.0 into /workspace/builds/worker-2-tc1/source
[INFO] validating manifest of crates.io crate googleapis-tonic-google-api-expr-v1beta1 0.8.0 on toolchain nightly-2024-10-28
[INFO] running `Command { std: CARGO_HOME="/workspace/cargo-home" RUSTUP_HOME="/workspace/rustup-home" "/workspace/cargo-home/bin/cargo" "+nightly-2024-10-28" "metadata" "--manifest-path" "Cargo.toml" "--no-deps", kill_on_drop: false }`
[INFO] started tweaking crates.io crate googleapis-tonic-google-api-expr-v1beta1 0.8.0
[INFO] finished tweaking crates.io crate googleapis-tonic-google-api-expr-v1beta1 0.8.0
[INFO] tweaked toml for crates.io crate googleapis-tonic-google-api-expr-v1beta1 0.8.0 written to /workspace/builds/worker-2-tc1/source/Cargo.toml
[INFO] running `Command { std: CARGO_HOME="/workspace/cargo-home" RUSTUP_HOME="/workspace/rustup-home" "/workspace/cargo-home/bin/cargo" "+nightly-2024-10-28" "generate-lockfile" "--manifest-path" "Cargo.toml", kill_on_drop: false }`
[INFO] [stderr]     Updating crates.io index
[INFO] [stderr]      Locking 55 packages to latest compatible versions
[INFO] running `Command { std: CARGO_HOME="/workspace/cargo-home" RUSTUP_HOME="/workspace/rustup-home" "/workspace/cargo-home/bin/cargo" "+nightly-2024-10-28" "fetch" "--manifest-path" "Cargo.toml", kill_on_drop: false }`
[INFO] [stderr]  Downloading crates ...
[INFO] [stderr]   Downloaded googleapis-tonic-google-rpc v0.8.0
[INFO] running `Command { std: "docker" "create" "-v" "/var/lib/crater-agent-workspace/builds/worker-2-tc1/target:/opt/rustwide/target:rw,Z" "-v" "/var/lib/crater-agent-workspace/builds/worker-2-tc1/source:/opt/rustwide/workdir:ro,Z" "-v" "/var/lib/crater-agent-workspace/cargo-home:/opt/rustwide/cargo-home:ro,Z" "-v" "/var/lib/crater-agent-workspace/rustup-home:/opt/rustwide/rustup-home:ro,Z" "-e" "SOURCE_DIR=/opt/rustwide/workdir" "-e" "CARGO_TARGET_DIR=/opt/rustwide/target" "-e" "CARGO_HOME=/opt/rustwide/cargo-home" "-e" "RUSTUP_HOME=/opt/rustwide/rustup-home" "-w" "/opt/rustwide/workdir" "-m" "1610612736" "--user" "0:0" "--network" "none" "ghcr.io/rust-lang/crates-build-env/linux@sha256:4a844ea9eb2546a2d2c7022eacef16ef2e8229c7fbb2c7d4d55a9ceca922f72d" "/opt/rustwide/cargo-home/bin/cargo" "+nightly-2024-10-28" "metadata" "--no-deps" "--format-version=1", kill_on_drop: false }`
[INFO] [stdout] 4516bb7bceabfc7e751af5f98350aa7a6064f51bd119344df109e11f14870da6
[INFO] running `Command { std: "docker" "start" "-a" "4516bb7bceabfc7e751af5f98350aa7a6064f51bd119344df109e11f14870da6", kill_on_drop: false }`
[INFO] running `Command { std: "docker" "inspect" "4516bb7bceabfc7e751af5f98350aa7a6064f51bd119344df109e11f14870da6", kill_on_drop: false }`
[INFO] running `Command { std: "docker" "rm" "-f" "4516bb7bceabfc7e751af5f98350aa7a6064f51bd119344df109e11f14870da6", kill_on_drop: false }`
[INFO] [stdout] 4516bb7bceabfc7e751af5f98350aa7a6064f51bd119344df109e11f14870da6
[INFO] running `Command { std: "docker" "create" "-v" "/var/lib/crater-agent-workspace/builds/worker-2-tc1/target:/opt/rustwide/target:rw,Z" "-v" "/var/lib/crater-agent-workspace/builds/worker-2-tc1/source:/opt/rustwide/workdir:ro,Z" "-v" "/var/lib/crater-agent-workspace/cargo-home:/opt/rustwide/cargo-home:ro,Z" "-v" "/var/lib/crater-agent-workspace/rustup-home:/opt/rustwide/rustup-home:ro,Z" "-e" "SOURCE_DIR=/opt/rustwide/workdir" "-e" "CARGO_TARGET_DIR=/opt/rustwide/target" "-e" "CARGO_INCREMENTAL=0" "-e" "RUST_BACKTRACE=full" "-e" "RUSTFLAGS=--cap-lints=forbid" "-e" "RUSTDOCFLAGS=--cap-lints=forbid" "-e" "CARGO_HOME=/opt/rustwide/cargo-home" "-e" "RUSTUP_HOME=/opt/rustwide/rustup-home" "-w" "/opt/rustwide/workdir" "-m" "1610612736" "--user" "0:0" "--network" "none" "ghcr.io/rust-lang/crates-build-env/linux@sha256:4a844ea9eb2546a2d2c7022eacef16ef2e8229c7fbb2c7d4d55a9ceca922f72d" "/opt/rustwide/cargo-home/bin/cargo" "+nightly-2024-10-28" "build" "--frozen" "--message-format=json", kill_on_drop: false }`
[INFO] [stdout] 8e70aebb8b2b933189ecde1f9795dc4a8626789aa4ea37409d391c562774c224
[INFO] running `Command { std: "docker" "start" "-a" "8e70aebb8b2b933189ecde1f9795dc4a8626789aa4ea37409d391c562774c224", kill_on_drop: false }`
[INFO] [stderr]    Compiling either v1.13.0
[INFO] [stderr]    Compiling anyhow v1.0.92
[INFO] [stderr]    Compiling futures-task v0.3.31
[INFO] [stderr]    Compiling tokio v1.41.0
[INFO] [stderr]    Compiling tower-layer v0.3.3
[INFO] [stderr]    Compiling pin-project-internal v1.1.7
[INFO] [stderr]    Compiling tracing-attributes v0.1.27
[INFO] [stderr]    Compiling futures-util v0.3.31
[INFO] [stderr]    Compiling itertools v0.13.0
[INFO] [stderr]    Compiling pin-project v1.1.7
[INFO] [stderr]    Compiling tracing v0.1.40
[INFO] [stderr]    Compiling tokio-stream v0.1.16
[INFO] [stderr]    Compiling http-body-util v0.1.2
[INFO] [stderr]    Compiling prost-derive v0.13.3
[INFO] [stderr]    Compiling prost v0.13.3
[INFO] [stderr]    Compiling tonic v0.12.3
[INFO] [stderr]    Compiling prost-types v0.13.3
[INFO] [stderr]    Compiling googleapis-tonic-google-rpc v0.8.0
[INFO] [stderr]    Compiling googleapis-tonic-google-api-expr-v1beta1 v0.8.0 (/opt/rustwide/workdir)
[INFO] [stderr]     Finished `dev` profile [unoptimized + debuginfo] target(s) in 5.12s
[INFO] running `Command { std: "docker" "inspect" "8e70aebb8b2b933189ecde1f9795dc4a8626789aa4ea37409d391c562774c224", kill_on_drop: false }`
[INFO] running `Command { std: "docker" "rm" "-f" "8e70aebb8b2b933189ecde1f9795dc4a8626789aa4ea37409d391c562774c224", kill_on_drop: false }`
[INFO] [stdout] 8e70aebb8b2b933189ecde1f9795dc4a8626789aa4ea37409d391c562774c224
[INFO] running `Command { std: "docker" "create" "-v" "/var/lib/crater-agent-workspace/builds/worker-2-tc1/target:/opt/rustwide/target:rw,Z" "-v" "/var/lib/crater-agent-workspace/builds/worker-2-tc1/source:/opt/rustwide/workdir:ro,Z" "-v" "/var/lib/crater-agent-workspace/cargo-home:/opt/rustwide/cargo-home:ro,Z" "-v" "/var/lib/crater-agent-workspace/rustup-home:/opt/rustwide/rustup-home:ro,Z" "-e" "SOURCE_DIR=/opt/rustwide/workdir" "-e" "CARGO_TARGET_DIR=/opt/rustwide/target" "-e" "CARGO_INCREMENTAL=0" "-e" "RUST_BACKTRACE=full" "-e" "RUSTFLAGS=--cap-lints=forbid" "-e" "RUSTDOCFLAGS=--cap-lints=forbid" "-e" "CARGO_HOME=/opt/rustwide/cargo-home" "-e" "RUSTUP_HOME=/opt/rustwide/rustup-home" "-w" "/opt/rustwide/workdir" "-m" "1610612736" "--user" "0:0" "--network" "none" "ghcr.io/rust-lang/crates-build-env/linux@sha256:4a844ea9eb2546a2d2c7022eacef16ef2e8229c7fbb2c7d4d55a9ceca922f72d" "/opt/rustwide/cargo-home/bin/cargo" "+nightly-2024-10-28" "test" "--frozen" "--no-run" "--message-format=json", kill_on_drop: false }`
[INFO] [stdout] 44c5f2eb2bca33540b63be7feb4cfc1eb6cec68c78d40c5681ffecbf5512cd79
[INFO] running `Command { std: "docker" "start" "-a" "44c5f2eb2bca33540b63be7feb4cfc1eb6cec68c78d40c5681ffecbf5512cd79", kill_on_drop: false }`
[INFO] [stderr]    Compiling googleapis-tonic-google-api-expr-v1beta1 v0.8.0 (/opt/rustwide/workdir)
[INFO] [stderr]     Finished `test` profile [unoptimized + debuginfo] target(s) in 0.40s
[INFO] running `Command { std: "docker" "inspect" "44c5f2eb2bca33540b63be7feb4cfc1eb6cec68c78d40c5681ffecbf5512cd79", kill_on_drop: false }`
[INFO] running `Command { std: "docker" "rm" "-f" "44c5f2eb2bca33540b63be7feb4cfc1eb6cec68c78d40c5681ffecbf5512cd79", kill_on_drop: false }`
[INFO] [stdout] 44c5f2eb2bca33540b63be7feb4cfc1eb6cec68c78d40c5681ffecbf5512cd79
[INFO] running `Command { std: "docker" "create" "-v" "/var/lib/crater-agent-workspace/builds/worker-2-tc1/target:/opt/rustwide/target:rw,Z" "-v" "/var/lib/crater-agent-workspace/builds/worker-2-tc1/source:/opt/rustwide/workdir:ro,Z" "-v" "/var/lib/crater-agent-workspace/cargo-home:/opt/rustwide/cargo-home:ro,Z" "-v" "/var/lib/crater-agent-workspace/rustup-home:/opt/rustwide/rustup-home:ro,Z" "-e" "SOURCE_DIR=/opt/rustwide/workdir" "-e" "CARGO_TARGET_DIR=/opt/rustwide/target" "-e" "CARGO_INCREMENTAL=0" "-e" "RUST_BACKTRACE=full" "-e" "RUSTFLAGS=--cap-lints=forbid" "-e" "RUSTDOCFLAGS=--cap-lints=forbid" "-e" "CARGO_HOME=/opt/rustwide/cargo-home" "-e" "RUSTUP_HOME=/opt/rustwide/rustup-home" "-w" "/opt/rustwide/workdir" "-m" "1610612736" "--user" "0:0" "--network" "none" "ghcr.io/rust-lang/crates-build-env/linux@sha256:4a844ea9eb2546a2d2c7022eacef16ef2e8229c7fbb2c7d4d55a9ceca922f72d" "/opt/rustwide/cargo-home/bin/cargo" "+nightly-2024-10-28" "test" "--frozen", kill_on_drop: false }`
[INFO] [stdout] 21285e2062421c77dcb4a80d90d3a84e0a0aa94dc0dd40dbc1fe1123083cd7aa
[INFO] running `Command { std: "docker" "start" "-a" "21285e2062421c77dcb4a80d90d3a84e0a0aa94dc0dd40dbc1fe1123083cd7aa", kill_on_drop: false }`
[INFO] [stderr]     Finished `test` profile [unoptimized + debuginfo] target(s) in 0.05s
[INFO] [stderr]      Running unittests src/lib.rs (/opt/rustwide/target/debug/deps/googleapis_tonic_google_api_expr_v1beta1-cac8a478293065ff)
[INFO] [stdout] 
[INFO] [stdout] running 0 tests
[INFO] [stdout] 
[INFO] [stdout] test result: ok. 0 passed; 0 failed; 0 ignored; 0 measured; 0 filtered out; finished in 0.00s
[INFO] [stdout] 
[INFO] [stderr]    Doc-tests googleapis_tonic_google_api_expr_v1beta1
[INFO] [stdout] 
[INFO] [stdout] running 3 tests
[INFO] [stdout] test src/vec_u8_hash_map/google.api.expr.v1beta1.rs - vec_u8_hash_map::google::api::expr::v1beta1::expr_value::Kind::Unknown (line 570) ... FAILED
[INFO] [stdout] test src/vec_u8_hash_map/google.api.expr.v1beta1.rs - vec_u8_hash_map::google::api::expr::v1beta1::expr_value::Kind::Unknown (line 565) ... FAILED
[INFO] [stdout] test src/vec_u8_hash_map/google.api.expr.v1beta1.rs - vec_u8_hash_map::google::api::expr::v1beta1::expr_value::Kind::Unknown (line 556) ... FAILED
[INFO] [stdout] 
[INFO] [stdout] failures:
[INFO] [stdout] 
[INFO] [stdout] ---- src/vec_u8_hash_map/google.api.expr.v1beta1.rs - vec_u8_hash_map::google::api::expr::v1beta1::expr_value::Kind::Unknown (line 570) stdout ----
[INFO] [stdout] error: expected `::`, found `+`
[INFO] [stdout]  --> src/vec_u8_hash_map/google.api.expr.v1beta1.rs:571:11
[INFO] [stdout]   |
[INFO] [stdout] 3 | <unknown> + <error> -> <error>
[INFO] [stdout]   |           ^ expected `::`
[INFO] [stdout] 
[INFO] [stdout] error: aborting due to 1 previous error
[INFO] [stdout] 
[INFO] [stdout] Couldn't compile the test.
[INFO] [stdout] ---- src/vec_u8_hash_map/google.api.expr.v1beta1.rs - vec_u8_hash_map::google::api::expr::v1beta1::expr_value::Kind::Unknown (line 565) stdout ----
[INFO] [stdout] error: expected `::`, found `||`
[INFO] [stdout]  --> src/vec_u8_hash_map/google.api.expr.v1beta1.rs:566:9
[INFO] [stdout]   |
[INFO] [stdout] 3 | <error> || <unknown> -> <unknown>
[INFO] [stdout]   |         ^^ expected `::`
[INFO] [stdout] 
[INFO] [stdout] error: aborting due to 1 previous error
[INFO] [stdout] 
[INFO] [stdout] Couldn't compile the test.
[INFO] [stdout] ---- src/vec_u8_hash_map/google.api.expr.v1beta1.rs - vec_u8_hash_map::google::api::expr::v1beta1::expr_value::Kind::Unknown (line 556) stdout ----
[INFO] [stdout] error: unknown start of token: \
[INFO] [stdout]  --> src/vec_u8_hash_map/google.api.expr.v1beta1.rs:557:11
[INFO] [stdout]   |
[INFO] [stdout] 1 |  (<unknown\[1\]> || true) && <unknown\[2\]> -> <unknown\[2\]>
[INFO] [stdout]   |           ^
[INFO] [stdout] 
[INFO] [stdout] error: unknown start of token: \
[INFO] [stdout]  --> src/vec_u8_hash_map/google.api.expr.v1beta1.rs:557:14
[INFO] [stdout]   |
[INFO] [stdout] 1 |  (<unknown\[1\]> || true) && <unknown\[2\]> -> <unknown\[2\]>
[INFO] [stdout]   |              ^
[INFO] [stdout] 
[INFO] [stdout] error: unknown start of token: \
[INFO] [stdout]  --> src/vec_u8_hash_map/google.api.expr.v1beta1.rs:557:38
[INFO] [stdout]   |
[INFO] [stdout] 1 |  (<unknown\[1\]> || true) && <unknown\[2\]> -> <unknown\[2\]>
[INFO] [stdout]   |                                      ^
[INFO] [stdout] 
[INFO] [stdout] error: unknown start of token: \
[INFO] [stdout]  --> src/vec_u8_hash_map/google.api.expr.v1beta1.rs:557:41
[INFO] [stdout]   |
[INFO] [stdout] 1 |  (<unknown\[1\]> || true) && <unknown\[2\]> -> <unknown\[2\]>
[INFO] [stdout]   |                                         ^
[INFO] [stdout] 
[INFO] [stdout] error: unknown start of token: \
[INFO] [stdout]  --> src/vec_u8_hash_map/google.api.expr.v1beta1.rs:557:56
[INFO] [stdout]   |
[INFO] [stdout] 1 |  (<unknown\[1\]> || true) && <unknown\[2\]> -> <unknown\[2\]>
[INFO] [stdout]   |                                                        ^
[INFO] [stdout] 
[INFO] [stdout] error: unknown start of token: \
[INFO] [stdout]  --> src/vec_u8_hash_map/google.api.expr.v1beta1.rs:557:59
[INFO] [stdout]   |
[INFO] [stdout] 1 |  (<unknown\[1\]> || true) && <unknown\[2\]> -> <unknown\[2\]>
[INFO] [stdout]   |                                                           ^
[INFO] [stdout] 
[INFO] [stdout] error: unknown start of token: \
[INFO] [stdout]  --> src/vec_u8_hash_map/google.api.expr.v1beta1.rs:558:10
[INFO] [stdout]   |
[INFO] [stdout] 2 |  <unknown\[1\]> || <unknown\[2\]> -> <unknown\[1,2\]>
[INFO] [stdout]   |          ^
[INFO] [stdout] 
[INFO] [stdout] error: unknown start of token: \
[INFO] [stdout]  --> src/vec_u8_hash_map/google.api.expr.v1beta1.rs:558:13
[INFO] [stdout]   |
[INFO] [stdout] 2 |  <unknown\[1\]> || <unknown\[2\]> -> <unknown\[1,2\]>
[INFO] [stdout]   |             ^
[INFO] [stdout] 
[INFO] [stdout] error: unknown start of token: \
[INFO] [stdout]  --> src/vec_u8_hash_map/google.api.expr.v1beta1.rs:558:28
[INFO] [stdout]   |
[INFO] [stdout] 2 |  <unknown\[1\]> || <unknown\[2\]> -> <unknown\[1,2\]>
[INFO] [stdout]   |                            ^
[INFO] [stdout] 
[INFO] [stdout] error: unknown start of token: \
[INFO] [stdout]  --> src/vec_u8_hash_map/google.api.expr.v1beta1.rs:558:31
[INFO] [stdout]   |
[INFO] [stdout] 2 |  <unknown\[1\]> || <unknown\[2\]> -> <unknown\[1,2\]>
[INFO] [stdout]   |                               ^
[INFO] [stdout] 
[INFO] [stdout] error: unknown start of token: \
[INFO] [stdout]  --> src/vec_u8_hash_map/google.api.expr.v1beta1.rs:558:46
[INFO] [stdout]   |
[INFO] [stdout] 2 |  <unknown\[1\]> || <unknown\[2\]> -> <unknown\[1,2\]>
[INFO] [stdout]   |                                              ^
[INFO] [stdout] 
[INFO] [stdout] error: unknown start of token: \
[INFO] [stdout]  --> src/vec_u8_hash_map/google.api.expr.v1beta1.rs:558:51
[INFO] [stdout]   |
[INFO] [stdout] 2 |  <unknown\[1\]> || <unknown\[2\]> -> <unknown\[1,2\]>
[INFO] [stdout]   |                                                   ^
[INFO] [stdout] 
[INFO] [stdout] error: unknown start of token: \
[INFO] [stdout]  --> src/vec_u8_hash_map/google.api.expr.v1beta1.rs:559:10
[INFO] [stdout]   |
[INFO] [stdout] 3 |  <unknown\[1\]>.foo -> <unknown\[1\]>
[INFO] [stdout]   |          ^
[INFO] [stdout] 
[INFO] [stdout] error: unknown start of token: \
[INFO] [stdout]  --> src/vec_u8_hash_map/google.api.expr.v1beta1.rs:559:13
[INFO] [stdout]   |
[INFO] [stdout] 3 |  <unknown\[1\]>.foo -> <unknown\[1\]>
[INFO] [stdout]   |             ^
[INFO] [stdout] 
[INFO] [stdout] error: unknown start of token: \
[INFO] [stdout]  --> src/vec_u8_hash_map/google.api.expr.v1beta1.rs:559:32
[INFO] [stdout]   |
[INFO] [stdout] 3 |  <unknown\[1\]>.foo -> <unknown\[1\]>
[INFO] [stdout]   |                                ^
[INFO] [stdout] 
[INFO] [stdout] error: unknown start of token: \
[INFO] [stdout]  --> src/vec_u8_hash_map/google.api.expr.v1beta1.rs:559:35
[INFO] [stdout]   |
[INFO] [stdout] 3 |  <unknown\[1\]>.foo -> <unknown\[1\]>
[INFO] [stdout]   |                                   ^
[INFO] [stdout] 
[INFO] [stdout] error: unknown start of token: \
[INFO] [stdout]  --> src/vec_u8_hash_map/google.api.expr.v1beta1.rs:560:14
[INFO] [stdout]   |
[INFO] [stdout] 4 |  foo(<unknown\[1\]>) -> <unknown\[1\]>
[INFO] [stdout]   |              ^
[INFO] [stdout] 
[INFO] [stdout] error: unknown start of token: \
[INFO] [stdout]  --> src/vec_u8_hash_map/google.api.expr.v1beta1.rs:560:17
[INFO] [stdout]   |
[INFO] [stdout] 4 |  foo(<unknown\[1\]>) -> <unknown\[1\]>
[INFO] [stdout]   |                 ^
[INFO] [stdout] 
[INFO] [stdout] error: unknown start of token: \
[INFO] [stdout]  --> src/vec_u8_hash_map/google.api.expr.v1beta1.rs:560:33
[INFO] [stdout]   |
[INFO] [stdout] 4 |  foo(<unknown\[1\]>) -> <unknown\[1\]>
[INFO] [stdout]   |                                 ^
[INFO] [stdout] 
[INFO] [stdout] error: unknown start of token: \
[INFO] [stdout]  --> src/vec_u8_hash_map/google.api.expr.v1beta1.rs:560:36
[INFO] [stdout]   |
[INFO] [stdout] 4 |  foo(<unknown\[1\]>) -> <unknown\[1\]>
[INFO] [stdout]   |                                    ^
[INFO] [stdout] 
[INFO] [stdout] error: unknown start of token: \
[INFO] [stdout]  --> src/vec_u8_hash_map/google.api.expr.v1beta1.rs:561:10
[INFO] [stdout]   |
[INFO] [stdout] 5 |  <unknown\[1\]> + <unknown\[2\]> -> <unknown\[1\]> or <unknown[2[>
[INFO] [stdout]   |          ^
[INFO] [stdout] 
[INFO] [stdout] error: unknown start of token: \
[INFO] [stdout]  --> src/vec_u8_hash_map/google.api.expr.v1beta1.rs:561:13
[INFO] [stdout]   |
[INFO] [stdout] 5 |  <unknown\[1\]> + <unknown\[2\]> -> <unknown\[1\]> or <unknown[2[>
[INFO] [stdout]   |             ^
[INFO] [stdout] 
[INFO] [stdout] error: unknown start of token: \
[INFO] [stdout]  --> src/vec_u8_hash_map/google.api.expr.v1beta1.rs:561:27
[INFO] [stdout]   |
[INFO] [stdout] 5 |  <unknown\[1\]> + <unknown\[2\]> -> <unknown\[1\]> or <unknown[2[>
[INFO] [stdout]   |                           ^
[INFO] [stdout] 
[INFO] [stdout] error: unknown start of token: \
[INFO] [stdout]  --> src/vec_u8_hash_map/google.api.expr.v1beta1.rs:561:30
[INFO] [stdout]   |
[INFO] [stdout] 5 |  <unknown\[1\]> + <unknown\[2\]> -> <unknown\[1\]> or <unknown[2[>
[INFO] [stdout]   |                              ^
[INFO] [stdout] 
[INFO] [stdout] error: unknown start of token: \
[INFO] [stdout]  --> src/vec_u8_hash_map/google.api.expr.v1beta1.rs:561:45
[INFO] [stdout]   |
[INFO] [stdout] 5 |  <unknown\[1\]> + <unknown\[2\]> -> <unknown\[1\]> or <unknown[2[>
[INFO] [stdout]   |                                             ^
[INFO] [stdout] 
[INFO] [stdout] error: unknown start of token: \
[INFO] [stdout]  --> src/vec_u8_hash_map/google.api.expr.v1beta1.rs:561:48
[INFO] [stdout]   |
[INFO] [stdout] 5 |  <unknown\[1\]> + <unknown\[2\]> -> <unknown\[1\]> or <unknown[2[>
[INFO] [stdout]   |                                                ^
[INFO] [stdout] 
[INFO] [stdout] error: this file contains an unclosed delimiter
[INFO] [stdout]  --> src/vec_u8_hash_map/google.api.expr.v1beta1.rs:561:67
[INFO] [stdout]   |
[INFO] [stdout] 5 |  <unknown\[1\]> + <unknown\[2\]> -> <unknown\[1\]> or <unknown[2[>
[INFO] [stdout]   |                                                               - - ^
[INFO] [stdout]   |                                                               | |
[INFO] [stdout]   |                                                               | unclosed delimiter
[INFO] [stdout]   |                                                               unclosed delimiter
[INFO] [stdout] 
[INFO] [stdout] error: aborting due to 27 previous errors
[INFO] [stdout] 
[INFO] [stdout] Couldn't compile the test.
[INFO] [stdout] 
[INFO] [stdout] failures:
[INFO] [stdout]     src/vec_u8_hash_map/google.api.expr.v1beta1.rs - vec_u8_hash_map::google::api::expr::v1beta1::expr_value::Kind::Unknown (line 556)
[INFO] [stdout]     src/vec_u8_hash_map/google.api.expr.v1beta1.rs - vec_u8_hash_map::google::api::expr::v1beta1::expr_value::Kind::Unknown (line 565)
[INFO] [stdout]     src/vec_u8_hash_map/google.api.expr.v1beta1.rs - vec_u8_hash_map::google::api::expr::v1beta1::expr_value::Kind::Unknown (line 570)
[INFO] [stdout] 
[INFO] [stdout] test result: FAILED. 0 passed; 3 failed; 0 ignored; 0 measured; 0 filtered out; finished in 0.06s
[INFO] [stdout] 
[INFO] [stderr] error: doctest failed, to rerun pass `--doc`
[INFO] running `Command { std: "docker" "inspect" "21285e2062421c77dcb4a80d90d3a84e0a0aa94dc0dd40dbc1fe1123083cd7aa", kill_on_drop: false }`
[INFO] running `Command { std: "docker" "rm" "-f" "21285e2062421c77dcb4a80d90d3a84e0a0aa94dc0dd40dbc1fe1123083cd7aa", kill_on_drop: false }`
[INFO] [stdout] 21285e2062421c77dcb4a80d90d3a84e0a0aa94dc0dd40dbc1fe1123083cd7aa
