[INFO] fetching crate googleapis-tonic-google-api-expr-v1alpha1 0.8.0...
[INFO] testing googleapis-tonic-google-api-expr-v1alpha1-0.8.0 against nightly-2024-10-28 for randomize-layout
[INFO] extracting crate googleapis-tonic-google-api-expr-v1alpha1 0.8.0 into /workspace/builds/worker-1-tc1/source
[INFO] validating manifest of crates.io crate googleapis-tonic-google-api-expr-v1alpha1 0.8.0 on toolchain nightly-2024-10-28
[INFO] running `Command { std: CARGO_HOME="/workspace/cargo-home" RUSTUP_HOME="/workspace/rustup-home" "/workspace/cargo-home/bin/cargo" "+nightly-2024-10-28" "metadata" "--manifest-path" "Cargo.toml" "--no-deps", kill_on_drop: false }`
[INFO] started tweaking crates.io crate googleapis-tonic-google-api-expr-v1alpha1 0.8.0
[INFO] finished tweaking crates.io crate googleapis-tonic-google-api-expr-v1alpha1 0.8.0
[INFO] tweaked toml for crates.io crate googleapis-tonic-google-api-expr-v1alpha1 0.8.0 written to /workspace/builds/worker-1-tc1/source/Cargo.toml
[INFO] running `Command { std: CARGO_HOME="/workspace/cargo-home" RUSTUP_HOME="/workspace/rustup-home" "/workspace/cargo-home/bin/cargo" "+nightly-2024-10-28" "generate-lockfile" "--manifest-path" "Cargo.toml", kill_on_drop: false }`
[INFO] [stderr]     Blocking waiting for file lock on package cache
[INFO] [stderr]     Updating crates.io index
[INFO] [stderr]     Blocking waiting for file lock on package cache
[INFO] [stderr]      Locking 55 packages to latest compatible versions
[INFO] running `Command { std: CARGO_HOME="/workspace/cargo-home" RUSTUP_HOME="/workspace/rustup-home" "/workspace/cargo-home/bin/cargo" "+nightly-2024-10-28" "fetch" "--manifest-path" "Cargo.toml", kill_on_drop: false }`
[INFO] [stderr]     Blocking waiting for file lock on package cache
[INFO] running `Command { std: "docker" "create" "-v" "/var/lib/crater-agent-workspace/builds/worker-1-tc1/target:/opt/rustwide/target:rw,Z" "-v" "/var/lib/crater-agent-workspace/builds/worker-1-tc1/source:/opt/rustwide/workdir:ro,Z" "-v" "/var/lib/crater-agent-workspace/cargo-home:/opt/rustwide/cargo-home:ro,Z" "-v" "/var/lib/crater-agent-workspace/rustup-home:/opt/rustwide/rustup-home:ro,Z" "-e" "SOURCE_DIR=/opt/rustwide/workdir" "-e" "CARGO_TARGET_DIR=/opt/rustwide/target" "-e" "CARGO_HOME=/opt/rustwide/cargo-home" "-e" "RUSTUP_HOME=/opt/rustwide/rustup-home" "-w" "/opt/rustwide/workdir" "-m" "1610612736" "--user" "0:0" "--network" "none" "ghcr.io/rust-lang/crates-build-env/linux@sha256:4a844ea9eb2546a2d2c7022eacef16ef2e8229c7fbb2c7d4d55a9ceca922f72d" "/opt/rustwide/cargo-home/bin/cargo" "+nightly-2024-10-28" "metadata" "--no-deps" "--format-version=1", kill_on_drop: false }`
[INFO] [stdout] b13843f002ff1349f05a7c7efd9f125e65f51c7a710bca22d85f1ae5d0801430
[INFO] running `Command { std: "docker" "start" "-a" "b13843f002ff1349f05a7c7efd9f125e65f51c7a710bca22d85f1ae5d0801430", kill_on_drop: false }`
[INFO] running `Command { std: "docker" "inspect" "b13843f002ff1349f05a7c7efd9f125e65f51c7a710bca22d85f1ae5d0801430", kill_on_drop: false }`
[INFO] running `Command { std: "docker" "rm" "-f" "b13843f002ff1349f05a7c7efd9f125e65f51c7a710bca22d85f1ae5d0801430", kill_on_drop: false }`
[INFO] [stdout] b13843f002ff1349f05a7c7efd9f125e65f51c7a710bca22d85f1ae5d0801430
[INFO] running `Command { std: "docker" "create" "-v" "/var/lib/crater-agent-workspace/builds/worker-1-tc1/target:/opt/rustwide/target:rw,Z" "-v" "/var/lib/crater-agent-workspace/builds/worker-1-tc1/source:/opt/rustwide/workdir:ro,Z" "-v" "/var/lib/crater-agent-workspace/cargo-home:/opt/rustwide/cargo-home:ro,Z" "-v" "/var/lib/crater-agent-workspace/rustup-home:/opt/rustwide/rustup-home:ro,Z" "-e" "SOURCE_DIR=/opt/rustwide/workdir" "-e" "CARGO_TARGET_DIR=/opt/rustwide/target" "-e" "CARGO_INCREMENTAL=0" "-e" "RUST_BACKTRACE=full" "-e" "RUSTFLAGS=--cap-lints=forbid" "-e" "RUSTDOCFLAGS=--cap-lints=forbid" "-e" "CARGO_HOME=/opt/rustwide/cargo-home" "-e" "RUSTUP_HOME=/opt/rustwide/rustup-home" "-w" "/opt/rustwide/workdir" "-m" "1610612736" "--user" "0:0" "--network" "none" "ghcr.io/rust-lang/crates-build-env/linux@sha256:4a844ea9eb2546a2d2c7022eacef16ef2e8229c7fbb2c7d4d55a9ceca922f72d" "/opt/rustwide/cargo-home/bin/cargo" "+nightly-2024-10-28" "build" "--frozen" "--message-format=json", kill_on_drop: false }`
[INFO] [stdout] a8e2bdcb6a67ae3cf8f54448ad3db864d0510f9a764915a8c079d7dedcf790e2
[INFO] running `Command { std: "docker" "start" "-a" "a8e2bdcb6a67ae3cf8f54448ad3db864d0510f9a764915a8c079d7dedcf790e2", kill_on_drop: false }`
[INFO] [stderr]    Compiling either v1.13.0
[INFO] [stderr]    Compiling futures-task v0.3.31
[INFO] [stderr]    Compiling tower-layer v0.3.3
[INFO] [stderr]    Compiling anyhow v1.0.92
[INFO] [stderr]    Compiling tokio v1.41.0
[INFO] [stderr]    Compiling pin-project-internal v1.1.7
[INFO] [stderr]    Compiling tracing-attributes v0.1.27
[INFO] [stderr]    Compiling futures-util v0.3.31
[INFO] [stderr]    Compiling itertools v0.13.0
[INFO] [stderr]    Compiling tokio-stream v0.1.16
[INFO] [stderr]    Compiling pin-project v1.1.7
[INFO] [stderr]    Compiling tracing v0.1.40
[INFO] [stderr]    Compiling http-body-util v0.1.2
[INFO] [stderr]    Compiling prost-derive v0.13.3
[INFO] [stderr]    Compiling prost v0.13.3
[INFO] [stderr]    Compiling prost-types v0.13.3
[INFO] [stderr]    Compiling tonic v0.12.3
[INFO] [stderr]    Compiling googleapis-tonic-google-rpc v0.8.0
[INFO] [stderr]    Compiling googleapis-tonic-google-api-expr-v1alpha1 v0.8.0 (/opt/rustwide/workdir)
[INFO] [stderr]     Finished `dev` profile [unoptimized + debuginfo] target(s) in 4.46s
[INFO] running `Command { std: "docker" "inspect" "a8e2bdcb6a67ae3cf8f54448ad3db864d0510f9a764915a8c079d7dedcf790e2", kill_on_drop: false }`
[INFO] running `Command { std: "docker" "rm" "-f" "a8e2bdcb6a67ae3cf8f54448ad3db864d0510f9a764915a8c079d7dedcf790e2", kill_on_drop: false }`
[INFO] [stdout] a8e2bdcb6a67ae3cf8f54448ad3db864d0510f9a764915a8c079d7dedcf790e2
[INFO] running `Command { std: "docker" "create" "-v" "/var/lib/crater-agent-workspace/builds/worker-1-tc1/target:/opt/rustwide/target:rw,Z" "-v" "/var/lib/crater-agent-workspace/builds/worker-1-tc1/source:/opt/rustwide/workdir:ro,Z" "-v" "/var/lib/crater-agent-workspace/cargo-home:/opt/rustwide/cargo-home:ro,Z" "-v" "/var/lib/crater-agent-workspace/rustup-home:/opt/rustwide/rustup-home:ro,Z" "-e" "SOURCE_DIR=/opt/rustwide/workdir" "-e" "CARGO_TARGET_DIR=/opt/rustwide/target" "-e" "CARGO_INCREMENTAL=0" "-e" "RUST_BACKTRACE=full" "-e" "RUSTFLAGS=--cap-lints=forbid" "-e" "RUSTDOCFLAGS=--cap-lints=forbid" "-e" "CARGO_HOME=/opt/rustwide/cargo-home" "-e" "RUSTUP_HOME=/opt/rustwide/rustup-home" "-w" "/opt/rustwide/workdir" "-m" "1610612736" "--user" "0:0" "--network" "none" "ghcr.io/rust-lang/crates-build-env/linux@sha256:4a844ea9eb2546a2d2c7022eacef16ef2e8229c7fbb2c7d4d55a9ceca922f72d" "/opt/rustwide/cargo-home/bin/cargo" "+nightly-2024-10-28" "test" "--frozen" "--no-run" "--message-format=json", kill_on_drop: false }`
[INFO] [stdout] eaa322b0c830da360738c87ee5e3170aa35e602fd00b97586443786c008e9455
[INFO] running `Command { std: "docker" "start" "-a" "eaa322b0c830da360738c87ee5e3170aa35e602fd00b97586443786c008e9455", kill_on_drop: false }`
[INFO] [stderr]    Compiling googleapis-tonic-google-api-expr-v1alpha1 v0.8.0 (/opt/rustwide/workdir)
[INFO] [stderr]     Finished `test` profile [unoptimized + debuginfo] target(s) in 0.52s
[INFO] running `Command { std: "docker" "inspect" "eaa322b0c830da360738c87ee5e3170aa35e602fd00b97586443786c008e9455", kill_on_drop: false }`
[INFO] running `Command { std: "docker" "rm" "-f" "eaa322b0c830da360738c87ee5e3170aa35e602fd00b97586443786c008e9455", kill_on_drop: false }`
[INFO] [stdout] eaa322b0c830da360738c87ee5e3170aa35e602fd00b97586443786c008e9455
[INFO] running `Command { std: "docker" "create" "-v" "/var/lib/crater-agent-workspace/builds/worker-1-tc1/target:/opt/rustwide/target:rw,Z" "-v" "/var/lib/crater-agent-workspace/builds/worker-1-tc1/source:/opt/rustwide/workdir:ro,Z" "-v" "/var/lib/crater-agent-workspace/cargo-home:/opt/rustwide/cargo-home:ro,Z" "-v" "/var/lib/crater-agent-workspace/rustup-home:/opt/rustwide/rustup-home:ro,Z" "-e" "SOURCE_DIR=/opt/rustwide/workdir" "-e" "CARGO_TARGET_DIR=/opt/rustwide/target" "-e" "CARGO_INCREMENTAL=0" "-e" "RUST_BACKTRACE=full" "-e" "RUSTFLAGS=--cap-lints=forbid" "-e" "RUSTDOCFLAGS=--cap-lints=forbid" "-e" "CARGO_HOME=/opt/rustwide/cargo-home" "-e" "RUSTUP_HOME=/opt/rustwide/rustup-home" "-w" "/opt/rustwide/workdir" "-m" "1610612736" "--user" "0:0" "--network" "none" "ghcr.io/rust-lang/crates-build-env/linux@sha256:4a844ea9eb2546a2d2c7022eacef16ef2e8229c7fbb2c7d4d55a9ceca922f72d" "/opt/rustwide/cargo-home/bin/cargo" "+nightly-2024-10-28" "test" "--frozen", kill_on_drop: false }`
[INFO] [stdout] cbbef182d90d0c35604737ec3084df792d9537739b03d586298bb32f6a01931b
[INFO] running `Command { std: "docker" "start" "-a" "cbbef182d90d0c35604737ec3084df792d9537739b03d586298bb32f6a01931b", kill_on_drop: false }`
[INFO] [stderr]     Finished `test` profile [unoptimized + debuginfo] target(s) in 0.03s
[INFO] [stderr]      Running unittests src/lib.rs (/opt/rustwide/target/debug/deps/googleapis_tonic_google_api_expr_v1alpha1-acde13f54761e292)
[INFO] [stdout] 
[INFO] [stdout] running 0 tests
[INFO] [stdout] 
[INFO] [stdout] test result: ok. 0 passed; 0 failed; 0 ignored; 0 measured; 0 filtered out; finished in 0.00s
[INFO] [stdout] 
[INFO] [stderr]    Doc-tests googleapis_tonic_google_api_expr_v1alpha1
[INFO] [stdout] 
[INFO] [stdout] running 5 tests
[INFO] [stdout] test src/vec_u8_hash_map/google.api.expr.v1alpha1.rs - vec_u8_hash_map::google::api::expr::v1alpha1::expr_value::Kind::Unknown (line 1081) ... FAILED
[INFO] [stdout] test src/vec_u8_hash_map/google.api.expr.v1alpha1.rs - vec_u8_hash_map::google::api::expr::v1alpha1::expr_value::Kind::Unknown (line 1086) ... FAILED
[INFO] [stdout] test src/vec_u8_hash_map/google.api.expr.v1alpha1.rs - vec_u8_hash_map::google::api::expr::v1alpha1::expr_value::Kind::Unknown (line 1072) ... FAILED
[INFO] [stdout] test src/vec_u8_hash_map/google.api.expr.v1alpha1.rs - vec_u8_hash_map::google::api::expr::v1alpha1::expr::Comprehension (line 191) ... FAILED
[INFO] [stdout] test src/vec_u8_hash_map/google.api.expr.v1alpha1.rs - vec_u8_hash_map::google::api::expr::v1alpha1::expr::Comprehension (line 207) ... FAILED
[INFO] [stdout] 
[INFO] [stdout] failures:
[INFO] [stdout] 
[INFO] [stdout] ---- src/vec_u8_hash_map/google.api.expr.v1alpha1.rs - vec_u8_hash_map::google::api::expr::v1alpha1::expr_value::Kind::Unknown (line 1081) stdout ----
[INFO] [stdout] error: expected `::`, found `||`
[INFO] [stdout]  --> src/vec_u8_hash_map/google.api.expr.v1alpha1.rs:1082:9
[INFO] [stdout]   |
[INFO] [stdout] 3 | <error> || <unknown> -> <unknown>
[INFO] [stdout]   |         ^^ expected `::`
[INFO] [stdout] 
[INFO] [stdout] error: aborting due to 1 previous error
[INFO] [stdout] 
[INFO] [stdout] Couldn't compile the test.
[INFO] [stdout] ---- src/vec_u8_hash_map/google.api.expr.v1alpha1.rs - vec_u8_hash_map::google::api::expr::v1alpha1::expr_value::Kind::Unknown (line 1086) stdout ----
[INFO] [stdout] error: expected `::`, found `+`
[INFO] [stdout]  --> src/vec_u8_hash_map/google.api.expr.v1alpha1.rs:1087:11
[INFO] [stdout]   |
[INFO] [stdout] 3 | <unknown> + <error> -> <error>
[INFO] [stdout]   |           ^ expected `::`
[INFO] [stdout] 
[INFO] [stdout] error: aborting due to 1 previous error
[INFO] [stdout] 
[INFO] [stdout] Couldn't compile the test.
[INFO] [stdout] ---- src/vec_u8_hash_map/google.api.expr.v1alpha1.rs - vec_u8_hash_map::google::api::expr::v1alpha1::expr_value::Kind::Unknown (line 1072) stdout ----
[INFO] [stdout] error: unknown start of token: \
[INFO] [stdout]  --> src/vec_u8_hash_map/google.api.expr.v1alpha1.rs:1073:11
[INFO] [stdout]   |
[INFO] [stdout] 1 |  (<unknown\[1\]> || true) && <unknown\[2\]> -> <unknown\[2\]>
[INFO] [stdout]   |           ^
[INFO] [stdout] 
[INFO] [stdout] error: unknown start of token: \
[INFO] [stdout]  --> src/vec_u8_hash_map/google.api.expr.v1alpha1.rs:1073:14
[INFO] [stdout]   |
[INFO] [stdout] 1 |  (<unknown\[1\]> || true) && <unknown\[2\]> -> <unknown\[2\]>
[INFO] [stdout]   |              ^
[INFO] [stdout] 
[INFO] [stdout] error: unknown start of token: \
[INFO] [stdout]  --> src/vec_u8_hash_map/google.api.expr.v1alpha1.rs:1073:38
[INFO] [stdout]   |
[INFO] [stdout] 1 |  (<unknown\[1\]> || true) && <unknown\[2\]> -> <unknown\[2\]>
[INFO] [stdout]   |                                      ^
[INFO] [stdout] 
[INFO] [stdout] error: unknown start of token: \
[INFO] [stdout]  --> src/vec_u8_hash_map/google.api.expr.v1alpha1.rs:1073:41
[INFO] [stdout]   |
[INFO] [stdout] 1 |  (<unknown\[1\]> || true) && <unknown\[2\]> -> <unknown\[2\]>
[INFO] [stdout]   |                                         ^
[INFO] [stdout] 
[INFO] [stdout] error: unknown start of token: \
[INFO] [stdout]  --> src/vec_u8_hash_map/google.api.expr.v1alpha1.rs:1073:56
[INFO] [stdout]   |
[INFO] [stdout] 1 |  (<unknown\[1\]> || true) && <unknown\[2\]> -> <unknown\[2\]>
[INFO] [stdout]   |                                                        ^
[INFO] [stdout] 
[INFO] [stdout] error: unknown start of token: \
[INFO] [stdout]  --> src/vec_u8_hash_map/google.api.expr.v1alpha1.rs:1073:59
[INFO] [stdout]   |
[INFO] [stdout] 1 |  (<unknown\[1\]> || true) && <unknown\[2\]> -> <unknown\[2\]>
[INFO] [stdout]   |                                                           ^
[INFO] [stdout] 
[INFO] [stdout] error: unknown start of token: \
[INFO] [stdout]  --> src/vec_u8_hash_map/google.api.expr.v1alpha1.rs:1074:10
[INFO] [stdout]   |
[INFO] [stdout] 2 |  <unknown\[1\]> || <unknown\[2\]> -> <unknown\[1,2\]>
[INFO] [stdout]   |          ^
[INFO] [stdout] 
[INFO] [stdout] error: unknown start of token: \
[INFO] [stdout]  --> src/vec_u8_hash_map/google.api.expr.v1alpha1.rs:1074:13
[INFO] [stdout]   |
[INFO] [stdout] 2 |  <unknown\[1\]> || <unknown\[2\]> -> <unknown\[1,2\]>
[INFO] [stdout]   |             ^
[INFO] [stdout] 
[INFO] [stdout] error: unknown start of token: \
[INFO] [stdout]  --> src/vec_u8_hash_map/google.api.expr.v1alpha1.rs:1074:28
[INFO] [stdout]   |
[INFO] [stdout] 2 |  <unknown\[1\]> || <unknown\[2\]> -> <unknown\[1,2\]>
[INFO] [stdout]   |                            ^
[INFO] [stdout] 
[INFO] [stdout] error: unknown start of token: \
[INFO] [stdout]  --> src/vec_u8_hash_map/google.api.expr.v1alpha1.rs:1074:31
[INFO] [stdout]   |
[INFO] [stdout] 2 |  <unknown\[1\]> || <unknown\[2\]> -> <unknown\[1,2\]>
[INFO] [stdout]   |                               ^
[INFO] [stdout] 
[INFO] [stdout] error: unknown start of token: \
[INFO] [stdout]  --> src/vec_u8_hash_map/google.api.expr.v1alpha1.rs:1074:46
[INFO] [stdout]   |
[INFO] [stdout] 2 |  <unknown\[1\]> || <unknown\[2\]> -> <unknown\[1,2\]>
[INFO] [stdout]   |                                              ^
[INFO] [stdout] 
[INFO] [stdout] error: unknown start of token: \
[INFO] [stdout]  --> src/vec_u8_hash_map/google.api.expr.v1alpha1.rs:1074:51
[INFO] [stdout]   |
[INFO] [stdout] 2 |  <unknown\[1\]> || <unknown\[2\]> -> <unknown\[1,2\]>
[INFO] [stdout]   |                                                   ^
[INFO] [stdout] 
[INFO] [stdout] error: unknown start of token: \
[INFO] [stdout]  --> src/vec_u8_hash_map/google.api.expr.v1alpha1.rs:1075:10
[INFO] [stdout]   |
[INFO] [stdout] 3 |  <unknown\[1\]>.foo -> <unknown\[1\]>
[INFO] [stdout]   |          ^
[INFO] [stdout] 
[INFO] [stdout] error: unknown start of token: \
[INFO] [stdout]  --> src/vec_u8_hash_map/google.api.expr.v1alpha1.rs:1075:13
[INFO] [stdout]   |
[INFO] [stdout] 3 |  <unknown\[1\]>.foo -> <unknown\[1\]>
[INFO] [stdout]   |             ^
[INFO] [stdout] 
[INFO] [stdout] error: unknown start of token: \
[INFO] [stdout]  --> src/vec_u8_hash_map/google.api.expr.v1alpha1.rs:1075:32
[INFO] [stdout]   |
[INFO] [stdout] 3 |  <unknown\[1\]>.foo -> <unknown\[1\]>
[INFO] [stdout]   |                                ^
[INFO] [stdout] 
[INFO] [stdout] error: unknown start of token: \
[INFO] [stdout]  --> src/vec_u8_hash_map/google.api.expr.v1alpha1.rs:1075:35
[INFO] [stdout]   |
[INFO] [stdout] 3 |  <unknown\[1\]>.foo -> <unknown\[1\]>
[INFO] [stdout]   |                                   ^
[INFO] [stdout] 
[INFO] [stdout] error: unknown start of token: \
[INFO] [stdout]  --> src/vec_u8_hash_map/google.api.expr.v1alpha1.rs:1076:14
[INFO] [stdout]   |
[INFO] [stdout] 4 |  foo(<unknown\[1\]>) -> <unknown\[1\]>
[INFO] [stdout]   |              ^
[INFO] [stdout] 
[INFO] [stdout] error: unknown start of token: \
[INFO] [stdout]  --> src/vec_u8_hash_map/google.api.expr.v1alpha1.rs:1076:17
[INFO] [stdout]   |
[INFO] [stdout] 4 |  foo(<unknown\[1\]>) -> <unknown\[1\]>
[INFO] [stdout]   |                 ^
[INFO] [stdout] 
[INFO] [stdout] error: unknown start of token: \
[INFO] [stdout]  --> src/vec_u8_hash_map/google.api.expr.v1alpha1.rs:1076:33
[INFO] [stdout]   |
[INFO] [stdout] 4 |  foo(<unknown\[1\]>) -> <unknown\[1\]>
[INFO] [stdout]   |                                 ^
[INFO] [stdout] 
[INFO] [stdout] error: unknown start of token: \
[INFO] [stdout]  --> src/vec_u8_hash_map/google.api.expr.v1alpha1.rs:1076:36
[INFO] [stdout]   |
[INFO] [stdout] 4 |  foo(<unknown\[1\]>) -> <unknown\[1\]>
[INFO] [stdout]   |                                    ^
[INFO] [stdout] 
[INFO] [stdout] error: unknown start of token: \
[INFO] [stdout]  --> src/vec_u8_hash_map/google.api.expr.v1alpha1.rs:1077:10
[INFO] [stdout]   |
[INFO] [stdout] 5 |  <unknown\[1\]> + <unknown\[2\]> -> <unknown\[1\]> or <unknown[2[>
[INFO] [stdout]   |          ^
[INFO] [stdout] 
[INFO] [stdout] error: unknown start of token: \
[INFO] [stdout]  --> src/vec_u8_hash_map/google.api.expr.v1alpha1.rs:1077:13
[INFO] [stdout]   |
[INFO] [stdout] 5 |  <unknown\[1\]> + <unknown\[2\]> -> <unknown\[1\]> or <unknown[2[>
[INFO] [stdout]   |             ^
[INFO] [stdout] 
[INFO] [stdout] error: unknown start of token: \
[INFO] [stdout]  --> src/vec_u8_hash_map/google.api.expr.v1alpha1.rs:1077:27
[INFO] [stdout]   |
[INFO] [stdout] 5 |  <unknown\[1\]> + <unknown\[2\]> -> <unknown\[1\]> or <unknown[2[>
[INFO] [stdout]   |                           ^
[INFO] [stdout] 
[INFO] [stdout] error: unknown start of token: \
[INFO] [stdout]  --> src/vec_u8_hash_map/google.api.expr.v1alpha1.rs:1077:30
[INFO] [stdout]   |
[INFO] [stdout] 5 |  <unknown\[1\]> + <unknown\[2\]> -> <unknown\[1\]> or <unknown[2[>
[INFO] [stdout]   |                              ^
[INFO] [stdout] 
[INFO] [stdout] error: unknown start of token: \
[INFO] [stdout]  --> src/vec_u8_hash_map/google.api.expr.v1alpha1.rs:1077:45
[INFO] [stdout]   |
[INFO] [stdout] 5 |  <unknown\[1\]> + <unknown\[2\]> -> <unknown\[1\]> or <unknown[2[>
[INFO] [stdout]   |                                             ^
[INFO] [stdout] 
[INFO] [stdout] error: unknown start of token: \
[INFO] [stdout]  --> src/vec_u8_hash_map/google.api.expr.v1alpha1.rs:1077:48
[INFO] [stdout]   |
[INFO] [stdout] 5 |  <unknown\[1\]> + <unknown\[2\]> -> <unknown\[1\]> or <unknown[2[>
[INFO] [stdout]   |                                                ^
[INFO] [stdout] 
[INFO] [stdout] error: this file contains an unclosed delimiter
[INFO] [stdout]  --> src/vec_u8_hash_map/google.api.expr.v1alpha1.rs:1077:67
[INFO] [stdout]   |
[INFO] [stdout] 5 |  <unknown\[1\]> + <unknown\[2\]> -> <unknown\[1\]> or <unknown[2[>
[INFO] [stdout]   |                                                               - - ^
[INFO] [stdout]   |                                                               | |
[INFO] [stdout]   |                                                               | unclosed delimiter
[INFO] [stdout]   |                                                               unclosed delimiter
[INFO] [stdout] 
[INFO] [stdout] error: aborting due to 27 previous errors
[INFO] [stdout] 
[INFO] [stdout] Couldn't compile the test.
[INFO] [stdout] ---- src/vec_u8_hash_map/google.api.expr.v1alpha1.rs - vec_u8_hash_map::google::api::expr::v1alpha1::expr::Comprehension (line 191) stdout ----
[INFO] [stdout] error: unknown start of token: `
[INFO] [stdout]  --> src/vec_u8_hash_map/google.api.expr.v1alpha1.rs:192:5
[INFO] [stdout]   |
[INFO] [stdout] 3 | let `accu_var` = `accu_init`
[INFO] [stdout]   |     ^
[INFO] [stdout]   |
[INFO] [stdout] help: Unicode character '`' (Grave Accent) looks like ''' (Single Quote), but it is not
[INFO] [stdout]   |
[INFO] [stdout] 3 | let 'accu_var` = `accu_init`
[INFO] [stdout]   |     ~
[INFO] [stdout] 
[INFO] [stdout] error: unknown start of token: `
[INFO] [stdout]  --> src/vec_u8_hash_map/google.api.expr.v1alpha1.rs:192:14
[INFO] [stdout]   |
[INFO] [stdout] 3 | let `accu_var` = `accu_init`
[INFO] [stdout]   |              ^
[INFO] [stdout]   |
[INFO] [stdout] help: Unicode character '`' (Grave Accent) looks like ''' (Single Quote), but it is not
[INFO] [stdout]   |
[INFO] [stdout] 3 | let `accu_var' = `accu_init`
[INFO] [stdout]   |              ~
[INFO] [stdout] 
[INFO] [stdout] error: unknown start of token: `
[INFO] [stdout]  --> src/vec_u8_hash_map/google.api.expr.v1alpha1.rs:192:18
[INFO] [stdout]   |
[INFO] [stdout] 3 | let `accu_var` = `accu_init`
[INFO] [stdout]   |                  ^
[INFO] [stdout]   |
[INFO] [stdout] help: Unicode character '`' (Grave Accent) looks like ''' (Single Quote), but it is not
[INFO] [stdout]   |
[INFO] [stdout] 3 | let `accu_var` = 'accu_init`
[INFO] [stdout]   |                  ~
[INFO] [stdout] 
[INFO] [stdout] error: unknown start of token: `
[INFO] [stdout]  --> src/vec_u8_hash_map/google.api.expr.v1alpha1.rs:192:28
[INFO] [stdout]   |
[INFO] [stdout] 3 | let `accu_var` = `accu_init`
[INFO] [stdout]   |                            ^
[INFO] [stdout]   |
[INFO] [stdout] help: Unicode character '`' (Grave Accent) looks like ''' (Single Quote), but it is not
[INFO] [stdout]   |
[INFO] [stdout] 3 | let `accu_var` = `accu_init'
[INFO] [stdout]   |                            ~
[INFO] [stdout] 
[INFO] [stdout] error: unknown start of token: `
[INFO] [stdout]  --> src/vec_u8_hash_map/google.api.expr.v1alpha1.rs:193:10
[INFO] [stdout]   |
[INFO] [stdout] 4 | for (let `iter_var` in `iter_range`) {
[INFO] [stdout]   |          ^
[INFO] [stdout]   |
[INFO] [stdout] help: Unicode character '`' (Grave Accent) looks like ''' (Single Quote), but it is not
[INFO] [stdout]   |
[INFO] [stdout] 4 | for (let 'iter_var` in `iter_range`) {
[INFO] [stdout]   |          ~
[INFO] [stdout] 
[INFO] [stdout] error: unknown start of token: `
[INFO] [stdout]  --> src/vec_u8_hash_map/google.api.expr.v1alpha1.rs:193:19
[INFO] [stdout]   |
[INFO] [stdout] 4 | for (let `iter_var` in `iter_range`) {
[INFO] [stdout]   |                   ^
[INFO] [stdout]   |
[INFO] [stdout] help: Unicode character '`' (Grave Accent) looks like ''' (Single Quote), but it is not
[INFO] [stdout]   |
[INFO] [stdout] 4 | for (let `iter_var' in `iter_range`) {
[INFO] [stdout]   |                   ~
[INFO] [stdout] 
[INFO] [stdout] error: unknown start of token: `
[INFO] [stdout]  --> src/vec_u8_hash_map/google.api.expr.v1alpha1.rs:193:24
[INFO] [stdout]   |
[INFO] [stdout] 4 | for (let `iter_var` in `iter_range`) {
[INFO] [stdout]   |                        ^
[INFO] [stdout]   |
[INFO] [stdout] help: Unicode character '`' (Grave Accent) looks like ''' (Single Quote), but it is not
[INFO] [stdout]   |
[INFO] [stdout] 4 | for (let `iter_var` in 'iter_range`) {
[INFO] [stdout]   |                        ~
[INFO] [stdout] 
[INFO] [stdout] error: unknown start of token: `
[INFO] [stdout]  --> src/vec_u8_hash_map/google.api.expr.v1alpha1.rs:193:35
[INFO] [stdout]   |
[INFO] [stdout] 4 | for (let `iter_var` in `iter_range`) {
[INFO] [stdout]   |                                   ^
[INFO] [stdout]   |
[INFO] [stdout] help: Unicode character '`' (Grave Accent) looks like ''' (Single Quote), but it is not
[INFO] [stdout]   |
[INFO] [stdout] 4 | for (let `iter_var` in `iter_range') {
[INFO] [stdout]   |                                   ~
[INFO] [stdout] 
[INFO] [stdout] error: unknown start of token: `
[INFO] [stdout]  --> src/vec_u8_hash_map/google.api.expr.v1alpha1.rs:194:9
[INFO] [stdout]   |
[INFO] [stdout] 5 |    if (!`loop_condition`) {
[INFO] [stdout]   |         ^
[INFO] [stdout]   |
[INFO] [stdout] help: Unicode character '`' (Grave Accent) looks like ''' (Single Quote), but it is not
[INFO] [stdout]   |
[INFO] [stdout] 5 |    if (!'loop_condition`) {
[INFO] [stdout]   |         ~
[INFO] [stdout] 
[INFO] [stdout] error: unknown start of token: `
[INFO] [stdout]  --> src/vec_u8_hash_map/google.api.expr.v1alpha1.rs:194:24
[INFO] [stdout]   |
[INFO] [stdout] 5 |    if (!`loop_condition`) {
[INFO] [stdout]   |                        ^
[INFO] [stdout]   |
[INFO] [stdout] help: Unicode character '`' (Grave Accent) looks like ''' (Single Quote), but it is not
[INFO] [stdout]   |
[INFO] [stdout] 5 |    if (!`loop_condition') {
[INFO] [stdout]   |                        ~
[INFO] [stdout] 
[INFO] [stdout] error: unknown start of token: `
[INFO] [stdout]  --> src/vec_u8_hash_map/google.api.expr.v1alpha1.rs:197:4
[INFO] [stdout]   |
[INFO] [stdout] 8 |    `accu_var` = `loop_step`
[INFO] [stdout]   |    ^
[INFO] [stdout]   |
[INFO] [stdout] help: Unicode character '`' (Grave Accent) looks like ''' (Single Quote), but it is not
[INFO] [stdout]   |
[INFO] [stdout] 8 |    'accu_var` = `loop_step`
[INFO] [stdout]   |    ~
[INFO] [stdout] 
[INFO] [stdout] error: unknown start of token: `
[INFO] [stdout]  --> src/vec_u8_hash_map/google.api.expr.v1alpha1.rs:197:13
[INFO] [stdout]   |
[INFO] [stdout] 8 |    `accu_var` = `loop_step`
[INFO] [stdout]   |             ^
[INFO] [stdout]   |
[INFO] [stdout] help: Unicode character '`' (Grave Accent) looks like ''' (Single Quote), but it is not
[INFO] [stdout]   |
[INFO] [stdout] 8 |    `accu_var' = `loop_step`
[INFO] [stdout]   |             ~
[INFO] [stdout] 
[INFO] [stdout] error: unknown start of token: `
[INFO] [stdout]  --> src/vec_u8_hash_map/google.api.expr.v1alpha1.rs:197:17
[INFO] [stdout]   |
[INFO] [stdout] 8 |    `accu_var` = `loop_step`
[INFO] [stdout]   |                 ^
[INFO] [stdout]   |
[INFO] [stdout] help: Unicode character '`' (Grave Accent) looks like ''' (Single Quote), but it is not
[INFO] [stdout]   |
[INFO] [stdout] 8 |    `accu_var` = 'loop_step`
[INFO] [stdout]   |                 ~
[INFO] [stdout] 
[INFO] [stdout] error: unknown start of token: `
[INFO] [stdout]  --> src/vec_u8_hash_map/google.api.expr.v1alpha1.rs:197:27
[INFO] [stdout]   |
[INFO] [stdout] 8 |    `accu_var` = `loop_step`
[INFO] [stdout]   |                           ^
[INFO] [stdout]   |
[INFO] [stdout] help: Unicode character '`' (Grave Accent) looks like ''' (Single Quote), but it is not
[INFO] [stdout]   |
[INFO] [stdout] 8 |    `accu_var` = `loop_step'
[INFO] [stdout]   |                           ~
[INFO] [stdout] 
[INFO] [stdout] error: unknown start of token: `
[INFO] [stdout]   --> src/vec_u8_hash_map/google.api.expr.v1alpha1.rs:199:8
[INFO] [stdout]    |
[INFO] [stdout] 10 | return `result`
[INFO] [stdout]    |        ^
[INFO] [stdout]    |
[INFO] [stdout] help: Unicode character '`' (Grave Accent) looks like ''' (Single Quote), but it is not
[INFO] [stdout]    |
[INFO] [stdout] 10 | return 'result`
[INFO] [stdout]    |        ~
[INFO] [stdout] 
[INFO] [stdout] error: unknown start of token: `
[INFO] [stdout]   --> src/vec_u8_hash_map/google.api.expr.v1alpha1.rs:199:15
[INFO] [stdout]    |
[INFO] [stdout] 10 | return `result`
[INFO] [stdout]    |               ^
[INFO] [stdout]    |
[INFO] [stdout] help: Unicode character '`' (Grave Accent) looks like ''' (Single Quote), but it is not
[INFO] [stdout]    |
[INFO] [stdout] 10 | return `result'
[INFO] [stdout]    |               ~
[INFO] [stdout] 
[INFO] [stdout] error: expected `;`, found keyword `for`
[INFO] [stdout]  --> src/vec_u8_hash_map/google.api.expr.v1alpha1.rs:192:28
[INFO] [stdout]   |
[INFO] [stdout] 3 | let `accu_var` = `accu_init`
[INFO] [stdout]   |                            ^ help: add `;` here
[INFO] [stdout] 4 | for (let `iter_var` in `iter_range`) {
[INFO] [stdout]   | --- unexpected token
[INFO] [stdout] 
[INFO] [stdout] error: expected pattern, found `let`
[INFO] [stdout]  --> src/vec_u8_hash_map/google.api.expr.v1alpha1.rs:193:6
[INFO] [stdout]   |
[INFO] [stdout] 4 | for (let `iter_var` in `iter_range`) {
[INFO] [stdout]   |      ^^^
[INFO] [stdout]   |
[INFO] [stdout] help: remove the unnecessary `let` keyword
[INFO] [stdout]   |
[INFO] [stdout] 4 - for (let `iter_var` in `iter_range`) {
[INFO] [stdout] 4 + for ( `iter_var` in `iter_range`) {
[INFO] [stdout]   |
[INFO] [stdout] 
[INFO] [stdout] error: unexpected parentheses surrounding `for` loop head
[INFO] [stdout]  --> src/vec_u8_hash_map/google.api.expr.v1alpha1.rs:193:5
[INFO] [stdout]   |
[INFO] [stdout] 4 | for (let `iter_var` in `iter_range`) {
[INFO] [stdout]   |     ^                              ^
[INFO] [stdout]   |
[INFO] [stdout] help: remove parentheses in `for` loop
[INFO] [stdout]   |
[INFO] [stdout] 4 - for (let `iter_var` in `iter_range`) {
[INFO] [stdout] 4 + for let `iter_var` in `iter_range {
[INFO] [stdout]   |
[INFO] [stdout] 
[INFO] [stdout] error[E0425]: cannot find value `accu_init` in this scope
[INFO] [stdout]  --> src/vec_u8_hash_map/google.api.expr.v1alpha1.rs:192:19
[INFO] [stdout]   |
[INFO] [stdout] 3 | let `accu_var` = `accu_init`
[INFO] [stdout]   |                   ^^^^^^^^^ not found in this scope
[INFO] [stdout] 
[INFO] [stdout] error[E0425]: cannot find value `iter_range` in this scope
[INFO] [stdout]  --> src/vec_u8_hash_map/google.api.expr.v1alpha1.rs:193:25
[INFO] [stdout]   |
[INFO] [stdout] 4 | for (let `iter_var` in `iter_range`) {
[INFO] [stdout]   |                         ^^^^^^^^^^ not found in this scope
[INFO] [stdout] 
[INFO] [stdout] error[E0425]: cannot find value `loop_condition` in this scope
[INFO] [stdout]  --> src/vec_u8_hash_map/google.api.expr.v1alpha1.rs:194:10
[INFO] [stdout]   |
[INFO] [stdout] 5 |    if (!`loop_condition`) {
[INFO] [stdout]   |          ^^^^^^^^^^^^^^ not found in this scope
[INFO] [stdout] 
[INFO] [stdout] error[E0425]: cannot find value `loop_step` in this scope
[INFO] [stdout]  --> src/vec_u8_hash_map/google.api.expr.v1alpha1.rs:197:18
[INFO] [stdout]   |
[INFO] [stdout] 8 |    `accu_var` = `loop_step`
[INFO] [stdout]   |                  ^^^^^^^^^ not found in this scope
[INFO] [stdout] 
[INFO] [stdout] error[E0425]: cannot find value `result` in this scope
[INFO] [stdout]   --> src/vec_u8_hash_map/google.api.expr.v1alpha1.rs:199:9
[INFO] [stdout]    |
[INFO] [stdout] 10 | return `result`
[INFO] [stdout]    |         ^^^^^^ not found in this scope
[INFO] [stdout] 
[INFO] [stdout] error: aborting due to 24 previous errors
[INFO] [stdout] 
[INFO] [stdout] For more information about this error, try `rustc --explain E0425`.
[INFO] [stdout] Couldn't compile the test.
[INFO] [stdout] ---- src/vec_u8_hash_map/google.api.expr.v1alpha1.rs - vec_u8_hash_map::google::api::expr::v1alpha1::expr::Comprehension (line 207) stdout ----
[INFO] [stdout] error: unknown start of token: `
[INFO] [stdout]  --> src/vec_u8_hash_map/google.api.expr.v1alpha1.rs:208:5
[INFO] [stdout]   |
[INFO] [stdout] 3 | let `accu_var` = `accu_init`
[INFO] [stdout]   |     ^
[INFO] [stdout]   |
[INFO] [stdout] help: Unicode character '`' (Grave Accent) looks like ''' (Single Quote), but it is not
[INFO] [stdout]   |
[INFO] [stdout] 3 | let 'accu_var` = `accu_init`
[INFO] [stdout]   |     ~
[INFO] [stdout] 
[INFO] [stdout] error: unknown start of token: `
[INFO] [stdout]  --> src/vec_u8_hash_map/google.api.expr.v1alpha1.rs:208:14
[INFO] [stdout]   |
[INFO] [stdout] 3 | let `accu_var` = `accu_init`
[INFO] [stdout]   |              ^
[INFO] [stdout]   |
[INFO] [stdout] help: Unicode character '`' (Grave Accent) looks like ''' (Single Quote), but it is not
[INFO] [stdout]   |
[INFO] [stdout] 3 | let `accu_var' = `accu_init`
[INFO] [stdout]   |              ~
[INFO] [stdout] 
[INFO] [stdout] error: unknown start of token: `
[INFO] [stdout]  --> src/vec_u8_hash_map/google.api.expr.v1alpha1.rs:208:18
[INFO] [stdout]   |
[INFO] [stdout] 3 | let `accu_var` = `accu_init`
[INFO] [stdout]   |                  ^
[INFO] [stdout]   |
[INFO] [stdout] help: Unicode character '`' (Grave Accent) looks like ''' (Single Quote), but it is not
[INFO] [stdout]   |
[INFO] [stdout] 3 | let `accu_var` = 'accu_init`
[INFO] [stdout]   |                  ~
[INFO] [stdout] 
[INFO] [stdout] error: unknown start of token: `
[INFO] [stdout]  --> src/vec_u8_hash_map/google.api.expr.v1alpha1.rs:208:28
[INFO] [stdout]   |
[INFO] [stdout] 3 | let `accu_var` = `accu_init`
[INFO] [stdout]   |                            ^
[INFO] [stdout]   |
[INFO] [stdout] help: Unicode character '`' (Grave Accent) looks like ''' (Single Quote), but it is not
[INFO] [stdout]   |
[INFO] [stdout] 3 | let `accu_var` = `accu_init'
[INFO] [stdout]   |                            ~
[INFO] [stdout] 
[INFO] [stdout] error: unknown start of token: `
[INFO] [stdout]  --> src/vec_u8_hash_map/google.api.expr.v1alpha1.rs:209:10
[INFO] [stdout]   |
[INFO] [stdout] 4 | for (let `iter_var`, `iter_var2` in `iter_range`) {
[INFO] [stdout]   |          ^
[INFO] [stdout]   |
[INFO] [stdout] help: Unicode character '`' (Grave Accent) looks like ''' (Single Quote), but it is not
[INFO] [stdout]   |
[INFO] [stdout] 4 | for (let 'iter_var`, `iter_var2` in `iter_range`) {
[INFO] [stdout]   |          ~
[INFO] [stdout] 
[INFO] [stdout] error: unknown start of token: `
[INFO] [stdout]  --> src/vec_u8_hash_map/google.api.expr.v1alpha1.rs:209:19
[INFO] [stdout]   |
[INFO] [stdout] 4 | for (let `iter_var`, `iter_var2` in `iter_range`) {
[INFO] [stdout]   |                   ^
[INFO] [stdout]   |
[INFO] [stdout] help: Unicode character '`' (Grave Accent) looks like ''' (Single Quote), but it is not
[INFO] [stdout]   |
[INFO] [stdout] 4 | for (let `iter_var', `iter_var2` in `iter_range`) {
[INFO] [stdout]   |                   ~
[INFO] [stdout] 
[INFO] [stdout] error: unknown start of token: `
[INFO] [stdout]  --> src/vec_u8_hash_map/google.api.expr.v1alpha1.rs:209:22
[INFO] [stdout]   |
[INFO] [stdout] 4 | for (let `iter_var`, `iter_var2` in `iter_range`) {
[INFO] [stdout]   |                      ^
[INFO] [stdout]   |
[INFO] [stdout] help: Unicode character '`' (Grave Accent) looks like ''' (Single Quote), but it is not
[INFO] [stdout]   |
[INFO] [stdout] 4 | for (let `iter_var`, 'iter_var2` in `iter_range`) {
[INFO] [stdout]   |                      ~
[INFO] [stdout] 
[INFO] [stdout] error: unknown start of token: `
[INFO] [stdout]  --> src/vec_u8_hash_map/google.api.expr.v1alpha1.rs:209:32
[INFO] [stdout]   |
[INFO] [stdout] 4 | for (let `iter_var`, `iter_var2` in `iter_range`) {
[INFO] [stdout]   |                                ^
[INFO] [stdout]   |
[INFO] [stdout] help: Unicode character '`' (Grave Accent) looks like ''' (Single Quote), but it is not
[INFO] [stdout]   |
[INFO] [stdout] 4 | for (let `iter_var`, `iter_var2' in `iter_range`) {
[INFO] [stdout]   |                                ~
[INFO] [stdout] 
[INFO] [stdout] error: unknown start of token: `
[INFO] [stdout]  --> src/vec_u8_hash_map/google.api.expr.v1alpha1.rs:209:37
[INFO] [stdout]   |
[INFO] [stdout] 4 | for (let `iter_var`, `iter_var2` in `iter_range`) {
[INFO] [stdout]   |                                     ^
[INFO] [stdout]   |
[INFO] [stdout] help: Unicode character '`' (Grave Accent) looks like ''' (Single Quote), but it is not
[INFO] [stdout]   |
[INFO] [stdout] 4 | for (let `iter_var`, `iter_var2` in 'iter_range`) {
[INFO] [stdout]   |                                     ~
[INFO] [stdout] 
[INFO] [stdout] error: unknown start of token: `
[INFO] [stdout]  --> src/vec_u8_hash_map/google.api.expr.v1alpha1.rs:209:48
[INFO] [stdout]   |
[INFO] [stdout] 4 | for (let `iter_var`, `iter_var2` in `iter_range`) {
[INFO] [stdout]   |                                                ^
[INFO] [stdout]   |
[INFO] [stdout] help: Unicode character '`' (Grave Accent) looks like ''' (Single Quote), but it is not
[INFO] [stdout]   |
[INFO] [stdout] 4 | for (let `iter_var`, `iter_var2` in `iter_range') {
[INFO] [stdout]   |                                                ~
[INFO] [stdout] 
[INFO] [stdout] error: unknown start of token: `
[INFO] [stdout]  --> src/vec_u8_hash_map/google.api.expr.v1alpha1.rs:210:9
[INFO] [stdout]   |
[INFO] [stdout] 5 |    if (!`loop_condition`) {
[INFO] [stdout]   |         ^
[INFO] [stdout]   |
[INFO] [stdout] help: Unicode character '`' (Grave Accent) looks like ''' (Single Quote), but it is not
[INFO] [stdout]   |
[INFO] [stdout] 5 |    if (!'loop_condition`) {
[INFO] [stdout]   |         ~
[INFO] [stdout] 
[INFO] [stdout] error: unknown start of token: `
[INFO] [stdout]  --> src/vec_u8_hash_map/google.api.expr.v1alpha1.rs:210:24
[INFO] [stdout]   |
[INFO] [stdout] 5 |    if (!`loop_condition`) {
[INFO] [stdout]   |                        ^
[INFO] [stdout]   |
[INFO] [stdout] help: Unicode character '`' (Grave Accent) looks like ''' (Single Quote), but it is not
[INFO] [stdout]   |
[INFO] [stdout] 5 |    if (!`loop_condition') {
[INFO] [stdout]   |                        ~
[INFO] [stdout] 
[INFO] [stdout] error: unknown start of token: `
[INFO] [stdout]  --> src/vec_u8_hash_map/google.api.expr.v1alpha1.rs:213:4
[INFO] [stdout]   |
[INFO] [stdout] 8 |    `accu_var` = `loop_step`
[INFO] [stdout]   |    ^
[INFO] [stdout]   |
[INFO] [stdout] help: Unicode character '`' (Grave Accent) looks like ''' (Single Quote), but it is not
[INFO] [stdout]   |
[INFO] [stdout] 8 |    'accu_var` = `loop_step`
[INFO] [stdout]   |    ~
[INFO] [stdout] 
[INFO] [stdout] error: unknown start of token: `
[INFO] [stdout]  --> src/vec_u8_hash_map/google.api.expr.v1alpha1.rs:213:13
[INFO] [stdout]   |
[INFO] [stdout] 8 |    `accu_var` = `loop_step`
[INFO] [stdout]   |             ^
[INFO] [stdout]   |
[INFO] [stdout] help: Unicode character '`' (Grave Accent) looks like ''' (Single Quote), but it is not
[INFO] [stdout]   |
[INFO] [stdout] 8 |    `accu_var' = `loop_step`
[INFO] [stdout]   |             ~
[INFO] [stdout] 
[INFO] [stdout] error: unknown start of token: `
[INFO] [stdout]  --> src/vec_u8_hash_map/google.api.expr.v1alpha1.rs:213:17
[INFO] [stdout]   |
[INFO] [stdout] 8 |    `accu_var` = `loop_step`
[INFO] [stdout]   |                 ^
[INFO] [stdout]   |
[INFO] [stdout] help: Unicode character '`' (Grave Accent) looks like ''' (Single Quote), but it is not
[INFO] [stdout]   |
[INFO] [stdout] 8 |    `accu_var` = 'loop_step`
[INFO] [stdout]   |                 ~
[INFO] [stdout] 
[INFO] [stdout] error: unknown start of token: `
[INFO] [stdout]  --> src/vec_u8_hash_map/google.api.expr.v1alpha1.rs:213:27
[INFO] [stdout]   |
[INFO] [stdout] 8 |    `accu_var` = `loop_step`
[INFO] [stdout]   |                           ^
[INFO] [stdout]   |
[INFO] [stdout] help: Unicode character '`' (Grave Accent) looks like ''' (Single Quote), but it is not
[INFO] [stdout]   |
[INFO] [stdout] 8 |    `accu_var` = `loop_step'
[INFO] [stdout]   |                           ~
[INFO] [stdout] 
[INFO] [stdout] error: unknown start of token: `
[INFO] [stdout]   --> src/vec_u8_hash_map/google.api.expr.v1alpha1.rs:215:8
[INFO] [stdout]    |
[INFO] [stdout] 10 | return `result`
[INFO] [stdout]    |        ^
[INFO] [stdout]    |
[INFO] [stdout] help: Unicode character '`' (Grave Accent) looks like ''' (Single Quote), but it is not
[INFO] [stdout]    |
[INFO] [stdout] 10 | return 'result`
[INFO] [stdout]    |        ~
[INFO] [stdout] 
[INFO] [stdout] error: unknown start of token: `
[INFO] [stdout]   --> src/vec_u8_hash_map/google.api.expr.v1alpha1.rs:215:15
[INFO] [stdout]    |
[INFO] [stdout] 10 | return `result`
[INFO] [stdout]    |               ^
[INFO] [stdout]    |
[INFO] [stdout] help: Unicode character '`' (Grave Accent) looks like ''' (Single Quote), but it is not
[INFO] [stdout]    |
[INFO] [stdout] 10 | return `result'
[INFO] [stdout]    |               ~
[INFO] [stdout] 
[INFO] [stdout] error: expected `;`, found keyword `for`
[INFO] [stdout]  --> src/vec_u8_hash_map/google.api.expr.v1alpha1.rs:208:28
[INFO] [stdout]   |
[INFO] [stdout] 3 | let `accu_var` = `accu_init`
[INFO] [stdout]   |                            ^ help: add `;` here
[INFO] [stdout] 4 | for (let `iter_var`, `iter_var2` in `iter_range`) {
[INFO] [stdout]   | --- unexpected token
[INFO] [stdout] 
[INFO] [stdout] error: expected pattern, found `let`
[INFO] [stdout]  --> src/vec_u8_hash_map/google.api.expr.v1alpha1.rs:209:6
[INFO] [stdout]   |
[INFO] [stdout] 4 | for (let `iter_var`, `iter_var2` in `iter_range`) {
[INFO] [stdout]   |      ^^^
[INFO] [stdout]   |
[INFO] [stdout] help: remove the unnecessary `let` keyword
[INFO] [stdout]   |
[INFO] [stdout] 4 - for (let `iter_var`, `iter_var2` in `iter_range`) {
[INFO] [stdout] 4 + for ( `iter_var`, `iter_var2` in `iter_range`) {
[INFO] [stdout]   |
[INFO] [stdout] 
[INFO] [stdout] error: unexpected parentheses surrounding `for` loop head
[INFO] [stdout]  --> src/vec_u8_hash_map/google.api.expr.v1alpha1.rs:209:5
[INFO] [stdout]   |
[INFO] [stdout] 4 | for (let `iter_var`, `iter_var2` in `iter_range`) {
[INFO] [stdout]   |     ^                                           ^
[INFO] [stdout]   |
[INFO] [stdout] help: remove parentheses in `for` loop
[INFO] [stdout]   |
[INFO] [stdout] 4 - for (let `iter_var`, `iter_var2` in `iter_range`) {
[INFO] [stdout] 4 + for let `iter_var`, `iter_var2` in `iter_range {
[INFO] [stdout]   |
[INFO] [stdout] 
[INFO] [stdout] error[E0425]: cannot find value `accu_init` in this scope
[INFO] [stdout]  --> src/vec_u8_hash_map/google.api.expr.v1alpha1.rs:208:19
[INFO] [stdout]   |
[INFO] [stdout] 3 | let `accu_var` = `accu_init`
[INFO] [stdout]   |                   ^^^^^^^^^ not found in this scope
[INFO] [stdout] 
[INFO] [stdout] error[E0425]: cannot find value `iter_range` in this scope
[INFO] [stdout]  --> src/vec_u8_hash_map/google.api.expr.v1alpha1.rs:209:38
[INFO] [stdout]   |
[INFO] [stdout] 4 | for (let `iter_var`, `iter_var2` in `iter_range`) {
[INFO] [stdout]   |                                      ^^^^^^^^^^ not found in this scope
[INFO] [stdout] 
[INFO] [stdout] error[E0425]: cannot find value `loop_condition` in this scope
[INFO] [stdout]  --> src/vec_u8_hash_map/google.api.expr.v1alpha1.rs:210:10
[INFO] [stdout]   |
[INFO] [stdout] 5 |    if (!`loop_condition`) {
[INFO] [stdout]   |          ^^^^^^^^^^^^^^ not found in this scope
[INFO] [stdout] 
[INFO] [stdout] error[E0425]: cannot find value `loop_step` in this scope
[INFO] [stdout]  --> src/vec_u8_hash_map/google.api.expr.v1alpha1.rs:213:18
[INFO] [stdout]   |
[INFO] [stdout] 8 |    `accu_var` = `loop_step`
[INFO] [stdout]   |                  ^^^^^^^^^ not found in this scope
[INFO] [stdout] 
[INFO] [stdout] error[E0425]: cannot find value `result` in this scope
[INFO] [stdout]   --> src/vec_u8_hash_map/google.api.expr.v1alpha1.rs:215:9
[INFO] [stdout]    |
[INFO] [stdout] 10 | return `result`
[INFO] [stdout]    |         ^^^^^^ not found in this scope
[INFO] [stdout] 
[INFO] [stdout] error: aborting due to 26 previous errors
[INFO] [stdout] 
[INFO] [stdout] For more information about this error, try `rustc --explain E0425`.
[INFO] [stdout] Couldn't compile the test.
[INFO] [stdout] 
[INFO] [stdout] failures:
[INFO] [stdout]     src/vec_u8_hash_map/google.api.expr.v1alpha1.rs - vec_u8_hash_map::google::api::expr::v1alpha1::expr::Comprehension (line 191)
[INFO] [stdout]     src/vec_u8_hash_map/google.api.expr.v1alpha1.rs - vec_u8_hash_map::google::api::expr::v1alpha1::expr::Comprehension (line 207)
[INFO] [stdout]     src/vec_u8_hash_map/google.api.expr.v1alpha1.rs - vec_u8_hash_map::google::api::expr::v1alpha1::expr_value::Kind::Unknown (line 1072)
[INFO] [stdout]     src/vec_u8_hash_map/google.api.expr.v1alpha1.rs - vec_u8_hash_map::google::api::expr::v1alpha1::expr_value::Kind::Unknown (line 1081)
[INFO] [stdout]     src/vec_u8_hash_map/google.api.expr.v1alpha1.rs - vec_u8_hash_map::google::api::expr::v1alpha1::expr_value::Kind::Unknown (line 1086)
[INFO] [stdout] 
[INFO] [stdout] test result: FAILED. 0 passed; 5 failed; 0 ignored; 0 measured; 0 filtered out; finished in 0.08s
[INFO] [stdout] 
[INFO] [stderr] error: doctest failed, to rerun pass `--doc`
[INFO] running `Command { std: "docker" "inspect" "cbbef182d90d0c35604737ec3084df792d9537739b03d586298bb32f6a01931b", kill_on_drop: false }`
[INFO] running `Command { std: "docker" "rm" "-f" "cbbef182d90d0c35604737ec3084df792d9537739b03d586298bb32f6a01931b", kill_on_drop: false }`
[INFO] [stdout] cbbef182d90d0c35604737ec3084df792d9537739b03d586298bb32f6a01931b
