[INFO] fetching crate googleapis-tonic-google-analytics-data-v1beta 0.9.0...
[INFO] testing googleapis-tonic-google-analytics-data-v1beta-0.9.0 against nightly-2024-10-28+rustflags=-Zrandomize-layout for randomize-layout
[INFO] extracting crate googleapis-tonic-google-analytics-data-v1beta 0.9.0 into /workspace/builds/worker-7-tc2/source
[INFO] validating manifest of crates.io crate googleapis-tonic-google-analytics-data-v1beta 0.9.0 on toolchain nightly-2024-10-28
[INFO] running `Command { std: CARGO_HOME="/workspace/cargo-home" RUSTUP_HOME="/workspace/rustup-home" "/workspace/cargo-home/bin/cargo" "+nightly-2024-10-28" "metadata" "--manifest-path" "Cargo.toml" "--no-deps", kill_on_drop: false }`
[INFO] started tweaking crates.io crate googleapis-tonic-google-analytics-data-v1beta 0.9.0
[INFO] finished tweaking crates.io crate googleapis-tonic-google-analytics-data-v1beta 0.9.0
[INFO] tweaked toml for crates.io crate googleapis-tonic-google-analytics-data-v1beta 0.9.0 written to /workspace/builds/worker-7-tc2/source/Cargo.toml
[INFO] running `Command { std: CARGO_HOME="/workspace/cargo-home" RUSTUP_HOME="/workspace/rustup-home" "/workspace/cargo-home/bin/cargo" "+nightly-2024-10-28" "generate-lockfile" "--manifest-path" "Cargo.toml", kill_on_drop: false }`
[INFO] [stderr]     Blocking waiting for file lock on package cache
[INFO] [stderr]     Updating crates.io index
[INFO] [stderr]     Blocking waiting for file lock on package cache
[INFO] [stderr]      Locking 57 packages to latest compatible versions
[INFO] [stderr]       Adding googleapis-tonic-google-api v0.9.0 (available: v0.10.0)
[INFO] [stderr]       Adding googleapis-tonic-google-longrunning v0.9.0 (available: v0.10.0)
[INFO] running `Command { std: CARGO_HOME="/workspace/cargo-home" RUSTUP_HOME="/workspace/rustup-home" "/workspace/cargo-home/bin/cargo" "+nightly-2024-10-28" "fetch" "--manifest-path" "Cargo.toml", kill_on_drop: false }`
[INFO] running `Command { std: "docker" "create" "-v" "/var/lib/crater-agent-workspace/builds/worker-7-tc2/target:/opt/rustwide/target:rw,Z" "-v" "/var/lib/crater-agent-workspace/builds/worker-7-tc2/source:/opt/rustwide/workdir:ro,Z" "-v" "/var/lib/crater-agent-workspace/cargo-home:/opt/rustwide/cargo-home:ro,Z" "-v" "/var/lib/crater-agent-workspace/rustup-home:/opt/rustwide/rustup-home:ro,Z" "-e" "SOURCE_DIR=/opt/rustwide/workdir" "-e" "CARGO_TARGET_DIR=/opt/rustwide/target" "-e" "CARGO_HOME=/opt/rustwide/cargo-home" "-e" "RUSTUP_HOME=/opt/rustwide/rustup-home" "-w" "/opt/rustwide/workdir" "-m" "1610612736" "--user" "0:0" "--network" "none" "ghcr.io/rust-lang/crates-build-env/linux@sha256:4a844ea9eb2546a2d2c7022eacef16ef2e8229c7fbb2c7d4d55a9ceca922f72d" "/opt/rustwide/cargo-home/bin/cargo" "+nightly-2024-10-28" "metadata" "--no-deps" "--format-version=1", kill_on_drop: false }`
[INFO] [stdout] 8983ee2935041fba6b5845d0632a93e03f691cb8acea09a5eba36e91c4f74e0d
[INFO] running `Command { std: "docker" "start" "-a" "8983ee2935041fba6b5845d0632a93e03f691cb8acea09a5eba36e91c4f74e0d", kill_on_drop: false }`
[INFO] running `Command { std: "docker" "inspect" "8983ee2935041fba6b5845d0632a93e03f691cb8acea09a5eba36e91c4f74e0d", kill_on_drop: false }`
[INFO] running `Command { std: "docker" "rm" "-f" "8983ee2935041fba6b5845d0632a93e03f691cb8acea09a5eba36e91c4f74e0d", kill_on_drop: false }`
[INFO] [stdout] 8983ee2935041fba6b5845d0632a93e03f691cb8acea09a5eba36e91c4f74e0d
[INFO] running `Command { std: "docker" "create" "-v" "/var/lib/crater-agent-workspace/builds/worker-7-tc2/target:/opt/rustwide/target:rw,Z" "-v" "/var/lib/crater-agent-workspace/builds/worker-7-tc2/source:/opt/rustwide/workdir:ro,Z" "-v" "/var/lib/crater-agent-workspace/cargo-home:/opt/rustwide/cargo-home:ro,Z" "-v" "/var/lib/crater-agent-workspace/rustup-home:/opt/rustwide/rustup-home:ro,Z" "-e" "SOURCE_DIR=/opt/rustwide/workdir" "-e" "CARGO_TARGET_DIR=/opt/rustwide/target" "-e" "CARGO_INCREMENTAL=0" "-e" "RUST_BACKTRACE=full" "-e" "RUSTFLAGS=--cap-lints=forbid -Zrandomize-layout" "-e" "RUSTDOCFLAGS=--cap-lints=forbid" "-e" "CARGO_HOME=/opt/rustwide/cargo-home" "-e" "RUSTUP_HOME=/opt/rustwide/rustup-home" "-w" "/opt/rustwide/workdir" "-m" "1610612736" "--user" "0:0" "--network" "none" "ghcr.io/rust-lang/crates-build-env/linux@sha256:4a844ea9eb2546a2d2c7022eacef16ef2e8229c7fbb2c7d4d55a9ceca922f72d" "/opt/rustwide/cargo-home/bin/cargo" "+nightly-2024-10-28" "build" "--frozen" "--message-format=json", kill_on_drop: false }`
[INFO] [stdout] 32c48c9f96ad0ea220e2940d49ff5243c7b97e6fcdd5e8d2f8b4a9a511e017c5
[INFO] running `Command { std: "docker" "start" "-a" "32c48c9f96ad0ea220e2940d49ff5243c7b97e6fcdd5e8d2f8b4a9a511e017c5", kill_on_drop: false }`
[INFO] [stderr]    Compiling either v1.13.0
[INFO] [stderr]    Compiling anyhow v1.0.92
[INFO] [stderr]    Compiling futures-task v0.3.31
[INFO] [stderr]    Compiling tokio v1.41.0
[INFO] [stderr]    Compiling tower-layer v0.3.3
[INFO] [stderr]    Compiling pin-project-internal v1.1.7
[INFO] [stderr]    Compiling tracing-attributes v0.1.27
[INFO] [stderr]    Compiling futures-util v0.3.31
[INFO] [stderr]    Compiling itertools v0.13.0
[INFO] [stderr]    Compiling pin-project v1.1.7
[INFO] [stderr]    Compiling tracing v0.1.40
[INFO] [stderr]    Compiling tokio-stream v0.1.16
[INFO] [stderr]    Compiling http-body-util v0.1.2
[INFO] [stderr]    Compiling prost-derive v0.13.3
[INFO] [stderr]    Compiling prost v0.13.3
[INFO] [stderr]    Compiling prost-types v0.13.3
[INFO] [stderr]    Compiling tonic v0.12.3
[INFO] [stderr]    Compiling googleapis-tonic-google-api v0.9.0
[INFO] [stderr]    Compiling googleapis-tonic-google-rpc v0.8.0
[INFO] [stderr]    Compiling googleapis-tonic-google-longrunning v0.9.0
[INFO] [stderr]    Compiling googleapis-tonic-google-analytics-data-v1beta v0.9.0 (/opt/rustwide/workdir)
[INFO] [stderr]     Finished `dev` profile [unoptimized + debuginfo] target(s) in 7.21s
[INFO] running `Command { std: "docker" "inspect" "32c48c9f96ad0ea220e2940d49ff5243c7b97e6fcdd5e8d2f8b4a9a511e017c5", kill_on_drop: false }`
[INFO] running `Command { std: "docker" "rm" "-f" "32c48c9f96ad0ea220e2940d49ff5243c7b97e6fcdd5e8d2f8b4a9a511e017c5", kill_on_drop: false }`
[INFO] [stdout] 32c48c9f96ad0ea220e2940d49ff5243c7b97e6fcdd5e8d2f8b4a9a511e017c5
[INFO] running `Command { std: "docker" "create" "-v" "/var/lib/crater-agent-workspace/builds/worker-7-tc2/target:/opt/rustwide/target:rw,Z" "-v" "/var/lib/crater-agent-workspace/builds/worker-7-tc2/source:/opt/rustwide/workdir:ro,Z" "-v" "/var/lib/crater-agent-workspace/cargo-home:/opt/rustwide/cargo-home:ro,Z" "-v" "/var/lib/crater-agent-workspace/rustup-home:/opt/rustwide/rustup-home:ro,Z" "-e" "SOURCE_DIR=/opt/rustwide/workdir" "-e" "CARGO_TARGET_DIR=/opt/rustwide/target" "-e" "CARGO_INCREMENTAL=0" "-e" "RUST_BACKTRACE=full" "-e" "RUSTFLAGS=--cap-lints=forbid -Zrandomize-layout" "-e" "RUSTDOCFLAGS=--cap-lints=forbid" "-e" "CARGO_HOME=/opt/rustwide/cargo-home" "-e" "RUSTUP_HOME=/opt/rustwide/rustup-home" "-w" "/opt/rustwide/workdir" "-m" "1610612736" "--user" "0:0" "--network" "none" "ghcr.io/rust-lang/crates-build-env/linux@sha256:4a844ea9eb2546a2d2c7022eacef16ef2e8229c7fbb2c7d4d55a9ceca922f72d" "/opt/rustwide/cargo-home/bin/cargo" "+nightly-2024-10-28" "test" "--frozen" "--no-run" "--message-format=json", kill_on_drop: false }`
[INFO] [stdout] 5aa00e8bc369b648c89a20451894718a6761f2584fc74843a8d79150a1fce4c3
[INFO] running `Command { std: "docker" "start" "-a" "5aa00e8bc369b648c89a20451894718a6761f2584fc74843a8d79150a1fce4c3", kill_on_drop: false }`
[INFO] [stderr]    Compiling googleapis-tonic-google-analytics-data-v1beta v0.9.0 (/opt/rustwide/workdir)
[INFO] [stderr]     Finished `test` profile [unoptimized + debuginfo] target(s) in 1.19s
[INFO] running `Command { std: "docker" "inspect" "5aa00e8bc369b648c89a20451894718a6761f2584fc74843a8d79150a1fce4c3", kill_on_drop: false }`
[INFO] running `Command { std: "docker" "rm" "-f" "5aa00e8bc369b648c89a20451894718a6761f2584fc74843a8d79150a1fce4c3", kill_on_drop: false }`
[INFO] [stdout] 5aa00e8bc369b648c89a20451894718a6761f2584fc74843a8d79150a1fce4c3
[INFO] running `Command { std: "docker" "create" "-v" "/var/lib/crater-agent-workspace/builds/worker-7-tc2/target:/opt/rustwide/target:rw,Z" "-v" "/var/lib/crater-agent-workspace/builds/worker-7-tc2/source:/opt/rustwide/workdir:ro,Z" "-v" "/var/lib/crater-agent-workspace/cargo-home:/opt/rustwide/cargo-home:ro,Z" "-v" "/var/lib/crater-agent-workspace/rustup-home:/opt/rustwide/rustup-home:ro,Z" "-e" "SOURCE_DIR=/opt/rustwide/workdir" "-e" "CARGO_TARGET_DIR=/opt/rustwide/target" "-e" "CARGO_INCREMENTAL=0" "-e" "RUST_BACKTRACE=full" "-e" "RUSTFLAGS=--cap-lints=forbid -Zrandomize-layout" "-e" "RUSTDOCFLAGS=--cap-lints=forbid" "-e" "CARGO_HOME=/opt/rustwide/cargo-home" "-e" "RUSTUP_HOME=/opt/rustwide/rustup-home" "-w" "/opt/rustwide/workdir" "-m" "1610612736" "--user" "0:0" "--network" "none" "ghcr.io/rust-lang/crates-build-env/linux@sha256:4a844ea9eb2546a2d2c7022eacef16ef2e8229c7fbb2c7d4d55a9ceca922f72d" "/opt/rustwide/cargo-home/bin/cargo" "+nightly-2024-10-28" "test" "--frozen", kill_on_drop: false }`
[INFO] [stdout] e66fb7618a6d46a3aeea822b305da7599dd71ea3cc4307766afb9d3c9c8024d7
[INFO] running `Command { std: "docker" "start" "-a" "e66fb7618a6d46a3aeea822b305da7599dd71ea3cc4307766afb9d3c9c8024d7", kill_on_drop: false }`
[INFO] [stderr]     Finished `test` profile [unoptimized + debuginfo] target(s) in 0.03s
[INFO] [stderr]      Running unittests src/lib.rs (/opt/rustwide/target/debug/deps/googleapis_tonic_google_analytics_data_v1beta-a26f2065ea9eca82)
[INFO] [stdout] 
[INFO] [stdout] running 0 tests
[INFO] [stdout] 
[INFO] [stdout] test result: ok. 0 passed; 0 failed; 0 ignored; 0 measured; 0 filtered out; finished in 0.00s
[INFO] [stdout] 
[INFO] [stderr]    Doc-tests googleapis_tonic_google_analytics_data_v1beta
[INFO] [stdout] 
[INFO] [stdout] running 3 tests
[INFO] [stdout] test src/vec_u8_hash_map/google.analytics.data.v1beta.rs - vec_u8_hash_map::google::analytics::data::v1beta::order_by::pivot_order_by::PivotSelection (line 552) ... FAILED
[INFO] [stdout] test src/vec_u8_hash_map/google.analytics.data.v1beta.rs - vec_u8_hash_map::google::analytics::data::v1beta::RunPivotReportResponse::pivot_headers (line 1737) ... FAILED
[INFO] [stdout] test src/vec_u8_hash_map/google.analytics.data.v1beta.rs - vec_u8_hash_map::google::analytics::data::v1beta::RunPivotReportResponse::pivot_headers (line 1747) ... FAILED
[INFO] [stdout] 
[INFO] [stdout] failures:
[INFO] [stdout] 
[INFO] [stdout] ---- src/vec_u8_hash_map/google.analytics.data.v1beta.rs - vec_u8_hash_map::google::analytics::data::v1beta::order_by::pivot_order_by::PivotSelection (line 552) stdout ----
[INFO] [stdout] error: expected parameter name, found `-`
[INFO] [stdout]  --> src/vec_u8_hash_map/google.analytics.data.v1beta.rs:553:12
[INFO] [stdout]   |
[INFO] [stdout] 3 | ---------|----------|----------------|----------|----------------
[INFO] [stdout]   |            ^ expected parameter name
[INFO] [stdout] 
[INFO] [stdout] error: aborting due to 1 previous error
[INFO] [stdout] 
[INFO] [stdout] Couldn't compile the test.
[INFO] [stdout] ---- src/vec_u8_hash_map/google.analytics.data.v1beta.rs - vec_u8_hash_map::google::analytics::data::v1beta::RunPivotReportResponse::pivot_headers (line 1737) stdout ----
[INFO] [stdout] error: expected one of `.`, `;`, `?`, `}`, or an operator, found `:`
[INFO] [stdout]  --> src/vec_u8_hash_map/google.analytics.data.v1beta.rs:1738:9
[INFO] [stdout]   |
[INFO] [stdout] 3 | "pivots": [{
[INFO] [stdout]   |         ^ expected one of `.`, `;`, `?`, `}`, or an operator
[INFO] [stdout] 
[INFO] [stdout] error: aborting due to 1 previous error
[INFO] [stdout] 
[INFO] [stdout] Couldn't compile the test.
[INFO] [stdout] ---- src/vec_u8_hash_map/google.analytics.data.v1beta.rs - vec_u8_hash_map::google::analytics::data::v1beta::RunPivotReportResponse::pivot_headers (line 1747) stdout ----
[INFO] [stdout] error: unknown start of token: \
[INFO] [stdout]   --> src/vec_u8_hash_map/google.analytics.data.v1beta.rs:1764:25
[INFO] [stdout]    |
[INFO] [stdout] 19 |      "dimensionValues": \[{ "value": "session_start" }\]
[INFO] [stdout]    |                         ^
[INFO] [stdout] 
[INFO] [stdout] error: unknown start of token: \
[INFO] [stdout]   --> src/vec_u8_hash_map/google.analytics.data.v1beta.rs:1764:55
[INFO] [stdout]    |
[INFO] [stdout] 19 |      "dimensionValues": \[{ "value": "session_start" }\]
[INFO] [stdout]    |                                                       ^
[INFO] [stdout] 
[INFO] [stdout] error: unknown start of token: \
[INFO] [stdout]   --> src/vec_u8_hash_map/google.analytics.data.v1beta.rs:1767:25
[INFO] [stdout]    |
[INFO] [stdout] 22 |      "dimensionValues": \[{ "value": "scroll" }\]
[INFO] [stdout]    |                         ^
[INFO] [stdout] 
[INFO] [stdout] error: unknown start of token: \
[INFO] [stdout]   --> src/vec_u8_hash_map/google.analytics.data.v1beta.rs:1767:48
[INFO] [stdout]    |
[INFO] [stdout] 22 |      "dimensionValues": \[{ "value": "scroll" }\]
[INFO] [stdout]    |                                                ^
[INFO] [stdout] 
[INFO] [stdout] error: expected one of `.`, `;`, `?`, `}`, or an operator, found `:`
[INFO] [stdout]  --> src/vec_u8_hash_map/google.analytics.data.v1beta.rs:1748:16
[INFO] [stdout]   |
[INFO] [stdout] 3 | "pivotHeaders" : [{
[INFO] [stdout]   |                ^ expected one of `.`, `;`, `?`, `}`, or an operator
[INFO] [stdout] 
[INFO] [stdout] error: aborting due to 5 previous errors
[INFO] [stdout] 
[INFO] [stdout] Couldn't compile the test.
[INFO] [stdout] 
[INFO] [stdout] failures:
[INFO] [stdout]     src/vec_u8_hash_map/google.analytics.data.v1beta.rs - vec_u8_hash_map::google::analytics::data::v1beta::RunPivotReportResponse::pivot_headers (line 1737)
[INFO] [stdout]     src/vec_u8_hash_map/google.analytics.data.v1beta.rs - vec_u8_hash_map::google::analytics::data::v1beta::RunPivotReportResponse::pivot_headers (line 1747)
[INFO] [stdout]     src/vec_u8_hash_map/google.analytics.data.v1beta.rs - vec_u8_hash_map::google::analytics::data::v1beta::order_by::pivot_order_by::PivotSelection (line 552)
[INFO] [stdout] 
[INFO] [stdout] test result: FAILED. 0 passed; 3 failed; 0 ignored; 0 measured; 0 filtered out; finished in 0.03s
[INFO] [stdout] 
[INFO] [stderr] error: doctest failed, to rerun pass `--doc`
[INFO] running `Command { std: "docker" "inspect" "e66fb7618a6d46a3aeea822b305da7599dd71ea3cc4307766afb9d3c9c8024d7", kill_on_drop: false }`
[INFO] running `Command { std: "docker" "rm" "-f" "e66fb7618a6d46a3aeea822b305da7599dd71ea3cc4307766afb9d3c9c8024d7", kill_on_drop: false }`
[INFO] [stdout] e66fb7618a6d46a3aeea822b305da7599dd71ea3cc4307766afb9d3c9c8024d7
