[INFO] fetching crate googleapis-tonic-google-ads-admob-v1 0.9.0...
[INFO] testing googleapis-tonic-google-ads-admob-v1-0.9.0 against nightly-2024-10-28 for randomize-layout
[INFO] extracting crate googleapis-tonic-google-ads-admob-v1 0.9.0 into /workspace/builds/worker-2-tc1/source
[INFO] validating manifest of crates.io crate googleapis-tonic-google-ads-admob-v1 0.9.0 on toolchain nightly-2024-10-28
[INFO] running `Command { std: CARGO_HOME="/workspace/cargo-home" RUSTUP_HOME="/workspace/rustup-home" "/workspace/cargo-home/bin/cargo" "+nightly-2024-10-28" "metadata" "--manifest-path" "Cargo.toml" "--no-deps", kill_on_drop: false }`
[INFO] started tweaking crates.io crate googleapis-tonic-google-ads-admob-v1 0.9.0
[INFO] finished tweaking crates.io crate googleapis-tonic-google-ads-admob-v1 0.9.0
[INFO] tweaked toml for crates.io crate googleapis-tonic-google-ads-admob-v1 0.9.0 written to /workspace/builds/worker-2-tc1/source/Cargo.toml
[INFO] running `Command { std: CARGO_HOME="/workspace/cargo-home" RUSTUP_HOME="/workspace/rustup-home" "/workspace/cargo-home/bin/cargo" "+nightly-2024-10-28" "generate-lockfile" "--manifest-path" "Cargo.toml", kill_on_drop: false }`
[INFO] [stderr]     Updating crates.io index
[INFO] [stderr]      Locking 56 packages to latest compatible versions
[INFO] [stderr]       Adding googleapis-tonic-google-api v0.9.0 (available: v0.10.0)
[INFO] running `Command { std: CARGO_HOME="/workspace/cargo-home" RUSTUP_HOME="/workspace/rustup-home" "/workspace/cargo-home/bin/cargo" "+nightly-2024-10-28" "fetch" "--manifest-path" "Cargo.toml", kill_on_drop: false }`
[INFO] [stderr]  Downloading crates ...
[INFO] [stderr]   Downloaded googleapis-tonic-google-type v0.8.0
[INFO] [stderr]   Downloaded googleapis-tonic-google-api v0.9.0
[INFO] running `Command { std: "docker" "create" "-v" "/var/lib/crater-agent-workspace/builds/worker-2-tc1/target:/opt/rustwide/target:rw,Z" "-v" "/var/lib/crater-agent-workspace/builds/worker-2-tc1/source:/opt/rustwide/workdir:ro,Z" "-v" "/var/lib/crater-agent-workspace/cargo-home:/opt/rustwide/cargo-home:ro,Z" "-v" "/var/lib/crater-agent-workspace/rustup-home:/opt/rustwide/rustup-home:ro,Z" "-e" "SOURCE_DIR=/opt/rustwide/workdir" "-e" "CARGO_TARGET_DIR=/opt/rustwide/target" "-e" "CARGO_HOME=/opt/rustwide/cargo-home" "-e" "RUSTUP_HOME=/opt/rustwide/rustup-home" "-w" "/opt/rustwide/workdir" "-m" "1610612736" "--user" "0:0" "--network" "none" "ghcr.io/rust-lang/crates-build-env/linux@sha256:4a844ea9eb2546a2d2c7022eacef16ef2e8229c7fbb2c7d4d55a9ceca922f72d" "/opt/rustwide/cargo-home/bin/cargo" "+nightly-2024-10-28" "metadata" "--no-deps" "--format-version=1", kill_on_drop: false }`
[INFO] [stdout] c50065736c47332843486ea69222893f658824c61d4a41b8bba68a64059c5d1f
[INFO] running `Command { std: "docker" "start" "-a" "c50065736c47332843486ea69222893f658824c61d4a41b8bba68a64059c5d1f", kill_on_drop: false }`
[INFO] running `Command { std: "docker" "inspect" "c50065736c47332843486ea69222893f658824c61d4a41b8bba68a64059c5d1f", kill_on_drop: false }`
[INFO] running `Command { std: "docker" "rm" "-f" "c50065736c47332843486ea69222893f658824c61d4a41b8bba68a64059c5d1f", kill_on_drop: false }`
[INFO] [stdout] c50065736c47332843486ea69222893f658824c61d4a41b8bba68a64059c5d1f
[INFO] running `Command { std: "docker" "create" "-v" "/var/lib/crater-agent-workspace/builds/worker-2-tc1/target:/opt/rustwide/target:rw,Z" "-v" "/var/lib/crater-agent-workspace/builds/worker-2-tc1/source:/opt/rustwide/workdir:ro,Z" "-v" "/var/lib/crater-agent-workspace/cargo-home:/opt/rustwide/cargo-home:ro,Z" "-v" "/var/lib/crater-agent-workspace/rustup-home:/opt/rustwide/rustup-home:ro,Z" "-e" "SOURCE_DIR=/opt/rustwide/workdir" "-e" "CARGO_TARGET_DIR=/opt/rustwide/target" "-e" "CARGO_INCREMENTAL=0" "-e" "RUST_BACKTRACE=full" "-e" "RUSTFLAGS=--cap-lints=forbid" "-e" "RUSTDOCFLAGS=--cap-lints=forbid" "-e" "CARGO_HOME=/opt/rustwide/cargo-home" "-e" "RUSTUP_HOME=/opt/rustwide/rustup-home" "-w" "/opt/rustwide/workdir" "-m" "1610612736" "--user" "0:0" "--network" "none" "ghcr.io/rust-lang/crates-build-env/linux@sha256:4a844ea9eb2546a2d2c7022eacef16ef2e8229c7fbb2c7d4d55a9ceca922f72d" "/opt/rustwide/cargo-home/bin/cargo" "+nightly-2024-10-28" "build" "--frozen" "--message-format=json", kill_on_drop: false }`
[INFO] [stdout] c9d80ffcdb5e6aa0c94acfb01bc295ecae896bd70164ae67010579559ebdb3c6
[INFO] running `Command { std: "docker" "start" "-a" "c9d80ffcdb5e6aa0c94acfb01bc295ecae896bd70164ae67010579559ebdb3c6", kill_on_drop: false }`
[INFO] [stderr]    Compiling either v1.13.0
[INFO] [stderr]    Compiling futures-task v0.3.31
[INFO] [stderr]    Compiling tower-layer v0.3.3
[INFO] [stderr]    Compiling anyhow v1.0.92
[INFO] [stderr]    Compiling tokio v1.41.0
[INFO] [stderr]    Compiling tracing-attributes v0.1.27
[INFO] [stderr]    Compiling pin-project-internal v1.1.7
[INFO] [stderr]    Compiling futures-util v0.3.31
[INFO] [stderr]    Compiling itertools v0.13.0
[INFO] [stderr]    Compiling pin-project v1.1.7
[INFO] [stderr]    Compiling tracing v0.1.40
[INFO] [stderr]    Compiling tokio-stream v0.1.16
[INFO] [stderr]    Compiling http-body-util v0.1.2
[INFO] [stderr]    Compiling prost-derive v0.13.3
[INFO] [stderr]    Compiling prost v0.13.3
[INFO] [stderr]    Compiling prost-types v0.13.3
[INFO] [stderr]    Compiling tonic v0.12.3
[INFO] [stderr]    Compiling googleapis-tonic-google-api v0.9.0
[INFO] [stderr]    Compiling googleapis-tonic-google-type v0.8.0
[INFO] [stderr]    Compiling googleapis-tonic-google-ads-admob-v1 v0.9.0 (/opt/rustwide/workdir)
[INFO] [stderr]     Finished `dev` profile [unoptimized + debuginfo] target(s) in 4.19s
[INFO] running `Command { std: "docker" "inspect" "c9d80ffcdb5e6aa0c94acfb01bc295ecae896bd70164ae67010579559ebdb3c6", kill_on_drop: false }`
[INFO] running `Command { std: "docker" "rm" "-f" "c9d80ffcdb5e6aa0c94acfb01bc295ecae896bd70164ae67010579559ebdb3c6", kill_on_drop: false }`
[INFO] [stdout] c9d80ffcdb5e6aa0c94acfb01bc295ecae896bd70164ae67010579559ebdb3c6
[INFO] running `Command { std: "docker" "create" "-v" "/var/lib/crater-agent-workspace/builds/worker-2-tc1/target:/opt/rustwide/target:rw,Z" "-v" "/var/lib/crater-agent-workspace/builds/worker-2-tc1/source:/opt/rustwide/workdir:ro,Z" "-v" "/var/lib/crater-agent-workspace/cargo-home:/opt/rustwide/cargo-home:ro,Z" "-v" "/var/lib/crater-agent-workspace/rustup-home:/opt/rustwide/rustup-home:ro,Z" "-e" "SOURCE_DIR=/opt/rustwide/workdir" "-e" "CARGO_TARGET_DIR=/opt/rustwide/target" "-e" "CARGO_INCREMENTAL=0" "-e" "RUST_BACKTRACE=full" "-e" "RUSTFLAGS=--cap-lints=forbid" "-e" "RUSTDOCFLAGS=--cap-lints=forbid" "-e" "CARGO_HOME=/opt/rustwide/cargo-home" "-e" "RUSTUP_HOME=/opt/rustwide/rustup-home" "-w" "/opt/rustwide/workdir" "-m" "1610612736" "--user" "0:0" "--network" "none" "ghcr.io/rust-lang/crates-build-env/linux@sha256:4a844ea9eb2546a2d2c7022eacef16ef2e8229c7fbb2c7d4d55a9ceca922f72d" "/opt/rustwide/cargo-home/bin/cargo" "+nightly-2024-10-28" "test" "--frozen" "--no-run" "--message-format=json", kill_on_drop: false }`
[INFO] [stdout] b793ce2b7adbdf40ca368c84822af6354df0c9f1a3ea05627e775ceb77aed37f
[INFO] running `Command { std: "docker" "start" "-a" "b793ce2b7adbdf40ca368c84822af6354df0c9f1a3ea05627e775ceb77aed37f", kill_on_drop: false }`
[INFO] [stderr]    Compiling googleapis-tonic-google-ads-admob-v1 v0.9.0 (/opt/rustwide/workdir)
[INFO] [stderr]     Finished `test` profile [unoptimized + debuginfo] target(s) in 0.38s
[INFO] running `Command { std: "docker" "inspect" "b793ce2b7adbdf40ca368c84822af6354df0c9f1a3ea05627e775ceb77aed37f", kill_on_drop: false }`
[INFO] running `Command { std: "docker" "rm" "-f" "b793ce2b7adbdf40ca368c84822af6354df0c9f1a3ea05627e775ceb77aed37f", kill_on_drop: false }`
[INFO] [stdout] b793ce2b7adbdf40ca368c84822af6354df0c9f1a3ea05627e775ceb77aed37f
[INFO] running `Command { std: "docker" "create" "-v" "/var/lib/crater-agent-workspace/builds/worker-2-tc1/target:/opt/rustwide/target:rw,Z" "-v" "/var/lib/crater-agent-workspace/builds/worker-2-tc1/source:/opt/rustwide/workdir:ro,Z" "-v" "/var/lib/crater-agent-workspace/cargo-home:/opt/rustwide/cargo-home:ro,Z" "-v" "/var/lib/crater-agent-workspace/rustup-home:/opt/rustwide/rustup-home:ro,Z" "-e" "SOURCE_DIR=/opt/rustwide/workdir" "-e" "CARGO_TARGET_DIR=/opt/rustwide/target" "-e" "CARGO_INCREMENTAL=0" "-e" "RUST_BACKTRACE=full" "-e" "RUSTFLAGS=--cap-lints=forbid" "-e" "RUSTDOCFLAGS=--cap-lints=forbid" "-e" "CARGO_HOME=/opt/rustwide/cargo-home" "-e" "RUSTUP_HOME=/opt/rustwide/rustup-home" "-w" "/opt/rustwide/workdir" "-m" "1610612736" "--user" "0:0" "--network" "none" "ghcr.io/rust-lang/crates-build-env/linux@sha256:4a844ea9eb2546a2d2c7022eacef16ef2e8229c7fbb2c7d4d55a9ceca922f72d" "/opt/rustwide/cargo-home/bin/cargo" "+nightly-2024-10-28" "test" "--frozen", kill_on_drop: false }`
[INFO] [stdout] 562db30c86d0b7fc4be4125cb0493a41113f1c54e245efac2b6245986257c37b
[INFO] running `Command { std: "docker" "start" "-a" "562db30c86d0b7fc4be4125cb0493a41113f1c54e245efac2b6245986257c37b", kill_on_drop: false }`
[INFO] [stderr]     Finished `test` profile [unoptimized + debuginfo] target(s) in 0.04s
[INFO] [stderr]      Running unittests src/lib.rs (/opt/rustwide/target/debug/deps/googleapis_tonic_google_ads_admob_v1-ac93436a7e139013)
[INFO] [stdout] 
[INFO] [stdout] running 0 tests
[INFO] [stdout] 
[INFO] [stdout] test result: ok. 0 passed; 0 failed; 0 ignored; 0 measured; 0 filtered out; finished in 0.00s
[INFO] [stdout] 
[INFO] [stderr]    Doc-tests googleapis_tonic_google_ads_admob_v1
[INFO] [stdout] 
[INFO] [stdout] running 6 tests
[INFO] [stdout] test src/vec_u8_hash_map/google.ads.admob.v1.rs - vec_u8_hash_map::google::ads::admob::v1::GenerateNetworkReportResponse (line 990) ... FAILED
[INFO] [stdout] test src/vec_u8_hash_map/google.ads.admob.v1.rs - vec_u8_hash_map::google::ads::admob::v1::NetworkReportSpec (line 55) ... FAILED
[INFO] [stdout] test src/vec_u8_hash_map/google.ads.admob.v1.rs - vec_u8_hash_map::google::ads::admob::v1::MediationReportSpec (line 357) ... FAILED
[INFO] [stdout] test src/vec_u8_hash_map/google.ads.admob.v1.rs - vec_u8_hash_map::google::ads::admob::v1::NetworkReportSpec (line 29) ... FAILED
[INFO] [stdout] test src/vec_u8_hash_map/google.ads.admob.v1.rs - vec_u8_hash_map::google::ads::admob::v1::GenerateMediationReportResponse (line 920) ... FAILED
[INFO] [stdout] test src/vec_u8_hash_map/google.ads.admob.v1.rs - vec_u8_hash_map::google::ads::admob::v1::MediationReportSpec (line 332) ... FAILED
[INFO] [stdout] 
[INFO] [stdout] failures:
[INFO] [stdout] 
[INFO] [stdout] ---- src/vec_u8_hash_map/google.ads.admob.v1.rs - vec_u8_hash_map::google::ads::admob::v1::GenerateNetworkReportResponse (line 990) stdout ----
[INFO] [stdout] error: expected one of `.`, `;`, `?`, `}`, or an operator, found `:`
[INFO] [stdout]  --> src/vec_u8_hash_map/google.ads.admob.v1.rs:992:12
[INFO] [stdout]   |
[INFO] [stdout] 4 |    "header": {
[INFO] [stdout]   |            ^ expected one of `.`, `;`, `?`, `}`, or an operator
[INFO] [stdout] 
[INFO] [stdout] error: expected one of `.`, `;`, `?`, `}`, or an operator, found `:`
[INFO] [stdout]   --> src/vec_u8_hash_map/google.ads.admob.v1.rs:1004:9
[INFO] [stdout]    |
[INFO] [stdout] 16 |    "row": {
[INFO] [stdout]    |         ^ expected one of `.`, `;`, `?`, `}`, or an operator
[INFO] [stdout] 
[INFO] [stdout] error: expected one of `.`, `;`, `?`, `}`, or an operator, found `:`
[INFO] [stdout]   --> src/vec_u8_hash_map/google.ads.admob.v1.rs:1018:12
[INFO] [stdout]    |
[INFO] [stdout] 30 |    "footer": {"matchingRowCount": 1}
[INFO] [stdout]    |            ^ expected one of `.`, `;`, `?`, `}`, or an operator
[INFO] [stdout] 
[INFO] [stdout] error: aborting due to 3 previous errors
[INFO] [stdout] 
[INFO] [stdout] Couldn't compile the test.
[INFO] [stdout] ---- src/vec_u8_hash_map/google.ads.admob.v1.rs - vec_u8_hash_map::google::ads::admob::v1::NetworkReportSpec (line 55) stdout ----
[INFO] [stdout] error: character literal may only contain one codepoint
[INFO] [stdout]  --> src/vec_u8_hash_map/google.ads.admob.v1.rs:58:27
[INFO] [stdout]   |
[INFO] [stdout] 3 |  WHERE DATE >= '2018-09-01' AND DATE <= '2018-09-30'
[INFO] [stdout]   |                           ^^^^^^^^^^^^^^^
[INFO] [stdout]   |
[INFO] [stdout] help: if you meant to write a string literal, use double quotes
[INFO] [stdout]   |
[INFO] [stdout] 3 |  WHERE DATE >= '2018-09-01" AND DATE <= "2018-09-30'
[INFO] [stdout]   |                           ~             ~
[INFO] [stdout] 
[INFO] [stdout] error[E0762]: unterminated character literal
[INFO] [stdout]  --> src/vec_u8_hash_map/google.ads.admob.v1.rs:58:52
[INFO] [stdout]   |
[INFO] [stdout] 3 |  WHERE DATE >= '2018-09-01' AND DATE <= '2018-09-30'
[INFO] [stdout]   |                                                    ^
[INFO] [stdout]   |
[INFO] [stdout] help: if you meant to write a string literal, use double quotes
[INFO] [stdout]   |
[INFO] [stdout] 3 |  WHERE DATE >= "2018-09-01' AND DATE <= '2018-09-30"
[INFO] [stdout]   |                ~                                   ~
[INFO] [stdout] 
[INFO] [stdout] error: lifetimes cannot start with a number
[INFO] [stdout]  --> src/vec_u8_hash_map/google.ads.admob.v1.rs:58:16
[INFO] [stdout]   |
[INFO] [stdout] 3 |  WHERE DATE >= '2018-09-01' AND DATE <= '2018-09-30'
[INFO] [stdout]   |                ^^^^^
[INFO] [stdout] 
[INFO] [stdout] error: aborting due to 3 previous errors
[INFO] [stdout] 
[INFO] [stdout] For more information about this error, try `rustc --explain E0762`.
[INFO] [stdout] Couldn't compile the test.
[INFO] [stdout] ---- src/vec_u8_hash_map/google.ads.admob.v1.rs - vec_u8_hash_map::google::ads::admob::v1::MediationReportSpec (line 357) stdout ----
[INFO] [stdout] error: character literal may only contain one codepoint
[INFO] [stdout]  --> src/vec_u8_hash_map/google.ads.admob.v1.rs:360:27
[INFO] [stdout]   |
[INFO] [stdout] 3 |  WHERE DATE >= '2018-09-01' AND DATE <= '2018-09-30'
[INFO] [stdout]   |                           ^^^^^^^^^^^^^^^
[INFO] [stdout]   |
[INFO] [stdout] help: if you meant to write a string literal, use double quotes
[INFO] [stdout]   |
[INFO] [stdout] 3 |  WHERE DATE >= '2018-09-01" AND DATE <= "2018-09-30'
[INFO] [stdout]   |                           ~             ~
[INFO] [stdout] 
[INFO] [stdout] error[E0762]: unterminated character literal
[INFO] [stdout]  --> src/vec_u8_hash_map/google.ads.admob.v1.rs:360:52
[INFO] [stdout]   |
[INFO] [stdout] 3 |  WHERE DATE >= '2018-09-01' AND DATE <= '2018-09-30'
[INFO] [stdout]   |                                                    ^
[INFO] [stdout]   |
[INFO] [stdout] help: if you meant to write a string literal, use double quotes
[INFO] [stdout]   |
[INFO] [stdout] 3 |  WHERE DATE >= "2018-09-01' AND DATE <= '2018-09-30"
[INFO] [stdout]   |                ~                                   ~
[INFO] [stdout] 
[INFO] [stdout] error: lifetimes cannot start with a number
[INFO] [stdout]  --> src/vec_u8_hash_map/google.ads.admob.v1.rs:360:16
[INFO] [stdout]   |
[INFO] [stdout] 3 |  WHERE DATE >= '2018-09-01' AND DATE <= '2018-09-30'
[INFO] [stdout]   |                ^^^^^
[INFO] [stdout] 
[INFO] [stdout] error: aborting due to 3 previous errors
[INFO] [stdout] 
[INFO] [stdout] For more information about this error, try `rustc --explain E0762`.
[INFO] [stdout] Couldn't compile the test.
[INFO] [stdout] ---- src/vec_u8_hash_map/google.ads.admob.v1.rs - vec_u8_hash_map::google::ads::admob::v1::NetworkReportSpec (line 29) stdout ----
[INFO] [stdout] error: character literal may only contain one codepoint
[INFO] [stdout]  --> src/vec_u8_hash_map/google.ads.admob.v1.rs:31:4
[INFO] [stdout]   |
[INFO] [stdout] 2 |    'date_range': {
[INFO] [stdout]   |    ^^^^^^^^^^^^
[INFO] [stdout]   |
[INFO] [stdout] help: if you meant to write a string literal, use double quotes
[INFO] [stdout]   |
[INFO] [stdout] 2 |    "date_range": {
[INFO] [stdout]   |    ~          ~
[INFO] [stdout] 
[INFO] [stdout] error: character literal may only contain one codepoint
[INFO] [stdout]  --> src/vec_u8_hash_map/google.ads.admob.v1.rs:32:6
[INFO] [stdout]   |
[INFO] [stdout] 3 |      'start_date': {'year': 2018, 'month': 9, 'day': 1},
[INFO] [stdout]   |      ^^^^^^^^^^^^
[INFO] [stdout]   |
[INFO] [stdout] help: if you meant to write a string literal, use double quotes
[INFO] [stdout]   |
[INFO] [stdout] 3 |      "start_date": {'year': 2018, 'month': 9, 'day': 1},
[INFO] [stdout]   |      ~          ~
[INFO] [stdout] 
[INFO] [stdout] error: character literal may only contain one codepoint
[INFO] [stdout]  --> src/vec_u8_hash_map/google.ads.admob.v1.rs:32:21
[INFO] [stdout]   |
[INFO] [stdout] 3 |      'start_date': {'year': 2018, 'month': 9, 'day': 1},
[INFO] [stdout]   |                     ^^^^^^
[INFO] [stdout]   |
[INFO] [stdout] help: if you meant to write a string literal, use double quotes
[INFO] [stdout]   |
[INFO] [stdout] 3 |      'start_date': {"year": 2018, 'month': 9, 'day': 1},
[INFO] [stdout]   |                     ~    ~
[INFO] [stdout] 
[INFO] [stdout] error: character literal may only contain one codepoint
[INFO] [stdout]  --> src/vec_u8_hash_map/google.ads.admob.v1.rs:32:35
[INFO] [stdout]   |
[INFO] [stdout] 3 |      'start_date': {'year': 2018, 'month': 9, 'day': 1},
[INFO] [stdout]   |                                   ^^^^^^^
[INFO] [stdout]   |
[INFO] [stdout] help: if you meant to write a string literal, use double quotes
[INFO] [stdout]   |
[INFO] [stdout] 3 |      'start_date': {'year': 2018, "month": 9, 'day': 1},
[INFO] [stdout]   |                                   ~     ~
[INFO] [stdout] 
[INFO] [stdout] error: character literal may only contain one codepoint
[INFO] [stdout]  --> src/vec_u8_hash_map/google.ads.admob.v1.rs:32:47
[INFO] [stdout]   |
[INFO] [stdout] 3 |      'start_date': {'year': 2018, 'month': 9, 'day': 1},
[INFO] [stdout]   |                                               ^^^^^
[INFO] [stdout]   |
[INFO] [stdout] help: if you meant to write a string literal, use double quotes
[INFO] [stdout]   |
[INFO] [stdout] 3 |      'start_date': {'year': 2018, 'month': 9, "day": 1},
[INFO] [stdout]   |                                               ~   ~
[INFO] [stdout] 
[INFO] [stdout] error: character literal may only contain one codepoint
[INFO] [stdout]  --> src/vec_u8_hash_map/google.ads.admob.v1.rs:33:6
[INFO] [stdout]   |
[INFO] [stdout] 4 |      'end_date': {'year': 2018, 'month': 9, 'day': 30}
[INFO] [stdout]   |      ^^^^^^^^^^
[INFO] [stdout]   |
[INFO] [stdout] help: if you meant to write a string literal, use double quotes
[INFO] [stdout]   |
[INFO] [stdout] 4 |      "end_date": {'year': 2018, 'month': 9, 'day': 30}
[INFO] [stdout]   |      ~        ~
[INFO] [stdout] 
[INFO] [stdout] error: character literal may only contain one codepoint
[INFO] [stdout]  --> src/vec_u8_hash_map/google.ads.admob.v1.rs:33:19
[INFO] [stdout]   |
[INFO] [stdout] 4 |      'end_date': {'year': 2018, 'month': 9, 'day': 30}
[INFO] [stdout]   |                   ^^^^^^
[INFO] [stdout]   |
[INFO] [stdout] help: if you meant to write a string literal, use double quotes
[INFO] [stdout]   |
[INFO] [stdout] 4 |      'end_date': {"year": 2018, 'month': 9, 'day': 30}
[INFO] [stdout]   |                   ~    ~
[INFO] [stdout] 
[INFO] [stdout] error: character literal may only contain one codepoint
[INFO] [stdout]  --> src/vec_u8_hash_map/google.ads.admob.v1.rs:33:33
[INFO] [stdout]   |
[INFO] [stdout] 4 |      'end_date': {'year': 2018, 'month': 9, 'day': 30}
[INFO] [stdout]   |                                 ^^^^^^^
[INFO] [stdout]   |
[INFO] [stdout] help: if you meant to write a string literal, use double quotes
[INFO] [stdout]   |
[INFO] [stdout] 4 |      'end_date': {'year': 2018, "month": 9, 'day': 30}
[INFO] [stdout]   |                                 ~     ~
[INFO] [stdout] 
[INFO] [stdout] error: character literal may only contain one codepoint
[INFO] [stdout]  --> src/vec_u8_hash_map/google.ads.admob.v1.rs:33:45
[INFO] [stdout]   |
[INFO] [stdout] 4 |      'end_date': {'year': 2018, 'month': 9, 'day': 30}
[INFO] [stdout]   |                                             ^^^^^
[INFO] [stdout]   |
[INFO] [stdout] help: if you meant to write a string literal, use double quotes
[INFO] [stdout]   |
[INFO] [stdout] 4 |      'end_date': {'year': 2018, 'month': 9, "day": 30}
[INFO] [stdout]   |                                             ~   ~
[INFO] [stdout] 
[INFO] [stdout] error: character literal may only contain one codepoint
[INFO] [stdout]  --> src/vec_u8_hash_map/google.ads.admob.v1.rs:35:4
[INFO] [stdout]   |
[INFO] [stdout] 6 |    'dimensions': \['DATE', 'APP', 'COUNTRY'\],
[INFO] [stdout]   |    ^^^^^^^^^^^^
[INFO] [stdout]   |
[INFO] [stdout] help: if you meant to write a string literal, use double quotes
[INFO] [stdout]   |
[INFO] [stdout] 6 |    "dimensions": \['DATE', 'APP', 'COUNTRY'\],
[INFO] [stdout]   |    ~          ~
[INFO] [stdout] 
[INFO] [stdout] error: unknown start of token: \
[INFO] [stdout]  --> src/vec_u8_hash_map/google.ads.admob.v1.rs:35:18
[INFO] [stdout]   |
[INFO] [stdout] 6 |    'dimensions': \['DATE', 'APP', 'COUNTRY'\],
[INFO] [stdout]   |                  ^
[INFO] [stdout] 
[INFO] [stdout] error: character literal may only contain one codepoint
[INFO] [stdout]  --> src/vec_u8_hash_map/google.ads.admob.v1.rs:35:20
[INFO] [stdout]   |
[INFO] [stdout] 6 |    'dimensions': \['DATE', 'APP', 'COUNTRY'\],
[INFO] [stdout]   |                    ^^^^^^
[INFO] [stdout]   |
[INFO] [stdout] help: if you meant to write a string literal, use double quotes
[INFO] [stdout]   |
[INFO] [stdout] 6 |    'dimensions': \["DATE", 'APP', 'COUNTRY'\],
[INFO] [stdout]   |                    ~    ~
[INFO] [stdout] 
[INFO] [stdout] error: character literal may only contain one codepoint
[INFO] [stdout]  --> src/vec_u8_hash_map/google.ads.admob.v1.rs:35:28
[INFO] [stdout]   |
[INFO] [stdout] 6 |    'dimensions': \['DATE', 'APP', 'COUNTRY'\],
[INFO] [stdout]   |                            ^^^^^
[INFO] [stdout]   |
[INFO] [stdout] help: if you meant to write a string literal, use double quotes
[INFO] [stdout]   |
[INFO] [stdout] 6 |    'dimensions': \['DATE', "APP", 'COUNTRY'\],
[INFO] [stdout]   |                            ~   ~
[INFO] [stdout] 
[INFO] [stdout] error: character literal may only contain one codepoint
[INFO] [stdout]  --> src/vec_u8_hash_map/google.ads.admob.v1.rs:35:35
[INFO] [stdout]   |
[INFO] [stdout] 6 |    'dimensions': \['DATE', 'APP', 'COUNTRY'\],
[INFO] [stdout]   |                                   ^^^^^^^^^
[INFO] [stdout]   |
[INFO] [stdout] help: if you meant to write a string literal, use double quotes
[INFO] [stdout]   |
[INFO] [stdout] 6 |    'dimensions': \['DATE', 'APP', "COUNTRY"\],
[INFO] [stdout]   |                                   ~       ~
[INFO] [stdout] 
[INFO] [stdout] error: unknown start of token: \
[INFO] [stdout]  --> src/vec_u8_hash_map/google.ads.admob.v1.rs:35:44
[INFO] [stdout]   |
[INFO] [stdout] 6 |    'dimensions': \['DATE', 'APP', 'COUNTRY'\],
[INFO] [stdout]   |                                            ^
[INFO] [stdout] 
[INFO] [stdout] error: character literal may only contain one codepoint
[INFO] [stdout]  --> src/vec_u8_hash_map/google.ads.admob.v1.rs:36:4
[INFO] [stdout]   |
[INFO] [stdout] 7 |    'metrics': \['CLICKS', 'ESTIMATED_EARNINGS'\],
[INFO] [stdout]   |    ^^^^^^^^^
[INFO] [stdout]   |
[INFO] [stdout] help: if you meant to write a string literal, use double quotes
[INFO] [stdout]   |
[INFO] [stdout] 7 |    "metrics": \['CLICKS', 'ESTIMATED_EARNINGS'\],
[INFO] [stdout]   |    ~       ~
[INFO] [stdout] 
[INFO] [stdout] error: unknown start of token: \
[INFO] [stdout]  --> src/vec_u8_hash_map/google.ads.admob.v1.rs:36:15
[INFO] [stdout]   |
[INFO] [stdout] 7 |    'metrics': \['CLICKS', 'ESTIMATED_EARNINGS'\],
[INFO] [stdout]   |               ^
[INFO] [stdout] 
[INFO] [stdout] error: character literal may only contain one codepoint
[INFO] [stdout]  --> src/vec_u8_hash_map/google.ads.admob.v1.rs:36:17
[INFO] [stdout]   |
[INFO] [stdout] 7 |    'metrics': \['CLICKS', 'ESTIMATED_EARNINGS'\],
[INFO] [stdout]   |                 ^^^^^^^^
[INFO] [stdout]   |
[INFO] [stdout] help: if you meant to write a string literal, use double quotes
[INFO] [stdout]   |
[INFO] [stdout] 7 |    'metrics': \["CLICKS", 'ESTIMATED_EARNINGS'\],
[INFO] [stdout]   |                 ~      ~
[INFO] [stdout] 
[INFO] [stdout] error: character literal may only contain one codepoint
[INFO] [stdout]  --> src/vec_u8_hash_map/google.ads.admob.v1.rs:36:27
[INFO] [stdout]   |
[INFO] [stdout] 7 |    'metrics': \['CLICKS', 'ESTIMATED_EARNINGS'\],
[INFO] [stdout]   |                           ^^^^^^^^^^^^^^^^^^^^
[INFO] [stdout]   |
[INFO] [stdout] help: if you meant to write a string literal, use double quotes
[INFO] [stdout]   |
[INFO] [stdout] 7 |    'metrics': \['CLICKS', "ESTIMATED_EARNINGS"\],
[INFO] [stdout]   |                           ~                  ~
[INFO] [stdout] 
[INFO] [stdout] error: unknown start of token: \
[INFO] [stdout]  --> src/vec_u8_hash_map/google.ads.admob.v1.rs:36:47
[INFO] [stdout]   |
[INFO] [stdout] 7 |    'metrics': \['CLICKS', 'ESTIMATED_EARNINGS'\],
[INFO] [stdout]   |                                               ^
[INFO] [stdout] 
[INFO] [stdout] error: character literal may only contain one codepoint
[INFO] [stdout]  --> src/vec_u8_hash_map/google.ads.admob.v1.rs:37:4
[INFO] [stdout]   |
[INFO] [stdout] 8 |    'dimension_filters': [
[INFO] [stdout]   |    ^^^^^^^^^^^^^^^^^^^
[INFO] [stdout]   |
[INFO] [stdout] help: if you meant to write a string literal, use double quotes
[INFO] [stdout]   |
[INFO] [stdout] 8 |    "dimension_filters": [
[INFO] [stdout]   |    ~                 ~
[INFO] [stdout] 
[INFO] [stdout] error: character literal may only contain one codepoint
[INFO] [stdout]   --> src/vec_u8_hash_map/google.ads.admob.v1.rs:39:8
[INFO] [stdout]    |
[INFO] [stdout] 10 |        'dimension': 'COUNTRY',
[INFO] [stdout]    |        ^^^^^^^^^^^
[INFO] [stdout]    |
[INFO] [stdout] help: if you meant to write a string literal, use double quotes
[INFO] [stdout]    |
[INFO] [stdout] 10 |        "dimension": 'COUNTRY',
[INFO] [stdout]    |        ~         ~
[INFO] [stdout] 
[INFO] [stdout] error: character literal may only contain one codepoint
[INFO] [stdout]   --> src/vec_u8_hash_map/google.ads.admob.v1.rs:39:21
[INFO] [stdout]    |
[INFO] [stdout] 10 |        'dimension': 'COUNTRY',
[INFO] [stdout]    |                     ^^^^^^^^^
[INFO] [stdout]    |
[INFO] [stdout] help: if you meant to write a string literal, use double quotes
[INFO] [stdout]    |
[INFO] [stdout] 10 |        'dimension': "COUNTRY",
[INFO] [stdout]    |                     ~       ~
[INFO] [stdout] 
[INFO] [stdout] error: character literal may only contain one codepoint
[INFO] [stdout]   --> src/vec_u8_hash_map/google.ads.admob.v1.rs:40:8
[INFO] [stdout]    |
[INFO] [stdout] 11 |        'matches_any': {'values': \[{'value': 'US', 'value': 'CN'}\]}
[INFO] [stdout]    |        ^^^^^^^^^^^^^
[INFO] [stdout]    |
[INFO] [stdout] help: if you meant to write a string literal, use double quotes
[INFO] [stdout]    |
[INFO] [stdout] 11 |        "matches_any": {'values': \[{'value': 'US', 'value': 'CN'}\]}
[INFO] [stdout]    |        ~           ~
[INFO] [stdout] 
[INFO] [stdout] error: character literal may only contain one codepoint
[INFO] [stdout]   --> src/vec_u8_hash_map/google.ads.admob.v1.rs:40:24
[INFO] [stdout]    |
[INFO] [stdout] 11 |        'matches_any': {'values': \[{'value': 'US', 'value': 'CN'}\]}
[INFO] [stdout]    |                        ^^^^^^^^
[INFO] [stdout]    |
[INFO] [stdout] help: if you meant to write a string literal, use double quotes
[INFO] [stdout]    |
[INFO] [stdout] 11 |        'matches_any': {"values": \[{'value': 'US', 'value': 'CN'}\]}
[INFO] [stdout]    |                        ~      ~
[INFO] [stdout] 
[INFO] [stdout] error: unknown start of token: \
[INFO] [stdout]   --> src/vec_u8_hash_map/google.ads.admob.v1.rs:40:34
[INFO] [stdout]    |
[INFO] [stdout] 11 |        'matches_any': {'values': \[{'value': 'US', 'value': 'CN'}\]}
[INFO] [stdout]    |                                  ^
[INFO] [stdout] 
[INFO] [stdout] error: character literal may only contain one codepoint
[INFO] [stdout]   --> src/vec_u8_hash_map/google.ads.admob.v1.rs:40:37
[INFO] [stdout]    |
[INFO] [stdout] 11 |        'matches_any': {'values': \[{'value': 'US', 'value': 'CN'}\]}
[INFO] [stdout]    |                                     ^^^^^^^
[INFO] [stdout]    |
[INFO] [stdout] help: if you meant to write a string literal, use double quotes
[INFO] [stdout]    |
[INFO] [stdout] 11 |        'matches_any': {'values': \[{"value": 'US', 'value': 'CN'}\]}
[INFO] [stdout]    |                                     ~     ~
[INFO] [stdout] 
[INFO] [stdout] error: character literal may only contain one codepoint
[INFO] [stdout]   --> src/vec_u8_hash_map/google.ads.admob.v1.rs:40:46
[INFO] [stdout]    |
[INFO] [stdout] 11 |        'matches_any': {'values': \[{'value': 'US', 'value': 'CN'}\]}
[INFO] [stdout]    |                                              ^^^^
[INFO] [stdout]    |
[INFO] [stdout] help: if you meant to write a string literal, use double quotes
[INFO] [stdout]    |
[INFO] [stdout] 11 |        'matches_any': {'values': \[{'value': "US", 'value': 'CN'}\]}
[INFO] [stdout]    |                                              ~  ~
[INFO] [stdout] 
[INFO] [stdout] error: character literal may only contain one codepoint
[INFO] [stdout]   --> src/vec_u8_hash_map/google.ads.admob.v1.rs:40:52
[INFO] [stdout]    |
[INFO] [stdout] 11 |        'matches_any': {'values': \[{'value': 'US', 'value': 'CN'}\]}
[INFO] [stdout]    |                                                    ^^^^^^^
[INFO] [stdout]    |
[INFO] [stdout] help: if you meant to write a string literal, use double quotes
[INFO] [stdout]    |
[INFO] [stdout] 11 |        'matches_any': {'values': \[{'value': 'US', "value": 'CN'}\]}
[INFO] [stdout]    |                                                    ~     ~
[INFO] [stdout] 
[INFO] [stdout] error: character literal may only contain one codepoint
[INFO] [stdout]   --> src/vec_u8_hash_map/google.ads.admob.v1.rs:40:61
[INFO] [stdout]    |
[INFO] [stdout] 11 |        'matches_any': {'values': \[{'value': 'US', 'value': 'CN'}\]}
[INFO] [stdout]    |                                                             ^^^^
[INFO] [stdout]    |
[INFO] [stdout] help: if you meant to write a string literal, use double quotes
[INFO] [stdout]    |
[INFO] [stdout] 11 |        'matches_any': {'values': \[{'value': 'US', 'value': "CN"}\]}
[INFO] [stdout]    |                                                             ~  ~
[INFO] [stdout] 
[INFO] [stdout] error: unknown start of token: \
[INFO] [stdout]   --> src/vec_u8_hash_map/google.ads.admob.v1.rs:40:66
[INFO] [stdout]    |
[INFO] [stdout] 11 |        'matches_any': {'values': \[{'value': 'US', 'value': 'CN'}\]}
[INFO] [stdout]    |                                                                  ^
[INFO] [stdout] 
[INFO] [stdout] error: character literal may only contain one codepoint
[INFO] [stdout]   --> src/vec_u8_hash_map/google.ads.admob.v1.rs:43:4
[INFO] [stdout]    |
[INFO] [stdout] 14 |    'sort_conditions': [
[INFO] [stdout]    |    ^^^^^^^^^^^^^^^^^
[INFO] [stdout]    |
[INFO] [stdout] help: if you meant to write a string literal, use double quotes
[INFO] [stdout]    |
[INFO] [stdout] 14 |    "sort_conditions": [
[INFO] [stdout]    |    ~               ~
[INFO] [stdout] 
[INFO] [stdout] error: character literal may only contain one codepoint
[INFO] [stdout]   --> src/vec_u8_hash_map/google.ads.admob.v1.rs:44:7
[INFO] [stdout]    |
[INFO] [stdout] 15 |      {'dimension':'APP', order: 'ASCENDING'},
[INFO] [stdout]    |       ^^^^^^^^^^^
[INFO] [stdout]    |
[INFO] [stdout] help: if you meant to write a string literal, use double quotes
[INFO] [stdout]    |
[INFO] [stdout] 15 |      {"dimension":'APP', order: 'ASCENDING'},
[INFO] [stdout]    |       ~         ~
[INFO] [stdout] 
[INFO] [stdout] error: character literal may only contain one codepoint
[INFO] [stdout]   --> src/vec_u8_hash_map/google.ads.admob.v1.rs:44:19
[INFO] [stdout]    |
[INFO] [stdout] 15 |      {'dimension':'APP', order: 'ASCENDING'},
[INFO] [stdout]    |                   ^^^^^
[INFO] [stdout]    |
[INFO] [stdout] help: if you meant to write a string literal, use double quotes
[INFO] [stdout]    |
[INFO] [stdout] 15 |      {'dimension':"APP", order: 'ASCENDING'},
[INFO] [stdout]    |                   ~   ~
[INFO] [stdout] 
[INFO] [stdout] error: character literal may only contain one codepoint
[INFO] [stdout]   --> src/vec_u8_hash_map/google.ads.admob.v1.rs:44:33
[INFO] [stdout]    |
[INFO] [stdout] 15 |      {'dimension':'APP', order: 'ASCENDING'},
[INFO] [stdout]    |                                 ^^^^^^^^^^^
[INFO] [stdout]    |
[INFO] [stdout] help: if you meant to write a string literal, use double quotes
[INFO] [stdout]    |
[INFO] [stdout] 15 |      {'dimension':'APP', order: "ASCENDING"},
[INFO] [stdout]    |                                 ~         ~
[INFO] [stdout] 
[INFO] [stdout] error: character literal may only contain one codepoint
[INFO] [stdout]   --> src/vec_u8_hash_map/google.ads.admob.v1.rs:45:7
[INFO] [stdout]    |
[INFO] [stdout] 16 |      {'metric':'CLICKS', order: 'DESCENDING'}
[INFO] [stdout]    |       ^^^^^^^^
[INFO] [stdout]    |
[INFO] [stdout] help: if you meant to write a string literal, use double quotes
[INFO] [stdout]    |
[INFO] [stdout] 16 |      {"metric":'CLICKS', order: 'DESCENDING'}
[INFO] [stdout]    |       ~      ~
[INFO] [stdout] 
[INFO] [stdout] error: character literal may only contain one codepoint
[INFO] [stdout]   --> src/vec_u8_hash_map/google.ads.admob.v1.rs:45:16
[INFO] [stdout]    |
[INFO] [stdout] 16 |      {'metric':'CLICKS', order: 'DESCENDING'}
[INFO] [stdout]    |                ^^^^^^^^
[INFO] [stdout]    |
[INFO] [stdout] help: if you meant to write a string literal, use double quotes
[INFO] [stdout]    |
[INFO] [stdout] 16 |      {'metric':"CLICKS", order: 'DESCENDING'}
[INFO] [stdout]    |                ~      ~
[INFO] [stdout] 
[INFO] [stdout] error: character literal may only contain one codepoint
[INFO] [stdout]   --> src/vec_u8_hash_map/google.ads.admob.v1.rs:45:33
[INFO] [stdout]    |
[INFO] [stdout] 16 |      {'metric':'CLICKS', order: 'DESCENDING'}
[INFO] [stdout]    |                                 ^^^^^^^^^^^^
[INFO] [stdout]    |
[INFO] [stdout] help: if you meant to write a string literal, use double quotes
[INFO] [stdout]    |
[INFO] [stdout] 16 |      {'metric':'CLICKS', order: "DESCENDING"}
[INFO] [stdout]    |                                 ~          ~
[INFO] [stdout] 
[INFO] [stdout] error: character literal may only contain one codepoint
[INFO] [stdout]   --> src/vec_u8_hash_map/google.ads.admob.v1.rs:47:4
[INFO] [stdout]    |
[INFO] [stdout] 18 |    'localization_settings': {
[INFO] [stdout]    |    ^^^^^^^^^^^^^^^^^^^^^^^
[INFO] [stdout]    |
[INFO] [stdout] help: if you meant to write a string literal, use double quotes
[INFO] [stdout]    |
[INFO] [stdout] 18 |    "localization_settings": {
[INFO] [stdout]    |    ~                     ~
[INFO] [stdout] 
[INFO] [stdout] error: character literal may only contain one codepoint
[INFO] [stdout]   --> src/vec_u8_hash_map/google.ads.admob.v1.rs:48:6
[INFO] [stdout]    |
[INFO] [stdout] 19 |      'currency_code': 'USD',
[INFO] [stdout]    |      ^^^^^^^^^^^^^^^
[INFO] [stdout]    |
[INFO] [stdout] help: if you meant to write a string literal, use double quotes
[INFO] [stdout]    |
[INFO] [stdout] 19 |      "currency_code": 'USD',
[INFO] [stdout]    |      ~             ~
[INFO] [stdout] 
[INFO] [stdout] error: character literal may only contain one codepoint
[INFO] [stdout]   --> src/vec_u8_hash_map/google.ads.admob.v1.rs:48:23
[INFO] [stdout]    |
[INFO] [stdout] 19 |      'currency_code': 'USD',
[INFO] [stdout]    |                       ^^^^^
[INFO] [stdout]    |
[INFO] [stdout] help: if you meant to write a string literal, use double quotes
[INFO] [stdout]    |
[INFO] [stdout] 19 |      'currency_code': "USD",
[INFO] [stdout]    |                       ~   ~
[INFO] [stdout] 
[INFO] [stdout] error: character literal may only contain one codepoint
[INFO] [stdout]   --> src/vec_u8_hash_map/google.ads.admob.v1.rs:49:6
[INFO] [stdout]    |
[INFO] [stdout] 20 |      'language_code': 'en-US'
[INFO] [stdout]    |      ^^^^^^^^^^^^^^^
[INFO] [stdout]    |
[INFO] [stdout] help: if you meant to write a string literal, use double quotes
[INFO] [stdout]    |
[INFO] [stdout] 20 |      "language_code": 'en-US'
[INFO] [stdout]    |      ~             ~
[INFO] [stdout] 
[INFO] [stdout] error: prefix `US` is unknown
[INFO] [stdout]   --> src/vec_u8_hash_map/google.ads.admob.v1.rs:49:27
[INFO] [stdout]    |
[INFO] [stdout] 20 |      'language_code': 'en-US'
[INFO] [stdout]    |                           ^^ unknown prefix
[INFO] [stdout]    |
[INFO] [stdout]    = note: prefixed identifiers and literals are reserved since Rust 2021
[INFO] [stdout] help: if you meant to write a string literal, use double quotes
[INFO] [stdout]    |
[INFO] [stdout] 20 |      'language_code': "en-US"
[INFO] [stdout]    |                       ~     ~
[INFO] [stdout] 
[INFO] [stdout] error[E0762]: unterminated character literal
[INFO] [stdout]   --> src/vec_u8_hash_map/google.ads.admob.v1.rs:49:29
[INFO] [stdout]    |
[INFO] [stdout] 20 |      'language_code': 'en-US'
[INFO] [stdout]    |                             ^
[INFO] [stdout]    |
[INFO] [stdout] help: if you meant to write a string literal, use double quotes
[INFO] [stdout]    |
[INFO] [stdout] 20 |      'language_code': "en-US"
[INFO] [stdout]    |                       ~     ~
[INFO] [stdout] 
[INFO] [stdout] error: aborting due to 44 previous errors
[INFO] [stdout] 
[INFO] [stdout] For more information about this error, try `rustc --explain E0762`.
[INFO] [stdout] Couldn't compile the test.
[INFO] [stdout] ---- src/vec_u8_hash_map/google.ads.admob.v1.rs - vec_u8_hash_map::google::ads::admob::v1::GenerateMediationReportResponse (line 920) stdout ----
[INFO] [stdout] error: expected one of `.`, `;`, `?`, `}`, or an operator, found `:`
[INFO] [stdout]  --> src/vec_u8_hash_map/google.ads.admob.v1.rs:922:12
[INFO] [stdout]   |
[INFO] [stdout] 4 |    "header": {
[INFO] [stdout]   |            ^ expected one of `.`, `;`, `?`, `}`, or an operator
[INFO] [stdout] 
[INFO] [stdout] error: expected one of `.`, `;`, `?`, `}`, or an operator, found `:`
[INFO] [stdout]   --> src/vec_u8_hash_map/google.ads.admob.v1.rs:934:9
[INFO] [stdout]    |
[INFO] [stdout] 16 |    "row": {
[INFO] [stdout]    |         ^ expected one of `.`, `;`, `?`, `}`, or an operator
[INFO] [stdout] 
[INFO] [stdout] error: expected one of `.`, `;`, `?`, `}`, or an operator, found `:`
[INFO] [stdout]   --> src/vec_u8_hash_map/google.ads.admob.v1.rs:948:12
[INFO] [stdout]    |
[INFO] [stdout] 30 |    "footer": {"matching_row_count": 1}
[INFO] [stdout]    |            ^ expected one of `.`, `;`, `?`, `}`, or an operator
[INFO] [stdout] 
[INFO] [stdout] error: aborting due to 3 previous errors
[INFO] [stdout] 
[INFO] [stdout] Couldn't compile the test.
[INFO] [stdout] ---- src/vec_u8_hash_map/google.ads.admob.v1.rs - vec_u8_hash_map::google::ads::admob::v1::MediationReportSpec (line 332) stdout ----
[INFO] [stdout] error: unknown start of token: \
[INFO] [stdout]  --> src/vec_u8_hash_map/google.ads.admob.v1.rs:338:18
[INFO] [stdout]   |
[INFO] [stdout] 8 |    "dimensions": \["AD_SOURCE", "APP", "COUNTRY"\],
[INFO] [stdout]   |                  ^
[INFO] [stdout] 
[INFO] [stdout] error: unknown start of token: \
[INFO] [stdout]  --> src/vec_u8_hash_map/google.ads.admob.v1.rs:338:49
[INFO] [stdout]   |
[INFO] [stdout] 8 |    "dimensions": \["AD_SOURCE", "APP", "COUNTRY"\],
[INFO] [stdout]   |                                                 ^
[INFO] [stdout] 
[INFO] [stdout] error: unknown start of token: \
[INFO] [stdout]  --> src/vec_u8_hash_map/google.ads.admob.v1.rs:339:15
[INFO] [stdout]   |
[INFO] [stdout] 9 |    "metrics": \["OBSERVED_ECPM"\],
[INFO] [stdout]   |               ^
[INFO] [stdout] 
[INFO] [stdout] error: unknown start of token: \
[INFO] [stdout]  --> src/vec_u8_hash_map/google.ads.admob.v1.rs:339:32
[INFO] [stdout]   |
[INFO] [stdout] 9 |    "metrics": \["OBSERVED_ECPM"\],
[INFO] [stdout]   |                                ^
[INFO] [stdout] 
[INFO] [stdout] error: unknown start of token: \
[INFO] [stdout]   --> src/vec_u8_hash_map/google.ads.admob.v1.rs:343:34
[INFO] [stdout]    |
[INFO] [stdout] 13 |        "matches_any": {"values": \[{"value": "US", "value": "CN"}\]}
[INFO] [stdout]    |                                  ^
[INFO] [stdout] 
[INFO] [stdout] error: unknown start of token: \
[INFO] [stdout]   --> src/vec_u8_hash_map/google.ads.admob.v1.rs:343:66
[INFO] [stdout]    |
[INFO] [stdout] 13 |        "matches_any": {"values": \[{"value": "US", "value": "CN"}\]}
[INFO] [stdout]    |                                                                  ^
[INFO] [stdout] 
[INFO] [stdout] error: expected one of `.`, `;`, `?`, `}`, or an operator, found `:`
[INFO] [stdout]  --> src/vec_u8_hash_map/google.ads.admob.v1.rs:334:16
[INFO] [stdout]   |
[INFO] [stdout] 4 |    "date_range": {
[INFO] [stdout]   |                ^ expected one of `.`, `;`, `?`, `}`, or an operator
[INFO] [stdout] 
[INFO] [stdout] error: aborting due to 7 previous errors
[INFO] [stdout] 
[INFO] [stdout] Couldn't compile the test.
[INFO] [stdout] 
[INFO] [stdout] failures:
[INFO] [stdout]     src/vec_u8_hash_map/google.ads.admob.v1.rs - vec_u8_hash_map::google::ads::admob::v1::GenerateMediationReportResponse (line 920)
[INFO] [stdout]     src/vec_u8_hash_map/google.ads.admob.v1.rs - vec_u8_hash_map::google::ads::admob::v1::GenerateNetworkReportResponse (line 990)
[INFO] [stdout]     src/vec_u8_hash_map/google.ads.admob.v1.rs - vec_u8_hash_map::google::ads::admob::v1::MediationReportSpec (line 332)
[INFO] [stdout]     src/vec_u8_hash_map/google.ads.admob.v1.rs - vec_u8_hash_map::google::ads::admob::v1::MediationReportSpec (line 357)
[INFO] [stdout]     src/vec_u8_hash_map/google.ads.admob.v1.rs - vec_u8_hash_map::google::ads::admob::v1::NetworkReportSpec (line 29)
[INFO] [stdout]     src/vec_u8_hash_map/google.ads.admob.v1.rs - vec_u8_hash_map::google::ads::admob::v1::NetworkReportSpec (line 55)
[INFO] [stdout] 
[INFO] [stdout] test result: FAILED. 0 passed; 6 failed; 0 ignored; 0 measured; 0 filtered out; finished in 0.03s
[INFO] [stdout] 
[INFO] [stderr] error: doctest failed, to rerun pass `--doc`
[INFO] running `Command { std: "docker" "inspect" "562db30c86d0b7fc4be4125cb0493a41113f1c54e245efac2b6245986257c37b", kill_on_drop: false }`
[INFO] running `Command { std: "docker" "rm" "-f" "562db30c86d0b7fc4be4125cb0493a41113f1c54e245efac2b6245986257c37b", kill_on_drop: false }`
[INFO] [stdout] 562db30c86d0b7fc4be4125cb0493a41113f1c54e245efac2b6245986257c37b
