[INFO] fetching crate google-gkehub1 5.0.3+20230106...
[INFO] testing google-gkehub1-5.0.3+20230106 against nightly-2024-10-28 for randomize-layout
[INFO] extracting crate google-gkehub1 5.0.3+20230106 into /workspace/builds/worker-2-tc1/source
[INFO] validating manifest of crates.io crate google-gkehub1 5.0.3+20230106 on toolchain nightly-2024-10-28
[INFO] running `Command { std: CARGO_HOME="/workspace/cargo-home" RUSTUP_HOME="/workspace/rustup-home" "/workspace/cargo-home/bin/cargo" "+nightly-2024-10-28" "metadata" "--manifest-path" "Cargo.toml" "--no-deps", kill_on_drop: false }`
[INFO] started tweaking crates.io crate google-gkehub1 5.0.3+20230106
[INFO] finished tweaking crates.io crate google-gkehub1 5.0.3+20230106
[INFO] tweaked toml for crates.io crate google-gkehub1 5.0.3+20230106 written to /workspace/builds/worker-2-tc1/source/Cargo.toml
[INFO] running `Command { std: CARGO_HOME="/workspace/cargo-home" RUSTUP_HOME="/workspace/rustup-home" "/workspace/cargo-home/bin/cargo" "+nightly-2024-10-28" "generate-lockfile" "--manifest-path" "Cargo.toml", kill_on_drop: false }`
[INFO] [stderr]     Updating crates.io index
[INFO] [stderr]      Locking 151 packages to latest compatible versions
[INFO] [stderr]       Adding google-apis-common v6.0.4 (available: v7.0.0)
[INFO] [stderr]       Adding http v0.2.12 (available: v1.1.0)
[INFO] [stderr]       Adding hyper v0.14.31 (available: v1.5.0)
[INFO] [stderr]       Adding hyper-rustls v0.24.2 (available: v0.27.3)
[INFO] [stderr]       Adding itertools v0.10.5 (available: v0.13.0)
[INFO] [stderr]       Adding url v1.7.2 (available: v2.5.2)
[INFO] running `Command { std: CARGO_HOME="/workspace/cargo-home" RUSTUP_HOME="/workspace/rustup-home" "/workspace/cargo-home/bin/cargo" "+nightly-2024-10-28" "fetch" "--manifest-path" "Cargo.toml", kill_on_drop: false }`
[INFO] [stderr]  Downloading crates ...
[INFO] [stderr]   Downloaded hyper-rustls v0.25.0
[INFO] [stderr]   Downloaded google-apis-common v6.0.4
[INFO] [stderr]   Downloaded yup-oauth2 v9.0.0
[INFO] running `Command { std: "docker" "create" "-v" "/var/lib/crater-agent-workspace/builds/worker-2-tc1/target:/opt/rustwide/target:rw,Z" "-v" "/var/lib/crater-agent-workspace/builds/worker-2-tc1/source:/opt/rustwide/workdir:ro,Z" "-v" "/var/lib/crater-agent-workspace/cargo-home:/opt/rustwide/cargo-home:ro,Z" "-v" "/var/lib/crater-agent-workspace/rustup-home:/opt/rustwide/rustup-home:ro,Z" "-e" "SOURCE_DIR=/opt/rustwide/workdir" "-e" "CARGO_TARGET_DIR=/opt/rustwide/target" "-e" "CARGO_HOME=/opt/rustwide/cargo-home" "-e" "RUSTUP_HOME=/opt/rustwide/rustup-home" "-w" "/opt/rustwide/workdir" "-m" "1610612736" "--user" "0:0" "--network" "none" "ghcr.io/rust-lang/crates-build-env/linux@sha256:4a844ea9eb2546a2d2c7022eacef16ef2e8229c7fbb2c7d4d55a9ceca922f72d" "/opt/rustwide/cargo-home/bin/cargo" "+nightly-2024-10-28" "metadata" "--no-deps" "--format-version=1", kill_on_drop: false }`
[INFO] [stdout] 6c59b15c4c88a86d66979d1fbc68fc2f262e484eb62525d4a9827228f5257f18
[INFO] running `Command { std: "docker" "start" "-a" "6c59b15c4c88a86d66979d1fbc68fc2f262e484eb62525d4a9827228f5257f18", kill_on_drop: false }`
[INFO] running `Command { std: "docker" "inspect" "6c59b15c4c88a86d66979d1fbc68fc2f262e484eb62525d4a9827228f5257f18", kill_on_drop: false }`
[INFO] running `Command { std: "docker" "rm" "-f" "6c59b15c4c88a86d66979d1fbc68fc2f262e484eb62525d4a9827228f5257f18", kill_on_drop: false }`
[INFO] [stdout] 6c59b15c4c88a86d66979d1fbc68fc2f262e484eb62525d4a9827228f5257f18
[INFO] running `Command { std: "docker" "create" "-v" "/var/lib/crater-agent-workspace/builds/worker-2-tc1/target:/opt/rustwide/target:rw,Z" "-v" "/var/lib/crater-agent-workspace/builds/worker-2-tc1/source:/opt/rustwide/workdir:ro,Z" "-v" "/var/lib/crater-agent-workspace/cargo-home:/opt/rustwide/cargo-home:ro,Z" "-v" "/var/lib/crater-agent-workspace/rustup-home:/opt/rustwide/rustup-home:ro,Z" "-e" "SOURCE_DIR=/opt/rustwide/workdir" "-e" "CARGO_TARGET_DIR=/opt/rustwide/target" "-e" "CARGO_INCREMENTAL=0" "-e" "RUST_BACKTRACE=full" "-e" "RUSTFLAGS=--cap-lints=forbid" "-e" "RUSTDOCFLAGS=--cap-lints=forbid" "-e" "CARGO_HOME=/opt/rustwide/cargo-home" "-e" "RUSTUP_HOME=/opt/rustwide/rustup-home" "-w" "/opt/rustwide/workdir" "-m" "1610612736" "--user" "0:0" "--network" "none" "ghcr.io/rust-lang/crates-build-env/linux@sha256:4a844ea9eb2546a2d2c7022eacef16ef2e8229c7fbb2c7d4d55a9ceca922f72d" "/opt/rustwide/cargo-home/bin/cargo" "+nightly-2024-10-28" "build" "--frozen" "--message-format=json", kill_on_drop: false }`
[INFO] [stdout] 91866f06ef42ebcf2903272f3ef2f12cb763387c26d76a70f6e4ba5b01041203
[INFO] running `Command { std: "docker" "start" "-a" "91866f06ef42ebcf2903272f3ef2f12cb763387c26d76a70f6e4ba5b01041203", kill_on_drop: false }`
[INFO] [stderr]    Compiling proc-macro2 v1.0.89
[INFO] [stderr]    Compiling libc v0.2.161
[INFO] [stderr]    Compiling pin-project-lite v0.2.15
[INFO] [stderr]    Compiling bytes v1.8.0
[INFO] [stderr]    Compiling cc v1.1.31
[INFO] [stderr]    Compiling serde v1.0.214
[INFO] [stderr]    Compiling rustls v0.22.4
[INFO] [stderr]    Compiling unicode-bidi v0.3.17
[INFO] [stderr]    Compiling strsim v0.11.1
[INFO] [stderr]    Compiling unicode-normalization v0.1.24
[INFO] [stderr]    Compiling base64 v0.21.7
[INFO] [stderr]    Compiling serde_json v1.0.132
[INFO] [stderr]    Compiling anyhow v1.0.92
[INFO] [stderr]    Compiling rustls v0.21.12
[INFO] [stderr]    Compiling rustls-native-certs v0.7.3
[INFO] [stderr]    Compiling itertools v0.12.1
[INFO] [stderr]    Compiling tracing v0.1.40
[INFO] [stderr]    Compiling matches v0.1.10
[INFO] [stderr]    Compiling percent-encoding v1.0.1
[INFO] [stderr]    Compiling itertools v0.10.5
[INFO] [stderr]    Compiling rustls-pemfile v1.0.4
[INFO] [stderr]    Compiling http v0.2.12
[INFO] [stderr]    Compiling rustls-native-certs v0.6.3
[INFO] [stderr]    Compiling idna v0.5.0
[INFO] [stderr]    Compiling idna v0.1.5
[INFO] [stderr]    Compiling quote v1.0.37
[INFO] [stderr]    Compiling ring v0.17.8
[INFO] [stderr]    Compiling syn v2.0.86
[INFO] [stderr]    Compiling url v1.7.2
[INFO] [stderr]    Compiling url v2.5.2
[INFO] [stderr]    Compiling getrandom v0.2.15
[INFO] [stderr]    Compiling socket2 v0.5.7
[INFO] [stderr]    Compiling mio v1.0.2
[INFO] [stderr]    Compiling http-body v0.4.6
[INFO] [stderr]    Compiling darling_core v0.20.10
[INFO] [stderr]    Compiling rustls-webpki v0.102.8
[INFO] [stderr]    Compiling sct v0.7.1
[INFO] [stderr]    Compiling rustls-webpki v0.101.7
[INFO] [stderr]    Compiling tokio-macros v2.4.0
[INFO] [stderr]    Compiling futures-macro v0.3.31
[INFO] [stderr]    Compiling serde_derive v1.0.214
[INFO] [stderr]    Compiling async-trait v0.1.83
[INFO] [stderr]    Compiling tokio v1.41.0
[INFO] [stderr]    Compiling futures-util v0.3.31
[INFO] [stderr]    Compiling darling_macro v0.20.10
[INFO] [stderr]    Compiling darling v0.20.10
[INFO] [stderr]    Compiling serde_with_macros v3.11.0
[INFO] [stderr]    Compiling futures-executor v0.3.31
[INFO] [stderr]    Compiling futures v0.3.31
[INFO] [stderr]    Compiling tokio-util v0.7.12
[INFO] [stderr]    Compiling tokio-rustls v0.25.0
[INFO] [stderr]    Compiling tokio-rustls v0.24.1
[INFO] [stderr]    Compiling h2 v0.3.26
[INFO] [stderr]    Compiling deranged v0.3.11
[INFO] [stderr]    Compiling chrono v0.4.38
[INFO] [stderr]    Compiling serde_with v3.11.0
[INFO] [stderr]    Compiling time v0.3.36
[INFO] [stderr]    Compiling hyper v0.14.31
[INFO] [stderr]    Compiling hyper-rustls v0.25.0
[INFO] [stderr]    Compiling hyper-rustls v0.24.2
[INFO] [stderr]    Compiling yup-oauth2 v9.0.0
[INFO] [stderr]    Compiling google-apis-common v6.0.4
[INFO] [stderr]    Compiling google-gkehub1 v5.0.3+20230106 (/opt/rustwide/workdir)
[INFO] [stderr]     Finished `dev` profile [unoptimized + debuginfo] target(s) in 26.62s
[INFO] running `Command { std: "docker" "inspect" "91866f06ef42ebcf2903272f3ef2f12cb763387c26d76a70f6e4ba5b01041203", kill_on_drop: false }`
[INFO] running `Command { std: "docker" "rm" "-f" "91866f06ef42ebcf2903272f3ef2f12cb763387c26d76a70f6e4ba5b01041203", kill_on_drop: false }`
[INFO] [stdout] 91866f06ef42ebcf2903272f3ef2f12cb763387c26d76a70f6e4ba5b01041203
[INFO] running `Command { std: "docker" "create" "-v" "/var/lib/crater-agent-workspace/builds/worker-2-tc1/target:/opt/rustwide/target:rw,Z" "-v" "/var/lib/crater-agent-workspace/builds/worker-2-tc1/source:/opt/rustwide/workdir:ro,Z" "-v" "/var/lib/crater-agent-workspace/cargo-home:/opt/rustwide/cargo-home:ro,Z" "-v" "/var/lib/crater-agent-workspace/rustup-home:/opt/rustwide/rustup-home:ro,Z" "-e" "SOURCE_DIR=/opt/rustwide/workdir" "-e" "CARGO_TARGET_DIR=/opt/rustwide/target" "-e" "CARGO_INCREMENTAL=0" "-e" "RUST_BACKTRACE=full" "-e" "RUSTFLAGS=--cap-lints=forbid" "-e" "RUSTDOCFLAGS=--cap-lints=forbid" "-e" "CARGO_HOME=/opt/rustwide/cargo-home" "-e" "RUSTUP_HOME=/opt/rustwide/rustup-home" "-w" "/opt/rustwide/workdir" "-m" "1610612736" "--user" "0:0" "--network" "none" "ghcr.io/rust-lang/crates-build-env/linux@sha256:4a844ea9eb2546a2d2c7022eacef16ef2e8229c7fbb2c7d4d55a9ceca922f72d" "/opt/rustwide/cargo-home/bin/cargo" "+nightly-2024-10-28" "test" "--frozen" "--no-run" "--message-format=json", kill_on_drop: false }`
[INFO] [stdout] c02c934323881c9ff978a57fe21e52237440dfd07bb856b11fc5b078480fe586
[INFO] running `Command { std: "docker" "start" "-a" "c02c934323881c9ff978a57fe21e52237440dfd07bb856b11fc5b078480fe586", kill_on_drop: false }`
[INFO] [stderr]    Compiling google-gkehub1 v5.0.3+20230106 (/opt/rustwide/workdir)
[INFO] [stderr]     Finished `test` profile [unoptimized + debuginfo] target(s) in 3.41s
[INFO] running `Command { std: "docker" "inspect" "c02c934323881c9ff978a57fe21e52237440dfd07bb856b11fc5b078480fe586", kill_on_drop: false }`
[INFO] running `Command { std: "docker" "rm" "-f" "c02c934323881c9ff978a57fe21e52237440dfd07bb856b11fc5b078480fe586", kill_on_drop: false }`
[INFO] [stdout] c02c934323881c9ff978a57fe21e52237440dfd07bb856b11fc5b078480fe586
[INFO] running `Command { std: "docker" "create" "-v" "/var/lib/crater-agent-workspace/builds/worker-2-tc1/target:/opt/rustwide/target:rw,Z" "-v" "/var/lib/crater-agent-workspace/builds/worker-2-tc1/source:/opt/rustwide/workdir:ro,Z" "-v" "/var/lib/crater-agent-workspace/cargo-home:/opt/rustwide/cargo-home:ro,Z" "-v" "/var/lib/crater-agent-workspace/rustup-home:/opt/rustwide/rustup-home:ro,Z" "-e" "SOURCE_DIR=/opt/rustwide/workdir" "-e" "CARGO_TARGET_DIR=/opt/rustwide/target" "-e" "CARGO_INCREMENTAL=0" "-e" "RUST_BACKTRACE=full" "-e" "RUSTFLAGS=--cap-lints=forbid" "-e" "RUSTDOCFLAGS=--cap-lints=forbid" "-e" "CARGO_HOME=/opt/rustwide/cargo-home" "-e" "RUSTUP_HOME=/opt/rustwide/rustup-home" "-w" "/opt/rustwide/workdir" "-m" "1610612736" "--user" "0:0" "--network" "none" "ghcr.io/rust-lang/crates-build-env/linux@sha256:4a844ea9eb2546a2d2c7022eacef16ef2e8229c7fbb2c7d4d55a9ceca922f72d" "/opt/rustwide/cargo-home/bin/cargo" "+nightly-2024-10-28" "test" "--frozen", kill_on_drop: false }`
[INFO] [stdout] b113a323caf0e0f765b7d85cadd08f150424340432e0af12df713e2374ee512e
[INFO] running `Command { std: "docker" "start" "-a" "b113a323caf0e0f765b7d85cadd08f150424340432e0af12df713e2374ee512e", kill_on_drop: false }`
[INFO] [stderr]     Finished `test` profile [unoptimized + debuginfo] target(s) in 0.08s
[INFO] [stderr]      Running unittests src/lib.rs (/opt/rustwide/target/debug/deps/google_gkehub1-85841081d97cd1c8)
[INFO] [stdout] 
[INFO] [stdout] running 0 tests
[INFO] [stdout] 
[INFO] [stdout] test result: ok. 0 passed; 0 failed; 0 ignored; 0 measured; 0 filtered out; finished in 0.00s
[INFO] [stdout] 
[INFO] [stderr]    Doc-tests google_gkehub1
[INFO] [stdout] 
[INFO] [stdout] running 27 tests
[INFO] [stdout] test src/api.rs - api::ProjectLocationMembershipCreateCall (line 5050) - compile ... ok
[INFO] [stdout] test src/api.rs - api::ProjectLocationFeatureSetIamPolicyCall (line 4466) - compile ... ok
[INFO] [stdout] test src/api.rs - api::ProjectLocationFeatureGetCall (line 3304) - compile ... ok
[INFO] [stdout] test src/api.rs - api::ProjectLocationMembershipGetCall (line 5974) - compile ... ok
[INFO] [stdout] test src/api.rs - api::ProjectLocationFeatureTestIamPermissionCall (line 4758) - compile ... ok
[INFO] [stdout] test src/api.rs - api::ProjectLocationFeatureDeleteCall (line 3018) - compile ... ok
[INFO] [stdout] test src/api.rs - api::ProjectLocationMembershipGetIamPolicyCall (line 6236) - compile ... ok
[INFO] [stdout] test src/api.rs - api::ProjectLocationFeatureListCall (line 3840) - compile ... ok
[INFO] [stdout] test src/api.rs - api::ProjectLocationGetCall (line 8834) - compile ... ok
[INFO] [stdout] test src/api.rs - api::ProjectLocationListCall (line 9096) - compile ... ok
[INFO] [stdout] test src/lib.rs - (line 49) ... ignored
[INFO] [stdout] test src/api.rs - api::GKEHub (line 58) - compile ... ok
[INFO] [stdout] test src/api.rs - api::ProjectLocationMembershipGenerateConnectManifestCall (line 5640) - compile ... ok
[INFO] [stdout] test src/api.rs - api::ProjectLocationFeatureCreateCall (line 2702) - compile ... ok
[INFO] [stdout] test src/api.rs - api::ProjectLocationMembershipDeleteCall (line 5366) - compile ... ok
[INFO] [stdout] test src/api.rs - api::ProjectLocationFeaturePatchCall (line 4150) - compile ... FAILED
[INFO] [stdout] test src/api.rs - api::ProjectLocationFeatureGetIamPolicyCall (line 3566) - compile ... ok
[INFO] [stdout] test src/api.rs - api::ProjectLocationMembershipTestIamPermissionCall (line 7428) - compile ... ok
[INFO] [stdout] test src/api.rs - api::ProjectLocationOperationDeleteCall (line 8012) - compile ... ok
[INFO] [stdout] test src/api.rs - api::ProjectMethods (line 2211) - compile ... ok
[INFO] [stdout] test src/api.rs - api::ProjectLocationOperationListCall (line 8536) - compile ... ok
[INFO] [stdout] test src/api.rs - api::ProjectLocationMembershipSetIamPolicyCall (line 7136) - compile ... ok
[INFO] [stdout] test src/api.rs - api::ProjectLocationOperationCancelCall (line 7720) - compile ... ok
[INFO] [stdout] test src/api.rs - api::ProjectLocationMembershipListCall (line 6510) - compile ... ok
[INFO] [stdout] test src/api.rs - api::ProjectLocationOperationGetCall (line 8274) - compile ... ok
[INFO] [stdout] test src/lib.rs - (line 79) - compile ... ok
[INFO] [stdout] test src/api.rs - api::ProjectLocationMembershipPatchCall (line 6820) - compile ... FAILED
[INFO] [stdout] 
[INFO] [stdout] failures:
[INFO] [stdout] 
[INFO] [stdout] ---- src/api.rs - api::ProjectLocationFeaturePatchCall (line 4150) stdout ----
[INFO] [stdout] error[E0308]: mismatched types
[INFO] [stdout]     --> src/api.rs:4174:27
[INFO] [stdout]      |
[INFO] [stdout] 25   |              .update_mask(&Default::default())
[INFO] [stdout]      |               ----------- ^^^^^^^^^^^^^^^^^^^ expected `FieldMask`, found `&_`
[INFO] [stdout]      |               |
[INFO] [stdout]      |               arguments to this method are incorrect
[INFO] [stdout]      |
[INFO] [stdout]      = note: expected struct `FieldMask`
[INFO] [stdout]              found reference `&_`
[INFO] [stdout] note: method defined here
[INFO] [stdout]     --> /opt/rustwide/workdir/src/api.rs:4370:12
[INFO] [stdout]      |
[INFO] [stdout] 4370 |     pub fn update_mask(mut self, new_value: client::FieldMask) -> ProjectLocationFeaturePatchCall<'a, S> {
[INFO] [stdout]      |            ^^^^^^^^^^^
[INFO] [stdout] help: consider removing the borrow
[INFO] [stdout]      |
[INFO] [stdout] 25   -              .update_mask(&Default::default())
[INFO] [stdout] 25   +              .update_mask(Default::default())
[INFO] [stdout]      |
[INFO] [stdout] 
[INFO] [stdout] error: aborting due to 1 previous error
[INFO] [stdout] 
[INFO] [stdout] For more information about this error, try `rustc --explain E0308`.
[INFO] [stdout] Couldn't compile the test.
[INFO] [stdout] ---- src/api.rs - api::ProjectLocationMembershipPatchCall (line 6820) stdout ----
[INFO] [stdout] error[E0308]: mismatched types
[INFO] [stdout]     --> src/api.rs:6844:27
[INFO] [stdout]      |
[INFO] [stdout] 25   |              .update_mask(&Default::default())
[INFO] [stdout]      |               ----------- ^^^^^^^^^^^^^^^^^^^ expected `FieldMask`, found `&_`
[INFO] [stdout]      |               |
[INFO] [stdout]      |               arguments to this method are incorrect
[INFO] [stdout]      |
[INFO] [stdout]      = note: expected struct `FieldMask`
[INFO] [stdout]              found reference `&_`
[INFO] [stdout] note: method defined here
[INFO] [stdout]     --> /opt/rustwide/workdir/src/api.rs:7040:12
[INFO] [stdout]      |
[INFO] [stdout] 7040 |     pub fn update_mask(mut self, new_value: client::FieldMask) -> ProjectLocationMembershipPatchCall<'a, S> {
[INFO] [stdout]      |            ^^^^^^^^^^^
[INFO] [stdout] help: consider removing the borrow
[INFO] [stdout]      |
[INFO] [stdout] 25   -              .update_mask(&Default::default())
[INFO] [stdout] 25   +              .update_mask(Default::default())
[INFO] [stdout]      |
[INFO] [stdout] 
[INFO] [stdout] error: aborting due to 1 previous error
[INFO] [stdout] 
[INFO] [stdout] For more information about this error, try `rustc --explain E0308`.
[INFO] [stdout] Couldn't compile the test.
[INFO] [stdout] 
[INFO] [stdout] failures:
[INFO] [stdout]     src/api.rs - api::ProjectLocationFeaturePatchCall (line 4150)
[INFO] [stdout]     src/api.rs - api::ProjectLocationMembershipPatchCall (line 6820)
[INFO] [stdout] 
[INFO] [stdout] test result: FAILED. 24 passed; 2 failed; 1 ignored; 0 measured; 0 filtered out; finished in 0.27s
[INFO] [stdout] 
[INFO] [stderr] error: doctest failed, to rerun pass `--doc`
[INFO] running `Command { std: "docker" "inspect" "b113a323caf0e0f765b7d85cadd08f150424340432e0af12df713e2374ee512e", kill_on_drop: false }`
[INFO] running `Command { std: "docker" "rm" "-f" "b113a323caf0e0f765b7d85cadd08f150424340432e0af12df713e2374ee512e", kill_on_drop: false }`
[INFO] [stdout] b113a323caf0e0f765b7d85cadd08f150424340432e0af12df713e2374ee512e
