[INFO] fetching crate google-cloudprivatecatalog1_beta1 6.0.0+20200405...
[INFO] testing google-cloudprivatecatalog1_beta1-6.0.0+20200405 against nightly-2024-10-28 for randomize-layout
[INFO] extracting crate google-cloudprivatecatalog1_beta1 6.0.0+20200405 into /workspace/builds/worker-7-tc1/source
[INFO] validating manifest of crates.io crate google-cloudprivatecatalog1_beta1 6.0.0+20200405 on toolchain nightly-2024-10-28
[INFO] running `Command { std: CARGO_HOME="/workspace/cargo-home" RUSTUP_HOME="/workspace/rustup-home" "/workspace/cargo-home/bin/cargo" "+nightly-2024-10-28" "metadata" "--manifest-path" "Cargo.toml" "--no-deps", kill_on_drop: false }`
[INFO] started tweaking crates.io crate google-cloudprivatecatalog1_beta1 6.0.0+20200405
[INFO] finished tweaking crates.io crate google-cloudprivatecatalog1_beta1 6.0.0+20200405
[INFO] tweaked toml for crates.io crate google-cloudprivatecatalog1_beta1 6.0.0+20200405 written to /workspace/builds/worker-7-tc1/source/Cargo.toml
[INFO] running `Command { std: CARGO_HOME="/workspace/cargo-home" RUSTUP_HOME="/workspace/rustup-home" "/workspace/cargo-home/bin/cargo" "+nightly-2024-10-28" "generate-lockfile" "--manifest-path" "Cargo.toml", kill_on_drop: false }`
[INFO] [stderr]     Updating crates.io index
[INFO] [stderr]      Locking 148 packages to latest compatible versions
[INFO] [stderr]       Adding utoipa v4.2.3 (available: v5.1.3)
[INFO] running `Command { std: CARGO_HOME="/workspace/cargo-home" RUSTUP_HOME="/workspace/rustup-home" "/workspace/cargo-home/bin/cargo" "+nightly-2024-10-28" "fetch" "--manifest-path" "Cargo.toml", kill_on_drop: false }`
[INFO] running `Command { std: "docker" "create" "-v" "/var/lib/crater-agent-workspace/builds/worker-7-tc1/target:/opt/rustwide/target:rw,Z" "-v" "/var/lib/crater-agent-workspace/builds/worker-7-tc1/source:/opt/rustwide/workdir:ro,Z" "-v" "/var/lib/crater-agent-workspace/cargo-home:/opt/rustwide/cargo-home:ro,Z" "-v" "/var/lib/crater-agent-workspace/rustup-home:/opt/rustwide/rustup-home:ro,Z" "-e" "SOURCE_DIR=/opt/rustwide/workdir" "-e" "CARGO_TARGET_DIR=/opt/rustwide/target" "-e" "CARGO_HOME=/opt/rustwide/cargo-home" "-e" "RUSTUP_HOME=/opt/rustwide/rustup-home" "-w" "/opt/rustwide/workdir" "-m" "1610612736" "--user" "0:0" "--network" "none" "ghcr.io/rust-lang/crates-build-env/linux@sha256:4a844ea9eb2546a2d2c7022eacef16ef2e8229c7fbb2c7d4d55a9ceca922f72d" "/opt/rustwide/cargo-home/bin/cargo" "+nightly-2024-10-28" "metadata" "--no-deps" "--format-version=1", kill_on_drop: false }`
[INFO] [stdout] d9d0bde0545b9eb373c503c4d9f7b1c8fe1274c69b7635c2bbb78bc24e17471c
[INFO] running `Command { std: "docker" "start" "-a" "d9d0bde0545b9eb373c503c4d9f7b1c8fe1274c69b7635c2bbb78bc24e17471c", kill_on_drop: false }`
[INFO] running `Command { std: "docker" "inspect" "d9d0bde0545b9eb373c503c4d9f7b1c8fe1274c69b7635c2bbb78bc24e17471c", kill_on_drop: false }`
[INFO] running `Command { std: "docker" "rm" "-f" "d9d0bde0545b9eb373c503c4d9f7b1c8fe1274c69b7635c2bbb78bc24e17471c", kill_on_drop: false }`
[INFO] [stdout] d9d0bde0545b9eb373c503c4d9f7b1c8fe1274c69b7635c2bbb78bc24e17471c
[INFO] running `Command { std: "docker" "create" "-v" "/var/lib/crater-agent-workspace/builds/worker-7-tc1/target:/opt/rustwide/target:rw,Z" "-v" "/var/lib/crater-agent-workspace/builds/worker-7-tc1/source:/opt/rustwide/workdir:ro,Z" "-v" "/var/lib/crater-agent-workspace/cargo-home:/opt/rustwide/cargo-home:ro,Z" "-v" "/var/lib/crater-agent-workspace/rustup-home:/opt/rustwide/rustup-home:ro,Z" "-e" "SOURCE_DIR=/opt/rustwide/workdir" "-e" "CARGO_TARGET_DIR=/opt/rustwide/target" "-e" "CARGO_INCREMENTAL=0" "-e" "RUST_BACKTRACE=full" "-e" "RUSTFLAGS=--cap-lints=forbid" "-e" "RUSTDOCFLAGS=--cap-lints=forbid" "-e" "CARGO_HOME=/opt/rustwide/cargo-home" "-e" "RUSTUP_HOME=/opt/rustwide/rustup-home" "-w" "/opt/rustwide/workdir" "-m" "1610612736" "--user" "0:0" "--network" "none" "ghcr.io/rust-lang/crates-build-env/linux@sha256:4a844ea9eb2546a2d2c7022eacef16ef2e8229c7fbb2c7d4d55a9ceca922f72d" "/opt/rustwide/cargo-home/bin/cargo" "+nightly-2024-10-28" "build" "--frozen" "--message-format=json", kill_on_drop: false }`
[INFO] [stdout] 2b71669d54e4eed0814ad54c5d2094109f23300ff6daee7d28ee29318513d1cb
[INFO] running `Command { std: "docker" "start" "-a" "2b71669d54e4eed0814ad54c5d2094109f23300ff6daee7d28ee29318513d1cb", kill_on_drop: false }`
[INFO] [stderr]    Compiling futures-channel v0.3.31
[INFO] [stderr]    Compiling rustls-pki-types v1.10.0
[INFO] [stderr]    Compiling untrusted v0.9.0
[INFO] [stderr]    Compiling spin v0.9.8
[INFO] [stderr]    Compiling httparse v1.9.5
[INFO] [stderr]    Compiling ring v0.17.8
[INFO] [stderr]    Compiling rustls v0.23.16
[INFO] [stderr]    Compiling getrandom v0.2.15
[INFO] [stderr]    Compiling darling_core v0.20.10
[INFO] [stderr]    Compiling httpdate v1.0.3
[INFO] [stderr]    Compiling zeroize v1.8.1
[INFO] [stderr]    Compiling subtle v2.6.1
[INFO] [stderr]    Compiling tokio v1.41.0
[INFO] [stderr]    Compiling serde v1.0.214
[INFO] [stderr]    Compiling openssl-probe v0.1.5
[INFO] [stderr]    Compiling anyhow v1.0.92
[INFO] [stderr]    Compiling powerfmt v0.2.0
[INFO] [stderr]    Compiling num_threads v0.1.7
[INFO] [stderr]    Compiling time-core v0.1.2
[INFO] [stderr]    Compiling num-conv v0.1.0
[INFO] [stderr]    Compiling seahash v4.1.0
[INFO] [stderr]    Compiling futures-util v0.3.31
[INFO] [stderr]    Compiling rustls-pemfile v2.2.0
[INFO] [stderr]    Compiling rustls-native-certs v0.8.0
[INFO] [stderr]    Compiling darling_macro v0.20.10
[INFO] [stderr]    Compiling darling v0.20.10
[INFO] [stderr]    Compiling serde_with_macros v3.11.0
[INFO] [stderr]    Compiling deranged v0.3.11
[INFO] [stderr]    Compiling serde_json v1.0.132
[INFO] [stderr]    Compiling chrono v0.4.38
[INFO] [stderr]    Compiling futures-executor v0.3.31
[INFO] [stderr]    Compiling http-body-util v0.1.2
[INFO] [stderr]    Compiling futures v0.3.31
[INFO] [stderr]    Compiling serde_with v3.11.0
[INFO] [stderr]    Compiling time v0.3.36
[INFO] [stderr]    Compiling rustls-webpki v0.102.8
[INFO] [stderr]    Compiling tokio-util v0.7.12
[INFO] [stderr]    Compiling h2 v0.4.6
[INFO] [stderr]    Compiling tokio-rustls v0.26.0
[INFO] [stderr]    Compiling hyper v1.5.0
[INFO] [stderr]    Compiling hyper-util v0.1.10
[INFO] [stderr]    Compiling hyper-rustls v0.27.3
[INFO] [stderr]    Compiling yup-oauth2 v11.0.0
[INFO] [stderr]    Compiling google-apis-common v7.0.0
[INFO] [stderr]    Compiling google-cloudprivatecatalog1_beta1 v6.0.0+20200405 (/opt/rustwide/workdir)
[INFO] [stderr]     Finished `dev` profile [unoptimized + debuginfo] target(s) in 28.39s
[INFO] running `Command { std: "docker" "inspect" "2b71669d54e4eed0814ad54c5d2094109f23300ff6daee7d28ee29318513d1cb", kill_on_drop: false }`
[INFO] running `Command { std: "docker" "rm" "-f" "2b71669d54e4eed0814ad54c5d2094109f23300ff6daee7d28ee29318513d1cb", kill_on_drop: false }`
[INFO] [stdout] 2b71669d54e4eed0814ad54c5d2094109f23300ff6daee7d28ee29318513d1cb
[INFO] running `Command { std: "docker" "create" "-v" "/var/lib/crater-agent-workspace/builds/worker-7-tc1/target:/opt/rustwide/target:rw,Z" "-v" "/var/lib/crater-agent-workspace/builds/worker-7-tc1/source:/opt/rustwide/workdir:ro,Z" "-v" "/var/lib/crater-agent-workspace/cargo-home:/opt/rustwide/cargo-home:ro,Z" "-v" "/var/lib/crater-agent-workspace/rustup-home:/opt/rustwide/rustup-home:ro,Z" "-e" "SOURCE_DIR=/opt/rustwide/workdir" "-e" "CARGO_TARGET_DIR=/opt/rustwide/target" "-e" "CARGO_INCREMENTAL=0" "-e" "RUST_BACKTRACE=full" "-e" "RUSTFLAGS=--cap-lints=forbid" "-e" "RUSTDOCFLAGS=--cap-lints=forbid" "-e" "CARGO_HOME=/opt/rustwide/cargo-home" "-e" "RUSTUP_HOME=/opt/rustwide/rustup-home" "-w" "/opt/rustwide/workdir" "-m" "1610612736" "--user" "0:0" "--network" "none" "ghcr.io/rust-lang/crates-build-env/linux@sha256:4a844ea9eb2546a2d2c7022eacef16ef2e8229c7fbb2c7d4d55a9ceca922f72d" "/opt/rustwide/cargo-home/bin/cargo" "+nightly-2024-10-28" "test" "--frozen" "--no-run" "--message-format=json", kill_on_drop: false }`
[INFO] [stdout] 50fd1e254648291740c32e1c5f0bf19d201f31521bb1808dc20ee470171e6607
[INFO] running `Command { std: "docker" "start" "-a" "50fd1e254648291740c32e1c5f0bf19d201f31521bb1808dc20ee470171e6607", kill_on_drop: false }`
[INFO] [stderr]    Compiling google-cloudprivatecatalog1_beta1 v6.0.0+20200405 (/opt/rustwide/workdir)
[INFO] [stderr]     Finished `test` profile [unoptimized + debuginfo] target(s) in 1.40s
[INFO] running `Command { std: "docker" "inspect" "50fd1e254648291740c32e1c5f0bf19d201f31521bb1808dc20ee470171e6607", kill_on_drop: false }`
[INFO] running `Command { std: "docker" "rm" "-f" "50fd1e254648291740c32e1c5f0bf19d201f31521bb1808dc20ee470171e6607", kill_on_drop: false }`
[INFO] [stdout] 50fd1e254648291740c32e1c5f0bf19d201f31521bb1808dc20ee470171e6607
[INFO] running `Command { std: "docker" "create" "-v" "/var/lib/crater-agent-workspace/builds/worker-7-tc1/target:/opt/rustwide/target:rw,Z" "-v" "/var/lib/crater-agent-workspace/builds/worker-7-tc1/source:/opt/rustwide/workdir:ro,Z" "-v" "/var/lib/crater-agent-workspace/cargo-home:/opt/rustwide/cargo-home:ro,Z" "-v" "/var/lib/crater-agent-workspace/rustup-home:/opt/rustwide/rustup-home:ro,Z" "-e" "SOURCE_DIR=/opt/rustwide/workdir" "-e" "CARGO_TARGET_DIR=/opt/rustwide/target" "-e" "CARGO_INCREMENTAL=0" "-e" "RUST_BACKTRACE=full" "-e" "RUSTFLAGS=--cap-lints=forbid" "-e" "RUSTDOCFLAGS=--cap-lints=forbid" "-e" "CARGO_HOME=/opt/rustwide/cargo-home" "-e" "RUSTUP_HOME=/opt/rustwide/rustup-home" "-w" "/opt/rustwide/workdir" "-m" "1610612736" "--user" "0:0" "--network" "none" "ghcr.io/rust-lang/crates-build-env/linux@sha256:4a844ea9eb2546a2d2c7022eacef16ef2e8229c7fbb2c7d4d55a9ceca922f72d" "/opt/rustwide/cargo-home/bin/cargo" "+nightly-2024-10-28" "test" "--frozen", kill_on_drop: false }`
[INFO] [stdout] 4bd4018107cb24d3e9b19d17535bf419de75a0150d1d1bee210726b077f59547
[INFO] running `Command { std: "docker" "start" "-a" "4bd4018107cb24d3e9b19d17535bf419de75a0150d1d1bee210726b077f59547", kill_on_drop: false }`
[INFO] [stderr]     Finished `test` profile [unoptimized + debuginfo] target(s) in 0.10s
[INFO] [stderr]      Running unittests src/lib.rs (/opt/rustwide/target/debug/deps/google_cloudprivatecatalog1_beta1-64078b2a531ee1b4)
[INFO] [stdout] 
[INFO] [stdout] running 0 tests
[INFO] [stdout] 
[INFO] [stdout] test result: ok. 0 passed; 0 failed; 0 ignored; 0 measured; 0 filtered out; finished in 0.00s
[INFO] [stdout] 
[INFO] [stderr]    Doc-tests google_cloudprivatecatalog1_beta1
[INFO] [stdout] 
[INFO] [stdout] running 17 tests
[INFO] [stdout] test src/lib.rs - (line 53) ... ignored
[INFO] [stdout] test src/api.rs - api::GoogleCloudPrivatecatalogV1beta1Product::display_metadata (line 271) ... FAILED
[INFO] [stdout] test src/api.rs - api::GoogleCloudPrivatecatalogV1beta1Product::display_metadata (line 220) ... FAILED
[INFO] [stdout] test src/api.rs - api::OrganizationMethods (line 574) - compile ... ok
[INFO] [stdout] test src/lib.rs - (line 79) - compile ... ok
[INFO] [stdout] test src/api.rs - api::ProjectCatalogSearchCall (line 2837) - compile ... ok
[INFO] [stdout] test src/api.rs - api::FolderVersionSearchCall (line 1490) - compile ... ok
[INFO] [stdout] test src/api.rs - api::ProjectProductSearchCall (line 3173) - compile ... ok
[INFO] [stdout] test src/api.rs - api::FolderCatalogSearchCall (line 817) - compile ... ok
[INFO] [stdout] test src/api.rs - api::CloudPrivateCatalog (line 45) - compile ... ok
[INFO] [stdout] test src/api.rs - api::ProjectVersionSearchCall (line 3510) - compile ... ok
[INFO] [stdout] test src/api.rs - api::FolderMethods (line 456) - compile ... ok
[INFO] [stdout] test src/api.rs - api::FolderProductSearchCall (line 1153) - compile ... ok
[INFO] [stdout] test src/api.rs - api::ProjectMethods (line 692) - compile ... ok
[INFO] [stdout] test src/api.rs - api::OrganizationCatalogSearchCall (line 1827) - compile ... ok
[INFO] [stdout] test src/api.rs - api::OrganizationVersionSearchCall (line 2500) - compile ... ok
[INFO] [stdout] test src/api.rs - api::OrganizationProductSearchCall (line 2163) - compile ... ok
[INFO] [stdout] 
[INFO] [stdout] failures:
[INFO] [stdout] 
[INFO] [stdout] ---- src/api.rs - api::GoogleCloudPrivatecatalogV1beta1Product::display_metadata (line 271) stdout ----
[INFO] [stdout] error: expected one of `.`, `;`, `?`, `}`, or an operator, found `:`
[INFO] [stdout]  --> src/api.rs:272:10
[INFO] [stdout]   |
[INFO] [stdout] 3 | "$schema": http://json-schema.org/draft-04/schema#
[INFO] [stdout]   |          ^ expected one of `.`, `;`, `?`, `}`, or an operator
[INFO] [stdout] 
[INFO] [stdout] error: aborting due to 1 previous error
[INFO] [stdout] 
[INFO] [stdout] Couldn't compile the test.
[INFO] [stdout] ---- src/api.rs - api::GoogleCloudPrivatecatalogV1beta1Product::display_metadata (line 220) stdout ----
[INFO] [stdout] error: expected one of `.`, `;`, `?`, `}`, or an operator, found `:`
[INFO] [stdout]  --> src/api.rs:221:10
[INFO] [stdout]   |
[INFO] [stdout] 3 | "$schema": http://json-schema.org/draft-04/schema#
[INFO] [stdout]   |          ^ expected one of `.`, `;`, `?`, `}`, or an operator
[INFO] [stdout] 
[INFO] [stdout] error: aborting due to 1 previous error
[INFO] [stdout] 
[INFO] [stdout] Couldn't compile the test.
[INFO] [stdout] 
[INFO] [stdout] failures:
[INFO] [stdout]     src/api.rs - api::GoogleCloudPrivatecatalogV1beta1Product::display_metadata (line 220)
[INFO] [stdout]     src/api.rs - api::GoogleCloudPrivatecatalogV1beta1Product::display_metadata (line 271)
[INFO] [stdout] 
[INFO] [stdout] test result: FAILED. 14 passed; 2 failed; 1 ignored; 0 measured; 0 filtered out; finished in 0.22s
[INFO] [stdout] 
[INFO] [stderr] error: doctest failed, to rerun pass `--doc`
[INFO] running `Command { std: "docker" "inspect" "4bd4018107cb24d3e9b19d17535bf419de75a0150d1d1bee210726b077f59547", kill_on_drop: false }`
[INFO] running `Command { std: "docker" "rm" "-f" "4bd4018107cb24d3e9b19d17535bf419de75a0150d1d1bee210726b077f59547", kill_on_drop: false }`
[INFO] [stdout] 4bd4018107cb24d3e9b19d17535bf419de75a0150d1d1bee210726b077f59547
