[INFO] fetching crate google-cloud-googleapis 0.15.0...
[INFO] testing google-cloud-googleapis-0.15.0 against nightly-2024-10-28 for randomize-layout
[INFO] extracting crate google-cloud-googleapis 0.15.0 into /workspace/builds/worker-2-tc1/source
[INFO] validating manifest of crates.io crate google-cloud-googleapis 0.15.0 on toolchain nightly-2024-10-28
[INFO] running `Command { std: CARGO_HOME="/workspace/cargo-home" RUSTUP_HOME="/workspace/rustup-home" "/workspace/cargo-home/bin/cargo" "+nightly-2024-10-28" "metadata" "--manifest-path" "Cargo.toml" "--no-deps", kill_on_drop: false }`
[INFO] started tweaking crates.io crate google-cloud-googleapis 0.15.0
[INFO] finished tweaking crates.io crate google-cloud-googleapis 0.15.0
[INFO] tweaked toml for crates.io crate google-cloud-googleapis 0.15.0 written to /workspace/builds/worker-2-tc1/source/Cargo.toml
[INFO] running `Command { std: CARGO_HOME="/workspace/cargo-home" RUSTUP_HOME="/workspace/rustup-home" "/workspace/cargo-home/bin/cargo" "+nightly-2024-10-28" "generate-lockfile" "--manifest-path" "Cargo.toml", kill_on_drop: false }`
[INFO] [stderr]     Blocking waiting for file lock on package cache
[INFO] [stderr]     Updating crates.io index
[INFO] [stderr]     Blocking waiting for file lock on package cache
[INFO] [stderr]      Locking 134 packages to latest compatible versions
[INFO] running `Command { std: CARGO_HOME="/workspace/cargo-home" RUSTUP_HOME="/workspace/rustup-home" "/workspace/cargo-home/bin/cargo" "+nightly-2024-10-28" "fetch" "--manifest-path" "Cargo.toml", kill_on_drop: false }`
[INFO] [stderr]     Blocking waiting for file lock on package cache
[INFO] running `Command { std: "docker" "create" "-v" "/var/lib/crater-agent-workspace/builds/worker-2-tc1/target:/opt/rustwide/target:rw,Z" "-v" "/var/lib/crater-agent-workspace/builds/worker-2-tc1/source:/opt/rustwide/workdir:ro,Z" "-v" "/var/lib/crater-agent-workspace/cargo-home:/opt/rustwide/cargo-home:ro,Z" "-v" "/var/lib/crater-agent-workspace/rustup-home:/opt/rustwide/rustup-home:ro,Z" "-e" "SOURCE_DIR=/opt/rustwide/workdir" "-e" "CARGO_TARGET_DIR=/opt/rustwide/target" "-e" "CARGO_HOME=/opt/rustwide/cargo-home" "-e" "RUSTUP_HOME=/opt/rustwide/rustup-home" "-w" "/opt/rustwide/workdir" "-m" "1610612736" "--user" "0:0" "--network" "none" "ghcr.io/rust-lang/crates-build-env/linux@sha256:4a844ea9eb2546a2d2c7022eacef16ef2e8229c7fbb2c7d4d55a9ceca922f72d" "/opt/rustwide/cargo-home/bin/cargo" "+nightly-2024-10-28" "metadata" "--no-deps" "--format-version=1", kill_on_drop: false }`
[INFO] [stdout] 2053313aae1fa42622b689df50677daf6e82369a2d4778028fa87ac81a34df64
[INFO] running `Command { std: "docker" "start" "-a" "2053313aae1fa42622b689df50677daf6e82369a2d4778028fa87ac81a34df64", kill_on_drop: false }`
[INFO] running `Command { std: "docker" "inspect" "2053313aae1fa42622b689df50677daf6e82369a2d4778028fa87ac81a34df64", kill_on_drop: false }`
[INFO] running `Command { std: "docker" "rm" "-f" "2053313aae1fa42622b689df50677daf6e82369a2d4778028fa87ac81a34df64", kill_on_drop: false }`
[INFO] [stdout] 2053313aae1fa42622b689df50677daf6e82369a2d4778028fa87ac81a34df64
[INFO] running `Command { std: "docker" "create" "-v" "/var/lib/crater-agent-workspace/builds/worker-2-tc1/target:/opt/rustwide/target:rw,Z" "-v" "/var/lib/crater-agent-workspace/builds/worker-2-tc1/source:/opt/rustwide/workdir:ro,Z" "-v" "/var/lib/crater-agent-workspace/cargo-home:/opt/rustwide/cargo-home:ro,Z" "-v" "/var/lib/crater-agent-workspace/rustup-home:/opt/rustwide/rustup-home:ro,Z" "-e" "SOURCE_DIR=/opt/rustwide/workdir" "-e" "CARGO_TARGET_DIR=/opt/rustwide/target" "-e" "CARGO_INCREMENTAL=0" "-e" "RUST_BACKTRACE=full" "-e" "RUSTFLAGS=--cap-lints=forbid" "-e" "RUSTDOCFLAGS=--cap-lints=forbid" "-e" "CARGO_HOME=/opt/rustwide/cargo-home" "-e" "RUSTUP_HOME=/opt/rustwide/rustup-home" "-w" "/opt/rustwide/workdir" "-m" "1610612736" "--user" "0:0" "--network" "none" "ghcr.io/rust-lang/crates-build-env/linux@sha256:4a844ea9eb2546a2d2c7022eacef16ef2e8229c7fbb2c7d4d55a9ceca922f72d" "/opt/rustwide/cargo-home/bin/cargo" "+nightly-2024-10-28" "build" "--frozen" "--message-format=json", kill_on_drop: false }`
[INFO] [stdout] 81bbff7bf88bed4cb15279a850e3529ee7bdd40ac8e3b917c72728157f570844
[INFO] running `Command { std: "docker" "start" "-a" "81bbff7bf88bed4cb15279a850e3529ee7bdd40ac8e3b917c72728157f570844", kill_on_drop: false }`
[INFO] [stderr]    Compiling bytes v1.8.0
[INFO] [stderr]    Compiling futures-core v0.3.31
[INFO] [stderr]    Compiling futures-task v0.3.31
[INFO] [stderr]    Compiling syn v2.0.86
[INFO] [stderr]    Compiling mio v1.0.2
[INFO] [stderr]    Compiling socket2 v0.5.7
[INFO] [stderr]    Compiling getrandom v0.2.15
[INFO] [stderr]    Compiling ring v0.17.8
[INFO] [stderr]    Compiling futures-util v0.3.31
[INFO] [stderr]    Compiling tracing-core v0.1.32
[INFO] [stderr]    Compiling byteorder v1.5.0
[INFO] [stderr]    Compiling hashbrown v0.15.0
[INFO] [stderr]    Compiling http v1.1.0
[INFO] [stderr]    Compiling anyhow v1.0.92
[INFO] [stderr]    Compiling spin v0.9.8
[INFO] [stderr]    Compiling rand_core v0.6.4
[INFO] [stderr]    Compiling futures-channel v0.3.31
[INFO] [stderr]    Compiling indexmap v1.9.3
[INFO] [stderr]    Compiling rustls v0.23.16
[INFO] [stderr]    Compiling smallvec v1.13.2
[INFO] [stderr]    Compiling indexmap v2.6.0
[INFO] [stderr]    Compiling serde v1.0.214
[INFO] [stderr]    Compiling sync_wrapper v1.0.1
[INFO] [stderr]    Compiling zeroize v1.8.1
[INFO] [stderr]    Compiling subtle v2.6.1
[INFO] [stderr]    Compiling hashbrown v0.12.3
[INFO] [stderr]    Compiling miniz_oxide v0.8.0
[INFO] [stderr]    Compiling http-body v1.0.1
[INFO] [stderr]    Compiling crc32fast v1.4.2
[INFO] [stderr]    Compiling matchit v0.7.3
[INFO] [stderr]    Compiling flate2 v1.0.34
[INFO] [stderr]    Compiling google-cloud-googleapis v0.15.0 (/opt/rustwide/workdir)
[INFO] [stderr]    Compiling http-body-util v0.1.2
[INFO] [stderr]    Compiling tower v0.5.1
[INFO] [stderr]    Compiling rustls-webpki v0.102.8
[INFO] [stderr]    Compiling tokio-macros v2.4.0
[INFO] [stderr]    Compiling tracing-attributes v0.1.27
[INFO] [stderr]    Compiling zerocopy-derive v0.7.35
[INFO] [stderr]    Compiling pin-project-internal v1.1.7
[INFO] [stderr]    Compiling async-trait v0.1.83
[INFO] [stderr]    Compiling prost-derive v0.13.3
[INFO] [stderr]    Compiling async-stream-impl v0.3.6
[INFO] [stderr]    Compiling async-stream v0.3.6
[INFO] [stderr]    Compiling tokio v1.41.0
[INFO] [stderr]    Compiling axum-core v0.4.5
[INFO] [stderr]    Compiling zerocopy v0.7.35
[INFO] [stderr]    Compiling tracing v0.1.40
[INFO] [stderr]    Compiling pin-project v1.1.7
[INFO] [stderr]    Compiling ppv-lite86 v0.2.20
[INFO] [stderr]    Compiling prost v0.13.3
[INFO] [stderr]    Compiling rand_chacha v0.3.1
[INFO] [stderr]    Compiling prost-types v0.13.3
[INFO] [stderr]    Compiling rand v0.8.5
[INFO] [stderr]    Compiling axum v0.7.7
[INFO] [stderr]    Compiling tokio-util v0.7.12
[INFO] [stderr]    Compiling tokio-rustls v0.26.0
[INFO] [stderr]    Compiling tokio-stream v0.1.16
[INFO] [stderr]    Compiling h2 v0.4.6
[INFO] [stderr]    Compiling tower v0.4.13
[INFO] [stderr]    Compiling hyper v1.5.0
[INFO] [stderr]    Compiling hyper-util v0.1.10
[INFO] [stderr]    Compiling hyper-timeout v0.5.1
[INFO] [stderr]    Compiling tonic v0.12.3
[INFO] [stderr]     Finished `dev` profile [unoptimized + debuginfo] target(s) in 55.99s
[INFO] running `Command { std: "docker" "inspect" "81bbff7bf88bed4cb15279a850e3529ee7bdd40ac8e3b917c72728157f570844", kill_on_drop: false }`
[INFO] running `Command { std: "docker" "rm" "-f" "81bbff7bf88bed4cb15279a850e3529ee7bdd40ac8e3b917c72728157f570844", kill_on_drop: false }`
[INFO] [stdout] 81bbff7bf88bed4cb15279a850e3529ee7bdd40ac8e3b917c72728157f570844
[INFO] running `Command { std: "docker" "create" "-v" "/var/lib/crater-agent-workspace/builds/worker-2-tc1/target:/opt/rustwide/target:rw,Z" "-v" "/var/lib/crater-agent-workspace/builds/worker-2-tc1/source:/opt/rustwide/workdir:ro,Z" "-v" "/var/lib/crater-agent-workspace/cargo-home:/opt/rustwide/cargo-home:ro,Z" "-v" "/var/lib/crater-agent-workspace/rustup-home:/opt/rustwide/rustup-home:ro,Z" "-e" "SOURCE_DIR=/opt/rustwide/workdir" "-e" "CARGO_TARGET_DIR=/opt/rustwide/target" "-e" "CARGO_INCREMENTAL=0" "-e" "RUST_BACKTRACE=full" "-e" "RUSTFLAGS=--cap-lints=forbid" "-e" "RUSTDOCFLAGS=--cap-lints=forbid" "-e" "CARGO_HOME=/opt/rustwide/cargo-home" "-e" "RUSTUP_HOME=/opt/rustwide/rustup-home" "-w" "/opt/rustwide/workdir" "-m" "1610612736" "--user" "0:0" "--network" "none" "ghcr.io/rust-lang/crates-build-env/linux@sha256:4a844ea9eb2546a2d2c7022eacef16ef2e8229c7fbb2c7d4d55a9ceca922f72d" "/opt/rustwide/cargo-home/bin/cargo" "+nightly-2024-10-28" "test" "--frozen" "--no-run" "--message-format=json", kill_on_drop: false }`
[INFO] [stdout] 466740384ebd93350a06b3fba2d4c61c8f99a9701a010951cab3864c68c714ba
[INFO] running `Command { std: "docker" "start" "-a" "466740384ebd93350a06b3fba2d4c61c8f99a9701a010951cab3864c68c714ba", kill_on_drop: false }`
[INFO] [stderr]    Compiling google-cloud-googleapis v0.15.0 (/opt/rustwide/workdir)
[INFO] [stderr]     Finished `test` profile [unoptimized + debuginfo] target(s) in 1.07s
[INFO] running `Command { std: "docker" "inspect" "466740384ebd93350a06b3fba2d4c61c8f99a9701a010951cab3864c68c714ba", kill_on_drop: false }`
[INFO] running `Command { std: "docker" "rm" "-f" "466740384ebd93350a06b3fba2d4c61c8f99a9701a010951cab3864c68c714ba", kill_on_drop: false }`
[INFO] [stdout] 466740384ebd93350a06b3fba2d4c61c8f99a9701a010951cab3864c68c714ba
[INFO] running `Command { std: "docker" "create" "-v" "/var/lib/crater-agent-workspace/builds/worker-2-tc1/target:/opt/rustwide/target:rw,Z" "-v" "/var/lib/crater-agent-workspace/builds/worker-2-tc1/source:/opt/rustwide/workdir:ro,Z" "-v" "/var/lib/crater-agent-workspace/cargo-home:/opt/rustwide/cargo-home:ro,Z" "-v" "/var/lib/crater-agent-workspace/rustup-home:/opt/rustwide/rustup-home:ro,Z" "-e" "SOURCE_DIR=/opt/rustwide/workdir" "-e" "CARGO_TARGET_DIR=/opt/rustwide/target" "-e" "CARGO_INCREMENTAL=0" "-e" "RUST_BACKTRACE=full" "-e" "RUSTFLAGS=--cap-lints=forbid" "-e" "RUSTDOCFLAGS=--cap-lints=forbid" "-e" "CARGO_HOME=/opt/rustwide/cargo-home" "-e" "RUSTUP_HOME=/opt/rustwide/rustup-home" "-w" "/opt/rustwide/workdir" "-m" "1610612736" "--user" "0:0" "--network" "none" "ghcr.io/rust-lang/crates-build-env/linux@sha256:4a844ea9eb2546a2d2c7022eacef16ef2e8229c7fbb2c7d4d55a9ceca922f72d" "/opt/rustwide/cargo-home/bin/cargo" "+nightly-2024-10-28" "test" "--frozen", kill_on_drop: false }`
[INFO] [stdout] c4eaa352cc75e12ac699a8e7fc5d22ca05ff4a74712d91ab6f59338a216e0710
[INFO] running `Command { std: "docker" "start" "-a" "c4eaa352cc75e12ac699a8e7fc5d22ca05ff4a74712d91ab6f59338a216e0710", kill_on_drop: false }`
[INFO] [stderr]     Finished `test` profile [unoptimized + debuginfo] target(s) in 0.20s
[INFO] [stderr]      Running unittests src/lib.rs (/opt/rustwide/target/debug/deps/google_cloud_googleapis-55b2f983f90cc8eb)
[INFO] [stdout] 
[INFO] [stdout] running 0 tests
[INFO] [stdout] 
[INFO] [stdout] test result: ok. 0 passed; 0 failed; 0 ignored; 0 measured; 0 filtered out; finished in 0.00s
[INFO] [stdout] 
[INFO] [stderr]    Doc-tests google_cloud_googleapis
[INFO] [stdout] 
[INFO] [stdout] running 8 tests
[INFO] [stdout] test src/google.iam.v1.rs - iam::v1::AuditLogConfig (line 291) ... FAILED
[INFO] [stdout] test src/google.iam.v1.rs - iam::v1::Policy (line 77) ... FAILED
[INFO] [stdout] test src/google.iam.v1.rs - iam::v1::AuditConfig (line 237) ... FAILED
[INFO] [stdout] test src/google.r#type.rs - r#type::Expr (line 20) ... FAILED
[INFO] [stdout] test src/google.r#type.rs - r#type::Expr (line 8) ... FAILED
[INFO] [stdout] test src/google.r#type.rs - r#type::Expr (line 14) ... FAILED
[INFO] [stdout] test src/google.r#type.rs - r#type::Expr (line 26) ... FAILED
[INFO] [stdout] test src/google.iam.v1.rs - iam::v1::Policy (line 47) ... FAILED
[INFO] [stdout] 
[INFO] [stdout] failures:
[INFO] [stdout] 
[INFO] [stdout] ---- src/google.iam.v1.rs - iam::v1::AuditLogConfig (line 291) stdout ----
[INFO] [stdout] error: expected one of `.`, `;`, `?`, `}`, or an operator, found `:`
[INFO] [stdout]  --> src/google.iam.v1.rs:293:23
[INFO] [stdout]   |
[INFO] [stdout] 4 |    "audit_log_configs": [
[INFO] [stdout]   |                       ^ expected one of `.`, `;`, `?`, `}`, or an operator
[INFO] [stdout] 
[INFO] [stdout] error: aborting due to 1 previous error
[INFO] [stdout] 
[INFO] [stdout] Couldn't compile the test.
[INFO] [stdout] ---- src/google.iam.v1.rs - iam::v1::Policy (line 77) stdout ----
[INFO] [stdout] error[E0762]: unterminated character literal
[INFO] [stdout]   --> src/google.iam.v1.rs:91:68
[INFO] [stdout]    |
[INFO] [stdout] 14 |      expression: request.time < timestamp('2020-10-01T00:00:00.000Z')
[INFO] [stdout]    |                                                                    ^^
[INFO] [stdout]    |
[INFO] [stdout] help: if you meant to write a string literal, use double quotes
[INFO] [stdout]    |
[INFO] [stdout] 14 |      expression: request.time < timestamp("2020-10-01T00:00:00.000Z")
[INFO] [stdout]    |                                           ~                        ~
[INFO] [stdout] 
[INFO] [stdout] error: lifetimes cannot start with a number
[INFO] [stdout]   --> src/google.iam.v1.rs:91:43
[INFO] [stdout]    |
[INFO] [stdout] 14 |      expression: request.time < timestamp('2020-10-01T00:00:00.000Z')
[INFO] [stdout]    |                                           ^^^^^
[INFO] [stdout] 
[INFO] [stdout] error: aborting due to 2 previous errors
[INFO] [stdout] 
[INFO] [stdout] For more information about this error, try `rustc --explain E0762`.
[INFO] [stdout] Couldn't compile the test.
[INFO] [stdout] ---- src/google.iam.v1.rs - iam::v1::AuditConfig (line 237) stdout ----
[INFO] [stdout] error: expected one of `.`, `;`, `?`, `}`, or an operator, found `:`
[INFO] [stdout]  --> src/google.iam.v1.rs:239:19
[INFO] [stdout]   |
[INFO] [stdout] 4 |    "audit_configs": [
[INFO] [stdout]   |                   ^ expected one of `.`, `;`, `?`, `}`, or an operator
[INFO] [stdout] 
[INFO] [stdout] error: aborting due to 1 previous error
[INFO] [stdout] 
[INFO] [stdout] Couldn't compile the test.
[INFO] [stdout] ---- src/google.r#type.rs - r#type::Expr (line 20) stdout ----
[INFO] [stdout] error: expected one of `!`, `.`, `::`, `;`, `?`, `{`, `}`, or an operator, found `:`
[INFO] [stdout]  --> src/google.r#type.rs:21:6
[INFO] [stdout]   |
[INFO] [stdout] 3 | title: "Public documents"
[INFO] [stdout]   |      ^ expected one of 8 possible tokens
[INFO] [stdout] 
[INFO] [stdout] error: aborting due to 1 previous error
[INFO] [stdout] 
[INFO] [stdout] Couldn't compile the test.
[INFO] [stdout] ---- src/google.r#type.rs - r#type::Expr (line 8) stdout ----
[INFO] [stdout] error: expected one of `!`, `.`, `::`, `;`, `?`, `{`, `}`, or an operator, found `:`
[INFO] [stdout]  --> src/google.r#type.rs:9:6
[INFO] [stdout]   |
[INFO] [stdout] 3 | title: "Summary size limit"
[INFO] [stdout]   |      ^ expected one of 8 possible tokens
[INFO] [stdout] 
[INFO] [stdout] error: aborting due to 1 previous error
[INFO] [stdout] 
[INFO] [stdout] Couldn't compile the test.
[INFO] [stdout] ---- src/google.r#type.rs - r#type::Expr (line 14) stdout ----
[INFO] [stdout] error: expected one of `!`, `.`, `::`, `;`, `?`, `{`, `}`, or an operator, found `:`
[INFO] [stdout]  --> src/google.r#type.rs:15:6
[INFO] [stdout]   |
[INFO] [stdout] 3 | title: "Requestor is owner"
[INFO] [stdout]   |      ^ expected one of 8 possible tokens
[INFO] [stdout] 
[INFO] [stdout] error: aborting due to 1 previous error
[INFO] [stdout] 
[INFO] [stdout] Couldn't compile the test.
[INFO] [stdout] ---- src/google.r#type.rs - r#type::Expr (line 26) stdout ----
[INFO] [stdout] error: expected one of `!`, `.`, `::`, `;`, `?`, `{`, `}`, or an operator, found `:`
[INFO] [stdout]  --> src/google.r#type.rs:27:6
[INFO] [stdout]   |
[INFO] [stdout] 3 | title: "Notification string"
[INFO] [stdout]   |      ^ expected one of 8 possible tokens
[INFO] [stdout] 
[INFO] [stdout] error: aborting due to 1 previous error
[INFO] [stdout] 
[INFO] [stdout] Couldn't compile the test.
[INFO] [stdout] ---- src/google.iam.v1.rs - iam::v1::Policy (line 47) stdout ----
[INFO] [stdout] error: expected one of `.`, `;`, `?`, `}`, or an operator, found `:`
[INFO] [stdout]  --> src/google.iam.v1.rs:49:14
[INFO] [stdout]   |
[INFO] [stdout] 4 |    "bindings": [
[INFO] [stdout]   |              ^ expected one of `.`, `;`, `?`, `}`, or an operator
[INFO] [stdout] 
[INFO] [stdout] error: aborting due to 1 previous error
[INFO] [stdout] 
[INFO] [stdout] Couldn't compile the test.
[INFO] [stdout] 
[INFO] [stdout] failures:
[INFO] [stdout]     src/google.iam.v1.rs - iam::v1::AuditConfig (line 237)
[INFO] [stdout]     src/google.iam.v1.rs - iam::v1::AuditLogConfig (line 291)
[INFO] [stdout]     src/google.iam.v1.rs - iam::v1::Policy (line 47)
[INFO] [stdout]     src/google.iam.v1.rs - iam::v1::Policy (line 77)
[INFO] [stdout]     src/google.r#type.rs - r#type::Expr (line 14)
[INFO] [stdout]     src/google.r#type.rs - r#type::Expr (line 20)
[INFO] [stdout]     src/google.r#type.rs - r#type::Expr (line 26)
[INFO] [stdout]     src/google.r#type.rs - r#type::Expr (line 8)
[INFO] [stdout] 
[INFO] [stdout] test result: FAILED. 0 passed; 8 failed; 0 ignored; 0 measured; 0 filtered out; finished in 0.21s
[INFO] [stdout] 
[INFO] [stderr] error: doctest failed, to rerun pass `--doc`
[INFO] running `Command { std: "docker" "inspect" "c4eaa352cc75e12ac699a8e7fc5d22ca05ff4a74712d91ab6f59338a216e0710", kill_on_drop: false }`
[INFO] running `Command { std: "docker" "rm" "-f" "c4eaa352cc75e12ac699a8e7fc5d22ca05ff4a74712d91ab6f59338a216e0710", kill_on_drop: false }`
[INFO] [stdout] c4eaa352cc75e12ac699a8e7fc5d22ca05ff4a74712d91ab6f59338a216e0710
