[INFO] fetching crate golden_apple 0.19.0...
[INFO] testing golden_apple-0.19.0 against nightly-2024-10-28+rustflags=-Zrandomize-layout for randomize-layout
[INFO] extracting crate golden_apple 0.19.0 into /workspace/builds/worker-3-tc2/source
[INFO] validating manifest of crates.io crate golden_apple 0.19.0 on toolchain nightly-2024-10-28
[INFO] running `Command { std: CARGO_HOME="/workspace/cargo-home" RUSTUP_HOME="/workspace/rustup-home" "/workspace/cargo-home/bin/cargo" "+nightly-2024-10-28" "metadata" "--manifest-path" "Cargo.toml" "--no-deps", kill_on_drop: false }`
[INFO] started tweaking crates.io crate golden_apple 0.19.0
[INFO] finished tweaking crates.io crate golden_apple 0.19.0
[INFO] tweaked toml for crates.io crate golden_apple 0.19.0 written to /workspace/builds/worker-3-tc2/source/Cargo.toml
[INFO] running `Command { std: CARGO_HOME="/workspace/cargo-home" RUSTUP_HOME="/workspace/rustup-home" "/workspace/cargo-home/bin/cargo" "+nightly-2024-10-28" "generate-lockfile" "--manifest-path" "Cargo.toml", kill_on_drop: false }`
[INFO] [stderr]     Updating crates.io index
[INFO] [stderr]      Locking 135 packages to latest compatible versions
[INFO] running `Command { std: CARGO_HOME="/workspace/cargo-home" RUSTUP_HOME="/workspace/rustup-home" "/workspace/cargo-home/bin/cargo" "+nightly-2024-10-28" "fetch" "--manifest-path" "Cargo.toml", kill_on_drop: false }`
[INFO] running `Command { std: "docker" "create" "-v" "/var/lib/crater-agent-workspace/builds/worker-3-tc2/target:/opt/rustwide/target:rw,Z" "-v" "/var/lib/crater-agent-workspace/builds/worker-3-tc2/source:/opt/rustwide/workdir:ro,Z" "-v" "/var/lib/crater-agent-workspace/cargo-home:/opt/rustwide/cargo-home:ro,Z" "-v" "/var/lib/crater-agent-workspace/rustup-home:/opt/rustwide/rustup-home:ro,Z" "-e" "SOURCE_DIR=/opt/rustwide/workdir" "-e" "CARGO_TARGET_DIR=/opt/rustwide/target" "-e" "CARGO_HOME=/opt/rustwide/cargo-home" "-e" "RUSTUP_HOME=/opt/rustwide/rustup-home" "-w" "/opt/rustwide/workdir" "-m" "1610612736" "--user" "0:0" "--network" "none" "ghcr.io/rust-lang/crates-build-env/linux@sha256:4a844ea9eb2546a2d2c7022eacef16ef2e8229c7fbb2c7d4d55a9ceca922f72d" "/opt/rustwide/cargo-home/bin/cargo" "+nightly-2024-10-28" "metadata" "--no-deps" "--format-version=1", kill_on_drop: false }`
[INFO] [stdout] e70f4fa10900501493d3be2ffecac31dde639ec99770f1ec2f8c31ff206562e9
[INFO] running `Command { std: "docker" "start" "-a" "e70f4fa10900501493d3be2ffecac31dde639ec99770f1ec2f8c31ff206562e9", kill_on_drop: false }`
[INFO] running `Command { std: "docker" "inspect" "e70f4fa10900501493d3be2ffecac31dde639ec99770f1ec2f8c31ff206562e9", kill_on_drop: false }`
[INFO] running `Command { std: "docker" "rm" "-f" "e70f4fa10900501493d3be2ffecac31dde639ec99770f1ec2f8c31ff206562e9", kill_on_drop: false }`
[INFO] [stdout] e70f4fa10900501493d3be2ffecac31dde639ec99770f1ec2f8c31ff206562e9
[INFO] running `Command { std: "docker" "create" "-v" "/var/lib/crater-agent-workspace/builds/worker-3-tc2/target:/opt/rustwide/target:rw,Z" "-v" "/var/lib/crater-agent-workspace/builds/worker-3-tc2/source:/opt/rustwide/workdir:ro,Z" "-v" "/var/lib/crater-agent-workspace/cargo-home:/opt/rustwide/cargo-home:ro,Z" "-v" "/var/lib/crater-agent-workspace/rustup-home:/opt/rustwide/rustup-home:ro,Z" "-e" "SOURCE_DIR=/opt/rustwide/workdir" "-e" "CARGO_TARGET_DIR=/opt/rustwide/target" "-e" "CARGO_INCREMENTAL=0" "-e" "RUST_BACKTRACE=full" "-e" "RUSTFLAGS=--cap-lints=forbid -Zrandomize-layout" "-e" "RUSTDOCFLAGS=--cap-lints=forbid" "-e" "CARGO_HOME=/opt/rustwide/cargo-home" "-e" "RUSTUP_HOME=/opt/rustwide/rustup-home" "-w" "/opt/rustwide/workdir" "-m" "1610612736" "--user" "0:0" "--network" "none" "ghcr.io/rust-lang/crates-build-env/linux@sha256:4a844ea9eb2546a2d2c7022eacef16ef2e8229c7fbb2c7d4d55a9ceca922f72d" "/opt/rustwide/cargo-home/bin/cargo" "+nightly-2024-10-28" "build" "--frozen" "--message-format=json", kill_on_drop: false }`
[INFO] [stdout] 95fd13300ab7cc786a513af61dee2f66cda6f4173a6aac1b0662e7902c23c4c8
[INFO] running `Command { std: "docker" "start" "-a" "95fd13300ab7cc786a513af61dee2f66cda6f4173a6aac1b0662e7902c23c4c8", kill_on_drop: false }`
[INFO] [stderr]    Compiling proc-macro2 v1.0.89
[INFO] [stderr]    Compiling unicode-ident v1.0.13
[INFO] [stderr]    Compiling libc v0.2.161
[INFO] [stderr]    Compiling autocfg v1.4.0
[INFO] [stderr]    Compiling itoa v1.0.11
[INFO] [stderr]    Compiling pin-project-lite v0.2.15
[INFO] [stderr]    Compiling shlex v1.3.0
[INFO] [stderr]    Compiling bytes v1.8.0
[INFO] [stderr]    Compiling futures-core v0.3.31
[INFO] [stderr]    Compiling once_cell v1.20.2
[INFO] [stderr]    Compiling pkg-config v0.3.31
[INFO] [stderr]    Compiling vcpkg v0.2.15
[INFO] [stderr]    Compiling futures-sink v0.3.31
[INFO] [stderr]    Compiling serde v1.0.214
[INFO] [stderr]    Compiling fnv v1.0.7
[INFO] [stderr]    Compiling memchr v2.7.4
[INFO] [stderr]    Compiling httparse v1.9.5
[INFO] [stderr]    Compiling futures-task v0.3.31
[INFO] [stderr]    Compiling openssl v0.10.68
[INFO] [stderr]    Compiling pin-utils v0.1.0
[INFO] [stderr]    Compiling futures-io v0.3.31
[INFO] [stderr]    Compiling ryu v1.0.18
[INFO] [stderr]    Compiling cfg-if v1.0.0
[INFO] [stderr]    Compiling tracing-core v0.1.32
[INFO] [stderr]    Compiling cc v1.1.31
[INFO] [stderr]    Compiling foreign-types-shared v0.1.1
[INFO] [stderr]    Compiling equivalent v1.0.1
[INFO] [stderr]    Compiling hashbrown v0.15.0
[INFO] [stderr]    Compiling foreign-types v0.3.2
[INFO] [stderr]    Compiling bitflags v2.6.0
[INFO] [stderr]    Compiling atomic-waker v1.1.2
[INFO] [stderr]    Compiling try-lock v0.2.5
[INFO] [stderr]    Compiling serde_json v1.0.132
[INFO] [stderr]    Compiling tinyvec_macros v0.1.1
[INFO] [stderr]    Compiling native-tls v0.2.12
[INFO] [stderr]    Compiling tinyvec v1.8.0
[INFO] [stderr]    Compiling want v0.3.1
[INFO] [stderr]    Compiling futures-channel v0.3.31
[INFO] [stderr]    Compiling log v0.4.22
[INFO] [stderr]    Compiling openssl-probe v0.1.5
[INFO] [stderr]    Compiling percent-encoding v2.3.1
[INFO] [stderr]    Compiling slab v0.4.9
[INFO] [stderr]    Compiling smallvec v1.13.2
[INFO] [stderr]    Compiling http v1.1.0
[INFO] [stderr]    Compiling form_urlencoded v1.2.1
[INFO] [stderr]    Compiling quote v1.0.37
[INFO] [stderr]    Compiling indexmap v2.6.0
[INFO] [stderr]    Compiling tracing v0.1.40
[INFO] [stderr]    Compiling unicode-bidi v0.3.17
[INFO] [stderr]    Compiling tower-service v0.3.3
[INFO] [stderr]    Compiling syn v2.0.86
[INFO] [stderr]    Compiling num-traits v0.2.19
[INFO] [stderr]    Compiling rustls-pki-types v1.10.0
[INFO] [stderr]    Compiling encoding_rs v0.8.35
[INFO] [stderr]    Compiling futures-util v0.3.31
[INFO] [stderr]    Compiling sync_wrapper v1.0.1
[INFO] [stderr]    Compiling mime v0.3.17
[INFO] [stderr]    Compiling base64 v0.22.1
[INFO] [stderr]    Compiling ipnet v2.10.1
[INFO] [stderr]    Compiling socket2 v0.5.7
[INFO] [stderr]    Compiling mio v1.0.2
[INFO] [stderr]    Compiling unicode-normalization v0.1.24
[INFO] [stderr]    Compiling rustls-pemfile v2.2.0
[INFO] [stderr]    Compiling cesu8 v1.1.0
[INFO] [stderr]    Compiling tokio v1.41.0
[INFO] [stderr]    Compiling http-body v1.0.1
[INFO] [stderr]    Compiling idna v0.5.0
[INFO] [stderr]    Compiling openssl-sys v0.9.104
[INFO] [stderr]    Compiling url v2.5.2
[INFO] [stderr]    Compiling serde_derive v1.0.214
[INFO] [stderr]    Compiling openssl-macros v0.1.1
[INFO] [stderr]    Compiling num-derive v0.4.2
[INFO] [stderr]    Compiling http-body-util v0.1.2
[INFO] [stderr]    Compiling tokio-util v0.7.12
[INFO] [stderr]    Compiling h2 v0.4.6
[INFO] [stderr]    Compiling tokio-native-tls v0.3.1
[INFO] [stderr]    Compiling serde_urlencoded v0.7.1
[INFO] [stderr]    Compiling hyper v1.5.0
[INFO] [stderr]    Compiling golden_apple v0.19.0 (/opt/rustwide/workdir)
[INFO] [stderr]    Compiling hyper-util v0.1.10
[INFO] [stdout] warning: unused variable: `blockstates_bytes`
[INFO] [stdout]   --> build.rs:13:9
[INFO] [stdout]    |
[INFO] [stdout] 13 |     let blockstates_bytes = include_bytes!("mojang/blocks.json");
[INFO] [stdout]    |         ^^^^^^^^^^^^^^^^^ help: if this is intentional, prefix it with an underscore: `_blockstates_bytes`
[INFO] [stdout]    |
[INFO] [stdout]    = note: `#[warn(unused_variables)]` on by default
[INFO] [stdout] 
[INFO] [stdout] 
[INFO] [stdout] warning: fields `sound_event`, `fluid`, and `potion` are never read
[INFO] [stdout]   --> build.rs:63:5
[INFO] [stdout]    |
[INFO] [stdout] 61 | struct Registries {
[INFO] [stdout]    |        ---------- fields in this struct
[INFO] [stdout] 62 |     #[serde(rename(deserialize = "minecraft:sound_event"))]
[INFO] [stdout] 63 |     sound_event: Registry,
[INFO] [stdout]    |     ^^^^^^^^^^^
[INFO] [stdout] 64 |     #[serde(rename(deserialize = "minecraft:fluid"))]
[INFO] [stdout] 65 |     fluid: Registry,
[INFO] [stdout]    |     ^^^^^
[INFO] [stdout] ...
[INFO] [stdout] 77 |     potion: Registry,
[INFO] [stdout]    |     ^^^^^^
[INFO] [stdout]    |
[INFO] [stdout]    = note: `#[warn(dead_code)]` on by default
[INFO] [stdout] 
[INFO] [stdout] 
[INFO] [stdout] warning: fields `protocol_id` and `default` are never read
[INFO] [stdout]   --> build.rs:86:5
[INFO] [stdout]    |
[INFO] [stdout] 85 | struct Registry {
[INFO] [stdout]    |        -------- fields in this struct
[INFO] [stdout] 86 |     protocol_id: u8,
[INFO] [stdout]    |     ^^^^^^^^^^^
[INFO] [stdout] 87 |     default: Option<String>,
[INFO] [stdout]    |     ^^^^^^^
[INFO] [stdout] 
[INFO] [stdout] 
[INFO] [stderr]    Compiling hyper-tls v0.6.0
[INFO] [stderr]    Compiling reqwest v0.12.9
[INFO] [stdout] warning: unused import: `std::hint::black_box`
[INFO] [stdout]     --> src/test.rs:1:5
[INFO] [stdout]      |
[INFO] [stdout] 1    | use std::hint::black_box;
[INFO] [stdout]      |     ^^^^^^^^^^^^^^^^^^^^
[INFO] [stdout]      |
[INFO] [stdout] help: if this is a test module, consider adding a `#[cfg(test)]` to the containing module
[INFO] [stdout]     --> src/lib.rs:1289:1
[INFO] [stdout]      |
[INFO] [stdout] 1289 | mod test;
[INFO] [stdout]      | ^^^^^^^^^
[INFO] [stdout]      = note: `#[warn(unused_imports)]` on by default
[INFO] [stdout] 
[INFO] [stdout] 
[INFO] [stdout] warning: function `read_tag_with_type` is never used
[INFO] [stdout]   --> src/nbt.rs:88:4
[INFO] [stdout]    |
[INFO] [stdout] 88 | fn read_tag_with_type<R: std::io::Read>(reader: &mut R) -> Result<Tag, Error> {
[INFO] [stdout]    |    ^^^^^^^^^^^^^^^^^^
[INFO] [stdout]    |
[INFO] [stdout]    = note: `#[warn(dead_code)]` on by default
[INFO] [stdout] 
[INFO] [stdout] 
[INFO] [stderr]     Finished `dev` profile [unoptimized + debuginfo] target(s) in 20.58s
[INFO] running `Command { std: "docker" "inspect" "95fd13300ab7cc786a513af61dee2f66cda6f4173a6aac1b0662e7902c23c4c8", kill_on_drop: false }`
[INFO] running `Command { std: "docker" "rm" "-f" "95fd13300ab7cc786a513af61dee2f66cda6f4173a6aac1b0662e7902c23c4c8", kill_on_drop: false }`
[INFO] [stdout] 95fd13300ab7cc786a513af61dee2f66cda6f4173a6aac1b0662e7902c23c4c8
[INFO] running `Command { std: "docker" "create" "-v" "/var/lib/crater-agent-workspace/builds/worker-3-tc2/target:/opt/rustwide/target:rw,Z" "-v" "/var/lib/crater-agent-workspace/builds/worker-3-tc2/source:/opt/rustwide/workdir:ro,Z" "-v" "/var/lib/crater-agent-workspace/cargo-home:/opt/rustwide/cargo-home:ro,Z" "-v" "/var/lib/crater-agent-workspace/rustup-home:/opt/rustwide/rustup-home:ro,Z" "-e" "SOURCE_DIR=/opt/rustwide/workdir" "-e" "CARGO_TARGET_DIR=/opt/rustwide/target" "-e" "CARGO_INCREMENTAL=0" "-e" "RUST_BACKTRACE=full" "-e" "RUSTFLAGS=--cap-lints=forbid -Zrandomize-layout" "-e" "RUSTDOCFLAGS=--cap-lints=forbid" "-e" "CARGO_HOME=/opt/rustwide/cargo-home" "-e" "RUSTUP_HOME=/opt/rustwide/rustup-home" "-w" "/opt/rustwide/workdir" "-m" "1610612736" "--user" "0:0" "--network" "none" "ghcr.io/rust-lang/crates-build-env/linux@sha256:4a844ea9eb2546a2d2c7022eacef16ef2e8229c7fbb2c7d4d55a9ceca922f72d" "/opt/rustwide/cargo-home/bin/cargo" "+nightly-2024-10-28" "test" "--frozen" "--no-run" "--message-format=json", kill_on_drop: false }`
[INFO] [stdout] dbeecb2f643103ccf5b7abc4e742a0a796db1ccf885913aba183815e90bcd02b
[INFO] running `Command { std: "docker" "start" "-a" "dbeecb2f643103ccf5b7abc4e742a0a796db1ccf885913aba183815e90bcd02b", kill_on_drop: false }`
[INFO] [stdout] warning: unused variable: `blockstates_bytes`
[INFO] [stdout]   --> build.rs:13:9
[INFO] [stdout]    |
[INFO] [stdout] 13 |     let blockstates_bytes = include_bytes!("mojang/blocks.json");
[INFO] [stdout]    |         ^^^^^^^^^^^^^^^^^ help: if this is intentional, prefix it with an underscore: `_blockstates_bytes`
[INFO] [stdout]    |
[INFO] [stdout]    = note: `#[warn(unused_variables)]` on by default
[INFO] [stdout] 
[INFO] [stdout] 
[INFO] [stdout] warning: fields `sound_event`, `fluid`, and `potion` are never read
[INFO] [stdout]   --> build.rs:63:5
[INFO] [stdout]    |
[INFO] [stdout] 61 | struct Registries {
[INFO] [stdout]    |        ---------- fields in this struct
[INFO] [stdout] 62 |     #[serde(rename(deserialize = "minecraft:sound_event"))]
[INFO] [stdout] 63 |     sound_event: Registry,
[INFO] [stdout]    |     ^^^^^^^^^^^
[INFO] [stdout] 64 |     #[serde(rename(deserialize = "minecraft:fluid"))]
[INFO] [stdout] 65 |     fluid: Registry,
[INFO] [stdout]    |     ^^^^^
[INFO] [stdout] ...
[INFO] [stdout] 77 |     potion: Registry,
[INFO] [stdout]    |     ^^^^^^
[INFO] [stdout]    |
[INFO] [stdout]    = note: `#[warn(dead_code)]` on by default
[INFO] [stdout] 
[INFO] [stdout] 
[INFO] [stdout] warning: fields `protocol_id` and `default` are never read
[INFO] [stdout]   --> build.rs:86:5
[INFO] [stdout]    |
[INFO] [stdout] 85 | struct Registry {
[INFO] [stdout]    |        -------- fields in this struct
[INFO] [stdout] 86 |     protocol_id: u8,
[INFO] [stdout]    |     ^^^^^^^^^^^
[INFO] [stdout] 87 |     default: Option<String>,
[INFO] [stdout]    |     ^^^^^^^
[INFO] [stdout] 
[INFO] [stdout] 
[INFO] [stdout] warning: unused import: `std::hint::black_box`
[INFO] [stdout]     --> src/test.rs:1:5
[INFO] [stdout]      |
[INFO] [stdout] 1    | use std::hint::black_box;
[INFO] [stdout]      |     ^^^^^^^^^^^^^^^^^^^^
[INFO] [stdout]      |
[INFO] [stdout] help: if this is a test module, consider adding a `#[cfg(test)]` to the containing module
[INFO] [stdout]     --> src/lib.rs:1289:1
[INFO] [stdout]      |
[INFO] [stdout] 1289 | mod test;
[INFO] [stdout]      | ^^^^^^^^^
[INFO] [stdout]      = note: `#[warn(unused_imports)]` on by default
[INFO] [stdout] 
[INFO] [stdout] 
[INFO] [stdout] warning: function `read_tag_with_type` is never used
[INFO] [stdout]   --> src/nbt.rs:88:4
[INFO] [stdout]    |
[INFO] [stdout] 88 | fn read_tag_with_type<R: std::io::Read>(reader: &mut R) -> Result<Tag, Error> {
[INFO] [stdout]    |    ^^^^^^^^^^^^^^^^^^
[INFO] [stdout]    |
[INFO] [stdout]    = note: `#[warn(dead_code)]` on by default
[INFO] [stdout] 
[INFO] [stdout] 
[INFO] [stderr]    Compiling golden_apple v0.19.0 (/opt/rustwide/workdir)
[INFO] [stdout] warning: function `read_tag_with_type` is never used
[INFO] [stdout]   --> src/nbt.rs:88:4
[INFO] [stdout]    |
[INFO] [stdout] 88 | fn read_tag_with_type<R: std::io::Read>(reader: &mut R) -> Result<Tag, Error> {
[INFO] [stdout]    |    ^^^^^^^^^^^^^^^^^^
[INFO] [stdout]    |
[INFO] [stdout]    = note: `#[warn(dead_code)]` on by default
[INFO] [stdout] 
[INFO] [stdout] 
[INFO] [stderr]     Finished `test` profile [unoptimized + debuginfo] target(s) in 1.42s
[INFO] running `Command { std: "docker" "inspect" "dbeecb2f643103ccf5b7abc4e742a0a796db1ccf885913aba183815e90bcd02b", kill_on_drop: false }`
[INFO] running `Command { std: "docker" "rm" "-f" "dbeecb2f643103ccf5b7abc4e742a0a796db1ccf885913aba183815e90bcd02b", kill_on_drop: false }`
[INFO] [stdout] dbeecb2f643103ccf5b7abc4e742a0a796db1ccf885913aba183815e90bcd02b
[INFO] running `Command { std: "docker" "create" "-v" "/var/lib/crater-agent-workspace/builds/worker-3-tc2/target:/opt/rustwide/target:rw,Z" "-v" "/var/lib/crater-agent-workspace/builds/worker-3-tc2/source:/opt/rustwide/workdir:ro,Z" "-v" "/var/lib/crater-agent-workspace/cargo-home:/opt/rustwide/cargo-home:ro,Z" "-v" "/var/lib/crater-agent-workspace/rustup-home:/opt/rustwide/rustup-home:ro,Z" "-e" "SOURCE_DIR=/opt/rustwide/workdir" "-e" "CARGO_TARGET_DIR=/opt/rustwide/target" "-e" "CARGO_INCREMENTAL=0" "-e" "RUST_BACKTRACE=full" "-e" "RUSTFLAGS=--cap-lints=forbid -Zrandomize-layout" "-e" "RUSTDOCFLAGS=--cap-lints=forbid" "-e" "CARGO_HOME=/opt/rustwide/cargo-home" "-e" "RUSTUP_HOME=/opt/rustwide/rustup-home" "-w" "/opt/rustwide/workdir" "-m" "1610612736" "--user" "0:0" "--network" "none" "ghcr.io/rust-lang/crates-build-env/linux@sha256:4a844ea9eb2546a2d2c7022eacef16ef2e8229c7fbb2c7d4d55a9ceca922f72d" "/opt/rustwide/cargo-home/bin/cargo" "+nightly-2024-10-28" "test" "--frozen", kill_on_drop: false }`
[INFO] [stdout] 1c8a45edd8e8149b064b6ceb753bb9cae926df5e0a6f47557331ccc2af2487f5
[INFO] running `Command { std: "docker" "start" "-a" "1c8a45edd8e8149b064b6ceb753bb9cae926df5e0a6f47557331ccc2af2487f5", kill_on_drop: false }`
[INFO] [stderr] warning: unused variable: `blockstates_bytes`
[INFO] [stderr]   --> build.rs:13:9
[INFO] [stderr]    |
[INFO] [stderr] 13 |     let blockstates_bytes = include_bytes!("mojang/blocks.json");
[INFO] [stderr]    |         ^^^^^^^^^^^^^^^^^ help: if this is intentional, prefix it with an underscore: `_blockstates_bytes`
[INFO] [stderr]    |
[INFO] [stderr]    = note: `#[warn(unused_variables)]` on by default
[INFO] [stderr] 
[INFO] [stderr] warning: fields `sound_event`, `fluid`, and `potion` are never read
[INFO] [stderr]   --> build.rs:63:5
[INFO] [stderr]    |
[INFO] [stderr] 61 | struct Registries {
[INFO] [stderr]    |        ---------- fields in this struct
[INFO] [stderr] 62 |     #[serde(rename(deserialize = "minecraft:sound_event"))]
[INFO] [stderr] 63 |     sound_event: Registry,
[INFO] [stderr]    |     ^^^^^^^^^^^
[INFO] [stderr] 64 |     #[serde(rename(deserialize = "minecraft:fluid"))]
[INFO] [stderr] 65 |     fluid: Registry,
[INFO] [stderr]    |     ^^^^^
[INFO] [stderr] ...
[INFO] [stderr] 77 |     potion: Registry,
[INFO] [stderr]    |     ^^^^^^
[INFO] [stderr]    |
[INFO] [stderr]    = note: `#[warn(dead_code)]` on by default
[INFO] [stderr] 
[INFO] [stderr] warning: fields `protocol_id` and `default` are never read
[INFO] [stderr]   --> build.rs:86:5
[INFO] [stderr]    |
[INFO] [stderr] 85 | struct Registry {
[INFO] [stderr]    |        -------- fields in this struct
[INFO] [stderr] 86 |     protocol_id: u8,
[INFO] [stderr]    |     ^^^^^^^^^^^
[INFO] [stderr] 87 |     default: Option<String>,
[INFO] [stderr]    |     ^^^^^^^
[INFO] [stderr] 
[INFO] [stderr] warning: `golden_apple` (build script) generated 3 warnings
[INFO] [stderr] warning: unused import: `std::hint::black_box`
[INFO] [stderr]     --> src/test.rs:1:5
[INFO] [stderr]      |
[INFO] [stderr] 1    | use std::hint::black_box;
[INFO] [stderr]      |     ^^^^^^^^^^^^^^^^^^^^
[INFO] [stderr]      |
[INFO] [stderr] help: if this is a test module, consider adding a `#[cfg(test)]` to the containing module
[INFO] [stderr]     --> src/lib.rs:1289:1
[INFO] [stderr]      |
[INFO] [stderr] 1289 | mod test;
[INFO] [stderr]      | ^^^^^^^^^
[INFO] [stderr]      = note: `#[warn(unused_imports)]` on by default
[INFO] [stderr] 
[INFO] [stderr] warning: function `read_tag_with_type` is never used
[INFO] [stderr]   --> src/nbt.rs:88:4
[INFO] [stderr]    |
[INFO] [stderr] 88 | fn read_tag_with_type<R: std::io::Read>(reader: &mut R) -> Result<Tag, Error> {
[INFO] [stderr]    |    ^^^^^^^^^^^^^^^^^^
[INFO] [stderr]    |
[INFO] [stderr]    = note: `#[warn(dead_code)]` on by default
[INFO] [stderr] 
[INFO] [stderr] warning: `golden_apple` (lib) generated 2 warnings (run `cargo fix --lib -p golden_apple` to apply 1 suggestion)
[INFO] [stderr] warning: `golden_apple` (lib test) generated 1 warning (1 duplicate)
[INFO] [stderr]     Finished `test` profile [unoptimized + debuginfo] target(s) in 0.13s
[INFO] [stderr]      Running unittests src/lib.rs (/opt/rustwide/target/debug/deps/golden_apple-bbc00cc759c44c48)
[INFO] [stdout] 
[INFO] [stdout] running 6 tests
[INFO] [stdout] test test::nbt_list_example ... ok
[INFO] [stdout] test test::position_standard_values ... ok
[INFO] [stdout] test test::nbt_mojang_bigtest ... ok
[INFO] [stdout] test test::varlong_standard_values ... ok
[INFO] [stdout] test test::varint_standard_values ... ok
[INFO] [stdout] test test::username_api ... FAILED
[INFO] [stdout] 
[INFO] [stdout] failures:
[INFO] [stdout] 
[INFO] [stdout] ---- test::username_api stdout ----
[INFO] [stdout] thread 'test::username_api' panicked at src/lib.rs:183:105:
[INFO] [stdout] called `Result::unwrap()` on an `Err` value: reqwest::Error { kind: Request, url: "https://api.mojang.com/users/profiles/minecraft/thisjaiden", source: hyper_util::client::legacy::Error(Connect, ConnectError("dns error", Custom { kind: Uncategorized, error: "failed to lookup address information: Temporary failure in name resolution" })) }
[INFO] [stdout] stack backtrace:
[INFO] [stdout]    0:     0x5729d1ae5afa - std::backtrace_rs::backtrace::libunwind::trace::h207520d6e9873551
[INFO] [stdout]                                at /rustc/df4ca44d3fbc9301ee17f30f4d474e6ae4b05252/library/std/src/../../backtrace/src/backtrace/libunwind.rs:116:5
[INFO] [stdout]    1:     0x5729d1ae5afa - std::backtrace_rs::backtrace::trace_unsynchronized::h2ed7433f370e3eca
[INFO] [stdout]                                at /rustc/df4ca44d3fbc9301ee17f30f4d474e6ae4b05252/library/std/src/../../backtrace/src/backtrace/mod.rs:66:5
[INFO] [stdout]    2:     0x5729d1ae5afa - std::sys::backtrace::_print_fmt::h916fac51166b18d7
[INFO] [stdout]                                at /rustc/df4ca44d3fbc9301ee17f30f4d474e6ae4b05252/library/std/src/sys/backtrace.rs:66:9
[INFO] [stdout]    3:     0x5729d1ae5afa - <std::sys::backtrace::BacktraceLock::print::DisplayBacktrace as core::fmt::Display>::fmt::ha0a4c9b8ce3802e6
[INFO] [stdout]                                at /rustc/df4ca44d3fbc9301ee17f30f4d474e6ae4b05252/library/std/src/sys/backtrace.rs:39:26
[INFO] [stdout]    4:     0x5729d1b10853 - core::fmt::rt::Argument::fmt::h4cfc8587d52b3eb5
[INFO] [stdout]                                at /rustc/df4ca44d3fbc9301ee17f30f4d474e6ae4b05252/library/core/src/fmt/rt.rs:177:76
[INFO] [stdout]    5:     0x5729d1b10853 - core::fmt::write::h522cc39e5b36ae9f
[INFO] [stdout]                                at /rustc/df4ca44d3fbc9301ee17f30f4d474e6ae4b05252/library/core/src/fmt/mod.rs:1190:21
[INFO] [stdout]    6:     0x5729d1ae1ab3 - std::io::Write::write_fmt::h7d3c26752da97734
[INFO] [stdout]                                at /rustc/df4ca44d3fbc9301ee17f30f4d474e6ae4b05252/library/std/src/io/mod.rs:1839:15
[INFO] [stdout]    7:     0x5729d1ae5942 - std::sys::backtrace::BacktraceLock::print::h4b9e00b29e9c0942
[INFO] [stdout]                                at /rustc/df4ca44d3fbc9301ee17f30f4d474e6ae4b05252/library/std/src/sys/backtrace.rs:42:9
[INFO] [stdout]    8:     0x5729d1ae6f8a - std::panicking::default_hook::{{closure}}::hb59b88280d0324d9
[INFO] [stdout]                                at /rustc/df4ca44d3fbc9301ee17f30f4d474e6ae4b05252/library/std/src/panicking.rs:268:22
[INFO] [stdout]    9:     0x5729d1ae6d94 - std::panicking::default_hook::he1dd496665be4a29
[INFO] [stdout]                                at /rustc/df4ca44d3fbc9301ee17f30f4d474e6ae4b05252/library/std/src/panicking.rs:292:9
[INFO] [stdout]   10:     0x5729d171b799 - <alloc::boxed::Box<F,A> as core::ops::function::Fn<Args>>::call::h4ff71de18744e1dc
[INFO] [stdout]                                at /rustc/df4ca44d3fbc9301ee17f30f4d474e6ae4b05252/library/alloc/src/boxed.rs:2468:9
[INFO] [stdout]   11:     0x5729d171b799 - test::test_main::{{closure}}::hcf7c055ce117aa81
[INFO] [stdout]                                at /rustc/df4ca44d3fbc9301ee17f30f4d474e6ae4b05252/library/test/src/lib.rs:133:21
[INFO] [stdout]   12:     0x5729d1ae7688 - <alloc::boxed::Box<F,A> as core::ops::function::Fn<Args>>::call::h1d66c6bbd60c9692
[INFO] [stdout]                                at /rustc/df4ca44d3fbc9301ee17f30f4d474e6ae4b05252/library/alloc/src/boxed.rs:2468:9
[INFO] [stdout]   13:     0x5729d1ae7688 - std::panicking::rust_panic_with_hook::h2ff17fe8f26dfcf8
[INFO] [stdout]                                at /rustc/df4ca44d3fbc9301ee17f30f4d474e6ae4b05252/library/std/src/panicking.rs:809:13
[INFO] [stdout]   14:     0x5729d1ae744a - std::panicking::begin_panic_handler::{{closure}}::h4fad77951c07e101
[INFO] [stdout]                                at /rustc/df4ca44d3fbc9301ee17f30f4d474e6ae4b05252/library/std/src/panicking.rs:674:13
[INFO] [stdout]   15:     0x5729d1ae5fd9 - std::sys::backtrace::__rust_end_short_backtrace::hb1a25b3da5d0ea08
[INFO] [stdout]                                at /rustc/df4ca44d3fbc9301ee17f30f4d474e6ae4b05252/library/std/src/sys/backtrace.rs:170:18
[INFO] [stdout]   16:     0x5729d1ae70dc - rust_begin_unwind
[INFO] [stdout]                                at /rustc/df4ca44d3fbc9301ee17f30f4d474e6ae4b05252/library/std/src/panicking.rs:665:5
[INFO] [stdout]   17:     0x5729d1b0dc40 - core::panicking::panic_fmt::ha9db07b529f9b256
[INFO] [stdout]                                at /rustc/df4ca44d3fbc9301ee17f30f4d474e6ae4b05252/library/core/src/panicking.rs:75:14
[INFO] [stdout]   18:     0x5729d1b0e0c6 - core::result::unwrap_failed::h5e8218e4d4338b8a
[INFO] [stdout]                                at /rustc/df4ca44d3fbc9301ee17f30f4d474e6ae4b05252/library/core/src/result.rs:1698:5
[INFO] [stdout]   19:     0x5729d16c7b48 - core::result::Result<T,E>::unwrap::h0efd6d8ca2476146
[INFO] [stdout]                                at /rustc/df4ca44d3fbc9301ee17f30f4d474e6ae4b05252/library/core/src/result.rs:1103:23
[INFO] [stdout]   20:     0x5729d16c7b48 - golden_apple::UUID::from_username::h5af66ddcb89b791f
[INFO] [stdout]                                at /opt/rustwide/workdir/src/lib.rs:183:28
[INFO] [stdout]   21:     0x5729d16c2e56 - golden_apple::test::username_api::h6b6ed812d1b28f41
[INFO] [stdout]                                at /opt/rustwide/workdir/src/test.rs:92:16
[INFO] [stdout]   22:     0x5729d16c2dfc - golden_apple::test::username_api::{{closure}}::h4d857e6cfa796617
[INFO] [stdout]                                at /opt/rustwide/workdir/src/test.rs:89:22
[INFO] [stdout]   23:     0x5729d16c4c96 - core::ops::function::FnOnce::call_once::hc8ac5705c1c7586d
[INFO] [stdout]                                at /rustc/df4ca44d3fbc9301ee17f30f4d474e6ae4b05252/library/core/src/ops/function.rs:250:5
[INFO] [stdout]   24:     0x5729d172006b - core::ops::function::FnOnce::call_once::h22c3ba5715e93f05
[INFO] [stdout]                                at /rustc/df4ca44d3fbc9301ee17f30f4d474e6ae4b05252/library/core/src/ops/function.rs:250:5
[INFO] [stdout]   25:     0x5729d172006b - test::__rust_begin_short_backtrace::h8e82d8113d0da17f
[INFO] [stdout]                                at /rustc/df4ca44d3fbc9301ee17f30f4d474e6ae4b05252/library/test/src/lib.rs:621:18
[INFO] [stdout]   26:     0x5729d171f9e7 - test::run_test_in_process::{{closure}}::h33235f4f20b7b7c7
[INFO] [stdout]                                at /rustc/df4ca44d3fbc9301ee17f30f4d474e6ae4b05252/library/test/src/lib.rs:644:60
[INFO] [stdout]   27:     0x5729d171f9e7 - <core::panic::unwind_safe::AssertUnwindSafe<F> as core::ops::function::FnOnce<()>>::call_once::hb5043206310c586f
[INFO] [stdout]                                at /rustc/df4ca44d3fbc9301ee17f30f4d474e6ae4b05252/library/core/src/panic/unwind_safe.rs:272:9
[INFO] [stdout]   28:     0x5729d171f9e7 - std::panicking::try::do_call::h9ad4731a60ab23e2
[INFO] [stdout]                                at /rustc/df4ca44d3fbc9301ee17f30f4d474e6ae4b05252/library/std/src/panicking.rs:557:40
[INFO] [stdout]   29:     0x5729d171f9e7 - std::panicking::try::h3824d23db772a716
[INFO] [stdout]                                at /rustc/df4ca44d3fbc9301ee17f30f4d474e6ae4b05252/library/std/src/panicking.rs:520:19
[INFO] [stdout]   30:     0x5729d171f9e7 - std::panic::catch_unwind::h5afd514605fde46b
[INFO] [stdout]                                at /rustc/df4ca44d3fbc9301ee17f30f4d474e6ae4b05252/library/std/src/panic.rs:358:14
[INFO] [stdout]   31:     0x5729d171f9e7 - test::run_test_in_process::h0d5cbfa7067d1720
[INFO] [stdout]                                at /rustc/df4ca44d3fbc9301ee17f30f4d474e6ae4b05252/library/test/src/lib.rs:644:27
[INFO] [stdout]   32:     0x5729d171f9e7 - test::run_test::{{closure}}::h708eb8872708115d
[INFO] [stdout]                                at /rustc/df4ca44d3fbc9301ee17f30f4d474e6ae4b05252/library/test/src/lib.rs:565:43
[INFO] [stdout]   33:     0x5729d16e3104 - test::run_test::{{closure}}::h392c51cee94713ab
[INFO] [stdout]                                at /rustc/df4ca44d3fbc9301ee17f30f4d474e6ae4b05252/library/test/src/lib.rs:595:41
[INFO] [stdout]   34:     0x5729d16e3104 - std::sys::backtrace::__rust_begin_short_backtrace::h2f40290710935a8b
[INFO] [stdout]                                at /rustc/df4ca44d3fbc9301ee17f30f4d474e6ae4b05252/library/std/src/sys/backtrace.rs:154:18
[INFO] [stdout]   35:     0x5729d16e68ae - std::thread::Builder::spawn_unchecked_::{{closure}}::{{closure}}::h3fd968d89053a903
[INFO] [stdout]                                at /rustc/df4ca44d3fbc9301ee17f30f4d474e6ae4b05252/library/std/src/thread/mod.rs:541:17
[INFO] [stdout]   36:     0x5729d16e68ae - <core::panic::unwind_safe::AssertUnwindSafe<F> as core::ops::function::FnOnce<()>>::call_once::h743f637ba4229880
[INFO] [stdout]                                at /rustc/df4ca44d3fbc9301ee17f30f4d474e6ae4b05252/library/core/src/panic/unwind_safe.rs:272:9
[INFO] [stdout]   37:     0x5729d16e68ae - std::panicking::try::do_call::h07440897322525a6
[INFO] [stdout]                                at /rustc/df4ca44d3fbc9301ee17f30f4d474e6ae4b05252/library/std/src/panicking.rs:557:40
[INFO] [stdout]   38:     0x5729d16e68ae - std::panicking::try::he5a2e00188156637
[INFO] [stdout]                                at /rustc/df4ca44d3fbc9301ee17f30f4d474e6ae4b05252/library/std/src/panicking.rs:520:19
[INFO] [stdout]   39:     0x5729d16e68ae - std::panic::catch_unwind::hbaf3cae49b3c6433
[INFO] [stdout]                                at /rustc/df4ca44d3fbc9301ee17f30f4d474e6ae4b05252/library/std/src/panic.rs:358:14
[INFO] [stdout]   40:     0x5729d16e68ae - std::thread::Builder::spawn_unchecked_::{{closure}}::h8e141ea224820bce
[INFO] [stdout]                                at /rustc/df4ca44d3fbc9301ee17f30f4d474e6ae4b05252/library/std/src/thread/mod.rs:540:30
[INFO] [stdout]   41:     0x5729d16e68ae - core::ops::function::FnOnce::call_once{{vtable.shim}}::h90d312fedd7b8ea8
[INFO] [stdout]                                at /rustc/df4ca44d3fbc9301ee17f30f4d474e6ae4b05252/library/core/src/ops/function.rs:250:5
[INFO] [stdout]   42:     0x5729d1aeb8bb - <alloc::boxed::Box<F,A> as core::ops::function::FnOnce<Args>>::call_once::h69aa08ddb6adb8b6
[INFO] [stdout]                                at /rustc/df4ca44d3fbc9301ee17f30f4d474e6ae4b05252/library/alloc/src/boxed.rs:2454:9
[INFO] [stdout]   43:     0x5729d1aeb8bb - <alloc::boxed::Box<F,A> as core::ops::function::FnOnce<Args>>::call_once::h5aa36efdb79c806f
[INFO] [stdout]                                at /rustc/df4ca44d3fbc9301ee17f30f4d474e6ae4b05252/library/alloc/src/boxed.rs:2454:9
[INFO] [stdout]   44:     0x5729d1aeb8bb - std::sys::pal::unix::thread::Thread::new::thread_start::h6cd80a1b4be5158d
[INFO] [stdout]                                at /rustc/df4ca44d3fbc9301ee17f30f4d474e6ae4b05252/library/std/src/sys/pal/unix/thread.rs:105:17
[INFO] [stdout]   45:     0x7cdf4ef15ac3 - <unknown>
[INFO] [stdout]   46:     0x7cdf4efa6a04 - clone
[INFO] [stdout]   47:                0x0 - <unknown>
[INFO] [stdout] 
[INFO] [stdout] 
[INFO] [stdout] failures:
[INFO] [stdout]     test::username_api
[INFO] [stdout] 
[INFO] [stdout] test result: FAILED. 5 passed; 1 failed; 0 ignored; 0 measured; 0 filtered out; finished in 0.11s
[INFO] [stdout] 
[INFO] [stderr] error: test failed, to rerun pass `--lib`
[INFO] running `Command { std: "docker" "inspect" "1c8a45edd8e8149b064b6ceb753bb9cae926df5e0a6f47557331ccc2af2487f5", kill_on_drop: false }`
[INFO] running `Command { std: "docker" "rm" "-f" "1c8a45edd8e8149b064b6ceb753bb9cae926df5e0a6f47557331ccc2af2487f5", kill_on_drop: false }`
[INFO] [stdout] 1c8a45edd8e8149b064b6ceb753bb9cae926df5e0a6f47557331ccc2af2487f5
