[INFO] fetching crate godot-core 0.1.3...
[INFO] testing godot-core-0.1.3 against nightly-2024-10-28 for randomize-layout
[INFO] extracting crate godot-core 0.1.3 into /workspace/builds/worker-5-tc1/source
[INFO] validating manifest of crates.io crate godot-core 0.1.3 on toolchain nightly-2024-10-28
[INFO] running `Command { std: CARGO_HOME="/workspace/cargo-home" RUSTUP_HOME="/workspace/rustup-home" "/workspace/cargo-home/bin/cargo" "+nightly-2024-10-28" "metadata" "--manifest-path" "Cargo.toml" "--no-deps", kill_on_drop: false }`
[INFO] started tweaking crates.io crate godot-core 0.1.3
[INFO] finished tweaking crates.io crate godot-core 0.1.3
[INFO] tweaked toml for crates.io crate godot-core 0.1.3 written to /workspace/builds/worker-5-tc1/source/Cargo.toml
[INFO] running `Command { std: CARGO_HOME="/workspace/cargo-home" RUSTUP_HOME="/workspace/rustup-home" "/workspace/cargo-home/bin/cargo" "+nightly-2024-10-28" "generate-lockfile" "--manifest-path" "Cargo.toml", kill_on_drop: false }`
[INFO] [stderr]     Updating crates.io index
[INFO] [stderr]      Locking 60 packages to latest compatible versions
[INFO] [stderr]       Adding glam v0.27.0 (available: v0.29.1)
[INFO] running `Command { std: CARGO_HOME="/workspace/cargo-home" RUSTUP_HOME="/workspace/rustup-home" "/workspace/cargo-home/bin/cargo" "+nightly-2024-10-28" "fetch" "--manifest-path" "Cargo.toml", kill_on_drop: false }`
[INFO] [stderr]  Downloading crates ...
[INFO] [stderr]   Downloaded gensym v0.1.1
[INFO] [stderr]   Downloaded godot-bindings v0.1.3
[INFO] [stderr]   Downloaded godot-cell v0.1.3
[INFO] [stderr]   Downloaded godot-ffi v0.1.3
[INFO] [stderr]   Downloaded godot-codegen v0.1.3
[INFO] [stderr]   Downloaded gdextension-api v0.1.0
[INFO] running `Command { std: "docker" "create" "-v" "/var/lib/crater-agent-workspace/builds/worker-5-tc1/target:/opt/rustwide/target:rw,Z" "-v" "/var/lib/crater-agent-workspace/builds/worker-5-tc1/source:/opt/rustwide/workdir:ro,Z" "-v" "/var/lib/crater-agent-workspace/cargo-home:/opt/rustwide/cargo-home:ro,Z" "-v" "/var/lib/crater-agent-workspace/rustup-home:/opt/rustwide/rustup-home:ro,Z" "-e" "SOURCE_DIR=/opt/rustwide/workdir" "-e" "CARGO_TARGET_DIR=/opt/rustwide/target" "-e" "CARGO_HOME=/opt/rustwide/cargo-home" "-e" "RUSTUP_HOME=/opt/rustwide/rustup-home" "-w" "/opt/rustwide/workdir" "-m" "1610612736" "--user" "0:0" "--network" "none" "ghcr.io/rust-lang/crates-build-env/linux@sha256:4a844ea9eb2546a2d2c7022eacef16ef2e8229c7fbb2c7d4d55a9ceca922f72d" "/opt/rustwide/cargo-home/bin/cargo" "+nightly-2024-10-28" "metadata" "--no-deps" "--format-version=1", kill_on_drop: false }`
[INFO] [stdout] 66ef4576ead2e85ee6f6b3d8bf83f4d5cfdd18a89b72d7b56767957fe5ddfd53
[INFO] running `Command { std: "docker" "start" "-a" "66ef4576ead2e85ee6f6b3d8bf83f4d5cfdd18a89b72d7b56767957fe5ddfd53", kill_on_drop: false }`
[INFO] running `Command { std: "docker" "inspect" "66ef4576ead2e85ee6f6b3d8bf83f4d5cfdd18a89b72d7b56767957fe5ddfd53", kill_on_drop: false }`
[INFO] running `Command { std: "docker" "rm" "-f" "66ef4576ead2e85ee6f6b3d8bf83f4d5cfdd18a89b72d7b56767957fe5ddfd53", kill_on_drop: false }`
[INFO] [stdout] 66ef4576ead2e85ee6f6b3d8bf83f4d5cfdd18a89b72d7b56767957fe5ddfd53
[INFO] running `Command { std: "docker" "create" "-v" "/var/lib/crater-agent-workspace/builds/worker-5-tc1/target:/opt/rustwide/target:rw,Z" "-v" "/var/lib/crater-agent-workspace/builds/worker-5-tc1/source:/opt/rustwide/workdir:ro,Z" "-v" "/var/lib/crater-agent-workspace/cargo-home:/opt/rustwide/cargo-home:ro,Z" "-v" "/var/lib/crater-agent-workspace/rustup-home:/opt/rustwide/rustup-home:ro,Z" "-e" "SOURCE_DIR=/opt/rustwide/workdir" "-e" "CARGO_TARGET_DIR=/opt/rustwide/target" "-e" "CARGO_INCREMENTAL=0" "-e" "RUST_BACKTRACE=full" "-e" "RUSTFLAGS=--cap-lints=forbid" "-e" "RUSTDOCFLAGS=--cap-lints=forbid" "-e" "CARGO_HOME=/opt/rustwide/cargo-home" "-e" "RUSTUP_HOME=/opt/rustwide/rustup-home" "-w" "/opt/rustwide/workdir" "-m" "1610612736" "--user" "0:0" "--network" "none" "ghcr.io/rust-lang/crates-build-env/linux@sha256:4a844ea9eb2546a2d2c7022eacef16ef2e8229c7fbb2c7d4d55a9ceca922f72d" "/opt/rustwide/cargo-home/bin/cargo" "+nightly-2024-10-28" "build" "--frozen" "--message-format=json", kill_on_drop: false }`
[INFO] [stdout] 202d8981be26496886d51d987505b60f2ad468ad223d1daad0b7b81418e13c78
[INFO] running `Command { std: "docker" "start" "-a" "202d8981be26496886d51d987505b60f2ad468ad223d1daad0b7b81418e13c78", kill_on_drop: false }`
[INFO] [stderr]    Compiling gdextension-api v0.1.0
[INFO] [stderr]    Compiling regex-syntax v0.8.5
[INFO] [stderr]    Compiling nanoserde-derive v0.1.22
[INFO] [stderr]    Compiling heck v0.4.1
[INFO] [stderr]    Compiling paste v1.0.15
[INFO] [stderr]    Compiling godot-cell v0.1.3
[INFO] [stderr]    Compiling glam v0.27.0
[INFO] [stderr]    Compiling libc v0.2.161
[INFO] [stderr]    Compiling nanoserde v0.1.37
[INFO] [stderr]    Compiling regex-automata v0.4.8
[INFO] [stderr]    Compiling godot-bindings v0.1.3
[INFO] [stderr]    Compiling regex v1.11.1
[INFO] [stderr]    Compiling godot-codegen v0.1.3
[INFO] [stderr]    Compiling godot-ffi v0.1.3
[INFO] [stderr]    Compiling godot-core v0.1.3 (/opt/rustwide/workdir)
[INFO] [stdout] warning: elided lifetime has a name
[INFO] [stdout]   --> src/builder/mod.rs:25:93
[INFO] [stdout]    |
[INFO] [stdout] 25 |     pub fn virtual_method<'cb, F>(&'cb mut self, name: &'cb str, method: F) -> MethodBuilder<C, F> {
[INFO] [stdout]    |                           --- lifetime `'cb` declared here                                  ^ this elided lifetime gets resolved as `'cb`
[INFO] [stdout]    |
[INFO] [stdout]    = note: `#[warn(elided_named_lifetimes)]` on by default
[INFO] [stdout] 
[INFO] [stdout] 
[INFO] [stderr]     Finished `dev` profile [unoptimized + debuginfo] target(s) in 15.01s
[INFO] running `Command { std: "docker" "inspect" "202d8981be26496886d51d987505b60f2ad468ad223d1daad0b7b81418e13c78", kill_on_drop: false }`
[INFO] running `Command { std: "docker" "rm" "-f" "202d8981be26496886d51d987505b60f2ad468ad223d1daad0b7b81418e13c78", kill_on_drop: false }`
[INFO] [stdout] 202d8981be26496886d51d987505b60f2ad468ad223d1daad0b7b81418e13c78
[INFO] running `Command { std: "docker" "create" "-v" "/var/lib/crater-agent-workspace/builds/worker-5-tc1/target:/opt/rustwide/target:rw,Z" "-v" "/var/lib/crater-agent-workspace/builds/worker-5-tc1/source:/opt/rustwide/workdir:ro,Z" "-v" "/var/lib/crater-agent-workspace/cargo-home:/opt/rustwide/cargo-home:ro,Z" "-v" "/var/lib/crater-agent-workspace/rustup-home:/opt/rustwide/rustup-home:ro,Z" "-e" "SOURCE_DIR=/opt/rustwide/workdir" "-e" "CARGO_TARGET_DIR=/opt/rustwide/target" "-e" "CARGO_INCREMENTAL=0" "-e" "RUST_BACKTRACE=full" "-e" "RUSTFLAGS=--cap-lints=forbid" "-e" "RUSTDOCFLAGS=--cap-lints=forbid" "-e" "CARGO_HOME=/opt/rustwide/cargo-home" "-e" "RUSTUP_HOME=/opt/rustwide/rustup-home" "-w" "/opt/rustwide/workdir" "-m" "1610612736" "--user" "0:0" "--network" "none" "ghcr.io/rust-lang/crates-build-env/linux@sha256:4a844ea9eb2546a2d2c7022eacef16ef2e8229c7fbb2c7d4d55a9ceca922f72d" "/opt/rustwide/cargo-home/bin/cargo" "+nightly-2024-10-28" "test" "--frozen" "--no-run" "--message-format=json", kill_on_drop: false }`
[INFO] [stdout] 12f8e549546ffc14db2189649a672a2d2c81f1a2ad0411ee6b29a0a4efd84d63
[INFO] running `Command { std: "docker" "start" "-a" "12f8e549546ffc14db2189649a672a2d2c81f1a2ad0411ee6b29a0a4efd84d63", kill_on_drop: false }`
[INFO] [stderr]    Compiling serde v1.0.214
[INFO] [stdout] warning: elided lifetime has a name
[INFO] [stdout]   --> src/builder/mod.rs:25:93
[INFO] [stdout]    |
[INFO] [stdout] 25 |     pub fn virtual_method<'cb, F>(&'cb mut self, name: &'cb str, method: F) -> MethodBuilder<C, F> {
[INFO] [stdout]    |                           --- lifetime `'cb` declared here                                  ^ this elided lifetime gets resolved as `'cb`
[INFO] [stdout]    |
[INFO] [stdout]    = note: `#[warn(elided_named_lifetimes)]` on by default
[INFO] [stdout] 
[INFO] [stdout] 
[INFO] [stderr]    Compiling serde_json v1.0.132
[INFO] [stderr]    Compiling godot-core v0.1.3 (/opt/rustwide/workdir)
[INFO] [stdout] warning: elided lifetime has a name
[INFO] [stdout]   --> src/builder/mod.rs:25:93
[INFO] [stdout]    |
[INFO] [stdout] 25 |     pub fn virtual_method<'cb, F>(&'cb mut self, name: &'cb str, method: F) -> MethodBuilder<C, F> {
[INFO] [stdout]    |                           --- lifetime `'cb` declared here                                  ^ this elided lifetime gets resolved as `'cb`
[INFO] [stdout]    |
[INFO] [stdout]    = note: `#[warn(elided_named_lifetimes)]` on by default
[INFO] [stdout] 
[INFO] [stdout] 
[INFO] [stderr]     Finished `test` profile [unoptimized + debuginfo] target(s) in 9.22s
[INFO] running `Command { std: "docker" "inspect" "12f8e549546ffc14db2189649a672a2d2c81f1a2ad0411ee6b29a0a4efd84d63", kill_on_drop: false }`
[INFO] running `Command { std: "docker" "rm" "-f" "12f8e549546ffc14db2189649a672a2d2c81f1a2ad0411ee6b29a0a4efd84d63", kill_on_drop: false }`
[INFO] [stdout] 12f8e549546ffc14db2189649a672a2d2c81f1a2ad0411ee6b29a0a4efd84d63
[INFO] running `Command { std: "docker" "create" "-v" "/var/lib/crater-agent-workspace/builds/worker-5-tc1/target:/opt/rustwide/target:rw,Z" "-v" "/var/lib/crater-agent-workspace/builds/worker-5-tc1/source:/opt/rustwide/workdir:ro,Z" "-v" "/var/lib/crater-agent-workspace/cargo-home:/opt/rustwide/cargo-home:ro,Z" "-v" "/var/lib/crater-agent-workspace/rustup-home:/opt/rustwide/rustup-home:ro,Z" "-e" "SOURCE_DIR=/opt/rustwide/workdir" "-e" "CARGO_TARGET_DIR=/opt/rustwide/target" "-e" "CARGO_INCREMENTAL=0" "-e" "RUST_BACKTRACE=full" "-e" "RUSTFLAGS=--cap-lints=forbid" "-e" "RUSTDOCFLAGS=--cap-lints=forbid" "-e" "CARGO_HOME=/opt/rustwide/cargo-home" "-e" "RUSTUP_HOME=/opt/rustwide/rustup-home" "-w" "/opt/rustwide/workdir" "-m" "1610612736" "--user" "0:0" "--network" "none" "ghcr.io/rust-lang/crates-build-env/linux@sha256:4a844ea9eb2546a2d2c7022eacef16ef2e8229c7fbb2c7d4d55a9ceca922f72d" "/opt/rustwide/cargo-home/bin/cargo" "+nightly-2024-10-28" "test" "--frozen", kill_on_drop: false }`
[INFO] [stdout] 33b4a43fcc23889657945b7de54beaf3f75007c388bcef5384a76feb5b24c786
[INFO] running `Command { std: "docker" "start" "-a" "33b4a43fcc23889657945b7de54beaf3f75007c388bcef5384a76feb5b24c786", kill_on_drop: false }`
[INFO] [stderr] warning: elided lifetime has a name
[INFO] [stderr]   --> src/builder/mod.rs:25:93
[INFO] [stderr]    |
[INFO] [stderr] 25 |     pub fn virtual_method<'cb, F>(&'cb mut self, name: &'cb str, method: F) -> MethodBuilder<C, F> {
[INFO] [stderr]    |                           --- lifetime `'cb` declared here                                  ^ this elided lifetime gets resolved as `'cb`
[INFO] [stderr]    |
[INFO] [stderr]    = note: `#[warn(elided_named_lifetimes)]` on by default
[INFO] [stderr] 
[INFO] [stderr] warning: `godot-core` (lib) generated 1 warning
[INFO] [stderr] warning: `godot-core` (lib test) generated 1 warning (1 duplicate)
[INFO] [stderr]     Finished `test` profile [unoptimized + debuginfo] target(s) in 0.03s
[INFO] [stderr]      Running unittests src/lib.rs (/opt/rustwide/target/debug/deps/godot_core-55a57ae84947a074)
[INFO] [stdout] 
[INFO] [stdout] running 82 tests
[INFO] [stdout] test builtin::aabb::test::test_aabb_intersects_segment ... ok
[INFO] [stdout] test builtin::aabb::test::test_axes_functions ... ok
[INFO] [stdout] test builtin::aabb::test::test_intersection ... ok
[INFO] [stdout] test builtin::aabb::test::test_intersects ... ok
[INFO] [stdout] test builtin::aabb::test::test_intersects_plane ... ok
[INFO] [stdout] test builtin::aabb::test::test_intersects_ray ... ok
[INFO] [stdout] test builtin::basis::test::basic_rotation_correct ... ok
[INFO] [stdout] test builtin::basis::test::basis_finite_number_test ... ok
[INFO] [stdout] test builtin::basis::test::consts_behavior_correct ... ok
[INFO] [stdout] test builtin::math::float::test::angle_equal_approx_f32 ... ok
[INFO] [stdout] test builtin::math::float::test::angle_equal_approx_f64 ... ok
[INFO] [stdout] test builtin::math::float::test::lerp_angle_test_f32 ... ok
[INFO] [stdout] test builtin::math::float::test::lerp_angle_test_f64 ... ok
[INFO] [stdout] test builtin::math::test::equal_approx ... ok
[INFO] [stdout] test builtin::plane::test::construction_succeeds ... ok
[INFO] [stdout] test builtin::plane::test::test_equal ... ok
[INFO] [stdout] test builtin::plane::test::test_projection ... ok
[INFO] [stdout] test builtin::plane::test::test_segment_intersections ... ok
[INFO] [stdout] test builtin::plane::test::test_finite ... ok
[INFO] [stdout] test builtin::plane::test::test_ray_intersections ... ok
[INFO] [stdout] test builtin::projection::test::test_perspective ... ok
[INFO] [stdout] test builtin::basis::test::basis_euler_conversions ... ok
[INFO] [stdout] test builtin::plane::test::test_normalization ... ok
[INFO] [stdout] test builtin::rect2i::test::abs ... ok
[INFO] [stdout] test builtin::rect2i::test::area_and_has_area ... ok
[INFO] [stdout] test builtin::projection::test::test_diagonals ... ok
[INFO] [stdout] test builtin::plane::test::test_spatial_relations ... ok
[INFO] [stdout] test builtin::projection::test::test_frustum ... ok
[INFO] [stdout] test builtin::plane::test::test_three_planes_intersections ... ok
[INFO] [stdout] test builtin::rect2i::test::center ... ok
[INFO] [stdout] test builtin::projection::test::test_orthogonal_aspect ... ok
[INFO] [stdout] test builtin::rect2i::test::construction_tests ... ok
[INFO] [stdout] test builtin::rect2i::test::encloses ... ok
[INFO] [stdout] test builtin::projection::test::test_frustum_aspect ... ok
[INFO] [stdout] test builtin::rect2i::test::end ... ok
[INFO] [stdout] test builtin::rect2i::test::expand_and_contains_point ... ok
[INFO] [stdout] test builtin::projection::test::test_orthogonal ... ok
[INFO] [stdout] test builtin::rect2i::test::grow ... ok
[INFO] [stdout] test builtin::rect2i::test::grow_individual_and_side ... ok
[INFO] [stdout] test builtin::rect2i::test::intersects_and_intersection ... ok
[INFO] [stdout] test builtin::rect2i::test::merge ... ok
[INFO] [stdout] test builtin::rect2i::test::set_end ... ok
[INFO] [stdout] test builtin::string::string_chars::tests::check_out_of_range_unicode ... ok
[INFO] [stdout] test builtin::transform2d::test::finite_number_checks ... ok
[INFO] [stdout] test builtin::string::string_chars::tests::check_valid_unicode ... ok
[INFO] [stdout] test builtin::string::string_chars::tests::check_unpaired_surrogate_unicode ... ok
[INFO] [stdout] test builtin::transform2d::test::rotation ... ok
[INFO] [stdout] test builtin::transform2d::test::scaling ... ok
[INFO] [stdout] test builtin::transform2d::test::interpolation ... ok
[INFO] [stdout] test builtin::transform2d::test::translation ... ok
[INFO] [stdout] test builtin::transform3d::test::finite_number_checks ... ok
[INFO] [stdout] test builtin::transform2d::test::transform2d_constructors_correct ... ok
[INFO] [stdout] test builtin::transform3d::test::scaling ... ok
[INFO] [stdout] test builtin::transform3d::test::rotation ... ok
[INFO] [stdout] test builtin::transform3d::test::translation ... ok
[INFO] [stdout] test builtin::vectors::vector2::test::coord_min_max ... ok
[INFO] [stdout] test builtin::vectors::vector2i::test::axis_min_max ... ok
[INFO] [stdout] test builtin::vectors::vector2i::test::coord_min_max ... ok
[INFO] [stdout] test builtin::vectors::vector3::test::coord_min_max ... ok
[INFO] [stdout] test builtin::vectors::vector3::test::iter_sum ... ok
[INFO] [stdout] test builtin::vectors::vector3::test::test_slerp ... ok
[INFO] [stdout] test builtin::vectors::vector3::test::rotation ... ok
[INFO] [stdout] test builtin::vectors::vector3i::test::axis_min_max ... ok
[INFO] [stdout] test builtin::vectors::vector4::test::coord_min_max ... ok
[INFO] [stdout] test builtin::vectors::vector4i::test::coord_min_max ... ok
[INFO] [stdout] test builtin::vectors::vector3i::test::coord_min_max ... ok
[INFO] [stdout] test builtin::vectors::vector4i::test::axis_min_max ... ok
[INFO] [stdout] test builtin::vectors::vector4i::test::test_iter_elementwise_prod ... ok
[INFO] [stdout] test builtin::vectors::vector_swizzle::test::test_vector_swizzle ... ok
[INFO] [stdout] test private::tests::test_call_errors ... ok
[INFO] [stdout] test builtin::math::float::test::eq_approx_fail_with_message - should panic ... ok
[INFO] [stdout] test builtin::plane::test::new_unnormalized_panics - should panic ... ok
[INFO] [stdout] test builtin::plane::test::from_points_colinear_panics - should panic ... ok
[INFO] [stdout] test builtin::rect2i::test::contains_point_self_negative_panics - should panic ... ok
[INFO] [stdout] test builtin::rect2i::test::encloses_other_negative_panics - should panic ... ok
[INFO] [stdout] test builtin::rect2i::test::encloses_self_negative_panics - should panic ... ok
[INFO] [stdout] test builtin::rect2i::test::expand_self_negative_panics - should panic ... ok
[INFO] [stdout] test builtin::rect2i::test::intersects_other_negative_panics - should panic ... ok
[INFO] [stdout] test builtin::rect2i::test::intersects_self_negative_panics - should panic ... ok
[INFO] [stdout] test builtin::rect2i::test::merge_other_negative_panics - should panic ... ok
[INFO] [stdout] test builtin::rect2i::test::merge_self_negative_panics - should panic ... ok
[INFO] [stdout] test builtin::projection::test::test_is_orthogonal ... ok
[INFO] [stdout] 
[INFO] [stdout] test result: ok. 82 passed; 0 failed; 0 ignored; 0 measured; 0 filtered out; finished in 1.75s
[INFO] [stdout] 
[INFO] [stderr]    Doc-tests godot_core
[INFO] [stdout] 
[INFO] [stdout] running 64 tests
[INFO] [stdout] test src/builtin/color_hsv.rs - builtin::color_hsv::ColorHsv::normalized_clamped_h (line 133) ... FAILED
[INFO] [stdout] test src/builtin/color_hsv.rs - builtin::color_hsv::ColorHsv (line 50) ... FAILED
[INFO] [stdout] test src/builtin/color_hsv.rs - builtin::color_hsv::ColorHsv (line 28) ... FAILED
[INFO] [stdout] test src/builtin/color_hsv.rs - builtin::color_hsv::ColorHsv (line 42) ... FAILED
[INFO] [stdout] test src/builtin/collections/dictionary.rs - builtin::collections::dictionary::dict (line 735) - compile ... FAILED
[INFO] [stdout] test src/builtin/color_hsv.rs - builtin::color_hsv::ColorHsv (line 37) ... FAILED
[INFO] [stdout] test src/builtin/color_hsv.rs - builtin::color_hsv::ColorHsv (line 67) ... FAILED
[INFO] [stdout] test src/builtin/real.rs - builtin::real_inner::real (line 186) ... FAILED
[INFO] [stdout] test src/builtin/color_hsv.rs - builtin::color_hsv::ColorHsv::normalized_wrapped_h (line 157) ... FAILED
[INFO] [stdout] test src/builtin/collections/array.rs - builtin::collections::array::varray (line 1211) - compile ... FAILED
[INFO] [stdout] test src/builtin/aabb.rs - builtin::aabb::Aabb::fmt (line 387) ... FAILED
[INFO] [stdout] test src/builtin/real.rs - builtin::real_inner::real (line 179) - compile fail ... ok
[INFO] [stdout] test src/builtin/collections/array.rs - builtin::collections::array::array (line 1184) - compile ... FAILED
[INFO] [stdout] test src/builtin/collections/array.rs - builtin::collections::array::Array<T>::fmt (line 864) - compile ... FAILED
[INFO] [stdout] test src/builtin/color.rs - builtin::color::Color::fmt (line 568) ... FAILED
[INFO] [stdout] test src/builtin/collections/array.rs - builtin::collections::array::Array (line 50) - compile ... FAILED
[INFO] [stdout] test src/builtin/callable.rs - builtin::callable::Callable::from_fn (line 84) - compile ... FAILED
[INFO] [stdout] test src/builtin/string/string_name.rs - builtin::string::string_name::StringName::from_latin1_with_nul (line 49) - compile ... FAILED
[INFO] [stdout] test src/builtin/string/string_name.rs - builtin::string::string_name::StringName::from (line 307) - compile ... FAILED
[INFO] [stdout] test src/builtin/collections/dictionary.rs - builtin::collections::dictionary::Dictionary (line 28) - compile ... FAILED
[INFO] [stdout] test src/builtin/plane.rs - builtin::plane::Plane::fmt (line 303) ... FAILED
[INFO] [stdout] test src/builtin/rect2.rs - builtin::rect2::Rect2::fmt (line 280) ... FAILED
[INFO] [stdout] test src/builtin/collections/array.rs - builtin::collections::array::Array (line 83) - compile ... FAILED
[INFO] [stdout] test src/builtin/projection.rs - builtin::projection::Projection::fmt (line 623) ... FAILED
[INFO] [stdout] test src/meta/mod.rs - meta::PropertyInfo::with_hint_info (line 104) - compile ... FAILED
[INFO] [stdout] test src/builtin/rid.rs - builtin::rid::Rid::fmt (line 103) ... FAILED
[INFO] [stdout] test src/builtin/vectors/vector2.rs - builtin::vectors::vector2::Vector2::from_angle (line 103) - compile ... FAILED
[INFO] [stdout] test src/builtin/rect2i.rs - builtin::rect2i::Rect2i::fmt (line 283) ... FAILED
[INFO] [stdout] test src/init/mod.rs - init::ExtensionLibrary (line 175) ... FAILED
[INFO] [stdout] test src/builtin/vectors/vector_swizzle.rs - builtin::vectors::vector_swizzle::swizzle (line 20) ... FAILED
[INFO] [stdout] test src/builtin/vectors/vector_swizzle.rs - builtin::vectors::vector_swizzle::swizzle (line 39) ... FAILED
[INFO] [stdout] test src/builtin/vectors/vector_swizzle.rs - builtin::vectors::vector_swizzle::swizzle (line 30) ... FAILED
[INFO] [stdout] test src/obj/bounds.rs - obj::bounds::private::implement_godot_bounds (line 109) - compile ... FAILED
[INFO] [stdout] test src/obj/gd.rs - obj::gd::Gd<T>::try_to_unique (line 612) - compile ... FAILED
[INFO] [stdout] test src/obj/bounds.rs - obj::bounds (line 27) ... FAILED
[INFO] [stdout] test src/meta/error/call_error.rs - meta::error::call_error::CallError (line 40) - compile ... FAILED
[INFO] [stdout] test src/obj/gd.rs - obj::gd::Gd<T>::from_init_fn (line 120) - compile ... FAILED
[INFO] [stdout] test src/obj/gd.rs - obj::gd::Gd<T>::upcast_mut (line 335) - compile ... FAILED
[INFO] [stdout] test src/obj/gd.rs - obj::gd::Gd<T>::upcast_ref (line 296) - compile ... FAILED
[INFO] [stdout] test src/obj/gd.rs - obj::gd::Gd<T>::upcast_mut (line 347) - compile fail ... ok
[INFO] [stdout] test src/obj/gd.rs - obj::gd::Gd<T>::upcast (line 274) - compile ... FAILED
[INFO] [stdout] test src/obj/gd.rs - obj::gd::Gd<T>::upcast_ref (line 308) - compile fail ... ok
[INFO] [stdout] test src/obj/script.rs - obj::script::ScriptInstance (line 44) - compile ... FAILED
[INFO] [stdout] test src/obj/onready.rs - obj::onready::OnReady (line 40) ... FAILED
[INFO] [stdout] test src/registry/property.rs - registry::property::export_info_functions::export_enum (line 280) - compile ... FAILED
[INFO] [stdout] test src/registry/property.rs - registry::property::export_info_functions::export_flags (line 313) - compile ... FAILED
[INFO] [stdout] test src/obj/traits.rs - obj::traits::WithBaseField (line 220) - compile ... FAILED
[INFO] [stdout] test src/obj/traits.rs - obj::traits::Inherits (line 119) - compile ... FAILED
[INFO] [stdout] test src/tools/gfile.rs - tools::gfile::GFile (line 50) - compile ... FAILED
[INFO] [stdout] test src/obj/traits.rs - obj::traits::Inherits (line 101) - compile ... FAILED
[INFO] [stdout] test src/obj/traits.rs - obj::traits::WithBaseField::base (line 282) - compile fail ... ok
[INFO] [stdout] test src/obj/traits.rs - obj::traits::WithBaseField::base (line 256) - compile ... FAILED
[INFO] [stdout] test src/obj/script.rs - obj::script::SiMut<'a,T>::base (line 349) - compile ... FAILED
[INFO] [stdout] test src/tools/translate.rs - tools::translate::tr (line 19) - compile ... FAILED
[INFO] [stdout] test src/obj/traits.rs - obj::traits::WithBaseField::base_mut (line 323) - compile ... FAILED
[INFO] [stdout] test src/obj/traits.rs - obj::traits::WithBaseField::base_mut (line 348) ... FAILED
[INFO] [stdout] test src/obj/script.rs - obj::script::SiMut<'a,T>::base_mut (line 400) - compile ... FAILED
[INFO] [stdout] test src/builtin/real.rs - builtin::real_inner::reals (line 204) ... ok
[INFO] [stdout] test src/tools/translate.rs - tools::translate::tr_n (line 61) - compile ... FAILED
[INFO] [stdout] test src/tools/save_load.rs - tools::save_load::load (line 20) - compile ... FAILED
[INFO] [stdout] test src/tools/save_load.rs - tools::save_load::save (line 82) - compile ... FAILED
[INFO] [stdout] test src/tools/save_load.rs - tools::save_load::try_load (line 57) - compile ... FAILED
[INFO] [stdout] test src/registry/property.rs - registry::property::export_info_functions::export_range (line 178) ... FAILED
[INFO] [stdout] test src/tools/save_load.rs - tools::save_load::try_save (line 108) - compile ... FAILED
[INFO] [stdout] 
[INFO] [stdout] failures:
[INFO] [stdout] 
[INFO] [stdout] ---- src/builtin/color_hsv.rs - builtin::color_hsv::ColorHsv::normalized_clamped_h (line 133) stdout ----
[INFO] [stdout] error[E0433]: failed to resolve: use of undeclared crate or module `godot`
[INFO] [stdout]  --> src/builtin/color_hsv.rs:134:5
[INFO] [stdout]   |
[INFO] [stdout] 3 | use godot::builtin::ColorHsv;
[INFO] [stdout]   |     ^^^^^ use of undeclared crate or module `godot`
[INFO] [stdout] 
[INFO] [stdout] error[E0433]: failed to resolve: use of undeclared crate or module `godot`
[INFO] [stdout]  --> src/builtin/color_hsv.rs:135:5
[INFO] [stdout]   |
[INFO] [stdout] 4 | use godot::builtin::math::assert_eq_approx;
[INFO] [stdout]   |     ^^^^^ use of undeclared crate or module `godot`
[INFO] [stdout] 
[INFO] [stdout] error: aborting due to 2 previous errors
[INFO] [stdout] 
[INFO] [stdout] For more information about this error, try `rustc --explain E0433`.
[INFO] [stdout] Couldn't compile the test.
[INFO] [stdout] ---- src/builtin/color_hsv.rs - builtin::color_hsv::ColorHsv (line 50) stdout ----
[INFO] [stdout] error[E0433]: failed to resolve: use of undeclared crate or module `godot`
[INFO] [stdout]  --> src/builtin/color_hsv.rs:51:5
[INFO] [stdout]   |
[INFO] [stdout] 3 | use godot::builtin::{Color, ColorHsv};
[INFO] [stdout]   |     ^^^^^ use of undeclared crate or module `godot`
[INFO] [stdout] 
[INFO] [stdout] error: aborting due to 1 previous error
[INFO] [stdout] 
[INFO] [stdout] For more information about this error, try `rustc --explain E0433`.
[INFO] [stdout] Couldn't compile the test.
[INFO] [stdout] ---- src/builtin/color_hsv.rs - builtin::color_hsv::ColorHsv (line 28) stdout ----
[INFO] [stdout] error[E0433]: failed to resolve: use of undeclared crate or module `godot`
[INFO] [stdout]  --> src/builtin/color_hsv.rs:29:5
[INFO] [stdout]   |
[INFO] [stdout] 3 | use godot::builtin::{Color, ColorHsv};
[INFO] [stdout]   |     ^^^^^ use of undeclared crate or module `godot`
[INFO] [stdout] 
[INFO] [stdout] error: aborting due to 1 previous error
[INFO] [stdout] 
[INFO] [stdout] For more information about this error, try `rustc --explain E0433`.
[INFO] [stdout] Couldn't compile the test.
[INFO] [stdout] ---- src/builtin/color_hsv.rs - builtin::color_hsv::ColorHsv (line 42) stdout ----
[INFO] [stdout] error[E0433]: failed to resolve: use of undeclared crate or module `godot`
[INFO] [stdout]  --> src/builtin/color_hsv.rs:43:5
[INFO] [stdout]   |
[INFO] [stdout] 3 | use godot::builtin::{Color, ColorHsv};
[INFO] [stdout]   |     ^^^^^ use of undeclared crate or module `godot`
[INFO] [stdout] 
[INFO] [stdout] error: aborting due to 1 previous error
[INFO] [stdout] 
[INFO] [stdout] For more information about this error, try `rustc --explain E0433`.
[INFO] [stdout] Couldn't compile the test.
[INFO] [stdout] ---- src/builtin/collections/dictionary.rs - builtin::collections::dictionary::dict (line 735) stdout ----
[INFO] [stdout] error[E0433]: failed to resolve: use of undeclared crate or module `godot`
[INFO] [stdout]  --> src/builtin/collections/dictionary.rs:736:5
[INFO] [stdout]   |
[INFO] [stdout] 3 | use godot::builtin::{dict, Variant};
[INFO] [stdout]   |     ^^^^^ use of undeclared crate or module `godot`
[INFO] [stdout] 
[INFO] [stdout] error: aborting due to 1 previous error
[INFO] [stdout] 
[INFO] [stdout] For more information about this error, try `rustc --explain E0433`.
[INFO] [stdout] Couldn't compile the test.
[INFO] [stdout] ---- src/builtin/color_hsv.rs - builtin::color_hsv::ColorHsv (line 37) stdout ----
[INFO] [stdout] error[E0433]: failed to resolve: use of undeclared crate or module `godot`
[INFO] [stdout]  --> src/builtin/color_hsv.rs:38:5
[INFO] [stdout]   |
[INFO] [stdout] 3 | use godot::builtin::{Color, ColorHsv};
[INFO] [stdout]   |     ^^^^^ use of undeclared crate or module `godot`
[INFO] [stdout] 
[INFO] [stdout] error: aborting due to 1 previous error
[INFO] [stdout] 
[INFO] [stdout] For more information about this error, try `rustc --explain E0433`.
[INFO] [stdout] Couldn't compile the test.
[INFO] [stdout] ---- src/builtin/color_hsv.rs - builtin::color_hsv::ColorHsv (line 67) stdout ----
[INFO] [stdout] error[E0433]: failed to resolve: use of undeclared crate or module `godot`
[INFO] [stdout]  --> src/builtin/color_hsv.rs:68:5
[INFO] [stdout]   |
[INFO] [stdout] 3 | use godot::builtin::{Color, ColorHsv};
[INFO] [stdout]   |     ^^^^^ use of undeclared crate or module `godot`
[INFO] [stdout] 
[INFO] [stdout] error[E0433]: failed to resolve: use of undeclared crate or module `godot`
[INFO] [stdout]  --> src/builtin/color_hsv.rs:69:5
[INFO] [stdout]   |
[INFO] [stdout] 4 | use godot::builtin::math::assert_eq_approx;
[INFO] [stdout]   |     ^^^^^ use of undeclared crate or module `godot`
[INFO] [stdout] 
[INFO] [stdout] error: aborting due to 2 previous errors
[INFO] [stdout] 
[INFO] [stdout] For more information about this error, try `rustc --explain E0433`.
[INFO] [stdout] Couldn't compile the test.
[INFO] [stdout] ---- src/builtin/real.rs - builtin::real_inner::real (line 186) stdout ----
[INFO] [stdout] error[E0433]: failed to resolve: use of undeclared crate or module `godot`
[INFO] [stdout]  --> src/builtin/real.rs:187:5
[INFO] [stdout]   |
[INFO] [stdout] 3 | use godot::builtin::real;
[INFO] [stdout]   |     ^^^^^ use of undeclared crate or module `godot`
[INFO] [stdout] 
[INFO] [stdout] error: aborting due to 1 previous error
[INFO] [stdout] 
[INFO] [stdout] For more information about this error, try `rustc --explain E0433`.
[INFO] [stdout] Couldn't compile the test.
[INFO] [stdout] ---- src/builtin/color_hsv.rs - builtin::color_hsv::ColorHsv::normalized_wrapped_h (line 157) stdout ----
[INFO] [stdout] error[E0433]: failed to resolve: use of undeclared crate or module `godot`
[INFO] [stdout]  --> src/builtin/color_hsv.rs:158:5
[INFO] [stdout]   |
[INFO] [stdout] 3 | use godot::builtin::ColorHsv;
[INFO] [stdout]   |     ^^^^^ use of undeclared crate or module `godot`
[INFO] [stdout] 
[INFO] [stdout] error[E0433]: failed to resolve: use of undeclared crate or module `godot`
[INFO] [stdout]  --> src/builtin/color_hsv.rs:159:5
[INFO] [stdout]   |
[INFO] [stdout] 4 | use godot::builtin::math::assert_eq_approx;
[INFO] [stdout]   |     ^^^^^ use of undeclared crate or module `godot`
[INFO] [stdout] 
[INFO] [stdout] error: aborting due to 2 previous errors
[INFO] [stdout] 
[INFO] [stdout] For more information about this error, try `rustc --explain E0433`.
[INFO] [stdout] Couldn't compile the test.
[INFO] [stdout] ---- src/builtin/collections/array.rs - builtin::collections::array::varray (line 1211) stdout ----
[INFO] [stdout] error[E0433]: failed to resolve: use of undeclared crate or module `godot`
[INFO] [stdout]  --> src/builtin/collections/array.rs:1212:5
[INFO] [stdout]   |
[INFO] [stdout] 3 | use godot::prelude::*;
[INFO] [stdout]   |     ^^^^^ use of undeclared crate or module `godot`
[INFO] [stdout] 
[INFO] [stdout] error: cannot find macro `varray` in this scope
[INFO] [stdout]  --> src/builtin/collections/array.rs:1213:25
[INFO] [stdout]   |
[INFO] [stdout] 4 | let arr: VariantArray = varray![42_i64, "hello", true];
[INFO] [stdout]   |                         ^^^^^^
[INFO] [stdout]   |
[INFO] [stdout] help: consider importing this macro
[INFO] [stdout]   |
[INFO] [stdout] 2 + use godot_core::varray;
[INFO] [stdout]   |
[INFO] [stdout] 
[INFO] [stdout] error[E0412]: cannot find type `VariantArray` in this scope
[INFO] [stdout]  --> src/builtin/collections/array.rs:1213:10
[INFO] [stdout]   |
[INFO] [stdout] 4 | let arr: VariantArray = varray![42_i64, "hello", true];
[INFO] [stdout]   |          ^^^^^^^^^^^^ not found in this scope
[INFO] [stdout]   |
[INFO] [stdout] help: consider importing this type alias
[INFO] [stdout]   |
[INFO] [stdout] 2 + use godot_core::builtin::VariantArray;
[INFO] [stdout]   |
[INFO] [stdout] 
[INFO] [stdout] error: aborting due to 3 previous errors
[INFO] [stdout] 
[INFO] [stdout] Some errors have detailed explanations: E0412, E0433.
[INFO] [stdout] For more information about an error, try `rustc --explain E0412`.
[INFO] [stdout] Couldn't compile the test.
[INFO] [stdout] ---- src/builtin/aabb.rs - builtin::aabb::Aabb::fmt (line 387) stdout ----
[INFO] [stdout] error[E0433]: failed to resolve: use of undeclared crate or module `godot`
[INFO] [stdout]  --> src/builtin/aabb.rs:388:5
[INFO] [stdout]   |
[INFO] [stdout] 3 | use godot::prelude::*;
[INFO] [stdout]   |     ^^^^^ use of undeclared crate or module `godot`
[INFO] [stdout] 
[INFO] [stdout] error[E0433]: failed to resolve: use of undeclared type `Aabb`
[INFO] [stdout]  --> src/builtin/aabb.rs:389:12
[INFO] [stdout]   |
[INFO] [stdout] 4 | let aabb = Aabb::new(Vector3::new(0.0, 0.0, 0.0), Vector3::new(1.0, 1.0, 1.0));
[INFO] [stdout]   |            ^^^^ use of undeclared type `Aabb`
[INFO] [stdout]   |
[INFO] [stdout] help: consider importing this struct
[INFO] [stdout]   |
[INFO] [stdout] 2 + use godot_core::builtin::Aabb;
[INFO] [stdout]   |
[INFO] [stdout] 
[INFO] [stdout] error[E0433]: failed to resolve: use of undeclared type `Vector3`
[INFO] [stdout]  --> src/builtin/aabb.rs:389:22
[INFO] [stdout]   |
[INFO] [stdout] 4 | let aabb = Aabb::new(Vector3::new(0.0, 0.0, 0.0), Vector3::new(1.0, 1.0, 1.0));
[INFO] [stdout]   |                      ^^^^^^^ use of undeclared type `Vector3`
[INFO] [stdout]   |
[INFO] [stdout] help: consider importing this struct
[INFO] [stdout]   |
[INFO] [stdout] 2 + use godot_core::builtin::Vector3;
[INFO] [stdout]   |
[INFO] [stdout] 
[INFO] [stdout] error[E0433]: failed to resolve: use of undeclared type `Vector3`
[INFO] [stdout]  --> src/builtin/aabb.rs:389:51
[INFO] [stdout]   |
[INFO] [stdout] 4 | let aabb = Aabb::new(Vector3::new(0.0, 0.0, 0.0), Vector3::new(1.0, 1.0, 1.0));
[INFO] [stdout]   |                                                   ^^^^^^^ use of undeclared type `Vector3`
[INFO] [stdout]   |
[INFO] [stdout] help: consider importing this struct
[INFO] [stdout]   |
[INFO] [stdout] 2 + use godot_core::builtin::Vector3;
[INFO] [stdout]   |
[INFO] [stdout] 
[INFO] [stdout] error: aborting due to 4 previous errors
[INFO] [stdout] 
[INFO] [stdout] For more information about this error, try `rustc --explain E0433`.
[INFO] [stdout] Couldn't compile the test.
[INFO] [stdout] ---- src/builtin/collections/array.rs - builtin::collections::array::array (line 1184) stdout ----
[INFO] [stdout] error[E0433]: failed to resolve: use of undeclared crate or module `godot`
[INFO] [stdout]  --> src/builtin/collections/array.rs:1185:5
[INFO] [stdout]   |
[INFO] [stdout] 3 | use godot::prelude::*;
[INFO] [stdout]   |     ^^^^^ use of undeclared crate or module `godot`
[INFO] [stdout] 
[INFO] [stdout] error: cannot find macro `array` in this scope
[INFO] [stdout]  --> src/builtin/collections/array.rs:1186:11
[INFO] [stdout]   |
[INFO] [stdout] 4 | let arr = array![3, 1, 4];  // Array<i32>
[INFO] [stdout]   |           ^^^^^
[INFO] [stdout]   |
[INFO] [stdout] help: consider importing this macro
[INFO] [stdout]   |
[INFO] [stdout] 2 + use godot_core::array;
[INFO] [stdout]   |
[INFO] [stdout] 
[INFO] [stdout] error: aborting due to 2 previous errors
[INFO] [stdout] 
[INFO] [stdout] For more information about this error, try `rustc --explain E0433`.
[INFO] [stdout] Couldn't compile the test.
[INFO] [stdout] ---- src/builtin/collections/array.rs - builtin::collections::array::Array<T>::fmt (line 864) stdout ----
[INFO] [stdout] error[E0433]: failed to resolve: use of undeclared crate or module `godot`
[INFO] [stdout]  --> src/builtin/collections/array.rs:865:5
[INFO] [stdout]   |
[INFO] [stdout] 3 | use godot::prelude::*;
[INFO] [stdout]   |     ^^^^^ use of undeclared crate or module `godot`
[INFO] [stdout] 
[INFO] [stdout] error: cannot find macro `array` in this scope
[INFO] [stdout]  --> src/builtin/collections/array.rs:866:9
[INFO] [stdout]   |
[INFO] [stdout] 4 | let a = array![1,2,3,4];
[INFO] [stdout]   |         ^^^^^
[INFO] [stdout]   |
[INFO] [stdout] help: consider importing this macro
[INFO] [stdout]   |
[INFO] [stdout] 2 + use godot_core::array;
[INFO] [stdout]   |
[INFO] [stdout] 
[INFO] [stdout] error: aborting due to 2 previous errors
[INFO] [stdout] 
[INFO] [stdout] For more information about this error, try `rustc --explain E0433`.
[INFO] [stdout] Couldn't compile the test.
[INFO] [stdout] ---- src/builtin/color.rs - builtin::color::Color::fmt (line 568) stdout ----
[INFO] [stdout] error[E0433]: failed to resolve: use of undeclared crate or module `godot`
[INFO] [stdout]  --> src/builtin/color.rs:569:5
[INFO] [stdout]   |
[INFO] [stdout] 3 | use godot::prelude::*;
[INFO] [stdout]   |     ^^^^^ use of undeclared crate or module `godot`
[INFO] [stdout] 
[INFO] [stdout] error[E0433]: failed to resolve: use of undeclared type `Color`
[INFO] [stdout]  --> src/builtin/color.rs:570:13
[INFO] [stdout]   |
[INFO] [stdout] 4 | let color = Color::from_rgba(1.0, 1.0, 1.0, 1.0);
[INFO] [stdout]   |             ^^^^^ use of undeclared type `Color`
[INFO] [stdout]   |
[INFO] [stdout] help: consider importing this struct
[INFO] [stdout]   |
[INFO] [stdout] 2 + use godot_core::builtin::Color;
[INFO] [stdout]   |
[INFO] [stdout] 
[INFO] [stdout] error: aborting due to 2 previous errors
[INFO] [stdout] 
[INFO] [stdout] For more information about this error, try `rustc --explain E0433`.
[INFO] [stdout] Couldn't compile the test.
[INFO] [stdout] ---- src/builtin/collections/array.rs - builtin::collections::array::Array (line 50) stdout ----
[INFO] [stdout] error[E0433]: failed to resolve: use of undeclared crate or module `godot`
[INFO] [stdout]  --> src/builtin/collections/array.rs:51:5
[INFO] [stdout]   |
[INFO] [stdout] 3 | use godot::prelude::*;
[INFO] [stdout]   |     ^^^^^ use of undeclared crate or module `godot`
[INFO] [stdout] 
[INFO] [stdout] error: cannot find macro `array` in this scope
[INFO] [stdout]   --> src/builtin/collections/array.rs:59:13
[INFO] [stdout]    |
[INFO] [stdout] 11 | let array = array![10, 20, 30];
[INFO] [stdout]    |             ^^^^^
[INFO] [stdout]    |
[INFO] [stdout] help: consider importing this macro
[INFO] [stdout]    |
[INFO] [stdout] 2  + use godot_core::array;
[INFO] [stdout]    |
[INFO] [stdout] 
[INFO] [stdout] error[E0433]: failed to resolve: use of undeclared type `Array`
[INFO] [stdout]  --> src/builtin/collections/array.rs:53:17
[INFO] [stdout]   |
[INFO] [stdout] 5 | let mut array = Array::new();
[INFO] [stdout]   |                 ^^^^^ use of undeclared type `Array`
[INFO] [stdout]   |
[INFO] [stdout] help: consider importing this struct
[INFO] [stdout]   |
[INFO] [stdout] 2 + use godot_core::builtin::Array;
[INFO] [stdout]   |
[INFO] [stdout] 
[INFO] [stdout] error: aborting due to 3 previous errors
[INFO] [stdout] 
[INFO] [stdout] For more information about this error, try `rustc --explain E0433`.
[INFO] [stdout] Couldn't compile the test.
[INFO] [stdout] ---- src/builtin/callable.rs - builtin::callable::Callable::from_fn (line 84) stdout ----
[INFO] [stdout] error[E0433]: failed to resolve: use of undeclared crate or module `godot`
[INFO] [stdout]  --> src/builtin/callable.rs:85:5
[INFO] [stdout]   |
[INFO] [stdout] 3 | use godot::prelude::*;
[INFO] [stdout]   |     ^^^^^ use of undeclared crate or module `godot`
[INFO] [stdout] 
[INFO] [stdout] error[E0433]: failed to resolve: use of undeclared type `Callable`
[INFO] [stdout]  --> src/builtin/callable.rs:86:16
[INFO] [stdout]   |
[INFO] [stdout] 4 | let callable = Callable::from_fn("sum", |args: &[&Variant]| {
[INFO] [stdout]   |                ^^^^^^^^ use of undeclared type `Callable`
[INFO] [stdout]   |
[INFO] [stdout] help: consider importing this struct
[INFO] [stdout]   |
[INFO] [stdout] 2 + use godot_core::builtin::Callable;
[INFO] [stdout]   |
[INFO] [stdout] 
[INFO] [stdout] error[E0412]: cannot find type `Variant` in this scope
[INFO] [stdout]  --> src/builtin/callable.rs:86:51
[INFO] [stdout]   |
[INFO] [stdout] 4 | let callable = Callable::from_fn("sum", |args: &[&Variant]| {
[INFO] [stdout]   |                                                   ^^^^^^^ not found in this scope
[INFO] [stdout]   |
[INFO] [stdout] help: consider importing this struct
[INFO] [stdout]   |
[INFO] [stdout] 2 + use godot_core::builtin::Variant;
[INFO] [stdout]   |
[INFO] [stdout] 
[INFO] [stdout] error: aborting due to 3 previous errors
[INFO] [stdout] 
[INFO] [stdout] Some errors have detailed explanations: E0412, E0433.
[INFO] [stdout] For more information about an error, try `rustc --explain E0412`.
[INFO] [stdout] Couldn't compile the test.
[INFO] [stdout] ---- src/builtin/string/string_name.rs - builtin::string::string_name::StringName::from_latin1_with_nul (line 49) stdout ----
[INFO] [stdout] error[E0433]: failed to resolve: use of undeclared crate or module `godot`
[INFO] [stdout]  --> src/builtin/string/string_name.rs:50:5
[INFO] [stdout]   |
[INFO] [stdout] 3 | use godot::builtin::StringName;
[INFO] [stdout]   |     ^^^^^ use of undeclared crate or module `godot`
[INFO] [stdout] 
[INFO] [stdout] error: aborting due to 1 previous error
[INFO] [stdout] 
[INFO] [stdout] For more information about this error, try `rustc --explain E0433`.
[INFO] [stdout] Couldn't compile the test.
[INFO] [stdout] ---- src/builtin/string/string_name.rs - builtin::string::string_name::StringName::from (line 307) stdout ----
[INFO] [stdout] error[E0433]: failed to resolve: use of undeclared crate or module `godot`
[INFO] [stdout]  --> src/builtin/string/string_name.rs:308:5
[INFO] [stdout]   |
[INFO] [stdout] 3 | use godot::builtin::StringName;
[INFO] [stdout]   |     ^^^^^ use of undeclared crate or module `godot`
[INFO] [stdout] 
[INFO] [stdout] error: aborting due to 1 previous error
[INFO] [stdout] 
[INFO] [stdout] For more information about this error, try `rustc --explain E0433`.
[INFO] [stdout] Couldn't compile the test.
[INFO] [stdout] ---- src/builtin/collections/dictionary.rs - builtin::collections::dictionary::Dictionary (line 28) stdout ----
[INFO] [stdout] error[E0433]: failed to resolve: use of undeclared crate or module `godot`
[INFO] [stdout]  --> src/builtin/collections/dictionary.rs:29:5
[INFO] [stdout]   |
[INFO] [stdout] 3 | use godot::prelude::*;
[INFO] [stdout]   |     ^^^^^ use of undeclared crate or module `godot`
[INFO] [stdout] 
[INFO] [stdout] error: cannot find macro `dict` in this scope
[INFO] [stdout]   --> src/builtin/collections/dictionary.rs:40:12
[INFO] [stdout]    |
[INFO] [stdout] 14 | let dict = dict! {
[INFO] [stdout]    |            ^^^^
[INFO] [stdout]    |
[INFO] [stdout] help: consider importing this macro
[INFO] [stdout]    |
[INFO] [stdout] 2  + use godot_core::dict;
[INFO] [stdout]    |
[INFO] [stdout] 
[INFO] [stdout] error[E0433]: failed to resolve: use of undeclared type `Dictionary`
[INFO] [stdout]  --> src/builtin/collections/dictionary.rs:31:16
[INFO] [stdout]   |
[INFO] [stdout] 5 | let mut dict = Dictionary::new();
[INFO] [stdout]   |                ^^^^^^^^^^ use of undeclared type `Dictionary`
[INFO] [stdout]   |
[INFO] [stdout] help: consider importing this struct
[INFO] [stdout]   |
[INFO] [stdout] 2 + use godot_core::builtin::Dictionary;
[INFO] [stdout]   |
[INFO] [stdout] 
[INFO] [stdout] error[E0433]: failed to resolve: use of undeclared type `Vector2i`
[INFO] [stdout]   --> src/builtin/collections/dictionary.rs:36:13
[INFO] [stdout]    |
[INFO] [stdout] 10 | let coord = Vector2i::new(0, 1);
[INFO] [stdout]    |             ^^^^^^^^ use of undeclared type `Vector2i`
[INFO] [stdout]    |
[INFO] [stdout] help: consider importing this struct
[INFO] [stdout]    |
[INFO] [stdout] 2  + use godot_core::builtin::Vector2i;
[INFO] [stdout]    |
[INFO] [stdout] 
[INFO] [stdout] error[E0412]: cannot find type `Variant` in this scope
[INFO] [stdout]   --> src/builtin/collections/dictionary.rs:47:12
[INFO] [stdout]    |
[INFO] [stdout] 21 | let value: Variant = dict.at("str");
[INFO] [stdout]    |            ^^^^^^^ not found in this scope
[INFO] [stdout]    |
[INFO] [stdout] help: consider importing this struct
[INFO] [stdout]    |
[INFO] [stdout] 2  + use godot_core::builtin::Variant;
[INFO] [stdout]    |
[INFO] [stdout] 
[INFO] [stdout] error[E0412]: cannot find type `GString` in this scope
[INFO] [stdout]   --> src/builtin/collections/dictionary.rs:48:12
[INFO] [stdout]    |
[INFO] [stdout] 22 | let value: GString = dict.at("str").to(); // Variant::to() extracts GString.
[INFO] [stdout]    |            ^^^^^^^
[INFO] [stdout]   --> /rustc/df4ca44d3fbc9301ee17f30f4d474e6ae4b05252/library/alloc/src/string.rs:362:1
[INFO] [stdout]    |
[INFO] [stdout]    = note: similarly named struct `String` defined here
[INFO] [stdout]    |
[INFO] [stdout] help: a struct with a similar name exists
[INFO] [stdout]    |
[INFO] [stdout] 22 | let value: String = dict.at("str").to(); // Variant::to() extracts GString.
[INFO] [stdout]    |            ~~~~~~
[INFO] [stdout] help: consider importing this struct
[INFO] [stdout]    |
[INFO] [stdout] 2  + use godot_core::builtin::GString;
[INFO] [stdout]    |
[INFO] [stdout] 
[INFO] [stdout] error[E0412]: cannot find type `Variant` in this scope
[INFO] [stdout]   --> src/builtin/collections/dictionary.rs:49:19
[INFO] [stdout]    |
[INFO] [stdout] 23 | let maybe: Option<Variant> = dict.get("absent_key");
[INFO] [stdout]    |                   ^^^^^^^ not found in this scope
[INFO] [stdout]    |
[INFO] [stdout] help: consider importing this struct
[INFO] [stdout]    |
[INFO] [stdout] 2  + use godot_core::builtin::Variant;
[INFO] [stdout]    |
[INFO] [stdout] 
[INFO] [stdout] error[E0412]: cannot find type `GString` in this scope
[INFO] [stdout]   --> src/builtin/collections/dictionary.rs:57:48
[INFO] [stdout]    |
[INFO] [stdout] 31 | for (key, value) in dict.iter_shared().typed::<GString, Variant>() {
[INFO] [stdout]    |                                                ^^^^^^^
[INFO] [stdout]   --> /rustc/df4ca44d3fbc9301ee17f30f4d474e6ae4b05252/library/alloc/src/string.rs:362:1
[INFO] [stdout]    |
[INFO] [stdout]    = note: similarly named struct `String` defined here
[INFO] [stdout]    |
[INFO] [stdout] help: a struct with a similar name exists
[INFO] [stdout]    |
[INFO] [stdout] 31 | for (key, value) in dict.iter_shared().typed::<String, Variant>() {
[INFO] [stdout]    |                                                ~~~~~~
[INFO] [stdout] help: consider importing this struct
[INFO] [stdout]    |
[INFO] [stdout] 2  + use godot_core::builtin::GString;
[INFO] [stdout]    |
[INFO] [stdout] 
[INFO] [stdout] error[E0412]: cannot find type `Variant` in this scope
[INFO] [stdout]   --> src/builtin/collections/dictionary.rs:57:57
[INFO] [stdout]    |
[INFO] [stdout] 31 | for (key, value) in dict.iter_shared().typed::<GString, Variant>() {
[INFO] [stdout]    |                                                         ^^^^^^^ not found in this scope
[INFO] [stdout]    |
[INFO] [stdout] help: consider importing this struct
[INFO] [stdout]    |
[INFO] [stdout] 2  + use godot_core::builtin::Variant;
[INFO] [stdout]    |
[INFO] [stdout] 
[INFO] [stdout] error[E0599]: no method named `to_variant` found for reference `&'static str` in the current scope
[INFO] [stdout]   --> src/builtin/collections/dictionary.rs:69:38
[INFO] [stdout]    |
[INFO] [stdout] 43 | assert_eq!(dict.at("str"), "Goodbye".to_variant());
[INFO] [stdout]    |                                      ^^^^^^^^^^ method not found in `&str`
[INFO] [stdout]    |
[INFO] [stdout]   ::: /opt/rustwide/workdir/src/meta/godot_convert/mod.rs:51:8
[INFO] [stdout]    |
[INFO] [stdout] 51 |     fn to_variant(&self) -> Variant {
[INFO] [stdout]    |        ---------- the method is available for `&'static str` here
[INFO] [stdout]    |
[INFO] [stdout]    = help: items from traits can only be used if the trait is in scope
[INFO] [stdout] help: trait `ToGodot` which provides `to_variant` is implemented but not in scope; perhaps you want to import it
[INFO] [stdout]    |
[INFO] [stdout] 2  + use godot_core::meta::ToGodot;
[INFO] [stdout]    |
[INFO] [stdout] 
[INFO] [stdout] error: aborting due to 10 previous errors
[INFO] [stdout] 
[INFO] [stdout] Some errors have detailed explanations: E0412, E0433, E0599.
[INFO] [stdout] For more information about an error, try `rustc --explain E0412`.
[INFO] [stdout] Couldn't compile the test.
[INFO] [stdout] ---- src/builtin/plane.rs - builtin::plane::Plane::fmt (line 303) stdout ----
[INFO] [stdout] error[E0433]: failed to resolve: use of undeclared crate or module `godot`
[INFO] [stdout]  --> src/builtin/plane.rs:304:5
[INFO] [stdout]   |
[INFO] [stdout] 3 | use godot::prelude::*;
[INFO] [stdout]   |     ^^^^^ use of undeclared crate or module `godot`
[INFO] [stdout] 
[INFO] [stdout] error[E0433]: failed to resolve: use of undeclared type `Plane`
[INFO] [stdout]  --> src/builtin/plane.rs:305:13
[INFO] [stdout]   |
[INFO] [stdout] 4 | let plane = Plane::new(Vector3::new(1.0, 0.0, 0.0), 1.0);
[INFO] [stdout]   |             ^^^^^ use of undeclared type `Plane`
[INFO] [stdout]   |
[INFO] [stdout] help: consider importing this struct
[INFO] [stdout]   |
[INFO] [stdout] 2 + use godot_core::builtin::Plane;
[INFO] [stdout]   |
[INFO] [stdout] 
[INFO] [stdout] error[E0433]: failed to resolve: use of undeclared type `Vector3`
[INFO] [stdout]  --> src/builtin/plane.rs:305:24
[INFO] [stdout]   |
[INFO] [stdout] 4 | let plane = Plane::new(Vector3::new(1.0, 0.0, 0.0), 1.0);
[INFO] [stdout]   |                        ^^^^^^^ use of undeclared type `Vector3`
[INFO] [stdout]   |
[INFO] [stdout] help: consider importing this struct
[INFO] [stdout]   |
[INFO] [stdout] 2 + use godot_core::builtin::Vector3;
[INFO] [stdout]   |
[INFO] [stdout] 
[INFO] [stdout] error: aborting due to 3 previous errors
[INFO] [stdout] 
[INFO] [stdout] For more information about this error, try `rustc --explain E0433`.
[INFO] [stdout] Couldn't compile the test.
[INFO] [stdout] ---- src/builtin/rect2.rs - builtin::rect2::Rect2::fmt (line 280) stdout ----
[INFO] [stdout] error[E0433]: failed to resolve: use of undeclared crate or module `godot`
[INFO] [stdout]  --> src/builtin/rect2.rs:281:5
[INFO] [stdout]   |
[INFO] [stdout] 3 | use godot::prelude::*;
[INFO] [stdout]   |     ^^^^^ use of undeclared crate or module `godot`
[INFO] [stdout] 
[INFO] [stdout] error[E0433]: failed to resolve: use of undeclared type `Rect2`
[INFO] [stdout]  --> src/builtin/rect2.rs:282:12
[INFO] [stdout]   |
[INFO] [stdout] 4 | let rect = Rect2::new(Vector2::new(0.0, 0.0), Vector2::new(1.0, 1.0));
[INFO] [stdout]   |            ^^^^^ use of undeclared type `Rect2`
[INFO] [stdout]   |
[INFO] [stdout] help: consider importing this struct
[INFO] [stdout]   |
[INFO] [stdout] 2 + use godot_core::builtin::Rect2;
[INFO] [stdout]   |
[INFO] [stdout] 
[INFO] [stdout] error[E0433]: failed to resolve: use of undeclared type `Vector2`
[INFO] [stdout]  --> src/builtin/rect2.rs:282:23
[INFO] [stdout]   |
[INFO] [stdout] 4 | let rect = Rect2::new(Vector2::new(0.0, 0.0), Vector2::new(1.0, 1.0));
[INFO] [stdout]   |                       ^^^^^^^ use of undeclared type `Vector2`
[INFO] [stdout]   |
[INFO] [stdout] help: consider importing this struct
[INFO] [stdout]   |
[INFO] [stdout] 2 + use godot_core::builtin::Vector2;
[INFO] [stdout]   |
[INFO] [stdout] 
[INFO] [stdout] error[E0433]: failed to resolve: use of undeclared type `Vector2`
[INFO] [stdout]  --> src/builtin/rect2.rs:282:47
[INFO] [stdout]   |
[INFO] [stdout] 4 | let rect = Rect2::new(Vector2::new(0.0, 0.0), Vector2::new(1.0, 1.0));
[INFO] [stdout]   |                                               ^^^^^^^ use of undeclared type `Vector2`
[INFO] [stdout]   |
[INFO] [stdout] help: consider importing this struct
[INFO] [stdout]   |
[INFO] [stdout] 2 + use godot_core::builtin::Vector2;
[INFO] [stdout]   |
[INFO] [stdout] 
[INFO] [stdout] error: aborting due to 4 previous errors
[INFO] [stdout] 
[INFO] [stdout] For more information about this error, try `rustc --explain E0433`.
[INFO] [stdout] Couldn't compile the test.
[INFO] [stdout] ---- src/builtin/collections/array.rs - builtin::collections::array::Array (line 83) stdout ----
[INFO] [stdout] error[E0433]: failed to resolve: use of undeclared crate or module `godot`
[INFO] [stdout]  --> src/builtin/collections/array.rs:84:5
[INFO] [stdout]   |
[INFO] [stdout] 3 | use godot::prelude::*;
[INFO] [stdout]   |     ^^^^^ use of undeclared crate or module `godot`
[INFO] [stdout] 
[INFO] [stdout] error: cannot find macro `varray` in this scope
[INFO] [stdout]   --> src/builtin/collections/array.rs:91:13
[INFO] [stdout]    |
[INFO] [stdout] 10 | let array = varray![10, "Hello"];
[INFO] [stdout]    |             ^^^^^^
[INFO] [stdout]    |
[INFO] [stdout] help: consider importing this macro
[INFO] [stdout]    |
[INFO] [stdout] 2  + use godot_core::varray;
[INFO] [stdout]    |
[INFO] [stdout] 
[INFO] [stdout] error[E0433]: failed to resolve: use of undeclared type `VariantArray`
[INFO] [stdout]  --> src/builtin/collections/array.rs:86:17
[INFO] [stdout]   |
[INFO] [stdout] 5 | let mut array = VariantArray::new();
[INFO] [stdout]   |                 ^^^^^^^^^^^^ use of undeclared type `VariantArray`
[INFO] [stdout]   |
[INFO] [stdout] help: consider importing this type alias
[INFO] [stdout]   |
[INFO] [stdout] 2 + use godot_core::builtin::VariantArray;
[INFO] [stdout]   |
[INFO] [stdout] 
[INFO] [stdout] error[E0412]: cannot find type `Variant` in this scope
[INFO] [stdout]   --> src/builtin/collections/array.rs:94:12
[INFO] [stdout]    |
[INFO] [stdout] 13 | let value: Variant = array.at(0);
[INFO] [stdout]    |            ^^^^^^^ not found in this scope
[INFO] [stdout]    |
[INFO] [stdout] help: consider importing this struct
[INFO] [stdout]    |
[INFO] [stdout] 2  + use godot_core::builtin::Variant;
[INFO] [stdout]    |
[INFO] [stdout] 
[INFO] [stdout] error[E0412]: cannot find type `Variant` in this scope
[INFO] [stdout]   --> src/builtin/collections/array.rs:97:19
[INFO] [stdout]    |
[INFO] [stdout] 16 | let maybe: Option<Variant> = array.get(3);
[INFO] [stdout]    |                   ^^^^^^^ not found in this scope
[INFO] [stdout]    |
[INFO] [stdout] help: consider importing this struct
[INFO] [stdout]    |
[INFO] [stdout] 2  + use godot_core::builtin::Variant;
[INFO] [stdout]    |
[INFO] [stdout] 
[INFO] [stdout] error[E0689]: can't call method `to_variant` on ambiguous numeric type `{integer}`
[INFO] [stdout]  --> src/builtin/collections/array.rs:87:15
[INFO] [stdout]   |
[INFO] [stdout] 6 | array.push(10.to_variant());
[INFO] [stdout]   |               ^^^^^^^^^^
[INFO] [stdout]   |
[INFO] [stdout] help: you must specify a concrete type for this numeric value, like `i32`
[INFO] [stdout]   |
[INFO] [stdout] 6 | array.push(10_i32.to_variant());
[INFO] [stdout]   |            ~~~~~~
[INFO] [stdout] 
[INFO] [stdout] error[E0599]: no method named `to_variant` found for reference `&'static str` in the current scope
[INFO] [stdout]   --> src/builtin/collections/array.rs:88:20
[INFO] [stdout]    |
[INFO] [stdout] 7  | array.push("Hello".to_variant());
[INFO] [stdout]    |                    ^^^^^^^^^^ method not found in `&str`
[INFO] [stdout]    |
[INFO] [stdout]   ::: /opt/rustwide/workdir/src/meta/godot_convert/mod.rs:51:8
[INFO] [stdout]    |
[INFO] [stdout] 51 |     fn to_variant(&self) -> Variant {
[INFO] [stdout]    |        ---------- the method is available for `&'static str` here
[INFO] [stdout]    |
[INFO] [stdout]    = help: items from traits can only be used if the trait is in scope
[INFO] [stdout] help: trait `ToGodot` which provides `to_variant` is implemented but not in scope; perhaps you want to import it
[INFO] [stdout]    |
[INFO] [stdout] 2  + use godot_core::meta::ToGodot;
[INFO] [stdout]    |
[INFO] [stdout] 
[INFO] [stdout] error: aborting due to 7 previous errors
[INFO] [stdout] 
[INFO] [stdout] Some errors have detailed explanations: E0412, E0433, E0599, E0689.
[INFO] [stdout] For more information about an error, try `rustc --explain E0412`.
[INFO] [stdout] Couldn't compile the test.
[INFO] [stdout] ---- src/builtin/projection.rs - builtin::projection::Projection::fmt (line 623) stdout ----
[INFO] [stdout] error[E0433]: failed to resolve: use of undeclared crate or module `godot`
[INFO] [stdout]  --> src/builtin/projection.rs:624:5
[INFO] [stdout]   |
[INFO] [stdout] 3 | use godot::prelude::*;
[INFO] [stdout]   |     ^^^^^ use of undeclared crate or module `godot`
[INFO] [stdout] 
[INFO] [stdout] error[E0433]: failed to resolve: use of undeclared type `Projection`
[INFO] [stdout]  --> src/builtin/projection.rs:625:12
[INFO] [stdout]   |
[INFO] [stdout] 4 | let proj = Projection::new([
[INFO] [stdout]   |            ^^^^^^^^^^ use of undeclared type `Projection`
[INFO] [stdout]   |
[INFO] [stdout] help: consider importing this struct
[INFO] [stdout]   |
[INFO] [stdout] 2 + use godot_core::builtin::Projection;
[INFO] [stdout]   |
[INFO] [stdout] 
[INFO] [stdout] error[E0433]: failed to resolve: use of undeclared type `Vector4`
[INFO] [stdout]  --> src/builtin/projection.rs:626:5
[INFO] [stdout]   |
[INFO] [stdout] 5 |     Vector4::new(1.0, 2.5, 1.0, 0.5),
[INFO] [stdout]   |     ^^^^^^^ use of undeclared type `Vector4`
[INFO] [stdout]   |
[INFO] [stdout] help: consider importing this struct
[INFO] [stdout]   |
[INFO] [stdout] 2 + use godot_core::builtin::Vector4;
[INFO] [stdout]   |
[INFO] [stdout] 
[INFO] [stdout] error[E0433]: failed to resolve: use of undeclared type `Vector4`
[INFO] [stdout]  --> src/builtin/projection.rs:627:5
[INFO] [stdout]   |
[INFO] [stdout] 6 |     Vector4::new(0.0, 1.5, 2.0, 0.5),
[INFO] [stdout]   |     ^^^^^^^ use of undeclared type `Vector4`
[INFO] [stdout]   |
[INFO] [stdout] help: consider importing this struct
[INFO] [stdout]   |
[INFO] [stdout] 2 + use godot_core::builtin::Vector4;
[INFO] [stdout]   |
[INFO] [stdout] 
[INFO] [stdout] error[E0433]: failed to resolve: use of undeclared type `Vector4`
[INFO] [stdout]  --> src/builtin/projection.rs:628:5
[INFO] [stdout]   |
[INFO] [stdout] 7 |     Vector4::new(0.0, 0.0, 3.0, 2.5),
[INFO] [stdout]   |     ^^^^^^^ use of undeclared type `Vector4`
[INFO] [stdout]   |
[INFO] [stdout] help: consider importing this struct
[INFO] [stdout]   |
[INFO] [stdout] 2 + use godot_core::builtin::Vector4;
[INFO] [stdout]   |
[INFO] [stdout] 
[INFO] [stdout] error[E0433]: failed to resolve: use of undeclared type `Vector4`
[INFO] [stdout]  --> src/builtin/projection.rs:629:5
[INFO] [stdout]   |
[INFO] [stdout] 8 |     Vector4::new(3.0, 1.0, 4.0, 1.5),
[INFO] [stdout]   |     ^^^^^^^ use of undeclared type `Vector4`
[INFO] [stdout]   |
[INFO] [stdout] help: consider importing this struct
[INFO] [stdout]   |
[INFO] [stdout] 2 + use godot_core::builtin::Vector4;
[INFO] [stdout]   |
[INFO] [stdout] 
[INFO] [stdout] error: aborting due to 6 previous errors
[INFO] [stdout] 
[INFO] [stdout] For more information about this error, try `rustc --explain E0433`.
[INFO] [stdout] Couldn't compile the test.
[INFO] [stdout] ---- src/meta/mod.rs - meta::PropertyInfo::with_hint_info (line 104) stdout ----
[INFO] [stdout] error[E0433]: failed to resolve: use of undeclared crate or module `godot`
[INFO] [stdout]  --> src/meta/mod.rs:105:5
[INFO] [stdout]   |
[INFO] [stdout] 3 | use godot::register::property::export_info_functions;
[INFO] [stdout]   |     ^^^^^ use of undeclared crate or module `godot`
[INFO] [stdout] 
[INFO] [stdout] error[E0433]: failed to resolve: use of undeclared crate or module `godot`
[INFO] [stdout]  --> src/meta/mod.rs:106:5
[INFO] [stdout]   |
[INFO] [stdout] 4 | use godot::meta::PropertyInfo;
[INFO] [stdout]   |     ^^^^^ use of undeclared crate or module `godot`
[INFO] [stdout] 
[INFO] [stdout] error: aborting due to 2 previous errors
[INFO] [stdout] 
[INFO] [stdout] For more information about this error, try `rustc --explain E0433`.
[INFO] [stdout] Couldn't compile the test.
[INFO] [stdout] ---- src/builtin/rid.rs - builtin::rid::Rid::fmt (line 103) stdout ----
[INFO] [stdout] error[E0433]: failed to resolve: use of undeclared crate or module `godot`
[INFO] [stdout]  --> src/builtin/rid.rs:104:5
[INFO] [stdout]   |
[INFO] [stdout] 3 | use godot::prelude::*;
[INFO] [stdout]   |     ^^^^^ use of undeclared crate or module `godot`
[INFO] [stdout] 
[INFO] [stdout] error[E0433]: failed to resolve: use of undeclared type `Rid`
[INFO] [stdout]  --> src/builtin/rid.rs:105:10
[INFO] [stdout]   |
[INFO] [stdout] 4 | let id = Rid::new(1);
[INFO] [stdout]   |          ^^^ use of undeclared type `Rid`
[INFO] [stdout]   |
[INFO] [stdout] help: consider importing this enum
[INFO] [stdout]   |
[INFO] [stdout] 2 + use godot_core::builtin::Rid;
[INFO] [stdout]   |
[INFO] [stdout] 
[INFO] [stdout] error: aborting due to 2 previous errors
[INFO] [stdout] 
[INFO] [stdout] For more information about this error, try `rustc --explain E0433`.
[INFO] [stdout] Couldn't compile the test.
[INFO] [stdout] ---- src/builtin/vectors/vector2.rs - builtin::vectors::vector2::Vector2::from_angle (line 103) stdout ----
[INFO] [stdout] error[E0433]: failed to resolve: use of undeclared crate or module `godot`
[INFO] [stdout]  --> src/builtin/vectors/vector2.rs:104:5
[INFO] [stdout]   |
[INFO] [stdout] 3 | use godot::prelude::*;
[INFO] [stdout]   |     ^^^^^ use of undeclared crate or module `godot`
[INFO] [stdout] 
[INFO] [stdout] error[E0433]: failed to resolve: use of undeclared type `Vector2`
[INFO] [stdout]  --> src/builtin/vectors/vector2.rs:106:9
[INFO] [stdout]   |
[INFO] [stdout] 5 | let a = Vector2::from_angle(0.0);                       // (1.0, 0.0)
[INFO] [stdout]   |         ^^^^^^^ use of undeclared type `Vector2`
[INFO] [stdout]   |
[INFO] [stdout] help: consider importing this struct
[INFO] [stdout]   |
[INFO] [stdout] 2 + use godot_core::builtin::Vector2;
[INFO] [stdout]   |
[INFO] [stdout] 
[INFO] [stdout] error[E0433]: failed to resolve: use of undeclared type `Vector2`
[INFO] [stdout]  --> src/builtin/vectors/vector2.rs:107:9
[INFO] [stdout]   |
[INFO] [stdout] 6 | let b = Vector2::new(1.0, 0.0).angle();                 // 0.0
[INFO] [stdout]   |         ^^^^^^^ use of undeclared type `Vector2`
[INFO] [stdout]   |
[INFO] [stdout] help: consider importing this struct
[INFO] [stdout]   |
[INFO] [stdout] 2 + use godot_core::builtin::Vector2;
[INFO] [stdout]   |
[INFO] [stdout] 
[INFO] [stdout] error[E0433]: failed to resolve: use of undeclared type `Vector2`
[INFO] [stdout]  --> src/builtin/vectors/vector2.rs:108:9
[INFO] [stdout]   |
[INFO] [stdout] 7 | let c = Vector2::from_angle(real_consts::PI / 2.0);     // (0.0, 1.0)
[INFO] [stdout]   |         ^^^^^^^ use of undeclared type `Vector2`
[INFO] [stdout]   |
[INFO] [stdout] help: consider importing this struct
[INFO] [stdout]   |
[INFO] [stdout] 2 + use godot_core::builtin::Vector2;
[INFO] [stdout]   |
[INFO] [stdout] 
[INFO] [stdout] error[E0433]: failed to resolve: use of undeclared crate or module `real_consts`
[INFO] [stdout]  --> src/builtin/vectors/vector2.rs:108:29
[INFO] [stdout]   |
[INFO] [stdout] 7 | let c = Vector2::from_angle(real_consts::PI / 2.0);     // (0.0, 1.0)
[INFO] [stdout]   |                             ^^^^^^^^^^^ use of undeclared crate or module `real_consts`
[INFO] [stdout]   |
[INFO] [stdout] help: consider importing this module
[INFO] [stdout]   |
[INFO] [stdout] 2 + use godot_core::builtin::real_consts;
[INFO] [stdout]   |
[INFO] [stdout] 
[INFO] [stdout] error: aborting due to 5 previous errors
[INFO] [stdout] 
[INFO] [stdout] For more information about this error, try `rustc --explain E0433`.
[INFO] [stdout] Couldn't compile the test.
[INFO] [stdout] ---- src/builtin/rect2i.rs - builtin::rect2i::Rect2i::fmt (line 283) stdout ----
[INFO] [stdout] error[E0433]: failed to resolve: use of undeclared crate or module `godot`
[INFO] [stdout]  --> src/builtin/rect2i.rs:284:5
[INFO] [stdout]   |
[INFO] [stdout] 3 | use godot::prelude::*;
[INFO] [stdout]   |     ^^^^^ use of undeclared crate or module `godot`
[INFO] [stdout] 
[INFO] [stdout] error[E0433]: failed to resolve: use of undeclared type `Rect2i`
[INFO] [stdout]  --> src/builtin/rect2i.rs:285:12
[INFO] [stdout]   |
[INFO] [stdout] 4 | let rect = Rect2i::new(Vector2i::new(0, 0), Vector2i::new(1, 1));
[INFO] [stdout]   |            ^^^^^^ use of undeclared type `Rect2i`
[INFO] [stdout]   |
[INFO] [stdout] help: consider importing this struct
[INFO] [stdout]   |
[INFO] [stdout] 2 + use godot_core::builtin::Rect2i;
[INFO] [stdout]   |
[INFO] [stdout] 
[INFO] [stdout] error[E0433]: failed to resolve: use of undeclared type `Vector2i`
[INFO] [stdout]  --> src/builtin/rect2i.rs:285:24
[INFO] [stdout]   |
[INFO] [stdout] 4 | let rect = Rect2i::new(Vector2i::new(0, 0), Vector2i::new(1, 1));
[INFO] [stdout]   |                        ^^^^^^^^ use of undeclared type `Vector2i`
[INFO] [stdout]   |
[INFO] [stdout] help: consider importing this struct
[INFO] [stdout]   |
[INFO] [stdout] 2 + use godot_core::builtin::Vector2i;
[INFO] [stdout]   |
[INFO] [stdout] 
[INFO] [stdout] error[E0433]: failed to resolve: use of undeclared type `Vector2i`
[INFO] [stdout]  --> src/builtin/rect2i.rs:285:45
[INFO] [stdout]   |
[INFO] [stdout] 4 | let rect = Rect2i::new(Vector2i::new(0, 0), Vector2i::new(1, 1));
[INFO] [stdout]   |                                             ^^^^^^^^ use of undeclared type `Vector2i`
[INFO] [stdout]   |
[INFO] [stdout] help: consider importing this struct
[INFO] [stdout]   |
[INFO] [stdout] 2 + use godot_core::builtin::Vector2i;
[INFO] [stdout]   |
[INFO] [stdout] 
[INFO] [stdout] error: aborting due to 4 previous errors
[INFO] [stdout] 
[INFO] [stdout] For more information about this error, try `rustc --explain E0433`.
[INFO] [stdout] Couldn't compile the test.
[INFO] [stdout] ---- src/init/mod.rs - init::ExtensionLibrary (line 175) stdout ----
[INFO] [stdout] error[E0433]: failed to resolve: use of undeclared crate or module `godot`
[INFO] [stdout]  --> src/init/mod.rs:176:5
[INFO] [stdout]   |
[INFO] [stdout] 3 | use godot::init::*;
[INFO] [stdout]   |     ^^^^^ use of undeclared crate or module `godot`
[INFO] [stdout] 
[INFO] [stdout] error: cannot find attribute `gdextension` in this scope
[INFO] [stdout]  --> src/init/mod.rs:181:3
[INFO] [stdout]   |
[INFO] [stdout] 8 | #[gdextension]
[INFO] [stdout]   |   ^^^^^^^^^^^
[INFO] [stdout] 
[INFO] [stdout] error[E0405]: cannot find trait `ExtensionLibrary` in this scope
[INFO] [stdout]  --> src/init/mod.rs:182:13
[INFO] [stdout]   |
[INFO] [stdout] 9 | unsafe impl ExtensionLibrary for MyExtension {}
[INFO] [stdout]   |             ^^^^^^^^^^^^^^^^ not found in this scope
[INFO] [stdout]   |
[INFO] [stdout] help: consider importing this trait
[INFO] [stdout]   |
[INFO] [stdout] 2 + use godot_core::init::ExtensionLibrary;
[INFO] [stdout]   |
[INFO] [stdout] 
[INFO] [stdout] error: aborting due to 3 previous errors
[INFO] [stdout] 
[INFO] [stdout] Some errors have detailed explanations: E0405, E0433.
[INFO] [stdout] For more information about an error, try `rustc --explain E0405`.
[INFO] [stdout] Couldn't compile the test.
[INFO] [stdout] ---- src/builtin/vectors/vector_swizzle.rs - builtin::vectors::vector_swizzle::swizzle (line 20) stdout ----
[INFO] [stdout] error[E0433]: failed to resolve: use of undeclared crate or module `godot`
[INFO] [stdout]  --> src/builtin/vectors/vector_swizzle.rs:21:5
[INFO] [stdout]   |
[INFO] [stdout] 3 | use godot::prelude::*;
[INFO] [stdout]   |     ^^^^^ use of undeclared crate or module `godot`
[INFO] [stdout] 
[INFO] [stdout] error: cannot find macro `swizzle` in this scope
[INFO] [stdout]  --> src/builtin/vectors/vector_swizzle.rs:24:11
[INFO] [stdout]   |
[INFO] [stdout] 6 | let xzx = swizzle!(vec3 => x, z, x); // Vector3i
[INFO] [stdout]   |           ^^^^^^^
[INFO] [stdout]   |
[INFO] [stdout] help: consider importing this macro
[INFO] [stdout]   |
[INFO] [stdout] 2 + use godot_core::swizzle;
[INFO] [stdout]   |
[INFO] [stdout] 
[INFO] [stdout] error[E0433]: failed to resolve: use of undeclared type `Vector3i`
[INFO] [stdout]  --> src/builtin/vectors/vector_swizzle.rs:23:12
[INFO] [stdout]   |
[INFO] [stdout] 5 | let vec3 = Vector3i::new(1, 2, 3);
[INFO] [stdout]   |            ^^^^^^^^ use of undeclared type `Vector3i`
[INFO] [stdout]   |
[INFO] [stdout] help: consider importing this struct
[INFO] [stdout]   |
[INFO] [stdout] 2 + use godot_core::builtin::Vector3i;
[INFO] [stdout]   |
[INFO] [stdout] 
[INFO] [stdout] error[E0433]: failed to resolve: use of undeclared type `Vector3i`
[INFO] [stdout]  --> src/builtin/vectors/vector_swizzle.rs:26:17
[INFO] [stdout]   |
[INFO] [stdout] 8 | assert_eq!(xzx, Vector3i::new(1, 3, 1));
[INFO] [stdout]   |                 ^^^^^^^^ use of undeclared type `Vector3i`
[INFO] [stdout]   |
[INFO] [stdout] help: consider importing this struct
[INFO] [stdout]   |
[INFO] [stdout] 2 + use godot_core::builtin::Vector3i;
[INFO] [stdout]   |
[INFO] [stdout] 
[INFO] [stdout] error: aborting due to 4 previous errors
[INFO] [stdout] 
[INFO] [stdout] For more information about this error, try `rustc --explain E0433`.
[INFO] [stdout] Couldn't compile the test.
[INFO] [stdout] ---- src/builtin/vectors/vector_swizzle.rs - builtin::vectors::vector_swizzle::swizzle (line 39) stdout ----
[INFO] [stdout] error[E0433]: failed to resolve: use of undeclared crate or module `godot`
[INFO] [stdout]  --> src/builtin/vectors/vector_swizzle.rs:40:5
[INFO] [stdout]   |
[INFO] [stdout] 3 | use godot::prelude::*;
[INFO] [stdout]   |     ^^^^^ use of undeclared crate or module `godot`
[INFO] [stdout] 
[INFO] [stdout] error: cannot find macro `swizzle` in this scope
[INFO] [stdout]  --> src/builtin/vectors/vector_swizzle.rs:42:12
[INFO] [stdout]   |
[INFO] [stdout] 5 | let xyyz = swizzle!(vec3 => x, y, y, z); // Vector4i
[INFO] [stdout]   |            ^^^^^^^
[INFO] [stdout]   |
[INFO] [stdout] help: consider importing this macro
[INFO] [stdout]   |
[INFO] [stdout] 2 + use godot_core::swizzle;
[INFO] [stdout]   |
[INFO] [stdout] 
[INFO] [stdout] error[E0433]: failed to resolve: use of undeclared type `Vector3i`
[INFO] [stdout]  --> src/builtin/vectors/vector_swizzle.rs:41:12
[INFO] [stdout]   |
[INFO] [stdout] 4 | let vec3 = Vector3i::new(1, 2, 3);
[INFO] [stdout]   |            ^^^^^^^^ use of undeclared type `Vector3i`
[INFO] [stdout]   |
[INFO] [stdout] help: consider importing this struct
[INFO] [stdout]   |
[INFO] [stdout] 2 + use godot_core::builtin::Vector3i;
[INFO] [stdout]   |
[INFO] [stdout] 
[INFO] [stdout] error[E0433]: failed to resolve: use of undeclared type `Vector4i`
[INFO] [stdout]  --> src/builtin/vectors/vector_swizzle.rs:44:18
[INFO] [stdout]   |
[INFO] [stdout] 7 | assert_eq!(xyyz, Vector4i::new(1, 2, 2, 3));
[INFO] [stdout]   |                  ^^^^^^^^ use of undeclared type `Vector4i`
[INFO] [stdout]   |
[INFO] [stdout] help: consider importing this struct
[INFO] [stdout]   |
[INFO] [stdout] 2 + use godot_core::builtin::Vector4i;
[INFO] [stdout]   |
[INFO] [stdout] 
[INFO] [stdout] error: aborting due to 4 previous errors
[INFO] [stdout] 
[INFO] [stdout] For more information about this error, try `rustc --explain E0433`.
[INFO] [stdout] Couldn't compile the test.
[INFO] [stdout] ---- src/builtin/vectors/vector_swizzle.rs - builtin::vectors::vector_swizzle::swizzle (line 30) stdout ----
[INFO] [stdout] error[E0433]: failed to resolve: use of undeclared crate or module `godot`
[INFO] [stdout]  --> src/builtin/vectors/vector_swizzle.rs:31:5
[INFO] [stdout]   |
[INFO] [stdout] 3 | use godot::prelude::*;
[INFO] [stdout]   |     ^^^^^ use of undeclared crate or module `godot`
[INFO] [stdout] 
[INFO] [stdout] error: cannot find macro `swizzle` in this scope
[INFO] [stdout]  --> src/builtin/vectors/vector_swizzle.rs:33:10
[INFO] [stdout]   |
[INFO] [stdout] 5 | let yw = swizzle!(vec4 => y, w); // Vector2
[INFO] [stdout]   |          ^^^^^^^
[INFO] [stdout]   |
[INFO] [stdout] help: consider importing this macro
[INFO] [stdout]   |
[INFO] [stdout] 2 + use godot_core::swizzle;
[INFO] [stdout]   |
[INFO] [stdout] 
[INFO] [stdout] error[E0433]: failed to resolve: use of undeclared type `Vector4`
[INFO] [stdout]  --> src/builtin/vectors/vector_swizzle.rs:32:12
[INFO] [stdout]   |
[INFO] [stdout] 4 | let vec4 = Vector4::new(1.0, 2.0, 3.0, 4.0);
[INFO] [stdout]   |            ^^^^^^^ use of undeclared type `Vector4`
[INFO] [stdout]   |
[INFO] [stdout] help: consider importing this struct
[INFO] [stdout]   |
[INFO] [stdout] 2 + use godot_core::builtin::Vector4;
[INFO] [stdout]   |
[INFO] [stdout] 
[INFO] [stdout] error[E0433]: failed to resolve: use of undeclared type `Vector2`
[INFO] [stdout]  --> src/builtin/vectors/vector_swizzle.rs:35:16
[INFO] [stdout]   |
[INFO] [stdout] 7 | assert_eq!(yw, Vector2::new(2.0, 4.0));
[INFO] [stdout]   |                ^^^^^^^ use of undeclared type `Vector2`
[INFO] [stdout]   |
[INFO] [stdout] help: consider importing this struct
[INFO] [stdout]   |
[INFO] [stdout] 2 + use godot_core::builtin::Vector2;
[INFO] [stdout]   |
[INFO] [stdout] 
[INFO] [stdout] error: aborting due to 4 previous errors
[INFO] [stdout] 
[INFO] [stdout] For more information about this error, try `rustc --explain E0433`.
[INFO] [stdout] Couldn't compile the test.
[INFO] [stdout] ---- src/obj/bounds.rs - obj::bounds::private::implement_godot_bounds (line 109) stdout ----
[INFO] [stdout] error[E0433]: failed to resolve: use of undeclared crate or module `godot`
[INFO] [stdout]  --> src/obj/bounds.rs:110:5
[INFO] [stdout]   |
[INFO] [stdout] 3 | use godot::prelude::*;
[INFO] [stdout]   |     ^^^^^ use of undeclared crate or module `godot`
[INFO] [stdout] 
[INFO] [stdout] error[E0433]: failed to resolve: use of undeclared crate or module `godot`
[INFO] [stdout]  --> src/obj/bounds.rs:111:5
[INFO] [stdout]   |
[INFO] [stdout] 4 | use godot::obj::bounds::implement_godot_bounds;
[INFO] [stdout]   |     ^^^^^ use of undeclared crate or module `godot`
[INFO] [stdout] 
[INFO] [stdout] error[E0433]: failed to resolve: use of undeclared crate or module `godot`
[INFO] [stdout]  --> src/obj/bounds.rs:112:5
[INFO] [stdout]   |
[INFO] [stdout] 5 | use godot::meta::ClassName;
[INFO] [stdout]   |     ^^^^^ use of undeclared crate or module `godot`
[INFO] [stdout] 
[INFO] [stdout] error[E0432]: unresolved imports `godot::obj::bounds::implement_godot_bounds`, `godot::meta::ClassName`
[INFO] [stdout]  --> src/obj/bounds.rs:111:5
[INFO] [stdout]   |
[INFO] [stdout] 4 | use godot::obj::bounds::implement_godot_bounds;
[INFO] [stdout]   |     ^^^^^^^^^^^^^^^^^^^^^^^^^^^^^^^^^^^^^^^^^^
[INFO] [stdout] 5 | use godot::meta::ClassName;
[INFO] [stdout]   |     ^^^^^^^^^^^^^^^^^^^^^^
[INFO] [stdout] 
[INFO] [stdout] error[E0405]: cannot find trait `GodotClass` in this scope
[INFO] [stdout]  --> src/obj/bounds.rs:116:6
[INFO] [stdout]   |
[INFO] [stdout] 9 | impl GodotClass for MyClass {
[INFO] [stdout]   |      ^^^^^^^^^^ not found in this scope
[INFO] [stdout]   |
[INFO] [stdout] help: consider importing this trait
[INFO] [stdout]   |
[INFO] [stdout] 2 + use godot_core::obj::GodotClass;
[INFO] [stdout]   |
[INFO] [stdout] 
[INFO] [stdout] error[E0412]: cannot find type `Node` in this scope
[INFO] [stdout]   --> src/obj/bounds.rs:117:17
[INFO] [stdout]    |
[INFO] [stdout] 10 |     type Base = Node;
[INFO] [stdout]    |                 ^^^^ not found in this scope
[INFO] [stdout] 
[INFO] [stdout] error: aborting due to 6 previous errors
[INFO] [stdout] 
[INFO] [stdout] Some errors have detailed explanations: E0405, E0412, E0432, E0433.
[INFO] [stdout] For more information about an error, try `rustc --explain E0405`.
[INFO] [stdout] Couldn't compile the test.
[INFO] [stdout] ---- src/obj/gd.rs - obj::gd::Gd<T>::try_to_unique (line 612) stdout ----
[INFO] [stdout] error[E0433]: failed to resolve: use of undeclared crate or module `godot`
[INFO] [stdout]  --> src/obj/gd.rs:613:5
[INFO] [stdout]   |
[INFO] [stdout] 3 | use godot::prelude::*;
[INFO] [stdout]   |     ^^^^^ use of undeclared crate or module `godot`
[INFO] [stdout] 
[INFO] [stdout] error[E0433]: failed to resolve: use of undeclared type `RefCounted`
[INFO] [stdout]  --> src/obj/gd.rs:615:11
[INFO] [stdout]   |
[INFO] [stdout] 5 | let obj = RefCounted::new_gd();
[INFO] [stdout]   |           ^^^^^^^^^^ use of undeclared type `RefCounted`
[INFO] [stdout] 
[INFO] [stdout] error: aborting due to 2 previous errors
[INFO] [stdout] 
[INFO] [stdout] For more information about this error, try `rustc --explain E0433`.
[INFO] [stdout] Couldn't compile the test.
[INFO] [stdout] ---- src/obj/bounds.rs - obj::bounds (line 27) stdout ----
[INFO] [stdout] error[E0433]: failed to resolve: use of undeclared crate or module `godot`
[INFO] [stdout]  --> src/obj/bounds.rs:28:5
[INFO] [stdout]   |
[INFO] [stdout] 3 | use godot::prelude::*;
[INFO] [stdout]   |     ^^^^^ use of undeclared crate or module `godot`
[INFO] [stdout] 
[INFO] [stdout] error[E0433]: failed to resolve: use of undeclared crate or module `godot`
[INFO] [stdout]  --> src/obj/bounds.rs:29:5
[INFO] [stdout]   |
[INFO] [stdout] 4 | use godot::obj::{bounds, Bounds};
[INFO] [stdout]   |     ^^^^^ use of undeclared crate or module `godot`
[INFO] [stdout] 
[INFO] [stdout] error[E0432]: unresolved imports `godot::obj::bounds`, `godot::obj::Bounds`
[INFO] [stdout]  --> src/obj/bounds.rs:29:18
[INFO] [stdout]   |
[INFO] [stdout] 4 | use godot::obj::{bounds, Bounds};
[INFO] [stdout]   |                  ^^^^^^  ^^^^^^
[INFO] [stdout] 
[INFO] [stdout] error[E0405]: cannot find trait `GodotClass` in this scope
[INFO] [stdout]  --> src/obj/bounds.rs:32:10
[INFO] [stdout]   |
[INFO] [stdout] 7 | where T: GodotClass + Bounds<Memory = bounds::MemManual>
[INFO] [stdout]   |          ^^^^^^^^^^ not found in this scope
[INFO] [stdout]   |
[INFO] [stdout] help: consider importing this trait
[INFO] [stdout]   |
[INFO] [stdout] 2 + use godot_core::obj::GodotClass;
[INFO] [stdout]   |
[INFO] [stdout] 
[INFO] [stdout] error[E0412]: cannot find type `Gd` in this scope
[INFO] [stdout]  --> src/obj/bounds.rs:34:11
[INFO] [stdout]   |
[INFO] [stdout] 9 |    inner: Gd<T>,
[INFO] [stdout]   |           ^^ not found in this scope
[INFO] [stdout]   |
[INFO] [stdout] help: consider importing this struct
[INFO] [stdout]   |
[INFO] [stdout] 2 + use godot_core::obj::Gd;
[INFO] [stdout]   |
[INFO] [stdout] 
[INFO] [stdout] error: aborting due to 5 previous errors
[INFO] [stdout] 
[INFO] [stdout] Some errors have detailed explanations: E0405, E0412, E0432, E0433.
[INFO] [stdout] For more information about an error, try `rustc --explain E0405`.
[INFO] [stdout] Couldn't compile the test.
[INFO] [stdout] ---- src/meta/error/call_error.rs - meta::error::call_error::CallError (line 40) stdout ----
[INFO] [stdout] error[E0433]: failed to resolve: use of undeclared crate or module `godot`
[INFO] [stdout]  --> src/meta/error/call_error.rs:42:5
[INFO] [stdout]   |
[INFO] [stdout] 5 | use godot::prelude::*;
[INFO] [stdout]   |     ^^^^^ use of undeclared crate or module `godot`
[INFO] [stdout] 
[INFO] [stdout] error: cannot find derive macro `GodotClass` in this scope
[INFO] [stdout]  --> src/meta/error/call_error.rs:45:10
[INFO] [stdout]   |
[INFO] [stdout] 8 | #[derive(GodotClass)]
[INFO] [stdout]   |          ^^^^^^^^^^
[INFO] [stdout] 
[INFO] [stdout] error: cannot find attribute `class` in this scope
[INFO] [stdout]  --> src/meta/error/call_error.rs:46:3
[INFO] [stdout]   |
[INFO] [stdout] 9 | #[class(init)]
[INFO] [stdout]   |   ^^^^^
[INFO] [stdout] 
[INFO] [stdout] error: cannot find attribute `godot_api` in this scope
[INFO] [stdout]   --> src/meta/error/call_error.rs:49:3
[INFO] [stdout]    |
[INFO] [stdout] 12 | #[godot_api]
[INFO] [stdout]    |   ^^^^^^^^^
[INFO] [stdout] 
[INFO] [stdout] error: cannot find attribute `func` in this scope
[INFO] [stdout]   --> src/meta/error/call_error.rs:51:7
[INFO] [stdout]    |
[INFO] [stdout] 14 |     #[func]
[INFO] [stdout]    |       ^^^^
[INFO] [stdout] 
[INFO] [stdout] error[E0412]: cannot find type `Gd` in this scope
[INFO] [stdout]   --> src/meta/error/call_error.rs:56:18
[INFO] [stdout]    |
[INFO] [stdout] 19 |     let mut obj: Gd<MyClass> = MyClass::new_gd();
[INFO] [stdout]    |                  ^^ not found in this scope
[INFO] [stdout]    |
[INFO] [stdout] help: consider importing this struct
[INFO] [stdout]    |
[INFO] [stdout] 2  + use godot_core::obj::Gd;
[INFO] [stdout]    |
[INFO] [stdout] 
[INFO] [stdout] error[E0412]: cannot find type `Variant` in this scope
[INFO] [stdout]   --> src/meta/error/call_error.rs:59:24
[INFO] [stdout]    |
[INFO] [stdout] 22 |     let result: Result<Variant, CallError> = obj.try_call("my_method".into(), &[]);
[INFO] [stdout]    |                        ^^^^^^^ not found in this scope
[INFO] [stdout]    |
[INFO] [stdout] help: consider importing this struct
[INFO] [stdout]    |
[INFO] [stdout] 2  + use godot_core::builtin::Variant;
[INFO] [stdout]    |
[INFO] [stdout] 
[INFO] [stdout] error[E0599]: no function or associated item named `new_gd` found for struct `MyClass` in the current scope
[INFO] [stdout]   --> src/meta/error/call_error.rs:56:41
[INFO] [stdout]    |
[INFO] [stdout] 10 | struct MyClass;
[INFO] [stdout]    | -------------- function or associated item `new_gd` not found for this struct
[INFO] [stdout] ...
[INFO] [stdout] 19 |     let mut obj: Gd<MyClass> = MyClass::new_gd();
[INFO] [stdout]    |                                         ^^^^^^ function or associated item not found in `MyClass`
[INFO] [stdout]    |
[INFO] [stdout]    = help: items from traits can only be used if the trait is implemented and in scope
[INFO] [stdout]    = note: the following trait defines an item `new_gd`, perhaps you need to implement it:
[INFO] [stdout]            candidate #1: `NewGd`
[INFO] [stdout] 
[INFO] [stdout] error: aborting due to 8 previous errors
[INFO] [stdout] 
[INFO] [stdout] Some errors have detailed explanations: E0412, E0433, E0599.
[INFO] [stdout] For more information about an error, try `rustc --explain E0412`.
[INFO] [stdout] Couldn't compile the test.
[INFO] [stdout] ---- src/obj/gd.rs - obj::gd::Gd<T>::from_init_fn (line 120) stdout ----
[INFO] [stdout] error[E0433]: failed to resolve: use of undeclared crate or module `godot`
[INFO] [stdout]  --> src/obj/gd.rs:121:5
[INFO] [stdout]   |
[INFO] [stdout] 3 | use godot::prelude::*;
[INFO] [stdout]   |     ^^^^^ use of undeclared crate or module `godot`
[INFO] [stdout] 
[INFO] [stdout] error: cannot find derive macro `GodotClass` in this scope
[INFO] [stdout]  --> src/obj/gd.rs:122:10
[INFO] [stdout]   |
[INFO] [stdout] 4 | #[derive(GodotClass)]
[INFO] [stdout]   |          ^^^^^^^^^^
[INFO] [stdout] 
[INFO] [stdout] error: cannot find attribute `class` in this scope
[INFO] [stdout]  --> src/obj/gd.rs:123:3
[INFO] [stdout]   |
[INFO] [stdout] 5 | #[class(init, base=Node2D)]
[INFO] [stdout]   |   ^^^^^
[INFO] [stdout] 
[INFO] [stdout] error[E0412]: cannot find type `Base` in this scope
[INFO] [stdout]  --> src/obj/gd.rs:125:14
[INFO] [stdout]   |
[INFO] [stdout] 7 |     my_base: Base<Node2D>,
[INFO] [stdout]   |              ^^^^ not found in this scope
[INFO] [stdout]   |
[INFO] [stdout] help: consider importing this struct
[INFO] [stdout]   |
[INFO] [stdout] 2 + use godot_core::obj::Base;
[INFO] [stdout]   |
[INFO] [stdout] 
[INFO] [stdout] error[E0412]: cannot find type `Node2D` in this scope
[INFO] [stdout]  --> src/obj/gd.rs:125:19
[INFO] [stdout]   |
[INFO] [stdout] 7 |     my_base: Base<Node2D>,
[INFO] [stdout]   |                   ^^^^^^ not found in this scope
[INFO] [stdout] 
[INFO] [stdout] error[E0433]: failed to resolve: use of undeclared type `Gd`
[INFO] [stdout]   --> src/obj/gd.rs:129:11
[INFO] [stdout]    |
[INFO] [stdout] 11 | let obj = Gd::from_init_fn(|my_base| {
[INFO] [stdout]    |           ^^ use of undeclared type `Gd`
[INFO] [stdout]    |
[INFO] [stdout] help: consider importing this struct
[INFO] [stdout]    |
[INFO] [stdout] 2  + use godot_core::obj::Gd;
[INFO] [stdout]    |
[INFO] [stdout] 
[INFO] [stdout] error: aborting due to 6 previous errors
[INFO] [stdout] 
[INFO] [stdout] Some errors have detailed explanations: E0412, E0433.
[INFO] [stdout] For more information about an error, try `rustc --explain E0412`.
[INFO] [stdout] Couldn't compile the test.
[INFO] [stdout] ---- src/obj/gd.rs - obj::gd::Gd<T>::upcast_mut (line 335) stdout ----
[INFO] [stdout] error[E0433]: failed to resolve: use of undeclared crate or module `godot`
[INFO] [stdout]  --> src/obj/gd.rs:336:5
[INFO] [stdout]   |
[INFO] [stdout] 3 | use godot::prelude::*;
[INFO] [stdout]   |     ^^^^^ use of undeclared crate or module `godot`
[INFO] [stdout] 
[INFO] [stdout] error[E0405]: cannot find trait `Inherits` in this scope
[INFO] [stdout]  --> src/obj/gd.rs:339:8
[INFO] [stdout]   |
[INFO] [stdout] 6 |     T: Inherits<Node>,
[INFO] [stdout]   |        ^^^^^^^^ not found in this scope
[INFO] [stdout]   |
[INFO] [stdout] help: consider importing this trait
[INFO] [stdout]   |
[INFO] [stdout] 2 + use godot_core::obj::Inherits;
[INFO] [stdout]   |
[INFO] [stdout] 
[INFO] [stdout] error[E0412]: cannot find type `Node` in this scope
[INFO] [stdout]  --> src/obj/gd.rs:339:17
[INFO] [stdout]   |
[INFO] [stdout] 6 |     T: Inherits<Node>,
[INFO] [stdout]   |                 ^^^^ not found in this scope
[INFO] [stdout] 
[INFO] [stdout] error[E0412]: cannot find type `Gd` in this scope
[INFO] [stdout]  --> src/obj/gd.rs:337:32
[INFO] [stdout]   |
[INFO] [stdout] 4 | fn set_node_name<T>(node: &mut Gd<T>, name: &str)
[INFO] [stdout]   |                                ^^ not found in this scope
[INFO] [stdout]   |
[INFO] [stdout] help: consider importing this struct
[INFO] [stdout]   |
[INFO] [stdout] 2 + use godot_core::obj::Gd;
[INFO] [stdout]   |
[INFO] [stdout] 
[INFO] [stdout] error: aborting due to 4 previous errors
[INFO] [stdout] 
[INFO] [stdout] Some errors have detailed explanations: E0405, E0412, E0433.
[INFO] [stdout] For more information about an error, try `rustc --explain E0405`.
[INFO] [stdout] Couldn't compile the test.
[INFO] [stdout] ---- src/obj/gd.rs - obj::gd::Gd<T>::upcast_ref (line 296) stdout ----
[INFO] [stdout] error[E0433]: failed to resolve: use of undeclared crate or module `godot`
[INFO] [stdout]  --> src/obj/gd.rs:297:5
[INFO] [stdout]   |
[INFO] [stdout] 3 | use godot::prelude::*;
[INFO] [stdout]   |     ^^^^^ use of undeclared crate or module `godot`
[INFO] [stdout] 
[INFO] [stdout] error[E0405]: cannot find trait `Inherits` in this scope
[INFO] [stdout]  --> src/obj/gd.rs:300:8
[INFO] [stdout]   |
[INFO] [stdout] 6 |     T: Inherits<Node>,
[INFO] [stdout]   |        ^^^^^^^^ not found in this scope
[INFO] [stdout]   |
[INFO] [stdout] help: consider importing this trait
[INFO] [stdout]   |
[INFO] [stdout] 2 + use godot_core::obj::Inherits;
[INFO] [stdout]   |
[INFO] [stdout] 
[INFO] [stdout] error[E0412]: cannot find type `Node` in this scope
[INFO] [stdout]  --> src/obj/gd.rs:300:17
[INFO] [stdout]   |
[INFO] [stdout] 6 |     T: Inherits<Node>,
[INFO] [stdout]   |                 ^^^^ not found in this scope
[INFO] [stdout] 
[INFO] [stdout] error[E0412]: cannot find type `Gd` in this scope
[INFO] [stdout]  --> src/obj/gd.rs:298:30
[INFO] [stdout]   |
[INFO] [stdout] 4 | fn print_node_name<T>(node: &Gd<T>)
[INFO] [stdout]   |                              ^^ not found in this scope
[INFO] [stdout]   |
[INFO] [stdout] help: consider importing this struct
[INFO] [stdout]   |
[INFO] [stdout] 2 + use godot_core::obj::Gd;
[INFO] [stdout]   |
[INFO] [stdout] 
[INFO] [stdout] error: aborting due to 4 previous errors
[INFO] [stdout] 
[INFO] [stdout] Some errors have detailed explanations: E0405, E0412, E0433.
[INFO] [stdout] For more information about an error, try `rustc --explain E0405`.
[INFO] [stdout] Couldn't compile the test.
[INFO] [stdout] ---- src/obj/gd.rs - obj::gd::Gd<T>::upcast (line 274) stdout ----
[INFO] [stdout] error[E0433]: failed to resolve: use of undeclared crate or module `godot`
[INFO] [stdout]  --> src/obj/gd.rs:275:5
[INFO] [stdout]   |
[INFO] [stdout] 3 | use godot::prelude::*;
[INFO] [stdout]   |     ^^^^^ use of undeclared crate or module `godot`
[INFO] [stdout] 
[INFO] [stdout] error: cannot find derive macro `GodotClass` in this scope
[INFO] [stdout]  --> src/obj/gd.rs:276:10
[INFO] [stdout]   |
[INFO] [stdout] 4 | #[derive(GodotClass)]
[INFO] [stdout]   |          ^^^^^^^^^^
[INFO] [stdout] 
[INFO] [stdout] error: cannot find attribute `class` in this scope
[INFO] [stdout]  --> src/obj/gd.rs:277:3
[INFO] [stdout]   |
[INFO] [stdout] 5 | #[class(init, base=Node2D)]
[INFO] [stdout]   |   ^^^^^
[INFO] [stdout] 
[INFO] [stdout] error[E0412]: cannot find type `Gd` in this scope
[INFO] [stdout]  --> src/obj/gd.rs:280:10
[INFO] [stdout]   |
[INFO] [stdout] 8 | let obj: Gd<MyClass> = MyClass::new_alloc();
[INFO] [stdout]   |          ^^ not found in this scope
[INFO] [stdout]   |
[INFO] [stdout] help: consider importing this struct
[INFO] [stdout]   |
[INFO] [stdout] 2 + use godot_core::obj::Gd;
[INFO] [stdout]   |
[INFO] [stdout] 
[INFO] [stdout] error[E0412]: cannot find type `Node` in this scope
[INFO] [stdout]  --> src/obj/gd.rs:281:33
[INFO] [stdout]   |
[INFO] [stdout] 9 | let base = obj.clone().upcast::<Node>();
[INFO] [stdout]   |                                 ^^^^ not found in this scope
[INFO] [stdout] 
[INFO] [stdout] error[E0599]: no function or associated item named `new_alloc` found for struct `MyClass` in the current scope
[INFO] [stdout]  --> src/obj/gd.rs:280:33
[INFO] [stdout]   |
[INFO] [stdout] 6 | struct MyClass {}
[INFO] [stdout]   | -------------- function or associated item `new_alloc` not found for this struct
[INFO] [stdout] 7 |
[INFO] [stdout] 8 | let obj: Gd<MyClass> = MyClass::new_alloc();
[INFO] [stdout]   |                                 ^^^^^^^^^ function or associated item not found in `MyClass`
[INFO] [stdout]   |
[INFO] [stdout]   = help: items from traits can only be used if the trait is implemented and in scope
[INFO] [stdout]   = note: the following trait defines an item `new_alloc`, perhaps you need to implement it:
[INFO] [stdout]           candidate #1: `godot_core::obj::NewAlloc`
[INFO] [stdout] 
[INFO] [stdout] error: aborting due to 6 previous errors
[INFO] [stdout] 
[INFO] [stdout] Some errors have detailed explanations: E0412, E0433, E0599.
[INFO] [stdout] For more information about an error, try `rustc --explain E0412`.
[INFO] [stdout] Couldn't compile the test.
[INFO] [stdout] ---- src/obj/script.rs - obj::script::ScriptInstance (line 44) stdout ----
[INFO] [stdout] error[E0432]: unresolved import `godot`
[INFO] [stdout]  --> src/obj/script.rs:47:15
[INFO] [stdout]   |
[INFO] [stdout] 5 |     pub use ::godot::*;
[INFO] [stdout]   |               ^^^^^ could not find `godot` in the list of imported crates
[INFO] [stdout] 
[INFO] [stdout] error[E0432]: unresolved import `godot::prelude`
[INFO] [stdout]  --> src/obj/script.rs:51:12
[INFO] [stdout]   |
[INFO] [stdout] 9 | use godot::prelude::*;
[INFO] [stdout]   |            ^^^^^^^ could not find `prelude` in `godot`
[INFO] [stdout] 
[INFO] [stdout] error[E0432]: unresolved import `godot::classes`
[INFO] [stdout]   --> src/obj/script.rs:52:12
[INFO] [stdout]    |
[INFO] [stdout] 10 | use godot::classes::{IScriptExtension, Script, ScriptExtension};
[INFO] [stdout]    |            ^^^^^^^ could not find `classes` in `godot`
[INFO] [stdout] 
[INFO] [stdout] error: cannot find attribute `godot_api` in this scope
[INFO] [stdout]   --> src/obj/script.rs:76:3
[INFO] [stdout]    |
[INFO] [stdout] 34 | #[godot_api]
[INFO] [stdout]    |   ^^^^^^^^^
[INFO] [stdout] 
[INFO] [stdout] error: cannot find derive macro `GodotClass` in this scope
[INFO] [stdout]   --> src/obj/script.rs:56:10
[INFO] [stdout]    |
[INFO] [stdout] 14 | #[derive(GodotClass)]
[INFO] [stdout]    |          ^^^^^^^^^^
[INFO] [stdout] 
[INFO] [stdout] error: cannot find attribute `class` in this scope
[INFO] [stdout]   --> src/obj/script.rs:57:3
[INFO] [stdout]    |
[INFO] [stdout] 15 | #[class(init, base=ScriptExtension)]
[INFO] [stdout]    |   ^^^^^
[INFO] [stdout] 
[INFO] [stdout] error: aborting due to 6 previous errors
[INFO] [stdout] 
[INFO] [stdout] For more information about this error, try `rustc --explain E0432`.
[INFO] [stdout] Couldn't compile the test.
[INFO] [stdout] ---- src/obj/onready.rs - obj::onready::OnReady (line 40) stdout ----
[INFO] [stdout] error[E0433]: failed to resolve: use of undeclared crate or module `godot`
[INFO] [stdout]  --> src/obj/onready.rs:41:5
[INFO] [stdout]   |
[INFO] [stdout] 3 | use godot::prelude::*;
[INFO] [stdout]   |     ^^^^^ use of undeclared crate or module `godot`
[INFO] [stdout] 
[INFO] [stdout] error: cannot find attribute `godot_api` in this scope
[INFO] [stdout]   --> src/obj/onready.rs:50:3
[INFO] [stdout]    |
[INFO] [stdout] 12 | #[godot_api]
[INFO] [stdout]    |   ^^^^^^^^^
[INFO] [stdout] 
[INFO] [stdout] error: cannot find derive macro `GodotClass` in this scope
[INFO] [stdout]  --> src/obj/onready.rs:43:10
[INFO] [stdout]   |
[INFO] [stdout] 5 | #[derive(GodotClass)]
[INFO] [stdout]   |          ^^^^^^^^^^
[INFO] [stdout] 
[INFO] [stdout] error: cannot find attribute `class` in this scope
[INFO] [stdout]  --> src/obj/onready.rs:44:3
[INFO] [stdout]   |
[INFO] [stdout] 6 | #[class(base = Node)]
[INFO] [stdout]   |   ^^^^^
[INFO] [stdout] 
[INFO] [stdout] error[E0412]: cannot find type `OnReady` in this scope
[INFO] [stdout]  --> src/obj/onready.rs:46:10
[INFO] [stdout]   |
[INFO] [stdout] 8 |    auto: OnReady<i32>,
[INFO] [stdout]   |          ^^^^^^^ not found in this scope
[INFO] [stdout]   |
[INFO] [stdout] help: consider importing this struct
[INFO] [stdout]   |
[INFO] [stdout] 2 + use godot_core::obj::OnReady;
[INFO] [stdout]   |
[INFO] [stdout] 
[INFO] [stdout] error[E0412]: cannot find type `OnReady` in this scope
[INFO] [stdout]  --> src/obj/onready.rs:47:12
[INFO] [stdout]   |
[INFO] [stdout] 9 |    manual: OnReady<i32>,
[INFO] [stdout]   |            ^^^^^^^ not found in this scope
[INFO] [stdout]   |
[INFO] [stdout] help: consider importing this struct
[INFO] [stdout]   |
[INFO] [stdout] 2 + use godot_core::obj::OnReady;
[INFO] [stdout]   |
[INFO] [stdout] 
[INFO] [stdout] error[E0405]: cannot find trait `INode` in this scope
[INFO] [stdout]   --> src/obj/onready.rs:51:6
[INFO] [stdout]    |
[INFO] [stdout] 13 | impl INode for MyClass {
[INFO] [stdout]    |      ^^^^^ not found in this scope
[INFO] [stdout] 
[INFO] [stdout] error[E0412]: cannot find type `Base` in this scope
[INFO] [stdout]   --> src/obj/onready.rs:52:20
[INFO] [stdout]    |
[INFO] [stdout] 14 |     fn init(_base: Base<Node>) -> Self {
[INFO] [stdout]    |                    ^^^^ not found in this scope
[INFO] [stdout]    |
[INFO] [stdout] help: consider importing this struct
[INFO] [stdout]    |
[INFO] [stdout] 2  + use godot_core::obj::Base;
[INFO] [stdout]    |
[INFO] [stdout] 
[INFO] [stdout] error[E0412]: cannot find type `Node` in this scope
[INFO] [stdout]   --> src/obj/onready.rs:52:25
[INFO] [stdout]    |
[INFO] [stdout] 14 |     fn init(_base: Base<Node>) -> Self {
[INFO] [stdout]    |                         ^^^^ not found in this scope
[INFO] [stdout] 
[INFO] [stdout] error[E0433]: failed to resolve: use of undeclared type `OnReady`
[INFO] [stdout]   --> src/obj/onready.rs:54:18
[INFO] [stdout]    |
[INFO] [stdout] 16 |            auto: OnReady::new(|| 11),
[INFO] [stdout]    |                  ^^^^^^^ use of undeclared type `OnReady`
[INFO] [stdout]    |
[INFO] [stdout] help: consider importing this struct
[INFO] [stdout]    |
[INFO] [stdout] 2  + use godot_core::obj::OnReady;
[INFO] [stdout]    |
[INFO] [stdout] 
[INFO] [stdout] error[E0433]: failed to resolve: use of undeclared type `OnReady`
[INFO] [stdout]   --> src/obj/onready.rs:55:20
[INFO] [stdout]    |
[INFO] [stdout] 17 |            manual: OnReady::manual(),
[INFO] [stdout]    |                    ^^^^^^^ use of undeclared type `OnReady`
[INFO] [stdout]    |
[INFO] [stdout] help: consider importing this struct
[INFO] [stdout]    |
[INFO] [stdout] 2  + use godot_core::obj::OnReady;
[INFO] [stdout]    |
[INFO] [stdout] 
[INFO] [stdout] error: aborting due to 11 previous errors
[INFO] [stdout] 
[INFO] [stdout] Some errors have detailed explanations: E0405, E0412, E0433.
[INFO] [stdout] For more information about an error, try `rustc --explain E0405`.
[INFO] [stdout] Couldn't compile the test.
[INFO] [stdout] ---- src/registry/property.rs - registry::property::export_info_functions::export_enum (line 280) stdout ----
[INFO] [stdout] error[E0433]: failed to resolve: use of undeclared crate or module `godot`
[INFO] [stdout]  --> src/registry/property.rs:281:5
[INFO] [stdout]   |
[INFO] [stdout] 3 | use godot::register::property::export_info_functions::export_enum;
[INFO] [stdout]   |     ^^^^^ use of undeclared crate or module `godot`
[INFO] [stdout] 
[INFO] [stdout] error: aborting due to 1 previous error
[INFO] [stdout] 
[INFO] [stdout] For more information about this error, try `rustc --explain E0433`.
[INFO] [stdout] Couldn't compile the test.
[INFO] [stdout] ---- src/registry/property.rs - registry::property::export_info_functions::export_flags (line 313) stdout ----
[INFO] [stdout] error[E0433]: failed to resolve: use of undeclared crate or module `godot`
[INFO] [stdout]  --> src/registry/property.rs:314:5
[INFO] [stdout]   |
[INFO] [stdout] 3 | use godot::register::property::export_info_functions::export_flags;
[INFO] [stdout]   |     ^^^^^ use of undeclared crate or module `godot`
[INFO] [stdout] 
[INFO] [stdout] error: aborting due to 1 previous error
[INFO] [stdout] 
[INFO] [stdout] For more information about this error, try `rustc --explain E0433`.
[INFO] [stdout] Couldn't compile the test.
[INFO] [stdout] ---- src/obj/traits.rs - obj::traits::WithBaseField (line 220) stdout ----
[INFO] [stdout] error[E0433]: failed to resolve: use of undeclared crate or module `godot`
[INFO] [stdout]  --> src/obj/traits.rs:221:5
[INFO] [stdout]   |
[INFO] [stdout] 3 | use godot::prelude::*;
[INFO] [stdout]   |     ^^^^^ use of undeclared crate or module `godot`
[INFO] [stdout] 
[INFO] [stdout] error[E0433]: failed to resolve: use of undeclared crate or module `godot`
[INFO] [stdout]  --> src/obj/traits.rs:222:5
[INFO] [stdout]   |
[INFO] [stdout] 4 | use godot::obj::WithBaseField;
[INFO] [stdout]   |     ^^^^^ use of undeclared crate or module `godot`
[INFO] [stdout] 
[INFO] [stdout] error[E0432]: unresolved import `godot::obj::WithBaseField`
[INFO] [stdout]  --> src/obj/traits.rs:222:5
[INFO] [stdout]   |
[INFO] [stdout] 4 | use godot::obj::WithBaseField;
[INFO] [stdout]   |     ^^^^^^^^^^^^^^^^^^^^^^^^^
[INFO] [stdout] 
[INFO] [stdout] error[E0412]: cannot find type `Node3D` in this scope
[INFO] [stdout]  --> src/obj/traits.rs:225:29
[INFO] [stdout]   |
[INFO] [stdout] 7 |     T: WithBaseField<Base = Node3D>,
[INFO] [stdout]   |                             ^^^^^^ not found in this scope
[INFO] [stdout] 
[INFO] [stdout] error: aborting due to 4 previous errors
[INFO] [stdout] 
[INFO] [stdout] Some errors have detailed explanations: E0412, E0432, E0433.
[INFO] [stdout] For more information about an error, try `rustc --explain E0412`.
[INFO] [stdout] Couldn't compile the test.
[INFO] [stdout] ---- src/obj/traits.rs - obj::traits::Inherits (line 119) stdout ----
[INFO] [stdout] error[E0433]: failed to resolve: use of undeclared crate or module `godot`
[INFO] [stdout]  --> src/obj/traits.rs:120:5
[INFO] [stdout]   |
[INFO] [stdout] 3 | use godot::prelude::*;
[INFO] [stdout]   |     ^^^^^ use of undeclared crate or module `godot`
[INFO] [stdout] 
[INFO] [stdout] error[E0412]: cannot find type `Gd` in this scope
[INFO] [stdout]  --> src/obj/traits.rs:121:21
[INFO] [stdout]   |
[INFO] [stdout] 4 | fn print_node(node: Gd<Node>) { /* ... */ }
[INFO] [stdout]   |                     ^^ not found in this scope
[INFO] [stdout]   |
[INFO] [stdout] help: consider importing this struct
[INFO] [stdout]   |
[INFO] [stdout] 2 + use godot_core::obj::Gd;
[INFO] [stdout]   |
[INFO] [stdout] 
[INFO] [stdout] error[E0412]: cannot find type `Node` in this scope
[INFO] [stdout]  --> src/obj/traits.rs:121:24
[INFO] [stdout]   |
[INFO] [stdout] 4 | fn print_node(node: Gd<Node>) { /* ... */ }
[INFO] [stdout]   |                        ^^^^ not found in this scope
[INFO] [stdout] 
[INFO] [stdout] error[E0433]: failed to resolve: use of undeclared type `Node`
[INFO] [stdout]  --> src/obj/traits.rs:124:12
[INFO] [stdout]   |
[INFO] [stdout] 7 | print_node(Node::new_alloc());            // no upcast needed
[INFO] [stdout]   |            ^^^^ use of undeclared type `Node`
[INFO] [stdout] 
[INFO] [stdout] error[E0433]: failed to resolve: use of undeclared type `Node2D`
[INFO] [stdout]  --> src/obj/traits.rs:125:12
[INFO] [stdout]   |
[INFO] [stdout] 8 | print_node(Node2D::new_alloc().upcast());
[INFO] [stdout]   |            ^^^^^^ use of undeclared type `Node2D`
[INFO] [stdout] 
[INFO] [stdout] error[E0433]: failed to resolve: use of undeclared type `Node3D`
[INFO] [stdout]  --> src/obj/traits.rs:126:12
[INFO] [stdout]   |
[INFO] [stdout] 9 | print_node(Node3D::new_alloc().upcast());
[INFO] [stdout]   |            ^^^^^^ use of undeclared type `Node3D`
[INFO] [stdout] 
[INFO] [stdout] error: aborting due to 6 previous errors
[INFO] [stdout] 
[INFO] [stdout] Some errors have detailed explanations: E0412, E0433.
[INFO] [stdout] For more information about an error, try `rustc --explain E0412`.
[INFO] [stdout] Couldn't compile the test.
[INFO] [stdout] ---- src/tools/gfile.rs - tools::gfile::GFile (line 50) stdout ----
[INFO] [stdout] error[E0433]: failed to resolve: use of undeclared crate or module `godot`
[INFO] [stdout]  --> src/tools/gfile.rs:51:5
[INFO] [stdout]   |
[INFO] [stdout] 3 | use godot::builtin::GString;
[INFO] [stdout]   |     ^^^^^ use of undeclared crate or module `godot`
[INFO] [stdout] 
[INFO] [stdout] error[E0433]: failed to resolve: use of undeclared crate or module `godot`
[INFO] [stdout]  --> src/tools/gfile.rs:52:5
[INFO] [stdout]   |
[INFO] [stdout] 4 | use godot::classes::file_access::ModeFlags;
[INFO] [stdout]   |     ^^^^^ use of undeclared crate or module `godot`
[INFO] [stdout] 
[INFO] [stdout] error[E0433]: failed to resolve: use of undeclared crate or module `godot`
[INFO] [stdout]  --> src/tools/gfile.rs:53:5
[INFO] [stdout]   |
[INFO] [stdout] 5 | use godot::tools::GFile;
[INFO] [stdout]   |     ^^^^^ use of undeclared crate or module `godot`
[INFO] [stdout] 
[INFO] [stdout] error: aborting due to 3 previous errors
[INFO] [stdout] 
[INFO] [stdout] For more information about this error, try `rustc --explain E0433`.
[INFO] [stdout] Couldn't compile the test.
[INFO] [stdout] ---- src/obj/traits.rs - obj::traits::Inherits (line 101) stdout ----
[INFO] [stdout] error[E0433]: failed to resolve: use of undeclared crate or module `godot`
[INFO] [stdout]  --> src/obj/traits.rs:102:5
[INFO] [stdout]   |
[INFO] [stdout] 3 | use godot::prelude::*;
[INFO] [stdout]   |     ^^^^^ use of undeclared crate or module `godot`
[INFO] [stdout] 
[INFO] [stdout] error[E0405]: cannot find trait `Inherits` in this scope
[INFO] [stdout]  --> src/obj/traits.rs:105:8
[INFO] [stdout]   |
[INFO] [stdout] 6 |     T: Inherits<Node>,
[INFO] [stdout]   |        ^^^^^^^^ not found in this scope
[INFO] [stdout]   |
[INFO] [stdout] help: consider importing this trait
[INFO] [stdout]   |
[INFO] [stdout] 2 + use godot_core::obj::Inherits;
[INFO] [stdout]   |
[INFO] [stdout] 
[INFO] [stdout] error[E0412]: cannot find type `Node` in this scope
[INFO] [stdout]  --> src/obj/traits.rs:105:17
[INFO] [stdout]   |
[INFO] [stdout] 6 |     T: Inherits<Node>,
[INFO] [stdout]   |                 ^^^^ not found in this scope
[INFO] [stdout] 
[INFO] [stdout] error[E0412]: cannot find type `Gd` in this scope
[INFO] [stdout]  --> src/obj/traits.rs:103:24
[INFO] [stdout]   |
[INFO] [stdout] 4 | fn print_node<T>(node: Gd<T>)
[INFO] [stdout]   |                        ^^ not found in this scope
[INFO] [stdout]   |
[INFO] [stdout] help: consider importing this struct
[INFO] [stdout]   |
[INFO] [stdout] 2 + use godot_core::obj::Gd;
[INFO] [stdout]   |
[INFO] [stdout] 
[INFO] [stdout] error[E0433]: failed to resolve: use of undeclared type `Node`
[INFO] [stdout]   --> src/obj/traits.rs:113:12
[INFO] [stdout]    |
[INFO] [stdout] 14 | print_node(Node::new_alloc());   // works on T=Node as well
[INFO] [stdout]    |            ^^^^ use of undeclared type `Node`
[INFO] [stdout] 
[INFO] [stdout] error[E0433]: failed to resolve: use of undeclared type `Node2D`
[INFO] [stdout]   --> src/obj/traits.rs:114:12
[INFO] [stdout]    |
[INFO] [stdout] 15 | print_node(Node2D::new_alloc()); // or derived classes
[INFO] [stdout]    |            ^^^^^^ use of undeclared type `Node2D`
[INFO] [stdout] 
[INFO] [stdout] error[E0433]: failed to resolve: use of undeclared type `Node3D`
[INFO] [stdout]   --> src/obj/traits.rs:115:12
[INFO] [stdout]    |
[INFO] [stdout] 16 | print_node(Node3D::new_alloc());
[INFO] [stdout]    |            ^^^^^^ use of undeclared type `Node3D`
[INFO] [stdout] 
[INFO] [stdout] error: aborting due to 7 previous errors
[INFO] [stdout] 
[INFO] [stdout] Some errors have detailed explanations: E0405, E0412, E0433.
[INFO] [stdout] For more information about an error, try `rustc --explain E0405`.
[INFO] [stdout] Couldn't compile the test.
[INFO] [stdout] ---- src/obj/traits.rs - obj::traits::WithBaseField::base (line 256) stdout ----
[INFO] [stdout] error[E0433]: failed to resolve: use of undeclared crate or module `godot`
[INFO] [stdout]  --> src/obj/traits.rs:257:5
[INFO] [stdout]   |
[INFO] [stdout] 3 | use godot::prelude::*;
[INFO] [stdout]   |     ^^^^^ use of undeclared crate or module `godot`
[INFO] [stdout] 
[INFO] [stdout] error: cannot find attribute `gdextension` in this scope
[INFO] [stdout]   --> src/obj/traits.rs:275:3
[INFO] [stdout]    |
[INFO] [stdout] 21 | #[gdextension]
[INFO] [stdout]    |   ^^^^^^^^^^^
[INFO] [stdout] 
[INFO] [stdout] error: cannot find attribute `godot_api` in this scope
[INFO] [stdout]   --> src/obj/traits.rs:265:3
[INFO] [stdout]    |
[INFO] [stdout] 11 | #[godot_api]
[INFO] [stdout]    |   ^^^^^^^^^
[INFO] [stdout] 
[INFO] [stdout] error: cannot find macro `godot_print` in this scope
[INFO] [stdout]   --> src/obj/traits.rs:269:9
[INFO] [stdout]    |
[INFO] [stdout] 15 |         godot_print!("name is {name}");
[INFO] [stdout]    |         ^^^^^^^^^^^
[INFO] [stdout]    |
[INFO] [stdout] help: consider importing this macro
[INFO] [stdout]    |
[INFO] [stdout] 2  + use godot_core::godot_print;
[INFO] [stdout]    |
[INFO] [stdout] 
[INFO] [stdout] error: cannot find derive macro `GodotClass` in this scope
[INFO] [stdout]  --> src/obj/traits.rs:259:10
[INFO] [stdout]   |
[INFO] [stdout] 5 | #[derive(GodotClass)]
[INFO] [stdout]   |          ^^^^^^^^^^
[INFO] [stdout] 
[INFO] [stdout] error: cannot find attribute `class` in this scope
[INFO] [stdout]  --> src/obj/traits.rs:260:3
[INFO] [stdout]   |
[INFO] [stdout] 6 | #[class(init, base = Node)]
[INFO] [stdout]   |   ^^^^^
[INFO] [stdout] 
[INFO] [stdout] error[E0412]: cannot find type `Base` in this scope
[INFO] [stdout]  --> src/obj/traits.rs:262:11
[INFO] [stdout]   |
[INFO] [stdout] 8 |     base: Base<Node>,
[INFO] [stdout]   |           ^^^^ not found in this scope
[INFO] [stdout]   |
[INFO] [stdout] help: consider importing this struct
[INFO] [stdout]   |
[INFO] [stdout] 2 + use godot_core::obj::Base;
[INFO] [stdout]   |
[INFO] [stdout] 
[INFO] [stdout] error[E0412]: cannot find type `Node` in this scope
[INFO] [stdout]  --> src/obj/traits.rs:262:16
[INFO] [stdout]   |
[INFO] [stdout] 8 |     base: Base<Node>,
[INFO] [stdout]   |                ^^^^ not found in this scope
[INFO] [stdout] 
[INFO] [stdout] error[E0405]: cannot find trait `INode` in this scope
[INFO] [stdout]   --> src/obj/traits.rs:266:6
[INFO] [stdout]    |
[INFO] [stdout] 12 | impl INode for MyClass {
[INFO] [stdout]    |      ^^^^^ not found in this scope
[INFO] [stdout] 
[INFO] [stdout] error[E0405]: cannot find trait `ExtensionLibrary` in this scope
[INFO] [stdout]   --> src/obj/traits.rs:276:13
[INFO] [stdout]    |
[INFO] [stdout] 22 | unsafe impl ExtensionLibrary for Test {}
[INFO] [stdout]    |             ^^^^^^^^^^^^^^^^ not found in this scope
[INFO] [stdout]    |
[INFO] [stdout] help: consider importing this trait
[INFO] [stdout]    |
[INFO] [stdout] 2  + use godot_core::init::ExtensionLibrary;
[INFO] [stdout]    |
[INFO] [stdout] 
[INFO] [stdout] error: aborting due to 10 previous errors
[INFO] [stdout] 
[INFO] [stdout] Some errors have detailed explanations: E0405, E0412, E0433.
[INFO] [stdout] For more information about an error, try `rustc --explain E0405`.
[INFO] [stdout] Couldn't compile the test.
[INFO] [stdout] ---- src/obj/script.rs - obj::script::SiMut<'a,T>::base (line 349) stdout ----
[INFO] [stdout] error[E0433]: failed to resolve: use of undeclared crate or module `godot`
[INFO] [stdout]  --> src/obj/script.rs:350:5
[INFO] [stdout]   |
[INFO] [stdout] 3 | use godot::prelude::*;
[INFO] [stdout]   |     ^^^^^ use of undeclared crate or module `godot`
[INFO] [stdout] 
[INFO] [stdout] error[E0433]: failed to resolve: use of undeclared crate or module `godot`
[INFO] [stdout]  --> src/obj/script.rs:351:5
[INFO] [stdout]   |
[INFO] [stdout] 4 | use godot::classes::{ScriptLanguage, Script};
[INFO] [stdout]   |     ^^^^^ use of undeclared crate or module `godot`
[INFO] [stdout] 
[INFO] [stdout] error[E0433]: failed to resolve: use of undeclared crate or module `godot`
[INFO] [stdout]  --> src/obj/script.rs:352:5
[INFO] [stdout]   |
[INFO] [stdout] 5 | use godot::obj::script::{ScriptInstance, SiMut};
[INFO] [stdout]   |     ^^^^^ use of undeclared crate or module `godot`
[INFO] [stdout] 
[INFO] [stdout] error[E0433]: failed to resolve: use of undeclared crate or module `godot`
[INFO] [stdout]  --> src/obj/script.rs:353:5
[INFO] [stdout]   |
[INFO] [stdout] 6 | use godot::meta::{MethodInfo, PropertyInfo};
[INFO] [stdout]   |     ^^^^^ use of undeclared crate or module `godot`
[INFO] [stdout] 
[INFO] [stdout] error[E0432]: unresolved import `godot`
[INFO] [stdout]  --> src/obj/script.rs:354:5
[INFO] [stdout]   |
[INFO] [stdout] 7 | use godot::sys;
[INFO] [stdout]   |     ^^^^^ use of undeclared crate or module `godot`
[INFO] [stdout] 
[INFO] [stdout] error: cannot find macro `godot_print` in this scope
[INFO] [stdout]   --> src/obj/script.rs:366:9
[INFO] [stdout]    |
[INFO] [stdout] 19 |         godot_print!("name is {name}");
[INFO] [stdout]    |         ^^^^^^^^^^^
[INFO] [stdout]    |
[INFO] [stdout] help: consider importing this macro
[INFO] [stdout]    |
[INFO] [stdout] 2  + use godot_core::godot_print;
[INFO] [stdout]    |
[INFO] [stdout] 
[INFO] [stdout] error[E0412]: cannot find type `Node` in this scope
[INFO] [stdout]   --> src/obj/script.rs:358:17
[INFO] [stdout]    |
[INFO] [stdout] 11 |     type Base = Node;
[INFO] [stdout]    |                 ^^^^ not found in this scope
[INFO] [stdout] 
[INFO] [stdout] error[E0412]: cannot find type `StringName` in this scope
[INFO] [stdout]   --> src/obj/script.rs:362:17
[INFO] [stdout]    |
[INFO] [stdout] 15 |         method: StringName,
[INFO] [stdout]    |                 ^^^^^^^^^^ not found in this scope
[INFO] [stdout]    |
[INFO] [stdout] help: consider importing this struct
[INFO] [stdout]    |
[INFO] [stdout] 2  + use godot_core::builtin::StringName;
[INFO] [stdout]    |
[INFO] [stdout] 
[INFO] [stdout] error[E0412]: cannot find type `Variant` in this scope
[INFO] [stdout]   --> src/obj/script.rs:363:18
[INFO] [stdout]    |
[INFO] [stdout] 16 |         args: &[&Variant],
[INFO] [stdout]    |                  ^^^^^^^ not found in this scope
[INFO] [stdout]    |
[INFO] [stdout] help: consider importing this struct
[INFO] [stdout]    |
[INFO] [stdout] 2  + use godot_core::builtin::Variant;
[INFO] [stdout]    |
[INFO] [stdout] 
[INFO] [stdout] error[E0412]: cannot find type `Variant` in this scope
[INFO] [stdout]   --> src/obj/script.rs:364:17
[INFO] [stdout]    |
[INFO] [stdout] 17 |     ) -> Result<Variant, sys::GDExtensionCallErrorType>{
[INFO] [stdout]    |                 ^^^^^^^ not found in this scope
[INFO] [stdout]    |
[INFO] [stdout] help: consider importing this struct
[INFO] [stdout]    |
[INFO] [stdout] 2  + use godot_core::builtin::Variant;
[INFO] [stdout]    |
[INFO] [stdout] 
[INFO] [stdout] error[E0433]: failed to resolve: use of undeclared type `Variant`
[INFO] [stdout]   --> src/obj/script.rs:369:12
[INFO] [stdout]    |
[INFO] [stdout] 22 |         Ok(Variant::nil())
[INFO] [stdout]    |            ^^^^^^^ use of undeclared type `Variant`
[INFO] [stdout]    |
[INFO] [stdout] help: consider importing this struct
[INFO] [stdout]    |
[INFO] [stdout] 2  + use godot_core::builtin::Variant;
[INFO] [stdout]    |
[INFO] [stdout] 
[INFO] [stdout] error[E0412]: cannot find type `GString` in this scope
[INFO] [stdout]   --> src/obj/script.rs:371:25
[INFO] [stdout]    |
[INFO] [stdout] 24 | fn class_name(&self) -> GString { todo!() }
[INFO] [stdout]    |                         ^^^^^^^
[INFO] [stdout]   --> /rustc/df4ca44d3fbc9301ee17f30f4d474e6ae4b05252/library/alloc/src/string.rs:362:1
[INFO] [stdout]    |
[INFO] [stdout]    = note: similarly named struct `String` defined here
[INFO] [stdout]    |
[INFO] [stdout] help: a struct with a similar name exists
[INFO] [stdout]    |
[INFO] [stdout] 24 | fn class_name(&self) -> String { todo!() }
[INFO] [stdout]    |                         ~~~~~~
[INFO] [stdout] help: consider importing this struct
[INFO] [stdout]    |
[INFO] [stdout] 2  + use godot_core::builtin::GString;
[INFO] [stdout]    |
[INFO] [stdout] 
[INFO] [stdout] error[E0412]: cannot find type `StringName` in this scope
[INFO] [stdout]   --> src/obj/script.rs:372:40
[INFO] [stdout]    |
[INFO] [stdout] 25 | fn set_property(_: SiMut<'_, Self>, _: StringName, _: &Variant) -> bool { todo!() }
[INFO] [stdout]    |                                        ^^^^^^^^^^ not found in this scope
[INFO] [stdout]    |
[INFO] [stdout] help: consider importing this struct
[INFO] [stdout]    |
[INFO] [stdout] 2  + use godot_core::builtin::StringName;
[INFO] [stdout]    |
[INFO] [stdout] 
[INFO] [stdout] error[E0412]: cannot find type `Variant` in this scope
[INFO] [stdout]   --> src/obj/script.rs:372:56
[INFO] [stdout]    |
[INFO] [stdout] 25 | fn set_property(_: SiMut<'_, Self>, _: StringName, _: &Variant) -> bool { todo!() }
[INFO] [stdout]    |                                                        ^^^^^^^ not found in this scope
[INFO] [stdout]    |
[INFO] [stdout] help: consider importing this struct
[INFO] [stdout]    |
[INFO] [stdout] 2  + use godot_core::builtin::Variant;
[INFO] [stdout]    |
[INFO] [stdout] 
[INFO] [stdout] error[E0412]: cannot find type `StringName` in this scope
[INFO] [stdout]   --> src/obj/script.rs:373:27
[INFO] [stdout]    |
[INFO] [stdout] 26 | fn get_property(&self, _: StringName) -> Option<Variant> { todo!() }
[INFO] [stdout]    |                           ^^^^^^^^^^ not found in this scope
[INFO] [stdout]    |
[INFO] [stdout] help: consider importing this struct
[INFO] [stdout]    |
[INFO] [stdout] 2  + use godot_core::builtin::StringName;
[INFO] [stdout]    |
[INFO] [stdout] 
[INFO] [stdout] error[E0412]: cannot find type `Variant` in this scope
[INFO] [stdout]   --> src/obj/script.rs:373:49
[INFO] [stdout]    |
[INFO] [stdout] 26 | fn get_property(&self, _: StringName) -> Option<Variant> { todo!() }
[INFO] [stdout]    |                                                 ^^^^^^^ not found in this scope
[INFO] [stdout]    |
[INFO] [stdout] help: consider importing this struct
[INFO] [stdout]    |
[INFO] [stdout] 2  + use godot_core::builtin::Variant;
[INFO] [stdout]    |
[INFO] [stdout] 
[INFO] [stdout] error[E0412]: cannot find type `StringName` in this scope
[INFO] [stdout]   --> src/obj/script.rs:377:25
[INFO] [stdout]    |
[INFO] [stdout] 30 | fn has_method(&self, _: StringName) -> bool { todo!() }
[INFO] [stdout]    |                         ^^^^^^^^^^ not found in this scope
[INFO] [stdout]    |
[INFO] [stdout] help: consider importing this struct
[INFO] [stdout]    |
[INFO] [stdout] 2  + use godot_core::builtin::StringName;
[INFO] [stdout]    |
[INFO] [stdout] 
[INFO] [stdout] error[E0412]: cannot find type `Gd` in this scope
[INFO] [stdout]   --> src/obj/script.rs:378:26
[INFO] [stdout]    |
[INFO] [stdout] 31 | fn get_script(&self) -> &Gd<Script> { todo!() }
[INFO] [stdout]    |                          ^^ not found in this scope
[INFO] [stdout]    |
[INFO] [stdout] help: consider importing this struct
[INFO] [stdout]    |
[INFO] [stdout] 2  + use godot_core::obj::Gd;
[INFO] [stdout]    |
[INFO] [stdout] 
[INFO] [stdout] error[E0412]: cannot find type `StringName` in this scope
[INFO] [stdout]   --> src/obj/script.rs:379:32
[INFO] [stdout]    |
[INFO] [stdout] 32 | fn get_property_type(&self, _: StringName) -> VariantType { todo!() }
[INFO] [stdout]    |                                ^^^^^^^^^^ not found in this scope
[INFO] [stdout]    |
[INFO] [stdout] help: consider importing this struct
[INFO] [stdout]    |
[INFO] [stdout] 2  + use godot_core::builtin::StringName;
[INFO] [stdout]    |
[INFO] [stdout] 
[INFO] [stdout] error[E0412]: cannot find type `VariantType` in this scope
[INFO] [stdout]   --> src/obj/script.rs:379:47
[INFO] [stdout]    |
[INFO] [stdout] 32 | fn get_property_type(&self, _: StringName) -> VariantType { todo!() }
[INFO] [stdout]    |                                               ^^^^^^^^^^^ not found in this scope
[INFO] [stdout]    |
[INFO] [stdout] help: consider importing one of these structs
[INFO] [stdout]    |
[INFO] [stdout] 2  + use godot_core::builtin::VariantType;
[INFO] [stdout]    |
[INFO] [stdout] 2  + use godot_ffi::VariantType;
[INFO] [stdout]    |
[INFO] [stdout] 
[INFO] [stdout] error[E0412]: cannot find type `GString` in this scope
[INFO] [stdout]   --> src/obj/script.rs:380:24
[INFO] [stdout]    |
[INFO] [stdout] 33 | fn to_string(&self) -> GString { todo!() }
[INFO] [stdout]    |                        ^^^^^^^
[INFO] [stdout]   --> /rustc/df4ca44d3fbc9301ee17f30f4d474e6ae4b05252/library/alloc/src/string.rs:362:1
[INFO] [stdout]    |
[INFO] [stdout]    = note: similarly named struct `String` defined here
[INFO] [stdout]    |
[INFO] [stdout] help: a struct with a similar name exists
[INFO] [stdout]    |
[INFO] [stdout] 33 | fn to_string(&self) -> String { todo!() }
[INFO] [stdout]    |                        ~~~~~~
[INFO] [stdout] help: consider importing this struct
[INFO] [stdout]    |
[INFO] [stdout] 2  + use godot_core::builtin::GString;
[INFO] [stdout]    |
[INFO] [stdout] 
[INFO] [stdout] error[E0412]: cannot find type `StringName` in this scope
[INFO] [stdout]   --> src/obj/script.rs:381:38
[INFO] [stdout]    |
[INFO] [stdout] 34 | fn get_property_state(&self) -> Vec<(StringName, Variant)> { todo!() }
[INFO] [stdout]    |                                      ^^^^^^^^^^ not found in this scope
[INFO] [stdout]    |
[INFO] [stdout] help: consider importing this struct
[INFO] [stdout]    |
[INFO] [stdout] 2  + use godot_core::builtin::StringName;
[INFO] [stdout]    |
[INFO] [stdout] 
[INFO] [stdout] error[E0412]: cannot find type `Variant` in this scope
[INFO] [stdout]   --> src/obj/script.rs:381:50
[INFO] [stdout]    |
[INFO] [stdout] 34 | fn get_property_state(&self) -> Vec<(StringName, Variant)> { todo!() }
[INFO] [stdout]    |                                                  ^^^^^^^ not found in this scope
[INFO] [stdout]    |
[INFO] [stdout] help: consider importing this struct
[INFO] [stdout]    |
[INFO] [stdout] 2  + use godot_core::builtin::Variant;
[INFO] [stdout]    |
[INFO] [stdout] 
[INFO] [stdout] error[E0412]: cannot find type `Gd` in this scope
[INFO] [stdout]   --> src/obj/script.rs:382:27
[INFO] [stdout]    |
[INFO] [stdout] 35 | fn get_language(&self) -> Gd<ScriptLanguage> { todo!() }
[INFO] [stdout]    |                           ^^ not found in this scope
[INFO] [stdout]    |
[INFO] [stdout] help: consider importing this struct
[INFO] [stdout]    |
[INFO] [stdout] 2  + use godot_core::obj::Gd;
[INFO] [stdout]    |
[INFO] [stdout] 
[INFO] [stdout] error[E0412]: cannot find type `StringName` in this scope
[INFO] [stdout]   --> src/obj/script.rs:385:36
[INFO] [stdout]    |
[INFO] [stdout] 38 | fn property_get_fallback(&self, _: StringName) -> Option<Variant> { todo!() }
[INFO] [stdout]    |                                    ^^^^^^^^^^ not found in this scope
[INFO] [stdout]    |
[INFO] [stdout] help: consider importing this struct
[INFO] [stdout]    |
[INFO] [stdout] 2  + use godot_core::builtin::StringName;
[INFO] [stdout]    |
[INFO] [stdout] 
[INFO] [stdout] error[E0412]: cannot find type `Variant` in this scope
[INFO] [stdout]   --> src/obj/script.rs:385:58
[INFO] [stdout]    |
[INFO] [stdout] 38 | fn property_get_fallback(&self, _: StringName) -> Option<Variant> { todo!() }
[INFO] [stdout]    |                                                          ^^^^^^^ not found in this scope
[INFO] [stdout]    |
[INFO] [stdout] help: consider importing this struct
[INFO] [stdout]    |
[INFO] [stdout] 2  + use godot_core::builtin::Variant;
[INFO] [stdout]    |
[INFO] [stdout] 
[INFO] [stdout] error[E0412]: cannot find type `StringName` in this scope
[INFO] [stdout]   --> src/obj/script.rs:386:49
[INFO] [stdout]    |
[INFO] [stdout] 39 | fn property_set_fallback(_: SiMut<'_, Self>, _: StringName, _: &Variant) -> bool { todo!() }
[INFO] [stdout]    |                                                 ^^^^^^^^^^ not found in this scope
[INFO] [stdout]    |
[INFO] [stdout] help: consider importing this struct
[INFO] [stdout]    |
[INFO] [stdout] 2  + use godot_core::builtin::StringName;
[INFO] [stdout]    |
[INFO] [stdout] 
[INFO] [stdout] error[E0412]: cannot find type `Variant` in this scope
[INFO] [stdout]   --> src/obj/script.rs:386:65
[INFO] [stdout]    |
[INFO] [stdout] 39 | fn property_set_fallback(_: SiMut<'_, Self>, _: StringName, _: &Variant) -> bool { todo!() }
[INFO] [stdout]    |                                                                 ^^^^^^^ not found in this scope
[INFO] [stdout]    |
[INFO] [stdout] help: consider importing this struct
[INFO] [stdout]    |
[INFO] [stdout] 2  + use godot_core::builtin::Variant;
[INFO] [stdout]    |
[INFO] [stdout] 
[INFO] [stdout] error: aborting due to 28 previous errors
[INFO] [stdout] 
[INFO] [stdout] Some errors have detailed explanations: E0412, E0432, E0433.
[INFO] [stdout] For more information about an error, try `rustc --explain E0412`.
[INFO] [stdout] Couldn't compile the test.
[INFO] [stdout] ---- src/tools/translate.rs - tools::translate::tr (line 19) stdout ----
[INFO] [stdout] error[E0463]: can't find crate for `godot`
[INFO] [stdout]  --> src/tools/translate.rs:19:14
[INFO] [stdout]   |
[INFO] [stdout] 2 | #[macro_use] extern crate godot;
[INFO] [stdout]   |              ^^^^^^^^^^^^^^^^^^^ can't find crate
[INFO] [stdout] 
[INFO] [stdout] error: aborting due to 1 previous error
[INFO] [stdout] 
[INFO] [stdout] For more information about this error, try `rustc --explain E0463`.
[INFO] [stdout] Couldn't compile the test.
[INFO] [stdout] ---- src/obj/traits.rs - obj::traits::WithBaseField::base_mut (line 323) stdout ----
[INFO] [stdout] error[E0433]: failed to resolve: use of undeclared crate or module `godot`
[INFO] [stdout]  --> src/obj/traits.rs:324:5
[INFO] [stdout]   |
[INFO] [stdout] 3 | use godot::prelude::*;
[INFO] [stdout]   |     ^^^^^ use of undeclared crate or module `godot`
[INFO] [stdout] 
[INFO] [stdout] error: cannot find attribute `gdextension` in this scope
[INFO] [stdout]   --> src/obj/traits.rs:342:3
[INFO] [stdout]    |
[INFO] [stdout] 21 | #[gdextension]
[INFO] [stdout]    |   ^^^^^^^^^^^
[INFO] [stdout] 
[INFO] [stdout] error: cannot find attribute `godot_api` in this scope
[INFO] [stdout]   --> src/obj/traits.rs:332:3
[INFO] [stdout]    |
[INFO] [stdout] 11 | #[godot_api]
[INFO] [stdout]    |   ^^^^^^^^^
[INFO] [stdout] 
[INFO] [stdout] error: cannot find derive macro `GodotClass` in this scope
[INFO] [stdout]  --> src/obj/traits.rs:326:10
[INFO] [stdout]   |
[INFO] [stdout] 5 | #[derive(GodotClass)]
[INFO] [stdout]   |          ^^^^^^^^^^
[INFO] [stdout] 
[INFO] [stdout] error: cannot find attribute `class` in this scope
[INFO] [stdout]  --> src/obj/traits.rs:327:3
[INFO] [stdout]   |
[INFO] [stdout] 6 | #[class(init, base = Node)]
[INFO] [stdout]   |   ^^^^^
[INFO] [stdout] 
[INFO] [stdout] error[E0412]: cannot find type `Base` in this scope
[INFO] [stdout]  --> src/obj/traits.rs:329:11
[INFO] [stdout]   |
[INFO] [stdout] 8 |     base: Base<Node>,
[INFO] [stdout]   |           ^^^^ not found in this scope
[INFO] [stdout]   |
[INFO] [stdout] help: consider importing this struct
[INFO] [stdout]   |
[INFO] [stdout] 2 + use godot_core::obj::Base;
[INFO] [stdout]   |
[INFO] [stdout] 
[INFO] [stdout] error[E0412]: cannot find type `Node` in this scope
[INFO] [stdout]  --> src/obj/traits.rs:329:16
[INFO] [stdout]   |
[INFO] [stdout] 8 |     base: Base<Node>,
[INFO] [stdout]   |                ^^^^ not found in this scope
[INFO] [stdout] 
[INFO] [stdout] error[E0405]: cannot find trait `INode` in this scope
[INFO] [stdout]   --> src/obj/traits.rs:333:6
[INFO] [stdout]    |
[INFO] [stdout] 12 | impl INode for MyClass {
[INFO] [stdout]    |      ^^^^^ not found in this scope
[INFO] [stdout] 
[INFO] [stdout] error[E0433]: failed to resolve: use of undeclared type `Node`
[INFO] [stdout]   --> src/obj/traits.rs:335:20
[INFO] [stdout]    |
[INFO] [stdout] 14 |         let node = Node::new_alloc();
[INFO] [stdout]    |                    ^^^^ use of undeclared type `Node`
[INFO] [stdout] 
[INFO] [stdout] error[E0405]: cannot find trait `ExtensionLibrary` in this scope
[INFO] [stdout]   --> src/obj/traits.rs:343:13
[INFO] [stdout]    |
[INFO] [stdout] 22 | unsafe impl ExtensionLibrary for Test {}
[INFO] [stdout]    |             ^^^^^^^^^^^^^^^^ not found in this scope
[INFO] [stdout]    |
[INFO] [stdout] help: consider importing this trait
[INFO] [stdout]    |
[INFO] [stdout] 2  + use godot_core::init::ExtensionLibrary;
[INFO] [stdout]    |
[INFO] [stdout] 
[INFO] [stdout] error: aborting due to 10 previous errors
[INFO] [stdout] 
[INFO] [stdout] Some errors have detailed explanations: E0405, E0412, E0433.
[INFO] [stdout] For more information about an error, try `rustc --explain E0405`.
[INFO] [stdout] Couldn't compile the test.
[INFO] [stdout] ---- src/obj/traits.rs - obj::traits::WithBaseField::base_mut (line 348) stdout ----
[INFO] [stdout] error[E0433]: failed to resolve: use of undeclared crate or module `godot`
[INFO] [stdout]  --> src/obj/traits.rs:349:5
[INFO] [stdout]   |
[INFO] [stdout] 3 | use godot::prelude::*;
[INFO] [stdout]   |     ^^^^^ use of undeclared crate or module `godot`
[INFO] [stdout] 
[INFO] [stdout] error: cannot find attribute `gdextension` in this scope
[INFO] [stdout]   --> src/obj/traits.rs:372:3
[INFO] [stdout]    |
[INFO] [stdout] 26 | #[gdextension]
[INFO] [stdout]    |   ^^^^^^^^^^^
[INFO] [stdout] 
[INFO] [stdout] error: cannot find attribute `godot_api` in this scope
[INFO] [stdout]   --> src/obj/traits.rs:364:3
[INFO] [stdout]    |
[INFO] [stdout] 18 | #[godot_api]
[INFO] [stdout]    |   ^^^^^^^^^
[INFO] [stdout] 
[INFO] [stdout] error: cannot find attribute `func` in this scope
[INFO] [stdout]   --> src/obj/traits.rs:366:7
[INFO] [stdout]    |
[INFO] [stdout] 20 |     #[func]
[INFO] [stdout]    |       ^^^^
[INFO] [stdout] 
[INFO] [stdout] error: cannot find attribute `godot_api` in this scope
[INFO] [stdout]   --> src/obj/traits.rs:357:3
[INFO] [stdout]    |
[INFO] [stdout] 11 | #[godot_api]
[INFO] [stdout]    |   ^^^^^^^^^
[INFO] [stdout] 
[INFO] [stdout] error: cannot find derive macro `GodotClass` in this scope
[INFO] [stdout]  --> src/obj/traits.rs:351:10
[INFO] [stdout]   |
[INFO] [stdout] 5 | #[derive(GodotClass)]
[INFO] [stdout]   |          ^^^^^^^^^^
[INFO] [stdout] 
[INFO] [stdout] error: cannot find attribute `class` in this scope
[INFO] [stdout]  --> src/obj/traits.rs:352:3
[INFO] [stdout]   |
[INFO] [stdout] 6 | #[class(init, base = Node)]
[INFO] [stdout]   |   ^^^^^
[INFO] [stdout] 
[INFO] [stdout] error[E0412]: cannot find type `Base` in this scope
[INFO] [stdout]  --> src/obj/traits.rs:354:11
[INFO] [stdout]   |
[INFO] [stdout] 8 |     base: Base<Node>,
[INFO] [stdout]   |           ^^^^ not found in this scope
[INFO] [stdout]   |
[INFO] [stdout] help: consider importing this struct
[INFO] [stdout]   |
[INFO] [stdout] 2 + use godot_core::obj::Base;
[INFO] [stdout]   |
[INFO] [stdout] 
[INFO] [stdout] error[E0412]: cannot find type `Node` in this scope
[INFO] [stdout]  --> src/obj/traits.rs:354:16
[INFO] [stdout]   |
[INFO] [stdout] 8 |     base: Base<Node>,
[INFO] [stdout]   |                ^^^^ not found in this scope
[INFO] [stdout] 
[INFO] [stdout] error[E0405]: cannot find trait `INode` in this scope
[INFO] [stdout]   --> src/obj/traits.rs:358:6
[INFO] [stdout]    |
[INFO] [stdout] 12 | impl INode for MyClass {
[INFO] [stdout]    |      ^^^^^ not found in this scope
[INFO] [stdout] 
[INFO] [stdout] error[E0405]: cannot find trait `ExtensionLibrary` in this scope
[INFO] [stdout]   --> src/obj/traits.rs:373:13
[INFO] [stdout]    |
[INFO] [stdout] 27 | unsafe impl ExtensionLibrary for Test {}
[INFO] [stdout]    |             ^^^^^^^^^^^^^^^^ not found in this scope
[INFO] [stdout]    |
[INFO] [stdout] help: consider importing this trait
[INFO] [stdout]    |
[INFO] [stdout] 2  + use godot_core::init::ExtensionLibrary;
[INFO] [stdout]    |
[INFO] [stdout] 
[INFO] [stdout] error: aborting due to 11 previous errors
[INFO] [stdout] 
[INFO] [stdout] Some errors have detailed explanations: E0405, E0412, E0433.
[INFO] [stdout] For more information about an error, try `rustc --explain E0405`.
[INFO] [stdout] Couldn't compile the test.
[INFO] [stdout] ---- src/obj/script.rs - obj::script::SiMut<'a,T>::base_mut (line 400) stdout ----
[INFO] [stdout] error[E0433]: failed to resolve: use of undeclared crate or module `godot`
[INFO] [stdout]  --> src/obj/script.rs:401:5
[INFO] [stdout]   |
[INFO] [stdout] 3 | use godot::prelude::*;
[INFO] [stdout]   |     ^^^^^ use of undeclared crate or module `godot`
[INFO] [stdout] 
[INFO] [stdout] error[E0433]: failed to resolve: use of undeclared crate or module `godot`
[INFO] [stdout]  --> src/obj/script.rs:402:5
[INFO] [stdout]   |
[INFO] [stdout] 4 | use godot::classes::{ScriptLanguage, Script};
[INFO] [stdout]   |     ^^^^^ use of undeclared crate or module `godot`
[INFO] [stdout] 
[INFO] [stdout] error[E0433]: failed to resolve: use of undeclared crate or module `godot`
[INFO] [stdout]  --> src/obj/script.rs:403:5
[INFO] [stdout]   |
[INFO] [stdout] 5 | use godot::obj::script::{ScriptInstance, SiMut};
[INFO] [stdout]   |     ^^^^^ use of undeclared crate or module `godot`
[INFO] [stdout] 
[INFO] [stdout] error[E0433]: failed to resolve: use of undeclared crate or module `godot`
[INFO] [stdout]  --> src/obj/script.rs:404:5
[INFO] [stdout]   |
[INFO] [stdout] 6 | use godot::meta::{MethodInfo, PropertyInfo};
[INFO] [stdout]   |     ^^^^^ use of undeclared crate or module `godot`
[INFO] [stdout] 
[INFO] [stdout] error[E0432]: unresolved import `godot`
[INFO] [stdout]  --> src/obj/script.rs:405:5
[INFO] [stdout]   |
[INFO] [stdout] 7 | use godot::sys;
[INFO] [stdout]   |     ^^^^^ use of undeclared crate or module `godot`
[INFO] [stdout] 
[INFO] [stdout] error: cannot find macro `godot_print` in this scope
[INFO] [stdout]   --> src/obj/script.rs:418:13
[INFO] [stdout]    |
[INFO] [stdout] 20 |             godot_print!("script_method called!");
[INFO] [stdout]    |             ^^^^^^^^^^^
[INFO] [stdout]    |
[INFO] [stdout] help: consider importing this macro
[INFO] [stdout]    |
[INFO] [stdout] 2  + use godot_core::godot_print;
[INFO] [stdout]    |
[INFO] [stdout] 
[INFO] [stdout] error[E0412]: cannot find type `Object` in this scope
[INFO] [stdout]   --> src/obj/script.rs:409:17
[INFO] [stdout]    |
[INFO] [stdout] 11 |     type Base = Object;
[INFO] [stdout]    |                 ^^^^^^ not found in this scope
[INFO] [stdout] 
[INFO] [stdout] error[E0412]: cannot find type `StringName` in this scope
[INFO] [stdout]   --> src/obj/script.rs:413:17
[INFO] [stdout]    |
[INFO] [stdout] 15 |         method: StringName,
[INFO] [stdout]    |                 ^^^^^^^^^^ not found in this scope
[INFO] [stdout]    |
[INFO] [stdout] help: consider importing this struct
[INFO] [stdout]    |
[INFO] [stdout] 2  + use godot_core::builtin::StringName;
[INFO] [stdout]    |
[INFO] [stdout] 
[INFO] [stdout] error[E0412]: cannot find type `Variant` in this scope
[INFO] [stdout]   --> src/obj/script.rs:414:18
[INFO] [stdout]    |
[INFO] [stdout] 16 |         args: &[&Variant],
[INFO] [stdout]    |                  ^^^^^^^ not found in this scope
[INFO] [stdout]    |
[INFO] [stdout] help: consider importing this struct
[INFO] [stdout]    |
[INFO] [stdout] 2  + use godot_core::builtin::Variant;
[INFO] [stdout]    |
[INFO] [stdout] 
[INFO] [stdout] error[E0412]: cannot find type `Variant` in this scope
[INFO] [stdout]   --> src/obj/script.rs:415:17
[INFO] [stdout]    |
[INFO] [stdout] 17 |     ) -> Result<Variant, sys::GDExtensionCallErrorType> {
[INFO] [stdout]    |                 ^^^^^^^ not found in this scope
[INFO] [stdout]    |
[INFO] [stdout] help: consider importing this struct
[INFO] [stdout]    |
[INFO] [stdout] 2  + use godot_core::builtin::Variant;
[INFO] [stdout]    |
[INFO] [stdout] 
[INFO] [stdout] error[E0433]: failed to resolve: use of undeclared type `StringName`
[INFO] [stdout]   --> src/obj/script.rs:417:22
[INFO] [stderr] error: doctest failed, to rerun pass `--doc`
[INFO] [stdout]    |
[INFO] [stdout] 19 |         if method == StringName::from("script_method") {
[INFO] [stdout]    |                      ^^^^^^^^^^ use of undeclared type `StringName`
[INFO] [stdout]    |
[INFO] [stdout] help: consider importing this struct
[INFO] [stdout]    |
[INFO] [stdout] 2  + use godot_core::builtin::StringName;
[INFO] [stdout]    |
[INFO] [stdout] 
[INFO] [stdout] error[E0433]: failed to resolve: use of undeclared type `Node`
[INFO] [stdout]   --> src/obj/script.rs:422:20
[INFO] [stdout]    |
[INFO] [stdout] 24 |         let node = Node::new_alloc();
[INFO] [stdout]    |                    ^^^^ use of undeclared type `Node`
[INFO] [stdout] 
[INFO] [stdout] error[E0433]: failed to resolve: use of undeclared type `Variant`
[INFO] [stdout]   --> src/obj/script.rs:427:12
[INFO] [stdout]    |
[INFO] [stdout] 29 |         Ok(Variant::nil())
[INFO] [stdout]    |            ^^^^^^^ use of undeclared type `Variant`
[INFO] [stdout]    |
[INFO] [stdout] help: consider importing this struct
[INFO] [stdout]    |
[INFO] [stdout] 2  + use godot_core::builtin::Variant;
[INFO] [stdout]    |
[INFO] [stdout] 
[INFO] [stdout] error[E0412]: cannot find type `GString` in this scope
[INFO] [stdout]   --> src/obj/script.rs:429:25
[INFO] [stdout]    |
[INFO] [stdout] 31 | fn class_name(&self) -> GString { todo!() }
[INFO] [stdout]    |                         ^^^^^^^
[INFO] [stdout]   --> /rustc/df4ca44d3fbc9301ee17f30f4d474e6ae4b05252/library/alloc/src/string.rs:362:1
[INFO] [stdout]    |
[INFO] [stdout]    = note: similarly named struct `String` defined here
[INFO] [stdout]    |
[INFO] [stdout] help: a struct with a similar name exists
[INFO] [stdout]    |
[INFO] [stdout] 31 | fn class_name(&self) -> String { todo!() }
[INFO] [stdout]    |                         ~~~~~~
[INFO] [stdout] help: consider importing this struct
[INFO] [stdout]    |
[INFO] [stdout] 2  + use godot_core::builtin::GString;
[INFO] [stdout]    |
[INFO] [stdout] 
[INFO] [stdout] error[E0412]: cannot find type `StringName` in this scope
[INFO] [stdout]   --> src/obj/script.rs:430:40
[INFO] [stdout]    |
[INFO] [stdout] 32 | fn set_property(_: SiMut<'_, Self>, _: StringName, _: &Variant) -> bool { todo!() }
[INFO] [stdout]    |                                        ^^^^^^^^^^ not found in this scope
[INFO] [stdout]    |
[INFO] [stdout] help: consider importing this struct
[INFO] [stdout]    |
[INFO] [stdout] 2  + use godot_core::builtin::StringName;
[INFO] [stdout]    |
[INFO] [stdout] 
[INFO] [stdout] error[E0412]: cannot find type `Variant` in this scope
[INFO] [stdout]   --> src/obj/script.rs:430:56
[INFO] [stdout]    |
[INFO] [stdout] 32 | fn set_property(_: SiMut<'_, Self>, _: StringName, _: &Variant) -> bool { todo!() }
[INFO] [stdout]    |                                                        ^^^^^^^ not found in this scope
[INFO] [stdout]    |
[INFO] [stdout] help: consider importing this struct
[INFO] [stdout]    |
[INFO] [stdout] 2  + use godot_core::builtin::Variant;
[INFO] [stdout]    |
[INFO] [stdout] 
[INFO] [stdout] error[E0412]: cannot find type `StringName` in this scope
[INFO] [stdout]   --> src/obj/script.rs:431:27
[INFO] [stdout]    |
[INFO] [stdout] 33 | fn get_property(&self, _: StringName) -> Option<Variant> { todo!() }
[INFO] [stdout]    |                           ^^^^^^^^^^ not found in this scope
[INFO] [stdout]    |
[INFO] [stdout] help: consider importing this struct
[INFO] [stdout]    |
[INFO] [stdout] 2  + use godot_core::builtin::StringName;
[INFO] [stdout]    |
[INFO] [stdout] 
[INFO] [stdout] error[E0412]: cannot find type `Variant` in this scope
[INFO] [stdout]   --> src/obj/script.rs:431:49
[INFO] [stdout]    |
[INFO] [stdout] 33 | fn get_property(&self, _: StringName) -> Option<Variant> { todo!() }
[INFO] [stdout]    |                                                 ^^^^^^^ not found in this scope
[INFO] [stdout]    |
[INFO] [stdout] help: consider importing this struct
[INFO] [stdout]    |
[INFO] [stdout] 2  + use godot_core::builtin::Variant;
[INFO] [stdout]    |
[INFO] [stdout] 
[INFO] [stdout] error[E0412]: cannot find type `StringName` in this scope
[INFO] [stdout]   --> src/obj/script.rs:435:25
[INFO] [stdout]    |
[INFO] [stdout] 37 | fn has_method(&self, _: StringName) -> bool { todo!() }
[INFO] [stdout]    |                         ^^^^^^^^^^ not found in this scope
[INFO] [stdout]    |
[INFO] [stdout] help: consider importing this struct
[INFO] [stdout]    |
[INFO] [stdout] 2  + use godot_core::builtin::StringName;
[INFO] [stdout]    |
[INFO] [stdout] 
[INFO] [stdout] error[E0412]: cannot find type `Gd` in this scope
[INFO] [stdout]   --> src/obj/script.rs:436:26
[INFO] [stdout]    |
[INFO] [stdout] 38 | fn get_script(&self) -> &Gd<Script> { todo!() }
[INFO] [stdout]    |                          ^^ not found in this scope
[INFO] [stdout]    |
[INFO] [stdout] help: consider importing this struct
[INFO] [stdout]    |
[INFO] [stdout] 2  + use godot_core::obj::Gd;
[INFO] [stdout]    |
[INFO] [stdout] 
[INFO] [stdout] error[E0412]: cannot find type `StringName` in this scope
[INFO] [stdout]   --> src/obj/script.rs:437:32
[INFO] [stdout]    |
[INFO] [stdout] 39 | fn get_property_type(&self, _: StringName) -> VariantType { todo!() }
[INFO] [stdout]    |                                ^^^^^^^^^^ not found in this scope
[INFO] [stdout]    |
[INFO] [stdout] help: consider importing this struct
[INFO] [stdout]    |
[INFO] [stdout] 2  + use godot_core::builtin::StringName;
[INFO] [stdout]    |
[INFO] [stdout] 
[INFO] [stdout] error[E0412]: cannot find type `VariantType` in this scope
[INFO] [stdout]   --> src/obj/script.rs:437:47
[INFO] [stdout]    |
[INFO] [stdout] 39 | fn get_property_type(&self, _: StringName) -> VariantType { todo!() }
[INFO] [stdout]    |                                               ^^^^^^^^^^^ not found in this scope
[INFO] [stdout]    |
[INFO] [stdout] help: consider importing one of these structs
[INFO] [stdout]    |
[INFO] [stdout] 2  + use godot_core::builtin::VariantType;
[INFO] [stdout]    |
[INFO] [stdout] 2  + use godot_ffi::VariantType;
[INFO] [stdout]    |
[INFO] [stdout] 
[INFO] [stdout] error[E0412]: cannot find type `GString` in this scope
[INFO] [stdout]   --> src/obj/script.rs:438:24
[INFO] [stdout]    |
[INFO] [stdout] 40 | fn to_string(&self) -> GString { todo!() }
[INFO] [stdout]    |                        ^^^^^^^
[INFO] [stdout]   --> /rustc/df4ca44d3fbc9301ee17f30f4d474e6ae4b05252/library/alloc/src/string.rs:362:1
[INFO] [stdout]    |
[INFO] [stdout]    = note: similarly named struct `String` defined here
[INFO] [stdout]    |
[INFO] [stdout] help: a struct with a similar name exists
[INFO] [stdout]    |
[INFO] [stdout] 40 | fn to_string(&self) -> String { todo!() }
[INFO] [stdout]    |                        ~~~~~~
[INFO] [stdout] help: consider importing this struct
[INFO] [stdout]    |
[INFO] [stdout] 2  + use godot_core::builtin::GString;
[INFO] [stdout]    |
[INFO] [stdout] 
[INFO] [stdout] error[E0412]: cannot find type `StringName` in this scope
[INFO] [stdout]   --> src/obj/script.rs:439:38
[INFO] [stdout]    |
[INFO] [stdout] 41 | fn get_property_state(&self) -> Vec<(StringName, Variant)> { todo!() }
[INFO] [stdout]    |                                      ^^^^^^^^^^ not found in this scope
[INFO] [stdout]    |
[INFO] [stdout] help: consider importing this struct
[INFO] [stdout]    |
[INFO] [stdout] 2  + use godot_core::builtin::StringName;
[INFO] [stdout]    |
[INFO] [stdout] 
[INFO] [stdout] error[E0412]: cannot find type `Variant` in this scope
[INFO] [stdout]   --> src/obj/script.rs:439:50
[INFO] [stdout]    |
[INFO] [stdout] 41 | fn get_property_state(&self) -> Vec<(StringName, Variant)> { todo!() }
[INFO] [stdout]    |                                                  ^^^^^^^ not found in this scope
[INFO] [stdout]    |
[INFO] [stdout] help: consider importing this struct
[INFO] [stdout]    |
[INFO] [stdout] 2  + use godot_core::builtin::Variant;
[INFO] [stdout]    |
[INFO] [stdout] 
[INFO] [stdout] error[E0412]: cannot find type `Gd` in this scope
[INFO] [stdout]   --> src/obj/script.rs:440:27
[INFO] [stdout]    |
[INFO] [stdout] 42 | fn get_language(&self) -> Gd<ScriptLanguage> { todo!() }
[INFO] [stdout]    |                           ^^ not found in this scope
[INFO] [stdout]    |
[INFO] [stdout] help: consider importing this struct
[INFO] [stdout]    |
[INFO] [stdout] 2  + use godot_core::obj::Gd;
[INFO] [stdout]    |
[INFO] [stdout] 
[INFO] [stdout] error[E0412]: cannot find type `StringName` in this scope
[INFO] [stdout]   --> src/obj/script.rs:443:36
[INFO] [stdout]    |
[INFO] [stdout] 45 | fn property_get_fallback(&self, _: StringName) -> Option<Variant> { todo!() }
[INFO] [stdout]    |                                    ^^^^^^^^^^ not found in this scope
[INFO] [stdout]    |
[INFO] [stdout] help: consider importing this struct
[INFO] [stdout]    |
[INFO] [stdout] 2  + use godot_core::builtin::StringName;
[INFO] [stdout]    |
[INFO] [stdout] 
[INFO] [stdout] error[E0412]: cannot find type `Variant` in this scope
[INFO] [stdout]   --> src/obj/script.rs:443:58
[INFO] [stdout]    |
[INFO] [stdout] 45 | fn property_get_fallback(&self, _: StringName) -> Option<Variant> { todo!() }
[INFO] [stdout]    |                                                          ^^^^^^^ not found in this scope
[INFO] [stdout]    |
[INFO] [stdout] help: consider importing this struct
[INFO] [stdout]    |
[INFO] [stdout] 2  + use godot_core::builtin::Variant;
[INFO] [stdout]    |
[INFO] [stdout] 
[INFO] [stdout] error[E0412]: cannot find type `StringName` in this scope
[INFO] [stdout]   --> src/obj/script.rs:444:49
[INFO] [stdout]    |
[INFO] [stdout] 46 | fn property_set_fallback(_: SiMut<'_, Self>, _: StringName, _: &Variant) -> bool { todo!() }
[INFO] [stdout]    |                                                 ^^^^^^^^^^ not found in this scope
[INFO] [stdout]    |
[INFO] [stdout] help: consider importing this struct
[INFO] [stdout]    |
[INFO] [stdout] 2  + use godot_core::builtin::StringName;
[INFO] [stdout]    |
[INFO] [stdout] 
[INFO] [stdout] error[E0412]: cannot find type `Variant` in this scope
[INFO] [stdout]   --> src/obj/script.rs:444:65
[INFO] [stdout]    |
[INFO] [stdout] 46 | fn property_set_fallback(_: SiMut<'_, Self>, _: StringName, _: &Variant) -> bool { todo!() }
[INFO] [stdout]    |                                                                 ^^^^^^^ not found in this scope
[INFO] [stdout]    |
[INFO] [stdout] help: consider importing this struct
[INFO] [stdout]    |
[INFO] [stdout] 2  + use godot_core::builtin::Variant;
[INFO] [stdout]    |
[INFO] [stdout] 
[INFO] [stdout] error: aborting due to 30 previous errors
[INFO] [stdout] 
[INFO] [stdout] Some errors have detailed explanations: E0412, E0432, E0433.
[INFO] [stdout] For more information about an error, try `rustc --explain E0412`.
[INFO] [stdout] Couldn't compile the test.
[INFO] [stdout] ---- src/tools/translate.rs - tools::translate::tr_n (line 61) stdout ----
[INFO] [stdout] error[E0463]: can't find crate for `godot`
[INFO] [stdout]  --> src/tools/translate.rs:61:14
[INFO] [stdout]   |
[INFO] [stdout] 2 | #[macro_use] extern crate godot;
[INFO] [stdout]   |              ^^^^^^^^^^^^^^^^^^^ can't find crate
[INFO] [stdout] 
[INFO] [stdout] error: aborting due to 1 previous error
[INFO] [stdout] 
[INFO] [stdout] For more information about this error, try `rustc --explain E0463`.
[INFO] [stdout] Couldn't compile the test.
[INFO] [stdout] ---- src/tools/save_load.rs - tools::save_load::load (line 20) stdout ----
[INFO] [stdout] error[E0433]: failed to resolve: use of undeclared crate or module `godot`
[INFO] [stdout]  --> src/tools/save_load.rs:21:5
[INFO] [stdout]   |
[INFO] [stdout] 3 | use godot::prelude::*;
[INFO] [stdout]   |     ^^^^^ use of undeclared crate or module `godot`
[INFO] [stdout] 
[INFO] [stdout] error[E0425]: cannot find function `load` in this scope
[INFO] [stdout]  --> src/tools/save_load.rs:23:13
[INFO] [stdout]   |
[INFO] [stdout] 5 | let scene = load::<PackedScene>("res://path/to/Main.tscn");
[INFO] [stdout]   |             ^^^^ not found in this scope
[INFO] [stdout] 
[INFO] [stdout] error[E0412]: cannot find type `PackedScene` in this scope
[INFO] [stdout]  --> src/tools/save_load.rs:23:20
[INFO] [stdout]   |
[INFO] [stdout] 5 | let scene = load::<PackedScene>("res://path/to/Main.tscn");
[INFO] [stdout]   |                    ^^^^^^^^^^^ not found in this scope
[INFO] [stdout] 
[INFO] [stdout] error: aborting due to 3 previous errors
[INFO] [stdout] 
[INFO] [stdout] Some errors have detailed explanations: E0412, E0425, E0433.
[INFO] [stdout] For more information about an error, try `rustc --explain E0412`.
[INFO] [stdout] Couldn't compile the test.
[INFO] [stdout] ---- src/tools/save_load.rs - tools::save_load::save (line 82) stdout ----
[INFO] [stdout] error[E0433]: failed to resolve: use of undeclared crate or module `godot`
[INFO] [stdout]  --> src/tools/save_load.rs:83:5
[INFO] [stdout]   |
[INFO] [stdout] 3 | use godot::prelude::*;
[INFO] [stdout]   |     ^^^^^ use of undeclared crate or module `godot`
[INFO] [stdout] 
[INFO] [stdout] error[E0425]: cannot find function `save` in this scope
[INFO] [stdout]  --> src/tools/save_load.rs:85:1
[INFO] [stdout]   |
[INFO] [stdout] 5 | save(Resource::new_gd(), "res://BaseResource.tres")
[INFO] [stdout]   | ^^^^ not found in this scope
[INFO] [stdout] 
[INFO] [stdout] error[E0433]: failed to resolve: use of undeclared type `Resource`
[INFO] [stdout]  --> src/tools/save_load.rs:85:6
[INFO] [stdout]   |
[INFO] [stdout] 5 | save(Resource::new_gd(), "res://BaseResource.tres")
[INFO] [stdout]   |      ^^^^^^^^ use of undeclared type `Resource`
[INFO] [stdout] 
[INFO] [stdout] error: aborting due to 3 previous errors
[INFO] [stdout] 
[INFO] [stdout] Some errors have detailed explanations: E0425, E0433.
[INFO] [stdout] For more information about an error, try `rustc --explain E0425`.
[INFO] [stdout] Couldn't compile the test.
[INFO] [stdout] ---- src/tools/save_load.rs - tools::save_load::try_load (line 57) stdout ----
[INFO] [stdout] error[E0433]: failed to resolve: use of undeclared crate or module `godot`
[INFO] [stdout]  --> src/tools/save_load.rs:58:5
[INFO] [stdout]   |
[INFO] [stdout] 3 | use godot::prelude::*;
[INFO] [stdout]   |     ^^^^^ use of undeclared crate or module `godot`
[INFO] [stdout] 
[INFO] [stdout] error[E0425]: cannot find function `try_load` in this scope
[INFO] [stdout]  --> src/tools/save_load.rs:60:20
[INFO] [stdout]   |
[INFO] [stdout] 5 | if let Ok(scene) = try_load::<PackedScene>("res://path/to/Main.tscn") {
[INFO] [stdout]   |                    ^^^^^^^^ not found in this scope
[INFO] [stdout] 
[INFO] [stdout] error[E0412]: cannot find type `PackedScene` in this scope
[INFO] [stdout]  --> src/tools/save_load.rs:60:31
[INFO] [stdout]   |
[INFO] [stdout] 5 | if let Ok(scene) = try_load::<PackedScene>("res://path/to/Main.tscn") {
[INFO] [stdout]   |                               ^^^^^^^^^^^ not found in this scope
[INFO] [stdout] 
[INFO] [stdout] error: aborting due to 3 previous errors
[INFO] [stdout] 
[INFO] [stdout] Some errors have detailed explanations: E0412, E0425, E0433.
[INFO] [stdout] For more information about an error, try `rustc --explain E0412`.
[INFO] [stdout] Couldn't compile the test.
[INFO] [stdout] ---- src/registry/property.rs - registry::property::export_info_functions::export_range (line 178) stdout ----
[INFO] [stdout] error[E0433]: failed to resolve: use of undeclared crate or module `godot`
[INFO] [stdout]  --> src/registry/property.rs:179:5
[INFO] [stdout]   |
[INFO] [stdout] 3 | use godot::prelude::*;
[INFO] [stdout]   |     ^^^^^ use of undeclared crate or module `godot`
[INFO] [stdout] 
[INFO] [stdout] error: cannot find derive macro `GodotClass` in this scope
[INFO] [stdout]  --> src/registry/property.rs:180:10
[INFO] [stdout]   |
[INFO] [stdout] 4 | #[derive(GodotClass)]
[INFO] [stdout]   |          ^^^^^^^^^^
[INFO] [stdout] 
[INFO] [stdout] error: cannot find attribute `class` in this scope
[INFO] [stdout]  --> src/registry/property.rs:181:3
[INFO] [stdout]   |
[INFO] [stdout] 5 | #[class(init, base=Node)]
[INFO] [stdout]   |   ^^^^^
[INFO] [stdout] 
[INFO] [stdout] error: cannot find attribute `export` in this scope
[INFO] [stdout]  --> src/registry/property.rs:183:7
[INFO] [stdout]   |
[INFO] [stdout] 7 |     #[export(range=(0.0, 400.0, 1.0, or_greater, suffix="px"))]
[INFO] [stdout]   |       ^^^^^^ help: a built-in attribute with a similar name exists: `expect`
[INFO] [stdout] 
[INFO] [stdout] error: cannot find attribute `export` in this scope
[INFO] [stdout]  --> src/registry/property.rs:185:7
[INFO] [stdout]   |
[INFO] [stdout] 9 |     #[export(range=(-180.0, 180.0, degrees))]
[INFO] [stdout]   |       ^^^^^^ help: a built-in attribute with a similar name exists: `expect`
[INFO] [stdout] 
[INFO] [stdout] error: aborting due to 5 previous errors
[INFO] [stdout] 
[INFO] [stdout] For more information about this error, try `rustc --explain E0433`.
[INFO] [stdout] Couldn't compile the test.
[INFO] [stdout] ---- src/tools/save_load.rs - tools::save_load::try_save (line 108) stdout ----
[INFO] [stdout] error[E0433]: failed to resolve: use of undeclared crate or module `godot`
[INFO] [stdout]  --> src/tools/save_load.rs:109:5
[INFO] [stdout]   |
[INFO] [stdout] 3 | use godot::prelude::*;
[INFO] [stdout]   |     ^^^^^ use of undeclared crate or module `godot`
[INFO] [stdout] 
[INFO] [stdout] error: cannot find derive macro `GodotClass` in this scope
[INFO] [stdout]  --> src/tools/save_load.rs:111:10
[INFO] [stdout]   |
[INFO] [stdout] 5 | #[derive(GodotClass)]
[INFO] [stdout]   |          ^^^^^^^^^^
[INFO] [stdout] 
[INFO] [stdout] error: cannot find attribute `class` in this scope
[INFO] [stdout]  --> src/tools/save_load.rs:112:3
[INFO] [stdout]   |
[INFO] [stdout] 6 | #[class(base=Resource, init)]
[INFO] [stdout]   |   ^^^^^
[INFO] [stdout] 
[INFO] [stdout] error: cannot find attribute `export` in this scope
[INFO] [stdout]  --> src/tools/save_load.rs:115:5
[INFO] [stdout]   |
[INFO] [stdout] 9 |   #[export]
[INFO] [stdout]   |     ^^^^^^ help: a built-in attribute with a similar name exists: `expect`
[INFO] [stdout] 
[INFO] [stdout] error[E0425]: cannot find function `try_save` in this scope
[INFO] [stdout]   --> src/tools/save_load.rs:120:11
[INFO] [stdout]    |
[INFO] [stdout] 14 | let res = try_save(save_state, "user://save.tres");
[INFO] [stdout]    |           ^^^^^^^^ not found in this scope
[INFO] [stdout] 
[INFO] [stdout] error[E0599]: no function or associated item named `new_gd` found for struct `SavedGame` in the current scope
[INFO] [stdout]   --> src/tools/save_load.rs:119:29
[INFO] [stdout]    |
[INFO] [stdout] 7  | struct SavedGame {
[INFO] [stdout]    | ---------------- function or associated item `new_gd` not found for this struct
[INFO] [stdout] ...
[INFO] [stdout] 13 | let save_state = SavedGame::new_gd();
[INFO] [stdout]    |                             ^^^^^^ function or associated item not found in `SavedGame`
[INFO] [stdout]    |
[INFO] [stdout]    = help: items from traits can only be used if the trait is implemented and in scope
[INFO] [stdout]    = note: the following trait defines an item `new_gd`, perhaps you need to implement it:
[INFO] [stdout]            candidate #1: `godot_core::obj::NewGd`
[INFO] [stdout] 
[INFO] [stdout] error: aborting due to 6 previous errors
[INFO] [stdout] 
[INFO] [stdout] Some errors have detailed explanations: E0425, E0433, E0599.
[INFO] [stdout] For more information about an error, try `rustc --explain E0425`.
[INFO] [stdout] Couldn't compile the test.
[INFO] [stdout] 
[INFO] [stdout] failures:
[INFO] [stdout]     src/builtin/aabb.rs - builtin::aabb::Aabb::fmt (line 387)
[INFO] [stdout]     src/builtin/callable.rs - builtin::callable::Callable::from_fn (line 84)
[INFO] [stdout]     src/builtin/collections/array.rs - builtin::collections::array::Array (line 50)
[INFO] [stdout]     src/builtin/collections/array.rs - builtin::collections::array::Array (line 83)
[INFO] [stdout]     src/builtin/collections/array.rs - builtin::collections::array::Array<T>::fmt (line 864)
[INFO] [stdout]     src/builtin/collections/array.rs - builtin::collections::array::array (line 1184)
[INFO] [stdout]     src/builtin/collections/array.rs - builtin::collections::array::varray (line 1211)
[INFO] [stdout]     src/builtin/collections/dictionary.rs - builtin::collections::dictionary::Dictionary (line 28)
[INFO] [stdout]     src/builtin/collections/dictionary.rs - builtin::collections::dictionary::dict (line 735)
[INFO] [stdout]     src/builtin/color.rs - builtin::color::Color::fmt (line 568)
[INFO] [stdout]     src/builtin/color_hsv.rs - builtin::color_hsv::ColorHsv (line 28)
[INFO] [stdout]     src/builtin/color_hsv.rs - builtin::color_hsv::ColorHsv (line 37)
[INFO] [stdout]     src/builtin/color_hsv.rs - builtin::color_hsv::ColorHsv (line 42)
[INFO] [stdout]     src/builtin/color_hsv.rs - builtin::color_hsv::ColorHsv (line 50)
[INFO] [stdout]     src/builtin/color_hsv.rs - builtin::color_hsv::ColorHsv (line 67)
[INFO] [stdout]     src/builtin/color_hsv.rs - builtin::color_hsv::ColorHsv::normalized_clamped_h (line 133)
[INFO] [stdout]     src/builtin/color_hsv.rs - builtin::color_hsv::ColorHsv::normalized_wrapped_h (line 157)
[INFO] [stdout]     src/builtin/plane.rs - builtin::plane::Plane::fmt (line 303)
[INFO] [stdout]     src/builtin/projection.rs - builtin::projection::Projection::fmt (line 623)
[INFO] [stdout]     src/builtin/real.rs - builtin::real_inner::real (line 186)
[INFO] [stdout]     src/builtin/rect2.rs - builtin::rect2::Rect2::fmt (line 280)
[INFO] [stdout]     src/builtin/rect2i.rs - builtin::rect2i::Rect2i::fmt (line 283)
[INFO] [stdout]     src/builtin/rid.rs - builtin::rid::Rid::fmt (line 103)
[INFO] [stdout]     src/builtin/string/string_name.rs - builtin::string::string_name::StringName::from (line 307)
[INFO] [stdout]     src/builtin/string/string_name.rs - builtin::string::string_name::StringName::from_latin1_with_nul (line 49)
[INFO] [stdout]     src/builtin/vectors/vector2.rs - builtin::vectors::vector2::Vector2::from_angle (line 103)
[INFO] [stdout]     src/builtin/vectors/vector_swizzle.rs - builtin::vectors::vector_swizzle::swizzle (line 20)
[INFO] [stdout]     src/builtin/vectors/vector_swizzle.rs - builtin::vectors::vector_swizzle::swizzle (line 30)
[INFO] [stdout]     src/builtin/vectors/vector_swizzle.rs - builtin::vectors::vector_swizzle::swizzle (line 39)
[INFO] [stdout]     src/init/mod.rs - init::ExtensionLibrary (line 175)
[INFO] [stdout]     src/meta/error/call_error.rs - meta::error::call_error::CallError (line 40)
[INFO] [stdout]     src/meta/mod.rs - meta::PropertyInfo::with_hint_info (line 104)
[INFO] [stdout]     src/obj/bounds.rs - obj::bounds (line 27)
[INFO] [stdout]     src/obj/bounds.rs - obj::bounds::private::implement_godot_bounds (line 109)
[INFO] [stdout]     src/obj/gd.rs - obj::gd::Gd<T>::from_init_fn (line 120)
[INFO] [stdout]     src/obj/gd.rs - obj::gd::Gd<T>::try_to_unique (line 612)
[INFO] [stdout]     src/obj/gd.rs - obj::gd::Gd<T>::upcast (line 274)
[INFO] [stdout]     src/obj/gd.rs - obj::gd::Gd<T>::upcast_mut (line 335)
[INFO] [stdout]     src/obj/gd.rs - obj::gd::Gd<T>::upcast_ref (line 296)
[INFO] [stdout]     src/obj/onready.rs - obj::onready::OnReady (line 40)
[INFO] [stdout]     src/obj/script.rs - obj::script::ScriptInstance (line 44)
[INFO] [stdout]     src/obj/script.rs - obj::script::SiMut<'a,T>::base (line 349)
[INFO] [stdout]     src/obj/script.rs - obj::script::SiMut<'a,T>::base_mut (line 400)
[INFO] [stdout]     src/obj/traits.rs - obj::traits::Inherits (line 101)
[INFO] [stdout]     src/obj/traits.rs - obj::traits::Inherits (line 119)
[INFO] [stdout]     src/obj/traits.rs - obj::traits::WithBaseField (line 220)
[INFO] [stdout]     src/obj/traits.rs - obj::traits::WithBaseField::base (line 256)
[INFO] [stdout]     src/obj/traits.rs - obj::traits::WithBaseField::base_mut (line 323)
[INFO] [stdout]     src/obj/traits.rs - obj::traits::WithBaseField::base_mut (line 348)
[INFO] [stdout]     src/registry/property.rs - registry::property::export_info_functions::export_enum (line 280)
[INFO] [stdout]     src/registry/property.rs - registry::property::export_info_functions::export_flags (line 313)
[INFO] [stdout]     src/registry/property.rs - registry::property::export_info_functions::export_range (line 178)
[INFO] [stdout]     src/tools/gfile.rs - tools::gfile::GFile (line 50)
[INFO] [stdout]     src/tools/save_load.rs - tools::save_load::load (line 20)
[INFO] [stdout]     src/tools/save_load.rs - tools::save_load::save (line 82)
[INFO] [stdout]     src/tools/save_load.rs - tools::save_load::try_load (line 57)
[INFO] [stdout]     src/tools/save_load.rs - tools::save_load::try_save (line 108)
[INFO] [stdout]     src/tools/translate.rs - tools::translate::tr (line 19)
[INFO] [stdout]     src/tools/translate.rs - tools::translate::tr_n (line 61)
[INFO] [stdout] 
[INFO] [stdout] test result: FAILED. 5 passed; 59 failed; 0 ignored; 0 measured; 0 filtered out; finished in 0.33s
[INFO] [stdout] 
[INFO] running `Command { std: "docker" "inspect" "33b4a43fcc23889657945b7de54beaf3f75007c388bcef5384a76feb5b24c786", kill_on_drop: false }`
[INFO] running `Command { std: "docker" "rm" "-f" "33b4a43fcc23889657945b7de54beaf3f75007c388bcef5384a76feb5b24c786", kill_on_drop: false }`
[INFO] [stdout] 33b4a43fcc23889657945b7de54beaf3f75007c388bcef5384a76feb5b24c786
