[INFO] fetching crate gmod 17.0.0...
[INFO] testing gmod-17.0.0 against nightly-2024-10-28 for randomize-layout
[INFO] extracting crate gmod 17.0.0 into /workspace/builds/worker-7-tc1/source
[INFO] validating manifest of crates.io crate gmod 17.0.0 on toolchain nightly-2024-10-28
[INFO] running `Command { std: CARGO_HOME="/workspace/cargo-home" RUSTUP_HOME="/workspace/rustup-home" "/workspace/cargo-home/bin/cargo" "+nightly-2024-10-28" "metadata" "--manifest-path" "Cargo.toml" "--no-deps", kill_on_drop: false }`
[INFO] started tweaking crates.io crate gmod 17.0.0
[INFO] finished tweaking crates.io crate gmod 17.0.0
[INFO] tweaked toml for crates.io crate gmod 17.0.0 written to /workspace/builds/worker-7-tc1/source/Cargo.toml
[INFO] running `Command { std: CARGO_HOME="/workspace/cargo-home" RUSTUP_HOME="/workspace/rustup-home" "/workspace/cargo-home/bin/cargo" "+nightly-2024-10-28" "generate-lockfile" "--manifest-path" "Cargo.toml", kill_on_drop: false }`
[INFO] [stderr]     Updating crates.io index
[INFO] [stderr]      Locking 54 packages to latest compatible versions
[INFO] [stderr]       Adding fn_abi v2.0.1 (available: v3.0.0)
[INFO] running `Command { std: CARGO_HOME="/workspace/cargo-home" RUSTUP_HOME="/workspace/rustup-home" "/workspace/cargo-home/bin/cargo" "+nightly-2024-10-28" "fetch" "--manifest-path" "Cargo.toml", kill_on_drop: false }`
[INFO] [stderr]  Downloading crates ...
[INFO] [stderr]   Downloaded slice-pool2 v0.4.3
[INFO] [stderr]   Downloaded skidscan v2.0.1
[INFO] [stderr]   Downloaded mmap-fixed-fixed v0.1.3
[INFO] [stderr]   Downloaded skidscan-macros v0.1.2
[INFO] [stderr]   Downloaded libudis86-sys v0.2.1
[INFO] [stderr]   Downloaded gmod-macros v2.0.1
[INFO] [stderr]   Downloaded null_fn v0.1.1
[INFO] [stderr]   Downloaded retour v0.3.1
[INFO] [stderr]   Downloaded cfg_table v1.0.0
[INFO] [stderr]   Downloaded fn_abi v2.0.1
[INFO] [stderr]   Downloaded syn_squash v0.1.0
[INFO] [stderr]   Downloaded fn_has_this v0.1.1
[INFO] [stderr]   Downloaded fn_type_alias v0.1.0
[INFO] running `Command { std: "docker" "create" "-v" "/var/lib/crater-agent-workspace/builds/worker-7-tc1/target:/opt/rustwide/target:rw,Z" "-v" "/var/lib/crater-agent-workspace/builds/worker-7-tc1/source:/opt/rustwide/workdir:ro,Z" "-v" "/var/lib/crater-agent-workspace/cargo-home:/opt/rustwide/cargo-home:ro,Z" "-v" "/var/lib/crater-agent-workspace/rustup-home:/opt/rustwide/rustup-home:ro,Z" "-e" "SOURCE_DIR=/opt/rustwide/workdir" "-e" "CARGO_TARGET_DIR=/opt/rustwide/target" "-e" "CARGO_HOME=/opt/rustwide/cargo-home" "-e" "RUSTUP_HOME=/opt/rustwide/rustup-home" "-w" "/opt/rustwide/workdir" "-m" "1610612736" "--user" "0:0" "--network" "none" "ghcr.io/rust-lang/crates-build-env/linux@sha256:4a844ea9eb2546a2d2c7022eacef16ef2e8229c7fbb2c7d4d55a9ceca922f72d" "/opt/rustwide/cargo-home/bin/cargo" "+nightly-2024-10-28" "metadata" "--no-deps" "--format-version=1", kill_on_drop: false }`
[INFO] [stdout] 70e449b430f82b74d93039a06c7ac9de0f3ff3ec5468acb47e064d0cdb606e7a
[INFO] running `Command { std: "docker" "start" "-a" "70e449b430f82b74d93039a06c7ac9de0f3ff3ec5468acb47e064d0cdb606e7a", kill_on_drop: false }`
[INFO] running `Command { std: "docker" "inspect" "70e449b430f82b74d93039a06c7ac9de0f3ff3ec5468acb47e064d0cdb606e7a", kill_on_drop: false }`
[INFO] running `Command { std: "docker" "rm" "-f" "70e449b430f82b74d93039a06c7ac9de0f3ff3ec5468acb47e064d0cdb606e7a", kill_on_drop: false }`
[INFO] [stdout] 70e449b430f82b74d93039a06c7ac9de0f3ff3ec5468acb47e064d0cdb606e7a
[INFO] running `Command { std: "docker" "create" "-v" "/var/lib/crater-agent-workspace/builds/worker-7-tc1/target:/opt/rustwide/target:rw,Z" "-v" "/var/lib/crater-agent-workspace/builds/worker-7-tc1/source:/opt/rustwide/workdir:ro,Z" "-v" "/var/lib/crater-agent-workspace/cargo-home:/opt/rustwide/cargo-home:ro,Z" "-v" "/var/lib/crater-agent-workspace/rustup-home:/opt/rustwide/rustup-home:ro,Z" "-e" "SOURCE_DIR=/opt/rustwide/workdir" "-e" "CARGO_TARGET_DIR=/opt/rustwide/target" "-e" "CARGO_INCREMENTAL=0" "-e" "RUST_BACKTRACE=full" "-e" "RUSTFLAGS=--cap-lints=forbid" "-e" "RUSTDOCFLAGS=--cap-lints=forbid" "-e" "CARGO_HOME=/opt/rustwide/cargo-home" "-e" "RUSTUP_HOME=/opt/rustwide/rustup-home" "-w" "/opt/rustwide/workdir" "-m" "1610612736" "--user" "0:0" "--network" "none" "ghcr.io/rust-lang/crates-build-env/linux@sha256:4a844ea9eb2546a2d2c7022eacef16ef2e8229c7fbb2c7d4d55a9ceca922f72d" "/opt/rustwide/cargo-home/bin/cargo" "+nightly-2024-10-28" "build" "--frozen" "--message-format=json", kill_on_drop: false }`
[INFO] [stdout] cd8f3cd0064d734e40cd85b712c666745203f454072d1511fbe68097da67bec0
[INFO] running `Command { std: "docker" "start" "-a" "cd8f3cd0064d734e40cd85b712c666745203f454072d1511fbe68097da67bec0", kill_on_drop: false }`
[INFO] [stderr]    Compiling syn v1.0.109
[INFO] [stderr]    Compiling hashbrown v0.15.0
[INFO] [stderr]    Compiling shlex v1.3.0
[INFO] [stderr]    Compiling equivalent v1.0.1
[INFO] [stderr]    Compiling version_check v0.9.5
[INFO] [stderr]    Compiling winnow v0.5.40
[INFO] [stderr]    Compiling typenum v1.17.0
[INFO] [stderr]    Compiling toml_datetime v0.6.8
[INFO] [stderr]    Compiling syn_squash v0.1.0
[INFO] [stderr]    Compiling slice-pool2 v0.4.3
[INFO] [stderr]    Compiling libloading v0.8.5
[INFO] [stderr]    Compiling cfg_table v1.0.0
[INFO] [stderr]    Compiling mmap-fixed-fixed v0.1.3
[INFO] [stderr]    Compiling region v3.0.2
[INFO] [stderr]    Compiling syn v2.0.86
[INFO] [stderr]    Compiling cstr v0.2.12
[INFO] [stderr]    Compiling cc v1.1.31
[INFO] [stderr]    Compiling generic-array v0.14.7
[INFO] [stderr]    Compiling indexmap v2.6.0
[INFO] [stderr]    Compiling libudis86-sys v0.2.1
[INFO] [stderr]    Compiling toml_edit v0.19.15
[INFO] [stderr]    Compiling retour v0.3.1
[INFO] [stderr]    Compiling ctor v0.2.8
[INFO] [stderr]    Compiling fn_type_alias v0.1.0
[INFO] [stderr]    Compiling gmod-macros v2.0.1
[INFO] [stderr]    Compiling null_fn v0.1.1
[INFO] [stderr]    Compiling fn_has_this v0.1.1
[INFO] [stderr]    Compiling fn_abi v2.0.1
[INFO] [stderr]    Compiling proc-macro-crate v1.3.1
[INFO] [stderr]    Compiling skidscan-macros v0.1.2
[INFO] [stderr]    Compiling skidscan v2.0.1
[INFO] [stderr]    Compiling gmod v17.0.0 (/opt/rustwide/workdir)
[INFO] [stdout] warning: the feature `c_unwind` has been stable since 1.81.0 and no longer requires an attribute to enable
[INFO] [stdout]  --> src/lib.rs:6:12
[INFO] [stdout]   |
[INFO] [stdout] 6 | #![feature(c_unwind)]
[INFO] [stdout]   |            ^^^^^^^^
[INFO] [stdout]   |
[INFO] [stdout]   = note: `#[warn(stable_features)]` on by default
[INFO] [stdout] 
[INFO] [stdout] 
[INFO] [stdout] warning: creating a shared reference to mutable static is discouraged
[INFO] [stdout]    --> src/lua/mod.rs:129:2
[INFO] [stdout]     |
[INFO] [stdout] 129 |     import::LUA_SHARED.load()
[INFO] [stdout]     |     ^^^^^^^^^^^^^^^^^^^^^^^^^ shared reference to mutable static
[INFO] [stdout]     |
[INFO] [stdout]     = note: for more information, see <https://doc.rust-lang.org/nightly/edition-guide/rust-2024/static-mut-references.html>
[INFO] [stdout]     = note: shared references to mutable statics are dangerous; it's undefined behavior if the static is mutated or if a mutable reference is created for it while the shared reference lives
[INFO] [stdout]     = note: `#[warn(static_mut_refs)]` on by default
[INFO] [stdout] 
[INFO] [stdout] 
[INFO] [stdout] warning: creating a shared reference to mutable static is discouraged
[INFO] [stdout]   --> src/lua/raw_bind.rs:43:3
[INFO] [stdout]    |
[INFO] [stdout] 43 |         LUA_SHARED.library.get::<F>(symbol).map(|f| *f)
[INFO] [stdout]    |         ^^^^^^^^^^^^^^^^^^^^^^^^^^^^^^^^^^^ shared reference to mutable static
[INFO] [stdout]    |
[INFO] [stdout]    = note: for more information, see <https://doc.rust-lang.org/nightly/edition-guide/rust-2024/static-mut-references.html>
[INFO] [stdout]    = note: shared references to mutable statics are dangerous; it's undefined behavior if the static is mutated or if a mutable reference is created for it while the shared reference lives
[INFO] [stdout] 
[INFO] [stdout] 
[INFO] [stderr]     Finished `dev` profile [unoptimized + debuginfo] target(s) in 4.04s
[INFO] running `Command { std: "docker" "inspect" "cd8f3cd0064d734e40cd85b712c666745203f454072d1511fbe68097da67bec0", kill_on_drop: false }`
[INFO] running `Command { std: "docker" "rm" "-f" "cd8f3cd0064d734e40cd85b712c666745203f454072d1511fbe68097da67bec0", kill_on_drop: false }`
[INFO] [stdout] cd8f3cd0064d734e40cd85b712c666745203f454072d1511fbe68097da67bec0
[INFO] running `Command { std: "docker" "create" "-v" "/var/lib/crater-agent-workspace/builds/worker-7-tc1/target:/opt/rustwide/target:rw,Z" "-v" "/var/lib/crater-agent-workspace/builds/worker-7-tc1/source:/opt/rustwide/workdir:ro,Z" "-v" "/var/lib/crater-agent-workspace/cargo-home:/opt/rustwide/cargo-home:ro,Z" "-v" "/var/lib/crater-agent-workspace/rustup-home:/opt/rustwide/rustup-home:ro,Z" "-e" "SOURCE_DIR=/opt/rustwide/workdir" "-e" "CARGO_TARGET_DIR=/opt/rustwide/target" "-e" "CARGO_INCREMENTAL=0" "-e" "RUST_BACKTRACE=full" "-e" "RUSTFLAGS=--cap-lints=forbid" "-e" "RUSTDOCFLAGS=--cap-lints=forbid" "-e" "CARGO_HOME=/opt/rustwide/cargo-home" "-e" "RUSTUP_HOME=/opt/rustwide/rustup-home" "-w" "/opt/rustwide/workdir" "-m" "1610612736" "--user" "0:0" "--network" "none" "ghcr.io/rust-lang/crates-build-env/linux@sha256:4a844ea9eb2546a2d2c7022eacef16ef2e8229c7fbb2c7d4d55a9ceca922f72d" "/opt/rustwide/cargo-home/bin/cargo" "+nightly-2024-10-28" "test" "--frozen" "--no-run" "--message-format=json", kill_on_drop: false }`
[INFO] [stdout] 6210764e4c33be76345c3047ea79b549546f693b7fbbe79a02cb674874753b0d
[INFO] running `Command { std: "docker" "start" "-a" "6210764e4c33be76345c3047ea79b549546f693b7fbbe79a02cb674874753b0d", kill_on_drop: false }`
[INFO] [stdout] warning: the feature `c_unwind` has been stable since 1.81.0 and no longer requires an attribute to enable
[INFO] [stdout]  --> src/lib.rs:6:12
[INFO] [stdout]   |
[INFO] [stdout] 6 | #![feature(c_unwind)]
[INFO] [stdout]   |            ^^^^^^^^
[INFO] [stdout]   |
[INFO] [stdout]   = note: `#[warn(stable_features)]` on by default
[INFO] [stdout] 
[INFO] [stdout] 
[INFO] [stdout] warning: creating a shared reference to mutable static is discouraged
[INFO] [stdout]    --> src/lua/mod.rs:129:2
[INFO] [stdout]     |
[INFO] [stdout] 129 |     import::LUA_SHARED.load()
[INFO] [stdout]     |     ^^^^^^^^^^^^^^^^^^^^^^^^^ shared reference to mutable static
[INFO] [stdout]     |
[INFO] [stdout]     = note: for more information, see <https://doc.rust-lang.org/nightly/edition-guide/rust-2024/static-mut-references.html>
[INFO] [stdout]     = note: shared references to mutable statics are dangerous; it's undefined behavior if the static is mutated or if a mutable reference is created for it while the shared reference lives
[INFO] [stdout]     = note: `#[warn(static_mut_refs)]` on by default
[INFO] [stdout] 
[INFO] [stdout] 
[INFO] [stdout] warning: creating a shared reference to mutable static is discouraged
[INFO] [stdout]   --> src/lua/raw_bind.rs:43:3
[INFO] [stdout]    |
[INFO] [stdout] 43 |         LUA_SHARED.library.get::<F>(symbol).map(|f| *f)
[INFO] [stdout]    |         ^^^^^^^^^^^^^^^^^^^^^^^^^^^^^^^^^^^ shared reference to mutable static
[INFO] [stdout]    |
[INFO] [stdout]    = note: for more information, see <https://doc.rust-lang.org/nightly/edition-guide/rust-2024/static-mut-references.html>
[INFO] [stdout]    = note: shared references to mutable statics are dangerous; it's undefined behavior if the static is mutated or if a mutable reference is created for it while the shared reference lives
[INFO] [stdout] 
[INFO] [stdout] 
[INFO] [stderr]    Compiling gmod v17.0.0 (/opt/rustwide/workdir)
[INFO] [stdout] warning: the feature `c_unwind` has been stable since 1.81.0 and no longer requires an attribute to enable
[INFO] [stdout]  --> src/lib.rs:6:12
[INFO] [stdout]   |
[INFO] [stdout] 6 | #![feature(c_unwind)]
[INFO] [stdout]   |            ^^^^^^^^
[INFO] [stdout]   |
[INFO] [stdout]   = note: `#[warn(stable_features)]` on by default
[INFO] [stdout] 
[INFO] [stdout] 
[INFO] [stdout] warning: creating a shared reference to mutable static is discouraged
[INFO] [stdout]    --> src/lua/mod.rs:129:2
[INFO] [stdout]     |
[INFO] [stdout] 129 |     import::LUA_SHARED.load()
[INFO] [stdout]     |     ^^^^^^^^^^^^^^^^^^^^^^^^^ shared reference to mutable static
[INFO] [stdout]     |
[INFO] [stdout]     = note: for more information, see <https://doc.rust-lang.org/nightly/edition-guide/rust-2024/static-mut-references.html>
[INFO] [stdout]     = note: shared references to mutable statics are dangerous; it's undefined behavior if the static is mutated or if a mutable reference is created for it while the shared reference lives
[INFO] [stdout]     = note: `#[warn(static_mut_refs)]` on by default
[INFO] [stdout] 
[INFO] [stdout] 
[INFO] [stdout] warning: creating a shared reference to mutable static is discouraged
[INFO] [stdout]   --> src/lua/raw_bind.rs:43:3
[INFO] [stdout]    |
[INFO] [stdout] 43 |         LUA_SHARED.library.get::<F>(symbol).map(|f| *f)
[INFO] [stdout]    |         ^^^^^^^^^^^^^^^^^^^^^^^^^^^^^^^^^^^ shared reference to mutable static
[INFO] [stdout]    |
[INFO] [stdout]    = note: for more information, see <https://doc.rust-lang.org/nightly/edition-guide/rust-2024/static-mut-references.html>
[INFO] [stdout]    = note: shared references to mutable statics are dangerous; it's undefined behavior if the static is mutated or if a mutable reference is created for it while the shared reference lives
[INFO] [stdout] 
[INFO] [stdout] 
[INFO] [stderr]     Finished `test` profile [unoptimized + debuginfo] target(s) in 0.25s
[INFO] running `Command { std: "docker" "inspect" "6210764e4c33be76345c3047ea79b549546f693b7fbbe79a02cb674874753b0d", kill_on_drop: false }`
[INFO] running `Command { std: "docker" "rm" "-f" "6210764e4c33be76345c3047ea79b549546f693b7fbbe79a02cb674874753b0d", kill_on_drop: false }`
[INFO] [stdout] 6210764e4c33be76345c3047ea79b549546f693b7fbbe79a02cb674874753b0d
[INFO] running `Command { std: "docker" "create" "-v" "/var/lib/crater-agent-workspace/builds/worker-7-tc1/target:/opt/rustwide/target:rw,Z" "-v" "/var/lib/crater-agent-workspace/builds/worker-7-tc1/source:/opt/rustwide/workdir:ro,Z" "-v" "/var/lib/crater-agent-workspace/cargo-home:/opt/rustwide/cargo-home:ro,Z" "-v" "/var/lib/crater-agent-workspace/rustup-home:/opt/rustwide/rustup-home:ro,Z" "-e" "SOURCE_DIR=/opt/rustwide/workdir" "-e" "CARGO_TARGET_DIR=/opt/rustwide/target" "-e" "CARGO_INCREMENTAL=0" "-e" "RUST_BACKTRACE=full" "-e" "RUSTFLAGS=--cap-lints=forbid" "-e" "RUSTDOCFLAGS=--cap-lints=forbid" "-e" "CARGO_HOME=/opt/rustwide/cargo-home" "-e" "RUSTUP_HOME=/opt/rustwide/rustup-home" "-w" "/opt/rustwide/workdir" "-m" "1610612736" "--user" "0:0" "--network" "none" "ghcr.io/rust-lang/crates-build-env/linux@sha256:4a844ea9eb2546a2d2c7022eacef16ef2e8229c7fbb2c7d4d55a9ceca922f72d" "/opt/rustwide/cargo-home/bin/cargo" "+nightly-2024-10-28" "test" "--frozen", kill_on_drop: false }`
[INFO] [stdout] 12bc37ab7e85a79a2f5fce17a1551335a612b398514dd03ab965a086e63aa2ac
[INFO] running `Command { std: "docker" "start" "-a" "12bc37ab7e85a79a2f5fce17a1551335a612b398514dd03ab965a086e63aa2ac", kill_on_drop: false }`
[INFO] [stderr] warning: the feature `c_unwind` has been stable since 1.81.0 and no longer requires an attribute to enable
[INFO] [stderr]  --> src/lib.rs:6:12
[INFO] [stderr]   |
[INFO] [stderr] 6 | #![feature(c_unwind)]
[INFO] [stderr]   |            ^^^^^^^^
[INFO] [stderr]   |
[INFO] [stderr]   = note: `#[warn(stable_features)]` on by default
[INFO] [stderr] 
[INFO] [stderr] warning: creating a shared reference to mutable static is discouraged
[INFO] [stderr]    --> src/lua/mod.rs:129:2
[INFO] [stderr]     |
[INFO] [stderr] 129 |     import::LUA_SHARED.load()
[INFO] [stderr]     |     ^^^^^^^^^^^^^^^^^^^^^^^^^ shared reference to mutable static
[INFO] [stderr]     |
[INFO] [stderr]     = note: for more information, see <https://doc.rust-lang.org/nightly/edition-guide/rust-2024/static-mut-references.html>
[INFO] [stderr]     = note: shared references to mutable statics are dangerous; it's undefined behavior if the static is mutated or if a mutable reference is created for it while the shared reference lives
[INFO] [stderr]     = note: `#[warn(static_mut_refs)]` on by default
[INFO] [stderr] 
[INFO] [stderr] warning: creating a shared reference to mutable static is discouraged
[INFO] [stderr]   --> src/lua/raw_bind.rs:43:3
[INFO] [stderr]    |
[INFO] [stderr] 43 |         LUA_SHARED.library.get::<F>(symbol).map(|f| *f)
[INFO] [stderr]    |         ^^^^^^^^^^^^^^^^^^^^^^^^^^^^^^^^^^^ shared reference to mutable static
[INFO] [stderr]    |
[INFO] [stderr]    = note: for more information, see <https://doc.rust-lang.org/nightly/edition-guide/rust-2024/static-mut-references.html>
[INFO] [stderr]    = note: shared references to mutable statics are dangerous; it's undefined behavior if the static is mutated or if a mutable reference is created for it while the shared reference lives
[INFO] [stderr] 
[INFO] [stderr] warning: `gmod` (lib) generated 3 warnings
[INFO] [stderr] warning: `gmod` (lib test) generated 3 warnings (3 duplicates)
[INFO] [stderr]     Finished `test` profile [unoptimized + debuginfo] target(s) in 0.03s
[INFO] [stderr]      Running unittests src/lib.rs (/opt/rustwide/target/debug/deps/gmod-241d57583342b50c)
[INFO] [stdout] 
[INFO] [stdout] running 0 tests
[INFO] [stdout] 
[INFO] [stdout] test result: ok. 0 passed; 0 failed; 0 ignored; 0 measured; 0 filtered out; finished in 0.00s
[INFO] [stdout] 
[INFO] [stderr]    Doc-tests gmod
[INFO] [stderr] warning: unknown attribute `norun`
[INFO] [stderr]   --> src/lua/mod.rs:58:1
[INFO] [stderr]    |
[INFO] [stderr] 58 | / /// Enforces a debug assertion that the Lua stack is unchanged after this block of code is executed.
[INFO] [stderr] 59 | | ///
[INFO] [stderr] 60 | | /// Useful for ensuring stack hygiene.
[INFO] [stderr] 61 | | ///
[INFO] [stderr] ...  |
[INFO] [stderr] 76 | | /// // PANIC: stack is dirty! We forgot to pop the hook library off the stack.
[INFO] [stderr] 77 | | /// ```
[INFO] [stderr]    | |_______^
[INFO] [stderr]    |
[INFO] [stderr]    = help: use `no_run` to compile, but not run, the code sample during testing
[INFO] [stderr]    = help: this code block may be skipped during testing, because unknown attributes are treated as markers for code samples written in other programming languages, unless it is also explicitly marked as `rust`
[INFO] [stderr]    = note: `#[warn(rustdoc::invalid_codeblock_attributes)]` on by default
[INFO] [stderr] 
[INFO] [stderr] warning: 1 warning emitted
[INFO] [stderr] 
[INFO] [stdout] 
[INFO] [stdout] running 6 tests
[INFO] [stdout] test src/lua/lua_state.rs - lua::lua_state::LuaState::push_closure (line 331) ... ignored
[INFO] [stdout] test src/lua/lua_state.rs - lua::lua_state::LuaState::push_closure_arg (line 352) ... ignored
[INFO] [stdout] test src/lib.rs - open_library_raw (line 106) - compile ... FAILED
[INFO] [stdout] test src/lib.rs - open_library_srv (line 126) - compile ... FAILED
[INFO] [stdout] test src/lua/mod.rs - lua::lua_stack_guard (line 66) ... FAILED
[INFO] [stdout] test src/lib.rs - open_library (line 193) - compile ... FAILED
[INFO] [stdout] 
[INFO] [stdout] failures:
[INFO] [stdout] 
[INFO] [stdout] ---- src/lib.rs - open_library_raw (line 106) stdout ----
[INFO] [stdout] error: cannot find macro `open_library_srv` in this scope
[INFO] [stdout]  --> src/lib.rs:109:72
[INFO] [stdout]   |
[INFO] [stdout] 6 | let (engine, engine_path): (gmod::libloading::Library, &'static str) = open_library_srv!("bin/win64/engine.dll").expect("Failed to open e...
[INFO] [stdout]   |                                                                        ^^^^^^^^^^^^^^^^
[INFO] [stdout]   |
[INFO] [stdout] help: consider importing this macro
[INFO] [stdout]   |
[INFO] [stdout] 3 + use gmod::open_library_srv;
[INFO] [stdout]   |
[INFO] [stdout] 
[INFO] [stdout] error: aborting due to 1 previous error
[INFO] [stdout] 
[INFO] [stdout] Couldn't compile the test.
[INFO] [stdout] ---- src/lib.rs - open_library_srv (line 126) stdout ----
[INFO] [stdout] error: cannot find macro `open_library_srv` in this scope
[INFO] [stdout]  --> src/lib.rs:128:72
[INFO] [stdout]   |
[INFO] [stdout] 5 | let (engine, engine_path): (gmod::libloading::Library, &'static str) = open_library_srv!("engine").expect("Failed to open engine.dll!");
[INFO] [stdout]   |                                                                        ^^^^^^^^^^^^^^^^
[INFO] [stdout]   |
[INFO] [stdout] help: consider importing this macro
[INFO] [stdout]   |
[INFO] [stdout] 2 + use gmod::open_library_srv;
[INFO] [stdout]   |
[INFO] [stdout] 
[INFO] [stdout] error: aborting due to 1 previous error
[INFO] [stdout] 
[INFO] [stdout] Couldn't compile the test.
[INFO] [stdout] ---- src/lua/mod.rs - lua::lua_stack_guard (line 66) stdout ----
[INFO] [stdout] error: cannot find macro `lua_stack_guard` in this scope
[INFO] [stdout]  --> src/lua/mod.rs:67:1
[INFO] [stdout]   |
[INFO] [stdout] 3 | lua_stack_guard!(lua => {
[INFO] [stdout]   | ^^^^^^^^^^^^^^^
[INFO] [stdout]   |
[INFO] [stdout] help: consider importing this macro
[INFO] [stdout]   |
[INFO] [stdout] 2 + use gmod::lua_stack_guard;
[INFO] [stdout]   |
[INFO] [stdout] 
[INFO] [stdout] error: aborting due to 1 previous error
[INFO] [stdout] 
[INFO] [stdout] Couldn't compile the test.
[INFO] [stdout] ---- src/lib.rs - open_library (line 193) stdout ----
[INFO] [stdout] error: cannot find macro `open_library` in this scope
[INFO] [stdout]  --> src/lib.rs:195:72
[INFO] [stdout]   |
[INFO] [stdout] 5 | let (engine, engine_path): (gmod::libloading::Library, &'static str) = open_library!("engine").expect("Failed to open engine.dll!");
[INFO] [stdout]   |                                                                        ^^^^^^^^^^^^
[INFO] [stdout]   |
[INFO] [stdout] help: consider importing this macro
[INFO] [stdout]   |
[INFO] [stdout] 2 + use gmod::open_library;
[INFO] [stdout]   |
[INFO] [stdout] 
[INFO] [stdout] error: aborting due to 1 previous error
[INFO] [stdout] 
[INFO] [stdout] Couldn't compile the test.
[INFO] [stdout] 
[INFO] [stdout] failures:
[INFO] [stdout]     src/lib.rs - open_library (line 193)
[INFO] [stdout]     src/lib.rs - open_library_raw (line 106)
[INFO] [stdout]     src/lib.rs - open_library_srv (line 126)
[INFO] [stdout]     src/lua/mod.rs - lua::lua_stack_guard (line 66)
[INFO] [stdout] 
[INFO] [stdout] test result: FAILED. 0 passed; 4 failed; 2 ignored; 0 measured; 0 filtered out; finished in 0.06s
[INFO] [stdout] 
[INFO] [stderr] error: doctest failed, to rerun pass `--doc`
[INFO] running `Command { std: "docker" "inspect" "12bc37ab7e85a79a2f5fce17a1551335a612b398514dd03ab965a086e63aa2ac", kill_on_drop: false }`
[INFO] running `Command { std: "docker" "rm" "-f" "12bc37ab7e85a79a2f5fce17a1551335a612b398514dd03ab965a086e63aa2ac", kill_on_drop: false }`
[INFO] [stdout] 12bc37ab7e85a79a2f5fce17a1551335a612b398514dd03ab965a086e63aa2ac
