[INFO] fetching crate gmm 0.3.0...
[INFO] testing gmm-0.3.0 against nightly-2024-10-28 for randomize-layout
[INFO] extracting crate gmm 0.3.0 into /workspace/builds/worker-5-tc1/source
[INFO] validating manifest of crates.io crate gmm 0.3.0 on toolchain nightly-2024-10-28
[INFO] running `Command { std: CARGO_HOME="/workspace/cargo-home" RUSTUP_HOME="/workspace/rustup-home" "/workspace/cargo-home/bin/cargo" "+nightly-2024-10-28" "metadata" "--manifest-path" "Cargo.toml" "--no-deps", kill_on_drop: false }`
[INFO] started tweaking crates.io crate gmm 0.3.0
[INFO] finished tweaking crates.io crate gmm 0.3.0
[INFO] tweaked toml for crates.io crate gmm 0.3.0 written to /workspace/builds/worker-5-tc1/source/Cargo.toml
[INFO] running `Command { std: CARGO_HOME="/workspace/cargo-home" RUSTUP_HOME="/workspace/rustup-home" "/workspace/cargo-home/bin/cargo" "+nightly-2024-10-28" "generate-lockfile" "--manifest-path" "Cargo.toml", kill_on_drop: false }`
[INFO] [stderr]     Blocking waiting for file lock on package cache
[INFO] [stderr]     Updating crates.io index
[INFO] [stderr]      Locking 21 packages to latest compatible versions
[INFO] running `Command { std: CARGO_HOME="/workspace/cargo-home" RUSTUP_HOME="/workspace/rustup-home" "/workspace/cargo-home/bin/cargo" "+nightly-2024-10-28" "fetch" "--manifest-path" "Cargo.toml", kill_on_drop: false }`
[INFO] [stderr]     Blocking waiting for file lock on package cache
[INFO] running `Command { std: "docker" "create" "-v" "/var/lib/crater-agent-workspace/builds/worker-5-tc1/target:/opt/rustwide/target:rw,Z" "-v" "/var/lib/crater-agent-workspace/builds/worker-5-tc1/source:/opt/rustwide/workdir:ro,Z" "-v" "/var/lib/crater-agent-workspace/cargo-home:/opt/rustwide/cargo-home:ro,Z" "-v" "/var/lib/crater-agent-workspace/rustup-home:/opt/rustwide/rustup-home:ro,Z" "-e" "SOURCE_DIR=/opt/rustwide/workdir" "-e" "CARGO_TARGET_DIR=/opt/rustwide/target" "-e" "CARGO_HOME=/opt/rustwide/cargo-home" "-e" "RUSTUP_HOME=/opt/rustwide/rustup-home" "-w" "/opt/rustwide/workdir" "-m" "1610612736" "--user" "0:0" "--network" "none" "ghcr.io/rust-lang/crates-build-env/linux@sha256:4a844ea9eb2546a2d2c7022eacef16ef2e8229c7fbb2c7d4d55a9ceca922f72d" "/opt/rustwide/cargo-home/bin/cargo" "+nightly-2024-10-28" "metadata" "--no-deps" "--format-version=1", kill_on_drop: false }`
[INFO] [stdout] 1ff7372445201f26f459bfe802ac2b6953c00e59ffd52f23a1d1122825919522
[INFO] running `Command { std: "docker" "start" "-a" "1ff7372445201f26f459bfe802ac2b6953c00e59ffd52f23a1d1122825919522", kill_on_drop: false }`
[INFO] running `Command { std: "docker" "inspect" "1ff7372445201f26f459bfe802ac2b6953c00e59ffd52f23a1d1122825919522", kill_on_drop: false }`
[INFO] running `Command { std: "docker" "rm" "-f" "1ff7372445201f26f459bfe802ac2b6953c00e59ffd52f23a1d1122825919522", kill_on_drop: false }`
[INFO] [stdout] 1ff7372445201f26f459bfe802ac2b6953c00e59ffd52f23a1d1122825919522
[INFO] running `Command { std: "docker" "create" "-v" "/var/lib/crater-agent-workspace/builds/worker-5-tc1/target:/opt/rustwide/target:rw,Z" "-v" "/var/lib/crater-agent-workspace/builds/worker-5-tc1/source:/opt/rustwide/workdir:ro,Z" "-v" "/var/lib/crater-agent-workspace/cargo-home:/opt/rustwide/cargo-home:ro,Z" "-v" "/var/lib/crater-agent-workspace/rustup-home:/opt/rustwide/rustup-home:ro,Z" "-e" "SOURCE_DIR=/opt/rustwide/workdir" "-e" "CARGO_TARGET_DIR=/opt/rustwide/target" "-e" "CARGO_INCREMENTAL=0" "-e" "RUST_BACKTRACE=full" "-e" "RUSTFLAGS=--cap-lints=forbid" "-e" "RUSTDOCFLAGS=--cap-lints=forbid" "-e" "CARGO_HOME=/opt/rustwide/cargo-home" "-e" "RUSTUP_HOME=/opt/rustwide/rustup-home" "-w" "/opt/rustwide/workdir" "-m" "1610612736" "--user" "0:0" "--network" "none" "ghcr.io/rust-lang/crates-build-env/linux@sha256:4a844ea9eb2546a2d2c7022eacef16ef2e8229c7fbb2c7d4d55a9ceca922f72d" "/opt/rustwide/cargo-home/bin/cargo" "+nightly-2024-10-28" "build" "--frozen" "--message-format=json", kill_on_drop: false }`
[INFO] [stdout] 0621d3b7fb6a3e70255c37bea65ae64de43754900526d06ced1887323d5acb30
[INFO] running `Command { std: "docker" "start" "-a" "0621d3b7fb6a3e70255c37bea65ae64de43754900526d06ced1887323d5acb30", kill_on_drop: false }`
[INFO] [stderr]    Compiling gmm v0.3.0 (/opt/rustwide/workdir)
[INFO] [stderr]     Finished `dev` profile [unoptimized + debuginfo] target(s) in 1.04s
[INFO] running `Command { std: "docker" "inspect" "0621d3b7fb6a3e70255c37bea65ae64de43754900526d06ced1887323d5acb30", kill_on_drop: false }`
[INFO] running `Command { std: "docker" "rm" "-f" "0621d3b7fb6a3e70255c37bea65ae64de43754900526d06ced1887323d5acb30", kill_on_drop: false }`
[INFO] [stdout] 0621d3b7fb6a3e70255c37bea65ae64de43754900526d06ced1887323d5acb30
[INFO] running `Command { std: "docker" "create" "-v" "/var/lib/crater-agent-workspace/builds/worker-5-tc1/target:/opt/rustwide/target:rw,Z" "-v" "/var/lib/crater-agent-workspace/builds/worker-5-tc1/source:/opt/rustwide/workdir:ro,Z" "-v" "/var/lib/crater-agent-workspace/cargo-home:/opt/rustwide/cargo-home:ro,Z" "-v" "/var/lib/crater-agent-workspace/rustup-home:/opt/rustwide/rustup-home:ro,Z" "-e" "SOURCE_DIR=/opt/rustwide/workdir" "-e" "CARGO_TARGET_DIR=/opt/rustwide/target" "-e" "CARGO_INCREMENTAL=0" "-e" "RUST_BACKTRACE=full" "-e" "RUSTFLAGS=--cap-lints=forbid" "-e" "RUSTDOCFLAGS=--cap-lints=forbid" "-e" "CARGO_HOME=/opt/rustwide/cargo-home" "-e" "RUSTUP_HOME=/opt/rustwide/rustup-home" "-w" "/opt/rustwide/workdir" "-m" "1610612736" "--user" "0:0" "--network" "none" "ghcr.io/rust-lang/crates-build-env/linux@sha256:4a844ea9eb2546a2d2c7022eacef16ef2e8229c7fbb2c7d4d55a9ceca922f72d" "/opt/rustwide/cargo-home/bin/cargo" "+nightly-2024-10-28" "test" "--frozen" "--no-run" "--message-format=json", kill_on_drop: false }`
[INFO] [stdout] 613c6787e7ab1095c3f5ffd719096b93beac834ab9e01a78334271c85eccb963
[INFO] running `Command { std: "docker" "start" "-a" "613c6787e7ab1095c3f5ffd719096b93beac834ab9e01a78334271c85eccb963", kill_on_drop: false }`
[INFO] [stderr]    Compiling proc-macro2 v1.0.89
[INFO] [stderr]    Compiling unicode-ident v1.0.13
[INFO] [stderr]    Compiling libc v0.2.161
[INFO] [stderr]    Compiling byteorder v1.5.0
[INFO] [stderr]    Compiling cfg-if v1.0.0
[INFO] [stderr]    Compiling glam v0.29.1
[INFO] [stderr]    Compiling quote v1.0.37
[INFO] [stderr]    Compiling syn v2.0.86
[INFO] [stderr]    Compiling getrandom v0.2.15
[INFO] [stderr]    Compiling rand_core v0.6.4
[INFO] [stderr]    Compiling zerocopy-derive v0.7.35
[INFO] [stderr]    Compiling zerocopy v0.7.35
[INFO] [stderr]    Compiling ppv-lite86 v0.2.20
[INFO] [stderr]    Compiling rand_chacha v0.3.1
[INFO] [stderr]    Compiling rand v0.8.5
[INFO] [stderr]    Compiling gmm v0.3.0 (/opt/rustwide/workdir)
[INFO] [stderr]     Finished `test` profile [unoptimized + debuginfo] target(s) in 6.62s
[INFO] running `Command { std: "docker" "inspect" "613c6787e7ab1095c3f5ffd719096b93beac834ab9e01a78334271c85eccb963", kill_on_drop: false }`
[INFO] running `Command { std: "docker" "rm" "-f" "613c6787e7ab1095c3f5ffd719096b93beac834ab9e01a78334271c85eccb963", kill_on_drop: false }`
[INFO] [stdout] 613c6787e7ab1095c3f5ffd719096b93beac834ab9e01a78334271c85eccb963
[INFO] running `Command { std: "docker" "create" "-v" "/var/lib/crater-agent-workspace/builds/worker-5-tc1/target:/opt/rustwide/target:rw,Z" "-v" "/var/lib/crater-agent-workspace/builds/worker-5-tc1/source:/opt/rustwide/workdir:ro,Z" "-v" "/var/lib/crater-agent-workspace/cargo-home:/opt/rustwide/cargo-home:ro,Z" "-v" "/var/lib/crater-agent-workspace/rustup-home:/opt/rustwide/rustup-home:ro,Z" "-e" "SOURCE_DIR=/opt/rustwide/workdir" "-e" "CARGO_TARGET_DIR=/opt/rustwide/target" "-e" "CARGO_INCREMENTAL=0" "-e" "RUST_BACKTRACE=full" "-e" "RUSTFLAGS=--cap-lints=forbid" "-e" "RUSTDOCFLAGS=--cap-lints=forbid" "-e" "CARGO_HOME=/opt/rustwide/cargo-home" "-e" "RUSTUP_HOME=/opt/rustwide/rustup-home" "-w" "/opt/rustwide/workdir" "-m" "1610612736" "--user" "0:0" "--network" "none" "ghcr.io/rust-lang/crates-build-env/linux@sha256:4a844ea9eb2546a2d2c7022eacef16ef2e8229c7fbb2c7d4d55a9ceca922f72d" "/opt/rustwide/cargo-home/bin/cargo" "+nightly-2024-10-28" "test" "--frozen", kill_on_drop: false }`
[INFO] [stdout] ae1a864ea845ec4786ebd75dae98d0bb0b2f79d9a54e2c2e107ed68b385157f7
[INFO] running `Command { std: "docker" "start" "-a" "ae1a864ea845ec4786ebd75dae98d0bb0b2f79d9a54e2c2e107ed68b385157f7", kill_on_drop: false }`
[INFO] [stderr]     Finished `test` profile [unoptimized + debuginfo] target(s) in 0.02s
[INFO] [stderr]      Running unittests src/lib.rs (/opt/rustwide/target/debug/deps/gmm-69e8cb98440aefb8)
[INFO] [stdout] 
[INFO] [stdout] running 57 tests
[INFO] [stdout] test tests::quaternion_op::quaternion_conjugate ... ok
[INFO] [stdout] test tests::matrix_base_op::matrix3x3_add has been running for over 60 seconds
[INFO] [stdout] test tests::matrix_base_op::matrix3x3_mul has been running for over 60 seconds
[INFO] [stdout] test tests::matrix_base_op::matrix3x3_mul_scalar has been running for over 60 seconds
[INFO] [stdout] test tests::matrix_base_op::matrix3x3_neg has been running for over 60 seconds
[INFO] [stdout] test tests::matrix_base_op::matrix3x3_sub has been running for over 60 seconds
[INFO] [stdout] test tests::matrix_base_op::matrix4x4_add has been running for over 60 seconds
[INFO] [stdout] test tests::matrix_base_op::matrix4x4_mul has been running for over 60 seconds
[INFO] [stdout] test tests::matrix_base_op::matrix4x4_mul_scalar has been running for over 60 seconds
[INFO] [stdout] test tests::matrix_base_op::matrix4x4_neg has been running for over 60 seconds
[INFO] [stdout] test tests::matrix_base_op::matrix4x4_sub has been running for over 60 seconds
[INFO] [stdout] test tests::matrix_op::matrix3x3_determinant has been running for over 60 seconds
[INFO] [stdout] test tests::matrix_op::matrix3x3_transpose has been running for over 60 seconds
[INFO] [stdout] test tests::matrix_op::matrix4x4_determinant has been running for over 60 seconds
[INFO] [stdout] test tests::matrix_op::matrix4x4_inverse has been running for over 60 seconds
[INFO] [stdout] test tests::matrix_op::matrix4x4_transpose has been running for over 60 seconds
[INFO] [stdout] test tests::quaternion_op::quaternion_inverse ... ok
[INFO] [stdout] test tests::matrix_op::matrix3x3_determinant ... ok
[INFO] [stdout] test tests::matrix_op::matrix3x3_transpose ... ok
[INFO] [stdout] test tests::matrix_base_op::matrix3x3_neg ... ok
[INFO] [stdout] test tests::matrix_base_op::matrix3x3_mul_scalar ... ok
[INFO] [stdout] test tests::vector_base_op::vector2_add_scalar ... ok
[INFO] [stdout] test tests::vector_base_op::vector2_div_scalar ... ok
[INFO] [stdout] test tests::vector_base_op::vector2_add ... ok
[INFO] [stdout] test tests::vector_base_op::vector2_div ... ok
[INFO] [stdout] test tests::vector_base_op::vector2_neg ... ok
[INFO] [stdout] test tests::vector_base_op::vector2_mul_scalar ... ok
[INFO] [stdout] test tests::matrix_base_op::matrix4x4_mul_scalar ... ok
[INFO] [stdout] test tests::matrix_op::matrix4x4_determinant ... ok
[INFO] [stdout] test tests::vector_base_op::vector2_mul ... ok
[INFO] [stdout] test tests::quaternion_op::quaternion_mul ... ok
[INFO] [stdout] test tests::matrix_base_op::matrix3x3_add ... ok
[INFO] [stdout] test tests::vector_base_op::vector2_sub ... ok
[INFO] [stdout] test tests::vector_base_op::vector2_sub_scalar ... ok
[INFO] [stdout] test tests::matrix_base_op::matrix3x3_sub ... ok
[INFO] [stdout] test tests::matrix_op::matrix4x4_transpose ... ok
[INFO] [stdout] test tests::matrix_base_op::matrix4x4_neg ... ok
[INFO] [stdout] test tests::vector_base_op::vector3_add_scalar ... ok
[INFO] [stdout] test tests::vector_base_op::vector3_div_scalar ... ok
[INFO] [stdout] test tests::vector_base_op::vector3_mul_scalar ... ok
[INFO] [stdout] test tests::vector_base_op::vector3_div ... ok
[INFO] [stdout] test tests::vector_base_op::vector3_neg ... ok
[INFO] [stdout] test tests::vector_base_op::vector3_add ... ok
[INFO] [stdout] test tests::vector_base_op::vector3_sub_scalar ... ok
[INFO] [stdout] test tests::vector_base_op::vector3_mul has been running for over 60 seconds
[INFO] [stdout] test tests::vector_base_op::vector3_sub has been running for over 60 seconds
[INFO] [stdout] test tests::vector_base_op::vector4_add has been running for over 60 seconds
[INFO] [stdout] test tests::matrix_op::matrix4x4_inverse ... ok
[INFO] [stdout] test tests::vector_base_op::vector4_add_scalar ... ok
[INFO] [stdout] test tests::matrix_base_op::matrix3x3_mul ... ok
[INFO] [stdout] test tests::vector_base_op::vector3_mul ... ok
[INFO] [stdout] test tests::vector_base_op::vector3_sub ... ok
[INFO] [stdout] test tests::vector_base_op::vector4_div has been running for over 60 seconds
[INFO] [stdout] test tests::vector_base_op::vector4_div_scalar has been running for over 60 seconds
[INFO] [stdout] test tests::vector_base_op::vector4_div_scalar ... ok
[INFO] [stdout] test tests::vector_base_op::vector4_neg ... ok
[INFO] [stdout] test tests::vector_base_op::vector4_add ... ok
[INFO] [stdout] test tests::vector_base_op::vector4_mul_scalar ... ok
[INFO] [stdout] test tests::vector_base_op::vector4_mul has been running for over 60 seconds
[INFO] [stdout] test tests::vector_base_op::vector4_div ... ok
[INFO] [stdout] test tests::vector_base_op::vector4_sub_scalar ... ok
[INFO] [stdout] test tests::vector_base_op::vector4_mul ... ok
[INFO] [stdout] test tests::vector_base_op::vector4_sub ... ok
[INFO] [stdout] test tests::vector_op::vector2_dot ... ok
[INFO] [stdout] test tests::vector_cmp::vector_gt ... ok
[INFO] [stdout] test tests::vector_cmp::vector_ge ... ok
[INFO] [stdout] test tests::vector_cmp::vector_le ... ok
[INFO] [stdout] test tests::vector_cmp::vector_max ... ok
[INFO] [stdout] test tests::vector_cmp::vector_lt ... ok
[INFO] [stdout] test tests::vector_op::vector_abs ... ok
[INFO] [stdout] test tests::vector_cmp::vector_min ... ok
[INFO] [stdout] test tests::vector_op::vector3_cross ... ok
[INFO] [stdout] test tests::vector_op::vector3_dot ... ok
[INFO] [stdout] test tests::vector_op::vector_sum ... ok
[INFO] [stdout] test tests::matrix_base_op::matrix4x4_add ... ok
[INFO] [stdout] test tests::matrix_base_op::matrix4x4_sub ... ok
[INFO] [stdout] test tests::vector_op::vector4_dot ... ok
[INFO] [stdout] test tests::matrix_base_op::matrix4x4_mul ... ok
[INFO] [stdout] 
[INFO] [stdout] test result: ok. 57 passed; 0 failed; 0 ignored; 0 measured; 0 filtered out; finished in 293.88s
[INFO] [stdout] 
[INFO] [stderr]    Doc-tests gmm
[INFO] [stdout] 
[INFO] [stdout] running 2 tests
[INFO] [stdout] test src/lib.rs - (line 25) ... FAILED
[INFO] [stdout] test src/lib.rs - (line 10) ... ok
[INFO] [stdout] 
[INFO] [stdout] failures:
[INFO] [stdout] 
[INFO] [stdout] ---- src/lib.rs - (line 25) stdout ----
[INFO] [stdout] error[E0277]: `Vector` doesn't implement `std::fmt::Display`
[INFO] [stdout]   --> src/lib.rs:34:26
[INFO] [stdout]    |
[INFO] [stdout] 12 | println!("{} + {} = {}", a, s, res);
[INFO] [stdout]    |                          ^ `Vector` cannot be formatted with the default formatter
[INFO] [stdout]    |
[INFO] [stdout]    = help: the trait `std::fmt::Display` is not implemented for `Vector`
[INFO] [stdout]    = note: in format strings you may be able to use `{:?}` (or {:#?} for pretty-print) instead
[INFO] [stdout]    = note: this error originates in the macro `$crate::format_args_nl` which comes from the expansion of the macro `println` (in Nightly builds, run with -Z macro-backtrace for more info)
[INFO] [stdout] 
[INFO] [stdout] error[E0277]: `Vector` doesn't implement `std::fmt::Display`
[INFO] [stdout]   --> src/lib.rs:34:29
[INFO] [stdout]    |
[INFO] [stdout] 12 | println!("{} + {} = {}", a, s, res);
[INFO] [stdout]    |                             ^ `Vector` cannot be formatted with the default formatter
[INFO] [stdout]    |
[INFO] [stdout]    = help: the trait `std::fmt::Display` is not implemented for `Vector`
[INFO] [stdout]    = note: in format strings you may be able to use `{:?}` (or {:#?} for pretty-print) instead
[INFO] [stdout]    = note: this error originates in the macro `$crate::format_args_nl` which comes from the expansion of the macro `println` (in Nightly builds, run with -Z macro-backtrace for more info)
[INFO] [stdout] 
[INFO] [stdout] error[E0277]: `Vector` doesn't implement `std::fmt::Display`
[INFO] [stdout]   --> src/lib.rs:34:32
[INFO] [stdout]    |
[INFO] [stdout] 12 | println!("{} + {} = {}", a, s, res);
[INFO] [stdout]    |                                ^^^ `Vector` cannot be formatted with the default formatter
[INFO] [stdout]    |
[INFO] [stdout]    = help: the trait `std::fmt::Display` is not implemented for `Vector`
[INFO] [stdout]    = note: in format strings you may be able to use `{:?}` (or {:#?} for pretty-print) instead
[INFO] [stdout]    = note: this error originates in the macro `$crate::format_args_nl` which comes from the expansion of the macro `println` (in Nightly builds, run with -Z macro-backtrace for more info)
[INFO] [stdout] 
[INFO] [stdout] error: aborting due to 3 previous errors
[INFO] [stdout] 
[INFO] [stdout] For more information about this error, try `rustc --explain E0277`.
[INFO] [stdout] Couldn't compile the test.
[INFO] [stdout] 
[INFO] [stdout] failures:
[INFO] [stdout]     src/lib.rs - (line 25)
[INFO] [stdout] 
[INFO] [stdout] test result: FAILED. 1 passed; 1 failed; 0 ignored; 0 measured; 0 filtered out; finished in 0.65s
[INFO] [stdout] 
[INFO] [stderr] error: doctest failed, to rerun pass `--doc`
[INFO] running `Command { std: "docker" "inspect" "ae1a864ea845ec4786ebd75dae98d0bb0b2f79d9a54e2c2e107ed68b385157f7", kill_on_drop: false }`
[INFO] running `Command { std: "docker" "rm" "-f" "ae1a864ea845ec4786ebd75dae98d0bb0b2f79d9a54e2c2e107ed68b385157f7", kill_on_drop: false }`
[INFO] [stdout] ae1a864ea845ec4786ebd75dae98d0bb0b2f79d9a54e2c2e107ed68b385157f7
