[INFO] fetching crate gluesql-composite-storage 0.16.2...
[INFO] testing gluesql-composite-storage-0.16.2 against nightly-2024-10-28 for randomize-layout
[INFO] extracting crate gluesql-composite-storage 0.16.2 into /workspace/builds/worker-7-tc1/source
[INFO] validating manifest of crates.io crate gluesql-composite-storage 0.16.2 on toolchain nightly-2024-10-28
[INFO] running `Command { std: CARGO_HOME="/workspace/cargo-home" RUSTUP_HOME="/workspace/rustup-home" "/workspace/cargo-home/bin/cargo" "+nightly-2024-10-28" "metadata" "--manifest-path" "Cargo.toml" "--no-deps", kill_on_drop: false }`
[INFO] started tweaking crates.io crate gluesql-composite-storage 0.16.2
[INFO] finished tweaking crates.io crate gluesql-composite-storage 0.16.2
[INFO] tweaked toml for crates.io crate gluesql-composite-storage 0.16.2 written to /workspace/builds/worker-7-tc1/source/Cargo.toml
[INFO] running `Command { std: CARGO_HOME="/workspace/cargo-home" RUSTUP_HOME="/workspace/rustup-home" "/workspace/cargo-home/bin/cargo" "+nightly-2024-10-28" "generate-lockfile" "--manifest-path" "Cargo.toml", kill_on_drop: false }`
[INFO] [stderr]     Updating crates.io index
[INFO] [stderr]      Locking 198 packages to latest compatible versions
[INFO] running `Command { std: CARGO_HOME="/workspace/cargo-home" RUSTUP_HOME="/workspace/rustup-home" "/workspace/cargo-home/bin/cargo" "+nightly-2024-10-28" "fetch" "--manifest-path" "Cargo.toml", kill_on_drop: false }`
[INFO] [stderr]  Downloading crates ...
[INFO] [stderr]   Downloaded gluesql_memory_storage v0.16.2
[INFO] [stderr]   Downloaded gluesql-utils v0.16.2
[INFO] [stderr]   Downloaded rust_decimal v1.36.0
[INFO] [stderr]   Downloaded gluesql_sled_storage v0.16.2
[INFO] [stderr]   Downloaded iter-enum v1.1.3
[INFO] [stderr]   Downloaded gluesql-test-suite v0.16.2
[INFO] [stderr]   Downloaded gluesql-core v0.16.2
[INFO] [stderr]   Downloaded sqlparser v0.46.0
[INFO] running `Command { std: "docker" "create" "-v" "/var/lib/crater-agent-workspace/builds/worker-7-tc1/target:/opt/rustwide/target:rw,Z" "-v" "/var/lib/crater-agent-workspace/builds/worker-7-tc1/source:/opt/rustwide/workdir:ro,Z" "-v" "/var/lib/crater-agent-workspace/cargo-home:/opt/rustwide/cargo-home:ro,Z" "-v" "/var/lib/crater-agent-workspace/rustup-home:/opt/rustwide/rustup-home:ro,Z" "-e" "SOURCE_DIR=/opt/rustwide/workdir" "-e" "CARGO_TARGET_DIR=/opt/rustwide/target" "-e" "CARGO_HOME=/opt/rustwide/cargo-home" "-e" "RUSTUP_HOME=/opt/rustwide/rustup-home" "-w" "/opt/rustwide/workdir" "-m" "1610612736" "--user" "0:0" "--network" "none" "ghcr.io/rust-lang/crates-build-env/linux@sha256:4a844ea9eb2546a2d2c7022eacef16ef2e8229c7fbb2c7d4d55a9ceca922f72d" "/opt/rustwide/cargo-home/bin/cargo" "+nightly-2024-10-28" "metadata" "--no-deps" "--format-version=1", kill_on_drop: false }`
[INFO] [stdout] bd090ec71f332763c9bcaa05445dca5a8228c36e596f32587e2c7ceda6148125
[INFO] running `Command { std: "docker" "start" "-a" "bd090ec71f332763c9bcaa05445dca5a8228c36e596f32587e2c7ceda6148125", kill_on_drop: false }`
[INFO] running `Command { std: "docker" "inspect" "bd090ec71f332763c9bcaa05445dca5a8228c36e596f32587e2c7ceda6148125", kill_on_drop: false }`
[INFO] running `Command { std: "docker" "rm" "-f" "bd090ec71f332763c9bcaa05445dca5a8228c36e596f32587e2c7ceda6148125", kill_on_drop: false }`
[INFO] [stdout] bd090ec71f332763c9bcaa05445dca5a8228c36e596f32587e2c7ceda6148125
[INFO] running `Command { std: "docker" "create" "-v" "/var/lib/crater-agent-workspace/builds/worker-7-tc1/target:/opt/rustwide/target:rw,Z" "-v" "/var/lib/crater-agent-workspace/builds/worker-7-tc1/source:/opt/rustwide/workdir:ro,Z" "-v" "/var/lib/crater-agent-workspace/cargo-home:/opt/rustwide/cargo-home:ro,Z" "-v" "/var/lib/crater-agent-workspace/rustup-home:/opt/rustwide/rustup-home:ro,Z" "-e" "SOURCE_DIR=/opt/rustwide/workdir" "-e" "CARGO_TARGET_DIR=/opt/rustwide/target" "-e" "CARGO_INCREMENTAL=0" "-e" "RUST_BACKTRACE=full" "-e" "RUSTFLAGS=--cap-lints=forbid" "-e" "RUSTDOCFLAGS=--cap-lints=forbid" "-e" "CARGO_HOME=/opt/rustwide/cargo-home" "-e" "RUSTUP_HOME=/opt/rustwide/rustup-home" "-w" "/opt/rustwide/workdir" "-m" "1610612736" "--user" "0:0" "--network" "none" "ghcr.io/rust-lang/crates-build-env/linux@sha256:4a844ea9eb2546a2d2c7022eacef16ef2e8229c7fbb2c7d4d55a9ceca922f72d" "/opt/rustwide/cargo-home/bin/cargo" "+nightly-2024-10-28" "build" "--frozen" "--message-format=json", kill_on_drop: false }`
[INFO] [stdout] 42bf7b60f5c729dbc5f11a8eeb8dfe84948d2d4379c0ba4dd89b4bc886a12f29
[INFO] running `Command { std: "docker" "start" "-a" "42bf7b60f5c729dbc5f11a8eeb8dfe84948d2d4379c0ba4dd89b4bc886a12f29", kill_on_drop: false }`
[INFO] [stderr]    Compiling autocfg v1.4.0
[INFO] [stderr]    Compiling typenum v1.17.0
[INFO] [stderr]    Compiling version_check v0.9.5
[INFO] [stderr]    Compiling libc v0.2.161
[INFO] [stderr]    Compiling serde v1.0.214
[INFO] [stderr]    Compiling memchr v2.7.4
[INFO] [stderr]    Compiling futures-sink v0.3.31
[INFO] [stderr]    Compiling futures-core v0.3.31
[INFO] [stderr]    Compiling libm v0.2.11
[INFO] [stderr]    Compiling pin-utils v0.1.0
[INFO] [stderr]    Compiling pin-project-lite v0.2.15
[INFO] [stderr]    Compiling syn v1.0.109
[INFO] [stderr]    Compiling futures-io v0.3.31
[INFO] [stderr]    Compiling futures-task v0.3.31
[INFO] [stderr]    Compiling syn v2.0.86
[INFO] [stderr]    Compiling byteorder v1.5.0
[INFO] [stderr]    Compiling rustversion v1.0.18
[INFO] [stderr]    Compiling futures-channel v0.3.31
[INFO] [stderr]    Compiling hashbrown v0.12.3
[INFO] [stderr]    Compiling serde_json v1.0.132
[INFO] [stderr]    Compiling regex-syntax v0.8.5
[INFO] [stderr]    Compiling rust_decimal v1.36.0
[INFO] [stderr]    Compiling thiserror v1.0.66
[INFO] [stderr]    Compiling heck v0.4.1
[INFO] [stderr]    Compiling iana-time-zone v0.1.61
[INFO] [stderr]    Compiling generic-array v0.14.7
[INFO] [stderr]    Compiling im-rc v15.1.0
[INFO] [stderr]    Compiling num-traits v0.2.19
[INFO] [stderr]    Compiling slab v0.4.9
[INFO] [stderr]    Compiling bigdecimal v0.4.6
[INFO] [stderr]    Compiling indexmap v1.9.3
[INFO] [stderr]    Compiling aho-corasick v1.1.3
[INFO] [stderr]    Compiling itoa v1.0.11
[INFO] [stderr]    Compiling either v1.13.0
[INFO] [stderr]    Compiling ryu v1.0.18
[INFO] [stderr]    Compiling log v0.4.22
[INFO] [stderr]    Compiling arrayvec v0.7.6
[INFO] [stderr]    Compiling itertools v0.12.1
[INFO] [stderr]    Compiling getrandom v0.2.15
[INFO] [stderr]    Compiling hex v0.4.3
[INFO] [stderr]    Compiling rand_core v0.6.4
[INFO] [stderr]    Compiling uuid v1.11.0
[INFO] [stderr]    Compiling bitmaps v2.1.0
[INFO] [stderr]    Compiling rand_xoshiro v0.6.0
[INFO] [stderr]    Compiling num-integer v0.1.46
[INFO] [stderr]    Compiling block-buffer v0.10.4
[INFO] [stderr]    Compiling crypto-common v0.1.6
[INFO] [stderr]    Compiling num-bigint v0.4.6
[INFO] [stderr]    Compiling digest v0.10.7
[INFO] [stderr]    Compiling sized-chunks v0.6.5
[INFO] [stderr]    Compiling md-5 v0.10.6
[INFO] [stderr]    Compiling regex-automata v0.4.8
[INFO] [stderr]    Compiling derive_utils v0.11.2
[INFO] [stderr]    Compiling toml v0.5.11
[INFO] [stderr]    Compiling derive_utils v0.14.2
[INFO] [stderr]    Compiling serde_derive v1.0.214
[INFO] [stderr]    Compiling futures-macro v0.3.31
[INFO] [stderr]    Compiling zerocopy-derive v0.7.35
[INFO] [stderr]    Compiling pin-project-internal v1.1.7
[INFO] [stderr]    Compiling thiserror-impl v1.0.66
[INFO] [stderr]    Compiling async-trait v0.1.83
[INFO] [stderr]    Compiling async-recursion v1.1.1
[INFO] [stderr]    Compiling strum_macros v0.25.3
[INFO] [stderr]    Compiling iter-enum v1.1.3
[INFO] [stderr]    Compiling find-crate v0.6.3
[INFO] [stderr]    Compiling futures-enum v0.1.17
[INFO] [stderr]    Compiling regex v1.11.1
[INFO] [stderr]    Compiling zerocopy v0.7.35
[INFO] [stderr]    Compiling futures-util v0.3.31
[INFO] [stderr]    Compiling pin-project v1.1.7
[INFO] [stderr]    Compiling ppv-lite86 v0.2.20
[INFO] [stderr]    Compiling rand_chacha v0.3.1
[INFO] [stderr]    Compiling rand v0.8.5
[INFO] [stderr]    Compiling futures-executor v0.3.31
[INFO] [stderr]    Compiling futures v0.3.31
[INFO] [stderr]    Compiling gluesql-utils v0.16.2
[INFO] [stderr]    Compiling chrono v0.4.38
[INFO] [stderr]    Compiling ordered-float v4.4.0
[INFO] [stderr]    Compiling sqlparser v0.46.0
[INFO] [stderr]    Compiling gluesql-core v0.16.2
[INFO] [stderr]    Compiling gluesql-composite-storage v0.16.2 (/opt/rustwide/workdir)
[INFO] [stderr]     Finished `dev` profile [unoptimized + debuginfo] target(s) in 34.67s
[INFO] running `Command { std: "docker" "inspect" "42bf7b60f5c729dbc5f11a8eeb8dfe84948d2d4379c0ba4dd89b4bc886a12f29", kill_on_drop: false }`
[INFO] running `Command { std: "docker" "rm" "-f" "42bf7b60f5c729dbc5f11a8eeb8dfe84948d2d4379c0ba4dd89b4bc886a12f29", kill_on_drop: false }`
[INFO] [stdout] 42bf7b60f5c729dbc5f11a8eeb8dfe84948d2d4379c0ba4dd89b4bc886a12f29
[INFO] running `Command { std: "docker" "create" "-v" "/var/lib/crater-agent-workspace/builds/worker-7-tc1/target:/opt/rustwide/target:rw,Z" "-v" "/var/lib/crater-agent-workspace/builds/worker-7-tc1/source:/opt/rustwide/workdir:ro,Z" "-v" "/var/lib/crater-agent-workspace/cargo-home:/opt/rustwide/cargo-home:ro,Z" "-v" "/var/lib/crater-agent-workspace/rustup-home:/opt/rustwide/rustup-home:ro,Z" "-e" "SOURCE_DIR=/opt/rustwide/workdir" "-e" "CARGO_TARGET_DIR=/opt/rustwide/target" "-e" "CARGO_INCREMENTAL=0" "-e" "RUST_BACKTRACE=full" "-e" "RUSTFLAGS=--cap-lints=forbid" "-e" "RUSTDOCFLAGS=--cap-lints=forbid" "-e" "CARGO_HOME=/opt/rustwide/cargo-home" "-e" "RUSTUP_HOME=/opt/rustwide/rustup-home" "-w" "/opt/rustwide/workdir" "-m" "1610612736" "--user" "0:0" "--network" "none" "ghcr.io/rust-lang/crates-build-env/linux@sha256:4a844ea9eb2546a2d2c7022eacef16ef2e8229c7fbb2c7d4d55a9ceca922f72d" "/opt/rustwide/cargo-home/bin/cargo" "+nightly-2024-10-28" "test" "--frozen" "--no-run" "--message-format=json", kill_on_drop: false }`
[INFO] [stdout] 2c5b4c4a62abe20c694ca8efa7e105ed49ffc3d381632315a9b8fdb4fe1d55b2
[INFO] running `Command { std: "docker" "start" "-a" "2c5b4c4a62abe20c694ca8efa7e105ed49ffc3d381632315a9b8fdb4fe1d55b2", kill_on_drop: false }`
[INFO] [stderr]    Compiling libc v0.2.161
[INFO] [stderr]    Compiling byteorder v1.5.0
[INFO] [stderr]    Compiling futures-io v0.3.31
[INFO] [stderr]    Compiling crossbeam-utils v0.8.20
[INFO] [stderr]    Compiling lock_api v0.4.12
[INFO] [stderr]    Compiling io-lifetimes v1.0.11
[INFO] [stderr]    Compiling parking_lot_core v0.8.6
[INFO] [stderr]    Compiling polling v2.8.0
[INFO] [stderr]    Compiling instant v0.1.13
[INFO] [stderr]    Compiling smallvec v1.13.2
[INFO] [stderr]    Compiling rustix v0.37.27
[INFO] [stderr]    Compiling scopeguard v1.2.0
[INFO] [stderr]    Compiling async-io v1.13.0
[INFO] [stderr]    Compiling parking v2.2.1
[INFO] [stderr]    Compiling linux-raw-sys v0.3.8
[INFO] [stderr]    Compiling event-listener v2.5.3
[INFO] [stderr]    Compiling futures-util v0.3.31
[INFO] [stderr]    Compiling waker-fn v1.2.0
[INFO] [stderr]    Compiling fastrand v1.9.0
[INFO] [stderr]    Compiling bitflags v1.3.2
[INFO] [stderr]    Compiling async-lock v2.8.0
[INFO] [stderr]    Compiling crc32fast v1.4.2
[INFO] [stderr]    Compiling yansi v1.0.1
[INFO] [stderr]    Compiling zerocopy v0.7.35
[INFO] [stderr]    Compiling fxhash v0.2.1
[INFO] [stderr]    Compiling diff v0.1.13
[INFO] [stderr]    Compiling bincode v1.3.3
[INFO] [stderr]    Compiling tokio-macros v2.4.0
[INFO] [stderr]    Compiling futures-lite v1.13.0
[INFO] [stderr]    Compiling pretty_assertions v1.4.1
[INFO] [stderr]    Compiling concurrent-queue v2.5.0
[INFO] [stderr]    Compiling crossbeam-epoch v0.9.18
[INFO] [stderr]    Compiling tokio v1.41.0
[INFO] [stderr]    Compiling ppv-lite86 v0.2.20
[INFO] [stderr]    Compiling getrandom v0.2.15
[INFO] [stderr]    Compiling socket2 v0.4.10
[INFO] [stderr]    Compiling fs2 v0.4.3
[INFO] [stderr]    Compiling rand_core v0.6.4
[INFO] [stderr]    Compiling uuid v1.11.0
[INFO] [stderr]    Compiling parking_lot v0.11.2
[INFO] [stderr]    Compiling rand_xoshiro v0.6.0
[INFO] [stderr]    Compiling rand_chacha v0.3.1
[INFO] [stderr]    Compiling sled v0.34.7
[INFO] [stderr]    Compiling im-rc v15.1.0
[INFO] [stderr]    Compiling rand v0.8.5
[INFO] [stderr]    Compiling futures-executor v0.3.31
[INFO] [stderr]    Compiling futures v0.3.31
[INFO] [stderr]    Compiling gluesql-utils v0.16.2
[INFO] [stderr]    Compiling gluesql-core v0.16.2
[INFO] [stderr]    Compiling gluesql_memory_storage v0.16.2
[INFO] [stderr]    Compiling gluesql_sled_storage v0.16.2
[INFO] [stderr]    Compiling gluesql-test-suite v0.16.2
[INFO] [stderr]    Compiling gluesql-composite-storage v0.16.2 (/opt/rustwide/workdir)
[INFO] [stderr]     Finished `test` profile [unoptimized + debuginfo] target(s) in 21.64s
[INFO] running `Command { std: "docker" "inspect" "2c5b4c4a62abe20c694ca8efa7e105ed49ffc3d381632315a9b8fdb4fe1d55b2", kill_on_drop: false }`
[INFO] running `Command { std: "docker" "rm" "-f" "2c5b4c4a62abe20c694ca8efa7e105ed49ffc3d381632315a9b8fdb4fe1d55b2", kill_on_drop: false }`
[INFO] [stdout] 2c5b4c4a62abe20c694ca8efa7e105ed49ffc3d381632315a9b8fdb4fe1d55b2
[INFO] running `Command { std: "docker" "create" "-v" "/var/lib/crater-agent-workspace/builds/worker-7-tc1/target:/opt/rustwide/target:rw,Z" "-v" "/var/lib/crater-agent-workspace/builds/worker-7-tc1/source:/opt/rustwide/workdir:ro,Z" "-v" "/var/lib/crater-agent-workspace/cargo-home:/opt/rustwide/cargo-home:ro,Z" "-v" "/var/lib/crater-agent-workspace/rustup-home:/opt/rustwide/rustup-home:ro,Z" "-e" "SOURCE_DIR=/opt/rustwide/workdir" "-e" "CARGO_TARGET_DIR=/opt/rustwide/target" "-e" "CARGO_INCREMENTAL=0" "-e" "RUST_BACKTRACE=full" "-e" "RUSTFLAGS=--cap-lints=forbid" "-e" "RUSTDOCFLAGS=--cap-lints=forbid" "-e" "CARGO_HOME=/opt/rustwide/cargo-home" "-e" "RUSTUP_HOME=/opt/rustwide/rustup-home" "-w" "/opt/rustwide/workdir" "-m" "1610612736" "--user" "0:0" "--network" "none" "ghcr.io/rust-lang/crates-build-env/linux@sha256:4a844ea9eb2546a2d2c7022eacef16ef2e8229c7fbb2c7d4d55a9ceca922f72d" "/opt/rustwide/cargo-home/bin/cargo" "+nightly-2024-10-28" "test" "--frozen", kill_on_drop: false }`
[INFO] [stdout] 77a543352489c7df908269db0e791b7758a6df5de445b97282b935c01ef61edf
[INFO] running `Command { std: "docker" "start" "-a" "77a543352489c7df908269db0e791b7758a6df5de445b97282b935c01ef61edf", kill_on_drop: false }`
[INFO] [stderr]     Finished `test` profile [unoptimized + debuginfo] target(s) in 0.17s
[INFO] [stderr]      Running unittests src/lib.rs (/opt/rustwide/target/debug/deps/gluesql_composite_storage-c47d110baa9b73cd)
[INFO] [stdout] 
[INFO] [stdout] running 0 tests
[INFO] [stdout] 
[INFO] [stdout] test result: ok. 0 passed; 0 failed; 0 ignored; 0 measured; 0 filtered out; finished in 0.00s
[INFO] [stdout] 
[INFO] [stderr]      Running tests/basic.rs (/opt/rustwide/target/debug/deps/basic-409bbd7a84cb2a19)
[INFO] [stdout] 
[INFO] [stdout] running 1 test
[INFO] [stdout] test basic ... ok
[INFO] [stdout] 
[INFO] [stdout] test result: ok. 1 passed; 0 failed; 0 ignored; 0 measured; 0 filtered out; finished in 0.06s
[INFO] [stdout] 
[INFO] [stderr]      Running tests/composite_storage.rs (/opt/rustwide/target/debug/deps/composite_storage-42c4b0318ca92fb8)
[INFO] [stdout] 
[INFO] [stdout] running 170 tests
[INFO] [stdout] test aggregate_error ... ok
[INFO] [stdout] test ast_builder_delete ... ok
[INFO] [stdout] test aggregate_stdev ... ok
[INFO] [stdout] test aggregate_avg ... ok
[INFO] [stdout] test aggregate_variance ... ok
[INFO] [stdout] test ast_builder_basic ... ok
[INFO] [stdout] test aggregate_count ... ok
[INFO] [stdout] test array ... ok
[INFO] [stdout] test ast_builder_function_datetime_current_date_and_time ... ok
[INFO] [stdout] test arithmetic_project ... ok
[INFO] [stdout] test ast_builder_function_math_conversion ... ok
[INFO] [stdout] test aggregate_min ... ok
[INFO] [stdout] test ast_builder_function_math_rounding ... ok
[INFO] [stdout] test aggregate_max ... ok
[INFO] [stdout] test ast_builder_function_datetime_formatting ... ok
[INFO] [stdout] test ast_builder_function_math_basic_arithmetic ... ok
[INFO] [stdout] test ast_builder_function_other_coalesce ... ok
[INFO] [stdout] test ast_builder_function_other_ifnull ... ok
[INFO] [stdout] test ast_builder_function_datetime_conversion ... ok
[INFO] [stdout] test aggregate_sum ... ok
[INFO] [stdout] test arithmetic_error ... ok
[INFO] [stdout] test ast_builder_function_text_character_conversion ... ok
[INFO] [stdout] test ast_builder_function_text_padding ... ok
[INFO] [stdout] test ast_builder_index_by ... ok
[INFO] [stdout] test ast_builder_function_text_case_conversion ... ok
[INFO] [stdout] test ast_builder_alias_as ... ok
[INFO] [stdout] test ast_builder_insert ... ok
[INFO] [stdout] test ast_builder_function_text_position_and_indexing ... ok
[INFO] [stdout] test ast_builder_statements_queryinng_data_selection_and_projection ... ok
[INFO] [stdout] test ast_builder_function_text_trimming ... ok
[INFO] [stdout] test ast_builder_statements_queryinng_data_aggregation ... ok
[INFO] [stdout] test aggregate_group_by ... ok
[INFO] [stdout] test ast_builder_values ... ok
[INFO] [stdout] test ast_builder_update ... ok
[INFO] [stdout] test bitwise_shift_right ... ok
[INFO] [stdout] test arithmetic_on_where ... ok
[INFO] [stdout] test ast_builder_select ... ok
[INFO] [stdout] test bitwise_shift_left ... ok
[INFO] [stdout] test basic ... ok
[INFO] [stdout] test date ... ok
[INFO] [stdout] test bytea ... ok
[INFO] [stdout] test concat ... ok
[INFO] [stdout] test column_alias ... ok
[INFO] [stdout] test delete ... ok
[INFO] [stdout] test dictionary ... ok
[INFO] [stdout] test decimal ... ok
[INFO] [stdout] test create_table ... ok
[INFO] [stdout] test default ... ok
[INFO] [stdout] test bitwise_and ... ok
[INFO] [stdout] test case ... ok
[INFO] [stdout] test function_abs ... ok
[INFO] [stdout] test drop_table ... ok
[INFO] [stdout] test function_append ... ok
[INFO] [stdout] test function_ceil ... ok
[INFO] [stdout] test float32 ... ok
[INFO] [stdout] test function_add_month ... ok
[INFO] [stdout] test function_dedup ... ok
[INFO] [stdout] test function_entries ... ok
[INFO] [stdout] test function_chr ... ok
[INFO] [stdout] test foreign_key ... ok
[INFO] [stdout] test function_ascii ... ok
[INFO] [stdout] test function_concat_ws ... ok
[INFO] [stdout] test function_degrees ... ok
[INFO] [stdout] test function_cast_value ... ok
[INFO] [stdout] test function_exp ... ok
[INFO] [stdout] test function_floor ... ok
[INFO] [stdout] test function_concat ... ok
[INFO] [stdout] test function_find_idx ... ok
[INFO] [stdout] test function_coalesce ... ok
[INFO] [stdout] test filter ... ok
[INFO] [stdout] test function_div_mod ... ok
[INFO] [stdout] test function_generate_uuid ... ok
[INFO] [stdout] test function_format ... ok
[INFO] [stdout] test function_extract ... ok
[INFO] [stdout] test function_geometry_calc_distance ... ok
[INFO] [stdout] test function_initcap ... ok
[INFO] [stdout] test function_ln ... ok
[INFO] [stdout] test function_greatest ... ok
[INFO] [stdout] test function_log10 ... ok
[INFO] [stdout] test function_length ... ok
[INFO] [stdout] test function_is_empty ... ok
[INFO] [stdout] test function_gcd_lcm ... ok
[INFO] [stdout] test function_last_day ... ok
[INFO] [stdout] test function_keys ... ok
[INFO] [stdout] test function_log ... ok
[INFO] [stdout] test function_log2 ... ok
[INFO] [stdout] test function_ifnull ... ok
[INFO] [stdout] test function_math_function_asin ... ok
[INFO] [stdout] test function_math_function_cos ... ok
[INFO] [stdout] test function_math_function_atan ... ok
[INFO] [stdout] test function_mod ... ok
[INFO] [stdout] test function_math_function_tan ... ok
[INFO] [stdout] test function_math_function_sin ... ok
[INFO] [stdout] test function_math_function_acos ... ok
[INFO] [stdout] test function_left_right ... ok
[INFO] [stdout] test function_geometry_get_y ... ok
[INFO] [stdout] test function_pi ... ok
[INFO] [stdout] test function_now ... ok
[INFO] [stdout] test function_geometry_get_x ... ok
[INFO] [stdout] test function_position ... ok
[INFO] [stdout] test function_round ... ok
[INFO] [stdout] test function_lpad_rpad ... ok
[INFO] [stdout] test function_rand ... ok
[INFO] [stdout] test function_power ... ok
[INFO] [stdout] test function_prepend ... ok
[INFO] [stdout] test function_radians ... ok
[INFO] [stdout] test function_reverse ... ok
[INFO] [stdout] test function_sign ... ok
[INFO] [stdout] test function_ltrim_rtrim ... ok
[INFO] [stdout] test function_skip ... ok
[INFO] [stdout] test function_replace ... ok
[INFO] [stdout] test function_sort ... ok
[INFO] [stdout] test function_sqrt ... ok
[INFO] [stdout] test function_splice ... ok
[INFO] [stdout] test function_cast_literal ... ok
[INFO] [stdout] test function_repeat ... ok
[INFO] [stdout] test inet ... ok
[INFO] [stdout] test function_slice ... ok
[INFO] [stdout] test function_values ... ok
[INFO] [stdout] test function_take ... ok
[INFO] [stdout] test function_upper_lower ... ok
[INFO] [stdout] test insert ... ok
[INFO] [stdout] test function_to_date ... ok
[INFO] [stdout] test int16 ... ok
[INFO] [stdout] test int32 ... ok
[INFO] [stdout] test int128 ... ok
[INFO] [stdout] test function_trim ... ok
[INFO] [stdout] test int8 ... ok
[INFO] [stdout] test list ... ok
[INFO] [stdout] test int64 ... ok
[INFO] [stdout] test join_project ... ok
[INFO] [stdout] test migrate ... ok
[INFO] [stdout] test nullable_text ... ok
[INFO] [stdout] test interval ... ok
[INFO] [stdout] test nullable_implicit_insert ... ok
[INFO] [stdout] test map ... ok
[INFO] [stdout] test function_substr ... ok
[INFO] [stdout] test inline_view ... ok
[INFO] [stdout] test show_columns ... ok
[INFO] [stdout] test limit ... ok
[INFO] [stdout] test primary_key ... ok
[INFO] [stdout] test schemaless_error ... ok
[INFO] [stdout] test series ... ok
[INFO] [stdout] test store_insert_schema ... ok
[INFO] [stdout] test schemaless_basic ... ok
[INFO] [stdout] test type_match ... ok
[INFO] [stdout] test order_by ... ok
[INFO] [stdout] test nullable ... ok
[INFO] [stdout] test uint128 ... ok
[INFO] [stdout] test sql_types ... ok
[INFO] [stdout] test project ... ok
[INFO] [stdout] test nested_select ... ok
[INFO] [stdout] test uint32 ... ok
[INFO] [stdout] test uint64 ... ok
[INFO] [stdout] test ordering ... ok
[INFO] [stdout] test uint16 ... ok
[INFO] [stdout] test uuid ... ok
[INFO] [stdout] test point ... ok
[INFO] [stdout] test time ... ok
[INFO] [stdout] test update ... ok
[INFO] [stdout] test validate_unique ... ok
[INFO] [stdout] test uint8 ... ok
[INFO] [stdout] test validate_types ... ok
[INFO] [stdout] test timestamp ... ok
[INFO] [stdout] test values ... ok
[INFO] [stdout] test synthesize ... ok
[INFO] [stdout] test ast_builder_expr_pattern_matching ... ok
[INFO] [stdout] test unary_operator ... ok
[INFO] [stdout] test join ... ok
[INFO] [stdout] test like_ilike ... ok
[INFO] [stdout] 
[INFO] [stdout] test result: ok. 170 passed; 0 failed; 0 ignored; 0 measured; 0 filtered out; finished in 0.17s
[INFO] [stdout] 
[INFO] [stderr]      Running tests/error.rs (/opt/rustwide/target/debug/deps/error-4626305d0da3cc7d)
[INFO] [stdout] 
[INFO] [stdout] running 3 tests
[INFO] [stdout] test composite_storage_index ... ok
[INFO] [stdout] test error ... ok
[INFO] [stdout] test composite_storage_function ... ok
[INFO] [stdout] 
[INFO] [stdout] test result: ok. 3 passed; 0 failed; 0 ignored; 0 measured; 0 filtered out; finished in 0.00s
[INFO] [stdout] 
[INFO] [stderr]      Running tests/memory_and_sled.rs (/opt/rustwide/target/debug/deps/memory_and_sled-f1022f7d39e21248)
[INFO] [stdout] 
[INFO] [stdout] running 1 test
[INFO] [stdout] test memory_and_sled ... FAILED
[INFO] [stdout] 
[INFO] [stdout] failures:
[INFO] [stdout] 
[INFO] [stdout] ---- memory_and_sled stdout ----
[INFO] [stdout] thread 'memory_and_sled' panicked at tests/memory_and_sled.rs:17:32:
[INFO] [stdout] called `Result::unwrap()` on an `Err` value: StorageMsg("IO error: Read-only file system (os error 30)")
[INFO] [stdout] stack backtrace:
[INFO] [stdout]    0:     0x5874c1967e7a - std::backtrace_rs::backtrace::libunwind::trace::h207520d6e9873551
[INFO] [stdout]                                at /rustc/df4ca44d3fbc9301ee17f30f4d474e6ae4b05252/library/std/src/../../backtrace/src/backtrace/libunwind.rs:116:5
[INFO] [stdout]    1:     0x5874c1967e7a - std::backtrace_rs::backtrace::trace_unsynchronized::h2ed7433f370e3eca
[INFO] [stdout]                                at /rustc/df4ca44d3fbc9301ee17f30f4d474e6ae4b05252/library/std/src/../../backtrace/src/backtrace/mod.rs:66:5
[INFO] [stdout]    2:     0x5874c1967e7a - std::sys::backtrace::_print_fmt::h916fac51166b18d7
[INFO] [stdout]                                at /rustc/df4ca44d3fbc9301ee17f30f4d474e6ae4b05252/library/std/src/sys/backtrace.rs:66:9
[INFO] [stdout]    3:     0x5874c1967e7a - <std::sys::backtrace::BacktraceLock::print::DisplayBacktrace as core::fmt::Display>::fmt::ha0a4c9b8ce3802e6
[INFO] [stdout]                                at /rustc/df4ca44d3fbc9301ee17f30f4d474e6ae4b05252/library/std/src/sys/backtrace.rs:39:26
[INFO] [stdout]    4:     0x5874c1995d13 - core::fmt::rt::Argument::fmt::h4cfc8587d52b3eb5
[INFO] [stdout]                                at /rustc/df4ca44d3fbc9301ee17f30f4d474e6ae4b05252/library/core/src/fmt/rt.rs:177:76
[INFO] [stdout]    5:     0x5874c1995d13 - core::fmt::write::h522cc39e5b36ae9f
[INFO] [stdout]                                at /rustc/df4ca44d3fbc9301ee17f30f4d474e6ae4b05252/library/core/src/fmt/mod.rs:1190:21
[INFO] [stdout]    6:     0x5874c19640e3 - std::io::Write::write_fmt::h7d3c26752da97734
[INFO] [stdout]                                at /rustc/df4ca44d3fbc9301ee17f30f4d474e6ae4b05252/library/std/src/io/mod.rs:1839:15
[INFO] [stdout]    7:     0x5874c1967cc2 - std::sys::backtrace::BacktraceLock::print::h4b9e00b29e9c0942
[INFO] [stdout]                                at /rustc/df4ca44d3fbc9301ee17f30f4d474e6ae4b05252/library/std/src/sys/backtrace.rs:42:9
[INFO] [stdout]    8:     0x5874c196930a - std::panicking::default_hook::{{closure}}::hb59b88280d0324d9
[INFO] [stdout]                                at /rustc/df4ca44d3fbc9301ee17f30f4d474e6ae4b05252/library/std/src/panicking.rs:268:22
[INFO] [stdout]    9:     0x5874c1969114 - std::panicking::default_hook::he1dd496665be4a29
[INFO] [stdout]                                at /rustc/df4ca44d3fbc9301ee17f30f4d474e6ae4b05252/library/std/src/panicking.rs:292:9
[INFO] [stdout]   10:     0x5874c0c191a9 - <alloc::boxed::Box<F,A> as core::ops::function::Fn<Args>>::call::h4ff71de18744e1dc
[INFO] [stdout]                                at /rustc/df4ca44d3fbc9301ee17f30f4d474e6ae4b05252/library/alloc/src/boxed.rs:2468:9
[INFO] [stdout]   11:     0x5874c0c191a9 - test::test_main::{{closure}}::hcf7c055ce117aa81
[INFO] [stdout]                                at /rustc/df4ca44d3fbc9301ee17f30f4d474e6ae4b05252/library/test/src/lib.rs:133:21
[INFO] [stdout]   12:     0x5874c1969a08 - <alloc::boxed::Box<F,A> as core::ops::function::Fn<Args>>::call::h1d66c6bbd60c9692
[INFO] [stdout]                                at /rustc/df4ca44d3fbc9301ee17f30f4d474e6ae4b05252/library/alloc/src/boxed.rs:2468:9
[INFO] [stdout]   13:     0x5874c1969a08 - std::panicking::rust_panic_with_hook::h2ff17fe8f26dfcf8
[INFO] [stdout]                                at /rustc/df4ca44d3fbc9301ee17f30f4d474e6ae4b05252/library/std/src/panicking.rs:809:13
[INFO] [stdout]   14:     0x5874c19697ca - std::panicking::begin_panic_handler::{{closure}}::h4fad77951c07e101
[INFO] [stdout]                                at /rustc/df4ca44d3fbc9301ee17f30f4d474e6ae4b05252/library/std/src/panicking.rs:674:13
[INFO] [stdout]   15:     0x5874c1968359 - std::sys::backtrace::__rust_end_short_backtrace::hb1a25b3da5d0ea08
[INFO] [stdout]                                at /rustc/df4ca44d3fbc9301ee17f30f4d474e6ae4b05252/library/std/src/sys/backtrace.rs:170:18
[INFO] [stdout]   16:     0x5874c196945c - rust_begin_unwind
[INFO] [stdout]                                at /rustc/df4ca44d3fbc9301ee17f30f4d474e6ae4b05252/library/std/src/panicking.rs:665:5
[INFO] [stdout]   17:     0x5874c1992f80 - core::panicking::panic_fmt::ha9db07b529f9b256
[INFO] [stdout]                                at /rustc/df4ca44d3fbc9301ee17f30f4d474e6ae4b05252/library/core/src/panicking.rs:75:14
[INFO] [stdout]   18:     0x5874c1993406 - core::result::unwrap_failed::h5e8218e4d4338b8a
[INFO] [stdout]                                at /rustc/df4ca44d3fbc9301ee17f30f4d474e6ae4b05252/library/core/src/result.rs:1698:5
[INFO] [stdout]   19:     0x5874c0bdd6d8 - core::result::Result<T,E>::unwrap::hd31f373293342e0a
[INFO] [stdout]                                at /rustc/df4ca44d3fbc9301ee17f30f4d474e6ae4b05252/library/core/src/result.rs:1103:23
[INFO] [stdout]   20:     0x5874c0bdd6d8 - memory_and_sled::memory_and_sled::{{closure}}::had6237ebd8947e29
[INFO] [stdout]                                at /opt/rustwide/workdir/tests/memory_and_sled.rs:17:9
[INFO] [stdout]   21:     0x5874c0b65432 - <core::pin::Pin<P> as core::future::future::Future>::poll::h8474cceac4659d29
[INFO] [stdout]                                at /rustc/df4ca44d3fbc9301ee17f30f4d474e6ae4b05252/library/core/src/future/future.rs:123:9
[INFO] [stdout]   22:     0x5874c0b653ed - <core::pin::Pin<P> as core::future::future::Future>::poll::h2ae7de982ae1cd9e
[INFO] [stdout]                                at /rustc/df4ca44d3fbc9301ee17f30f4d474e6ae4b05252/library/core/src/future/future.rs:123:9
[INFO] [stdout]   23:     0x5874c0b3d61f - tokio::runtime::scheduler::current_thread::CoreGuard::block_on::{{closure}}::{{closure}}::{{closure}}::hf419a824953c7426
[INFO] [stdout]                                at /opt/rustwide/cargo-home/registry/src/index.crates.io-6f17d22bba15001f/tokio-1.41.0/src/runtime/scheduler/current_thread/mod.rs:729:57
[INFO] [stdout]   24:     0x5874c0b3d515 - tokio::runtime::coop::with_budget::h13a467d6f916dd05
[INFO] [stdout]                                at /opt/rustwide/cargo-home/registry/src/index.crates.io-6f17d22bba15001f/tokio-1.41.0/src/runtime/coop.rs:107:5
[INFO] [stdout]   25:     0x5874c0b3d515 - tokio::runtime::coop::budget::h0a7a319f15645a39
[INFO] [stdout]                                at /opt/rustwide/cargo-home/registry/src/index.crates.io-6f17d22bba15001f/tokio-1.41.0/src/runtime/coop.rs:73:5
[INFO] [stdout]   26:     0x5874c0b3d515 - tokio::runtime::scheduler::current_thread::CoreGuard::block_on::{{closure}}::{{closure}}::hba0e9edcbc96e19b
[INFO] [stdout]                                at /opt/rustwide/cargo-home/registry/src/index.crates.io-6f17d22bba15001f/tokio-1.41.0/src/runtime/scheduler/current_thread/mod.rs:729:25
[INFO] [stdout]   27:     0x5874c0b3b1c0 - tokio::runtime::scheduler::current_thread::Context::enter::hcab397198dab115b
[INFO] [stdout]                                at /opt/rustwide/cargo-home/registry/src/index.crates.io-6f17d22bba15001f/tokio-1.41.0/src/runtime/scheduler/current_thread/mod.rs:428:19
[INFO] [stdout]   28:     0x5874c0b3c36b - tokio::runtime::scheduler::current_thread::CoreGuard::block_on::{{closure}}::h6bf7399792b4f933
[INFO] [stdout]                                at /opt/rustwide/cargo-home/registry/src/index.crates.io-6f17d22bba15001f/tokio-1.41.0/src/runtime/scheduler/current_thread/mod.rs:728:36
[INFO] [stdout]   29:     0x5874c0b3c084 - tokio::runtime::scheduler::current_thread::CoreGuard::enter::{{closure}}::hcbd37db38cf78711
[INFO] [stdout]                                at /opt/rustwide/cargo-home/registry/src/index.crates.io-6f17d22bba15001f/tokio-1.41.0/src/runtime/scheduler/current_thread/mod.rs:807:68
[INFO] [stdout]   30:     0x5874c0b64bfb - tokio::runtime::context::scoped::Scoped<T>::set::hc57b0eaf1954c738
[INFO] [stdout]                                at /opt/rustwide/cargo-home/registry/src/index.crates.io-6f17d22bba15001f/tokio-1.41.0/src/runtime/context/scoped.rs:40:9
[INFO] [stdout]   31:     0x5874c0bc6639 - tokio::runtime::context::set_scheduler::{{closure}}::h07d43593a4ef9e03
[INFO] [stdout]                                at /opt/rustwide/cargo-home/registry/src/index.crates.io-6f17d22bba15001f/tokio-1.41.0/src/runtime/context.rs:180:26
[INFO] [stdout]   32:     0x5874c0b9311d - std::thread::local::LocalKey<T>::try_with::h69a378a53dec0340
[INFO] [stdout]                                at /rustc/df4ca44d3fbc9301ee17f30f4d474e6ae4b05252/library/std/src/thread/local.rs:283:12
[INFO] [stdout]   33:     0x5874c0b927fa - std::thread::local::LocalKey<T>::with::hac229c78e087d2c6
[INFO] [stdout]                                at /rustc/df4ca44d3fbc9301ee17f30f4d474e6ae4b05252/library/std/src/thread/local.rs:260:9
[INFO] [stdout]   34:     0x5874c0bc65ad - tokio::runtime::context::set_scheduler::h685bc17413353cb1
[INFO] [stdout]                                at /opt/rustwide/cargo-home/registry/src/index.crates.io-6f17d22bba15001f/tokio-1.41.0/src/runtime/context.rs:180:9
[INFO] [stdout]   35:     0x5874c0b3b9f0 - tokio::runtime::scheduler::current_thread::CoreGuard::enter::h6e25b42129f15ef8
[INFO] [stdout]                                at /opt/rustwide/cargo-home/registry/src/index.crates.io-6f17d22bba15001f/tokio-1.41.0/src/runtime/scheduler/current_thread/mod.rs:807:27
[INFO] [stdout]   36:     0x5874c0b3c103 - tokio::runtime::scheduler::current_thread::CoreGuard::block_on::haf8b3ff9ce7a6759
[INFO] [stdout]                                at /opt/rustwide/cargo-home/registry/src/index.crates.io-6f17d22bba15001f/tokio-1.41.0/src/runtime/scheduler/current_thread/mod.rs:716:19
[INFO] [stdout]   37:     0x5874c0b39ea5 - tokio::runtime::scheduler::current_thread::CurrentThread::block_on::{{closure}}::h92fd51a4475d1c21
[INFO] [stdout]                                at /opt/rustwide/cargo-home/registry/src/index.crates.io-6f17d22bba15001f/tokio-1.41.0/src/runtime/scheduler/current_thread/mod.rs:196:28
[INFO] [stdout]   38:     0x5874c0b95de7 - tokio::runtime::context::runtime::enter_runtime::h8c5de69e8b120d61
[INFO] [stdout]                                at /opt/rustwide/cargo-home/registry/src/index.crates.io-6f17d22bba15001f/tokio-1.41.0/src/runtime/context/runtime.rs:65:16
[INFO] [stdout]   39:     0x5874c0b39bb1 - tokio::runtime::scheduler::current_thread::CurrentThread::block_on::hc613e3624c886033
[INFO] [stdout]                                at /opt/rustwide/cargo-home/registry/src/index.crates.io-6f17d22bba15001f/tokio-1.41.0/src/runtime/scheduler/current_thread/mod.rs:184:9
[INFO] [stdout]   40:     0x5874c0b9652a - tokio::runtime::runtime::Runtime::block_on_inner::hd2b7316511c413eb
[INFO] [stdout]                                at /opt/rustwide/cargo-home/registry/src/index.crates.io-6f17d22bba15001f/tokio-1.41.0/src/runtime/runtime.rs:368:47
[INFO] [stdout]   41:     0x5874c0b966e7 - tokio::runtime::runtime::Runtime::block_on::he631184c44949871
[INFO] [stdout]                                at /opt/rustwide/cargo-home/registry/src/index.crates.io-6f17d22bba15001f/tokio-1.41.0/src/runtime/runtime.rs:342:13
[INFO] [stdout]   42:     0x5874c0bdd34e - memory_and_sled::memory_and_sled::hc1e2f3df2a5f9389
[INFO] [stdout]                                at /opt/rustwide/workdir/tests/memory_and_sled.rs:59:5
[INFO] [stdout]   43:     0x5874c0bdd1e7 - memory_and_sled::memory_and_sled::{{closure}}::hd4a3531d00dde781
[INFO] [stdout]                                at /opt/rustwide/workdir/tests/memory_and_sled.rs:11:27
[INFO] [stdout]   44:     0x5874c0ac5976 - core::ops::function::FnOnce::call_once::h51f44853c90472f1
[INFO] [stdout]                                at /rustc/df4ca44d3fbc9301ee17f30f4d474e6ae4b05252/library/core/src/ops/function.rs:250:5
[INFO] [stdout]   45:     0x5874c0c1da7b - core::ops::function::FnOnce::call_once::h22c3ba5715e93f05
[INFO] [stdout]                                at /rustc/df4ca44d3fbc9301ee17f30f4d474e6ae4b05252/library/core/src/ops/function.rs:250:5
[INFO] [stdout]   46:     0x5874c0c1da7b - test::__rust_begin_short_backtrace::h8e82d8113d0da17f
[INFO] [stdout]                                at /rustc/df4ca44d3fbc9301ee17f30f4d474e6ae4b05252/library/test/src/lib.rs:621:18
[INFO] [stdout]   47:     0x5874c0c1d3f7 - test::run_test_in_process::{{closure}}::h33235f4f20b7b7c7
[INFO] [stdout]                                at /rustc/df4ca44d3fbc9301ee17f30f4d474e6ae4b05252/library/test/src/lib.rs:644:60
[INFO] [stdout]   48:     0x5874c0c1d3f7 - <core::panic::unwind_safe::AssertUnwindSafe<F> as core::ops::function::FnOnce<()>>::call_once::hb5043206310c586f
[INFO] [stdout]                                at /rustc/df4ca44d3fbc9301ee17f30f4d474e6ae4b05252/library/core/src/panic/unwind_safe.rs:272:9
[INFO] [stdout]   49:     0x5874c0c1d3f7 - std::panicking::try::do_call::h9ad4731a60ab23e2
[INFO] [stdout]                                at /rustc/df4ca44d3fbc9301ee17f30f4d474e6ae4b05252/library/std/src/panicking.rs:557:40
[INFO] [stdout]   50:     0x5874c0c1d3f7 - std::panicking::try::h3824d23db772a716
[INFO] [stdout]                                at /rustc/df4ca44d3fbc9301ee17f30f4d474e6ae4b05252/library/std/src/panicking.rs:520:19
[INFO] [stdout]   51:     0x5874c0c1d3f7 - std::panic::catch_unwind::h5afd514605fde46b
[INFO] [stdout]                                at /rustc/df4ca44d3fbc9301ee17f30f4d474e6ae4b05252/library/std/src/panic.rs:358:14
[INFO] [stdout]   52:     0x5874c0c1d3f7 - test::run_test_in_process::h0d5cbfa7067d1720
[INFO] [stdout]                                at /rustc/df4ca44d3fbc9301ee17f30f4d474e6ae4b05252/library/test/src/lib.rs:644:27
[INFO] [stdout]   53:     0x5874c0c1d3f7 - test::run_test::{{closure}}::h708eb8872708115d
[INFO] [stdout]                                at /rustc/df4ca44d3fbc9301ee17f30f4d474e6ae4b05252/library/test/src/lib.rs:565:43
[INFO] [stdout]   54:     0x5874c0be0b14 - test::run_test::{{closure}}::h392c51cee94713ab
[INFO] [stdout]                                at /rustc/df4ca44d3fbc9301ee17f30f4d474e6ae4b05252/library/test/src/lib.rs:595:41
[INFO] [stdout]   55:     0x5874c0be0b14 - std::sys::backtrace::__rust_begin_short_backtrace::h2f40290710935a8b
[INFO] [stdout]                                at /rustc/df4ca44d3fbc9301ee17f30f4d474e6ae4b05252/library/std/src/sys/backtrace.rs:154:18
[INFO] [stdout]   56:     0x5874c0be42be - std::thread::Builder::spawn_unchecked_::{{closure}}::{{closure}}::h3fd968d89053a903
[INFO] [stdout]                                at /rustc/df4ca44d3fbc9301ee17f30f4d474e6ae4b05252/library/std/src/thread/mod.rs:541:17
[INFO] [stdout]   57:     0x5874c0be42be - <core::panic::unwind_safe::AssertUnwindSafe<F> as core::ops::function::FnOnce<()>>::call_once::h743f637ba4229880
[INFO] [stdout]                                at /rustc/df4ca44d3fbc9301ee17f30f4d474e6ae4b05252/library/core/src/panic/unwind_safe.rs:272:9
[INFO] [stdout]   58:     0x5874c0be42be - std::panicking::try::do_call::h07440897322525a6
[INFO] [stdout]                                at /rustc/df4ca44d3fbc9301ee17f30f4d474e6ae4b05252/library/std/src/panicking.rs:557:40
[INFO] [stdout]   59:     0x5874c0be42be - std::panicking::try::he5a2e00188156637
[INFO] [stdout]                                at /rustc/df4ca44d3fbc9301ee17f30f4d474e6ae4b05252/library/std/src/panicking.rs:520:19
[INFO] [stdout]   60:     0x5874c0be42be - std::panic::catch_unwind::hbaf3cae49b3c6433
[INFO] [stdout]                                at /rustc/df4ca44d3fbc9301ee17f30f4d474e6ae4b05252/library/std/src/panic.rs:358:14
[INFO] [stdout]   61:     0x5874c0be42be - std::thread::Builder::spawn_unchecked_::{{closure}}::h8e141ea224820bce
[INFO] [stdout]                                at /rustc/df4ca44d3fbc9301ee17f30f4d474e6ae4b05252/library/std/src/thread/mod.rs:540:30
[INFO] [stdout]   62:     0x5874c0be42be - core::ops::function::FnOnce::call_once{{vtable.shim}}::h90d312fedd7b8ea8
[INFO] [stdout]                                at /rustc/df4ca44d3fbc9301ee17f30f4d474e6ae4b05252/library/core/src/ops/function.rs:250:5
[INFO] [stdout]   63:     0x5874c196ec6b - <alloc::boxed::Box<F,A> as core::ops::function::FnOnce<Args>>::call_once::h69aa08ddb6adb8b6
[INFO] [stdout]                                at /rustc/df4ca44d3fbc9301ee17f30f4d474e6ae4b05252/library/alloc/src/boxed.rs:2454:9
[INFO] [stdout]   64:     0x5874c196ec6b - <alloc::boxed::Box<F,A> as core::ops::function::FnOnce<Args>>::call_once::h5aa36efdb79c806f
[INFO] [stdout]                                at /rustc/df4ca44d3fbc9301ee17f30f4d474e6ae4b05252/library/alloc/src/boxed.rs:2454:9
[INFO] [stdout]   65:     0x5874c196ec6b - std::sys::pal::unix::thread::Thread::new::thread_start::h6cd80a1b4be5158d
[INFO] [stdout]                                at /rustc/df4ca44d3fbc9301ee17f30f4d474e6ae4b05252/library/std/src/sys/pal/unix/thread.rs:105:17
[INFO] [stdout]   66:     0x72e50fc8aac3 - <unknown>
[INFO] [stdout]   67:     0x72e50fd1ba04 - clone
[INFO] [stdout]   68:                0x0 - <unknown>
[INFO] [stdout] 
[INFO] [stdout] 
[INFO] [stdout] failures:
[INFO] [stdout]     memory_and_sled
[INFO] [stdout] 
[INFO] [stdout] test result: FAILED. 0 passed; 1 failed; 0 ignored; 0 measured; 0 filtered out; finished in 0.05s
[INFO] [stdout] 
[INFO] [stderr] error: test failed, to rerun pass `--test memory_and_sled`
[INFO] running `Command { std: "docker" "inspect" "77a543352489c7df908269db0e791b7758a6df5de445b97282b935c01ef61edf", kill_on_drop: false }`
[INFO] running `Command { std: "docker" "rm" "-f" "77a543352489c7df908269db0e791b7758a6df5de445b97282b935c01ef61edf", kill_on_drop: false }`
[INFO] [stdout] 77a543352489c7df908269db0e791b7758a6df5de445b97282b935c01ef61edf
