[INFO] fetching crate glowdust 0.0.1...
[INFO] testing glowdust-0.0.1 against nightly-2024-10-28 for randomize-layout
[INFO] extracting crate glowdust 0.0.1 into /workspace/builds/worker-4-tc1/source
[INFO] validating manifest of crates.io crate glowdust 0.0.1 on toolchain nightly-2024-10-28
[INFO] running `Command { std: CARGO_HOME="/workspace/cargo-home" RUSTUP_HOME="/workspace/rustup-home" "/workspace/cargo-home/bin/cargo" "+nightly-2024-10-28" "metadata" "--manifest-path" "Cargo.toml" "--no-deps", kill_on_drop: false }`
[INFO] removed /workspace/builds/worker-4-tc1/source/rust-toolchain.toml
[INFO] started tweaking crates.io crate glowdust 0.0.1
[INFO] finished tweaking crates.io crate glowdust 0.0.1
[INFO] tweaked toml for crates.io crate glowdust 0.0.1 written to /workspace/builds/worker-4-tc1/source/Cargo.toml
[INFO] crate crates.io crate glowdust 0.0.1 already has a lockfile, it will not be regenerated
[INFO] running `Command { std: CARGO_HOME="/workspace/cargo-home" RUSTUP_HOME="/workspace/rustup-home" "/workspace/cargo-home/bin/cargo" "+nightly-2024-10-28" "fetch" "--manifest-path" "Cargo.toml", kill_on_drop: false }`
[INFO] [stderr]     Updating crates.io index
[INFO] [stderr]  Downloading crates ...
[INFO] [stderr]   Downloaded rustyline-derive v0.10.0
[INFO] [stderr]   Downloaded ctor v0.2.6
[INFO] [stderr]   Downloaded clipboard-win v5.0.0
[INFO] [stderr]   Downloaded rustyline v13.0.0
[INFO] [stderr]   Downloaded atomic-polyfill v0.1.11
[INFO] [stderr]   Downloaded io-uring v0.6.3
[INFO] running `Command { std: "docker" "create" "-v" "/var/lib/crater-agent-workspace/builds/worker-4-tc1/target:/opt/rustwide/target:rw,Z" "-v" "/var/lib/crater-agent-workspace/builds/worker-4-tc1/source:/opt/rustwide/workdir:ro,Z" "-v" "/var/lib/crater-agent-workspace/cargo-home:/opt/rustwide/cargo-home:ro,Z" "-v" "/var/lib/crater-agent-workspace/rustup-home:/opt/rustwide/rustup-home:ro,Z" "-e" "SOURCE_DIR=/opt/rustwide/workdir" "-e" "CARGO_TARGET_DIR=/opt/rustwide/target" "-e" "CARGO_HOME=/opt/rustwide/cargo-home" "-e" "RUSTUP_HOME=/opt/rustwide/rustup-home" "-w" "/opt/rustwide/workdir" "-m" "1610612736" "--user" "0:0" "--network" "none" "ghcr.io/rust-lang/crates-build-env/linux@sha256:4a844ea9eb2546a2d2c7022eacef16ef2e8229c7fbb2c7d4d55a9ceca922f72d" "/opt/rustwide/cargo-home/bin/cargo" "+nightly-2024-10-28" "metadata" "--no-deps" "--format-version=1", kill_on_drop: false }`
[INFO] [stdout] f86d33a7feead1e43d7ed6982d63862dce7ff1ea67fa119ace1b3e5b403ce022
[INFO] running `Command { std: "docker" "start" "-a" "f86d33a7feead1e43d7ed6982d63862dce7ff1ea67fa119ace1b3e5b403ce022", kill_on_drop: false }`
[INFO] running `Command { std: "docker" "inspect" "f86d33a7feead1e43d7ed6982d63862dce7ff1ea67fa119ace1b3e5b403ce022", kill_on_drop: false }`
[INFO] running `Command { std: "docker" "rm" "-f" "f86d33a7feead1e43d7ed6982d63862dce7ff1ea67fa119ace1b3e5b403ce022", kill_on_drop: false }`
[INFO] [stdout] f86d33a7feead1e43d7ed6982d63862dce7ff1ea67fa119ace1b3e5b403ce022
[INFO] running `Command { std: "docker" "create" "-v" "/var/lib/crater-agent-workspace/builds/worker-4-tc1/target:/opt/rustwide/target:rw,Z" "-v" "/var/lib/crater-agent-workspace/builds/worker-4-tc1/source:/opt/rustwide/workdir:ro,Z" "-v" "/var/lib/crater-agent-workspace/cargo-home:/opt/rustwide/cargo-home:ro,Z" "-v" "/var/lib/crater-agent-workspace/rustup-home:/opt/rustwide/rustup-home:ro,Z" "-e" "SOURCE_DIR=/opt/rustwide/workdir" "-e" "CARGO_TARGET_DIR=/opt/rustwide/target" "-e" "CARGO_INCREMENTAL=0" "-e" "RUST_BACKTRACE=full" "-e" "RUSTFLAGS=--cap-lints=forbid" "-e" "RUSTDOCFLAGS=--cap-lints=forbid" "-e" "CARGO_HOME=/opt/rustwide/cargo-home" "-e" "RUSTUP_HOME=/opt/rustwide/rustup-home" "-w" "/opt/rustwide/workdir" "-m" "1610612736" "--user" "0:0" "--network" "none" "ghcr.io/rust-lang/crates-build-env/linux@sha256:4a844ea9eb2546a2d2c7022eacef16ef2e8229c7fbb2c7d4d55a9ceca922f72d" "/opt/rustwide/cargo-home/bin/cargo" "+nightly-2024-10-28" "build" "--frozen" "--message-format=json", kill_on_drop: false }`
[INFO] [stdout] 77fd6d737bfa9b62c55b814101284a9cce409f9591fe32505bb2a578fe36d107
[INFO] running `Command { std: "docker" "start" "-a" "77fd6d737bfa9b62c55b814101284a9cce409f9591fe32505bb2a578fe36d107", kill_on_drop: false }`
[INFO] [stderr]    Compiling proc-macro2 v1.0.76
[INFO] [stderr]    Compiling unicode-ident v1.0.12
[INFO] [stderr]    Compiling semver v1.0.20
[INFO] [stderr]    Compiling libc v0.2.149
[INFO] [stderr]    Compiling siphasher v0.3.11
[INFO] [stderr]    Compiling once_cell v1.18.0
[INFO] [stderr]    Compiling lock_api v0.4.11
[INFO] [stderr]    Compiling smallvec v1.11.1
[INFO] [stderr]    Compiling rustix v0.38.21
[INFO] [stderr]    Compiling serde v1.0.195
[INFO] [stderr]    Compiling scopeguard v1.2.0
[INFO] [stderr]    Compiling bitflags v2.4.1
[INFO] [stderr]    Compiling rand_core v0.6.4
[INFO] [stderr]    Compiling rand v0.8.5
[INFO] [stderr]    Compiling phf_shared v0.11.2
[INFO] [stderr]    Compiling tracing-core v0.1.32
[INFO] [stderr]    Compiling linux-raw-sys v0.4.10
[INFO] [stderr]    Compiling rustc_version v0.4.0
[INFO] [stderr]    Compiling log v0.4.20
[INFO] [stderr]    Compiling byteorder v1.5.0
[INFO] [stderr]    Compiling quote v1.0.35
[INFO] [stderr]    Compiling regex-syntax v0.6.29
[INFO] [stderr]    Compiling heapless v0.7.16
[INFO] [stderr]    Compiling regex-syntax v0.8.2
[INFO] [stderr]    Compiling phf_generator v0.11.2
[INFO] [stderr]    Compiling syn v2.0.48
[INFO] [stderr]    Compiling hash32 v0.2.1
[INFO] [stderr]    Compiling spin v0.9.8
[INFO] [stderr]    Compiling nibble_vec v0.1.0
[INFO] [stderr]    Compiling io-uring v0.6.3
[INFO] [stderr]    Compiling overload v0.1.1
[INFO] [stderr]    Compiling endian-type v0.1.2
[INFO] [stderr]    Compiling stable_deref_trait v1.2.0
[INFO] [stderr]    Compiling serde_json v1.0.111
[INFO] [stderr]    Compiling ryu v1.0.15
[INFO] [stderr]    Compiling pin-project-lite v0.2.13
[INFO] [stderr]    Compiling nix v0.27.1
[INFO] [stderr]    Compiling radix_trie v0.2.1
[INFO] [stderr]    Compiling nu-ansi-term v0.46.0
[INFO] [stderr]    Compiling regex-automata v0.4.3
[INFO] [stderr]    Compiling sharded-slab v0.1.7
[INFO] [stderr]    Compiling regex-automata v0.1.10
[INFO] [stderr]    Compiling fd-lock v4.0.2
[INFO] [stderr]    Compiling tracing-log v0.2.0
[INFO] [stderr]    Compiling matchers v0.1.0
[INFO] [stderr]    Compiling regex v1.10.2
[INFO] [stderr]    Compiling thread_local v1.1.7
[INFO] [stderr]    Compiling utf8parse v0.2.1
[INFO] [stderr]    Compiling unicode-width v0.1.11
[INFO] [stderr]    Compiling itoa v1.0.9
[INFO] [stderr]    Compiling home v0.5.5
[INFO] [stderr]    Compiling memchr v2.6.4
[INFO] [stderr]    Compiling serde-json-core v0.5.1
[INFO] [stderr]    Compiling tracing-attributes v0.1.27
[INFO] [stderr]    Compiling phf_macros v0.11.2
[INFO] [stderr]    Compiling rustyline-derive v0.10.0
[INFO] [stderr]    Compiling rustyline v13.0.0
[INFO] [stderr]    Compiling phf v0.11.2
[INFO] [stderr]    Compiling tracing v0.1.40
[INFO] [stderr]    Compiling tracing-subscriber v0.3.18
[INFO] [stderr]    Compiling glowdust v0.0.1 (/opt/rustwide/workdir)
[INFO] [stdout] warning: unused import: `std::io`
[INFO] [stdout]  --> src/compiler/cursor.rs:4:5
[INFO] [stdout]   |
[INFO] [stdout] 4 | use std::io;
[INFO] [stdout]   |     ^^^^^^^
[INFO] [stdout]   |
[INFO] [stdout]   = note: `#[warn(unused_imports)]` on by default
[INFO] [stdout] 
[INFO] [stdout] 
[INFO] [stdout] warning: unused import: `tracing::trace`
[INFO] [stdout]  --> src/compiler/parser/parse_state.rs:6:5
[INFO] [stdout]   |
[INFO] [stdout] 6 | use tracing::trace;
[INFO] [stdout]   |     ^^^^^^^^^^^^^^
[INFO] [stdout] 
[INFO] [stdout] 
[INFO] [stdout] warning: unused imports: `error` and `trace`
[INFO] [stdout]   --> src/compiler/parser/parser.rs:27:15
[INFO] [stdout]    |
[INFO] [stdout] 27 | use tracing::{error, trace};
[INFO] [stdout]    |               ^^^^^  ^^^^^
[INFO] [stdout] 
[INFO] [stdout] 
[INFO] [stdout] warning: unused import: `crate::runtime::disassembler::disassemble_no_lines`
[INFO] [stdout]   --> src/runtime/vm.rs:22:5
[INFO] [stdout]    |
[INFO] [stdout] 22 | use crate::runtime::disassembler::disassemble_no_lines;
[INFO] [stdout]    |     ^^^^^^^^^^^^^^^^^^^^^^^^^^^^^^^^^^^^^^^^^^^^^^^^^^
[INFO] [stdout] 
[INFO] [stdout] 
[INFO] [stdout] warning: unused import: `Read`
[INFO] [stdout]  --> src/store/csv/uring.rs:4:33
[INFO] [stdout]   |
[INFO] [stdout] 4 | use std::io::{Error, ErrorKind, Read, Result};
[INFO] [stdout]   |                                 ^^^^
[INFO] [stdout] 
[INFO] [stdout] 
[INFO] [stdout] warning: variable does not need to be mutable
[INFO] [stdout]   --> src/store/csv/uring.rs:20:13
[INFO] [stdout]    |
[INFO] [stdout] 20 |         let mut source = OpenOptions::new().read(true).open(source)?;
[INFO] [stdout]    |             ----^^^^^^
[INFO] [stdout]    |             |
[INFO] [stdout]    |             help: remove this `mut`
[INFO] [stdout]    |
[INFO] [stdout]    = note: `#[warn(unused_mut)]` on by default
[INFO] [stdout] 
[INFO] [stdout] 
[INFO] [stdout] warning: unused variable: `assumed_offset`
[INFO] [stdout]   --> src/store/csv/uring.rs:77:21
[INFO] [stdout]    |
[INFO] [stdout] 77 |                 let assumed_offset = cqe.user_data();
[INFO] [stdout]    |                     ^^^^^^^^^^^^^^ help: if this is intentional, prefix it with an underscore: `_assumed_offset`
[INFO] [stdout]    |
[INFO] [stdout]    = note: `#[warn(unused_variables)]` on by default
[INFO] [stdout] 
[INFO] [stdout] 
[INFO] [stdout] warning: field `length` is never read
[INFO] [stdout]    --> src/compiler/parser/ast.rs:203:16
[INFO] [stdout]     |
[INFO] [stdout] 200 | pub struct Span {
[INFO] [stdout]     |            ---- field in this struct
[INFO] [stdout] ...
[INFO] [stdout] 203 |     pub(crate) length: usize,
[INFO] [stdout]     |                ^^^^^^
[INFO] [stdout]     |
[INFO] [stdout]     = note: `Span` has derived impls for the traits `Clone` and `Debug`, but these are intentionally ignored during dead code analysis
[INFO] [stdout]     = note: `#[warn(dead_code)]` on by default
[INFO] [stdout] 
[INFO] [stdout] 
[INFO] [stdout] warning: field `name` is never read
[INFO] [stdout]   --> src/compiler/query_solver.rs:29:9
[INFO] [stdout]    |
[INFO] [stdout] 28 |     Call {
[INFO] [stdout]    |     ---- field in this variant
[INFO] [stdout] 29 |         name: String,
[INFO] [stdout]    |         ^^^^
[INFO] [stdout]    |
[INFO] [stdout]    = note: `CompiledCursor` has a derived impl for the trait `Debug`, but this is intentionally ignored during dead code analysis
[INFO] [stdout] 
[INFO] [stdout] 
[INFO] [stdout] warning: field `cursor_id` is never read
[INFO] [stdout]    --> src/compiler/query_solver.rs:362:5
[INFO] [stdout]     |
[INFO] [stdout] 360 | struct CallFrame {
[INFO] [stdout]     |        --------- field in this struct
[INFO] [stdout] 361 |     // the cursor id for this cursor. incremented externally, used for the OpCloseCursor in the epilogue
[INFO] [stdout] 362 |     cursor_id: u8,
[INFO] [stdout]     |     ^^^^^^^^^
[INFO] [stdout]     |
[INFO] [stdout]     = note: `CallFrame` has a derived impl for the trait `Default`, but this is intentionally ignored during dead code analysis
[INFO] [stdout] 
[INFO] [stdout] 
[INFO] [stdout] warning: method `set_value` is never used
[INFO] [stdout]    --> src/compiler/value.rs:441:23
[INFO] [stdout]     |
[INFO] [stdout] 434 |     impl FunctionValuesObject {
[INFO] [stdout]     |     ------------------------- method in this implementation
[INFO] [stdout] ...
[INFO] [stdout] 441 |         pub(crate) fn set_value(&mut self, domain_value: Vec<Value>, codomain_value: Value) {
[INFO] [stdout]     |                       ^^^^^^^^^
[INFO] [stdout] 
[INFO] [stdout] 
[INFO] [stdout] warning: associated function `dump_stack` is never used
[INFO] [stdout]    --> src/runtime/vm.rs:235:8
[INFO] [stdout]     |
[INFO] [stdout] 63  | impl VirtualMachine {
[INFO] [stdout]     | ------------------- associated function in this implementation
[INFO] [stdout] ...
[INFO] [stdout] 235 |     fn dump_stack(stack: &[Value]) {
[INFO] [stdout]     |        ^^^^^^^^^^
[INFO] [stdout] 
[INFO] [stdout] 
[INFO] [stdout] warning: struct `CsvInput` is never constructed
[INFO] [stdout]   --> src/store/csv/mod.rs:11:19
[INFO] [stdout]    |
[INFO] [stdout] 11 | pub(crate) struct CsvInput {
[INFO] [stdout]    |                   ^^^^^^^^
[INFO] [stdout] 
[INFO] [stdout] 
[INFO] [stdout] warning: associated function `new` is never used
[INFO] [stdout]   --> src/store/csv/mod.rs:17:12
[INFO] [stdout]    |
[INFO] [stdout] 16 | impl CsvInput {
[INFO] [stdout]    | ------------- associated function in this implementation
[INFO] [stdout] 17 |     pub fn new(function_name: &str, file_name: PathBuf) -> Self {
[INFO] [stdout]    |            ^^^
[INFO] [stdout] 
[INFO] [stdout] 
[INFO] [stdout] warning: struct `UringReader` is never constructed
[INFO] [stdout]  --> src/store/csv/uring.rs:8:12
[INFO] [stdout]   |
[INFO] [stdout] 8 | pub struct UringReader {
[INFO] [stdout]   |            ^^^^^^^^^^^
[INFO] [stdout] 
[INFO] [stdout] 
[INFO] [stdout] warning: associated items `new`, `get_blocksize`, and `read` are never used
[INFO] [stdout]   --> src/store/csv/uring.rs:15:12
[INFO] [stdout]    |
[INFO] [stdout] 14 | impl UringReader {
[INFO] [stdout]    | ---------------- associated items in this implementation
[INFO] [stdout] 15 |     pub fn new(source: &PathBuf, blocksize: u32) -> Result<Self> {
[INFO] [stdout]    |            ^^^
[INFO] [stdout] ...
[INFO] [stdout] 29 |     pub fn get_blocksize(&self) -> u32 {
[INFO] [stdout]    |            ^^^^^^^^^^^^^
[INFO] [stdout] ...
[INFO] [stdout] 33 |     pub fn read(&mut self, buffer: &mut [u8], offset: u64) -> Result<usize> {
[INFO] [stdout]    |            ^^^^
[INFO] [stdout] 
[INFO] [stdout] 
[INFO] [stdout] warning: unused `Result` that must be used
[INFO] [stdout]    --> src/store/csv/mod.rs:103:9
[INFO] [stdout]     |
[INFO] [stdout] 103 |         self.reader.seek(SeekFrom::Start(0));
[INFO] [stdout]     |         ^^^^^^^^^^^^^^^^^^^^^^^^^^^^^^^^^^^^
[INFO] [stdout]     |
[INFO] [stdout]     = note: this `Result` may be an `Err` variant, which should be handled
[INFO] [stdout]     = note: `#[warn(unused_must_use)]` on by default
[INFO] [stdout] help: use `let _ = ...` to ignore the resulting value
[INFO] [stdout]     |
[INFO] [stdout] 103 |         let _ = self.reader.seek(SeekFrom::Start(0));
[INFO] [stdout]     |         +++++++
[INFO] [stdout] 
[INFO] [stdout] 
[INFO] [stderr]     Finished `dev` profile [unoptimized + debuginfo] target(s) in 10.91s
[INFO] running `Command { std: "docker" "inspect" "77fd6d737bfa9b62c55b814101284a9cce409f9591fe32505bb2a578fe36d107", kill_on_drop: false }`
[INFO] running `Command { std: "docker" "rm" "-f" "77fd6d737bfa9b62c55b814101284a9cce409f9591fe32505bb2a578fe36d107", kill_on_drop: false }`
[INFO] [stdout] 77fd6d737bfa9b62c55b814101284a9cce409f9591fe32505bb2a578fe36d107
[INFO] running `Command { std: "docker" "create" "-v" "/var/lib/crater-agent-workspace/builds/worker-4-tc1/target:/opt/rustwide/target:rw,Z" "-v" "/var/lib/crater-agent-workspace/builds/worker-4-tc1/source:/opt/rustwide/workdir:ro,Z" "-v" "/var/lib/crater-agent-workspace/cargo-home:/opt/rustwide/cargo-home:ro,Z" "-v" "/var/lib/crater-agent-workspace/rustup-home:/opt/rustwide/rustup-home:ro,Z" "-e" "SOURCE_DIR=/opt/rustwide/workdir" "-e" "CARGO_TARGET_DIR=/opt/rustwide/target" "-e" "CARGO_INCREMENTAL=0" "-e" "RUST_BACKTRACE=full" "-e" "RUSTFLAGS=--cap-lints=forbid" "-e" "RUSTDOCFLAGS=--cap-lints=forbid" "-e" "CARGO_HOME=/opt/rustwide/cargo-home" "-e" "RUSTUP_HOME=/opt/rustwide/rustup-home" "-w" "/opt/rustwide/workdir" "-m" "1610612736" "--user" "0:0" "--network" "none" "ghcr.io/rust-lang/crates-build-env/linux@sha256:4a844ea9eb2546a2d2c7022eacef16ef2e8229c7fbb2c7d4d55a9ceca922f72d" "/opt/rustwide/cargo-home/bin/cargo" "+nightly-2024-10-28" "test" "--frozen" "--no-run" "--message-format=json", kill_on_drop: false }`
[INFO] [stdout] 314ea7ecc63adbfb3c01bf3deddecd699d9224214ba5ff1f40593802ee33914a
[INFO] running `Command { std: "docker" "start" "-a" "314ea7ecc63adbfb3c01bf3deddecd699d9224214ba5ff1f40593802ee33914a", kill_on_drop: false }`
[INFO] [stderr]    Compiling ctor v0.2.6
[INFO] [stdout] warning: unused import: `std::io`
[INFO] [stdout]  --> src/compiler/cursor.rs:4:5
[INFO] [stdout]   |
[INFO] [stdout] 4 | use std::io;
[INFO] [stdout]   |     ^^^^^^^
[INFO] [stdout]   |
[INFO] [stdout]   = note: `#[warn(unused_imports)]` on by default
[INFO] [stdout] 
[INFO] [stdout] 
[INFO] [stdout] warning: unused import: `tracing::trace`
[INFO] [stdout]  --> src/compiler/parser/parse_state.rs:6:5
[INFO] [stdout]   |
[INFO] [stdout] 6 | use tracing::trace;
[INFO] [stdout]   |     ^^^^^^^^^^^^^^
[INFO] [stdout] 
[INFO] [stdout] 
[INFO] [stdout] warning: unused imports: `error` and `trace`
[INFO] [stdout]   --> src/compiler/parser/parser.rs:27:15
[INFO] [stdout]    |
[INFO] [stdout] 27 | use tracing::{error, trace};
[INFO] [stdout]    |               ^^^^^  ^^^^^
[INFO] [stdout] 
[INFO] [stdout] 
[INFO] [stdout] warning: unused import: `crate::runtime::disassembler::disassemble_no_lines`
[INFO] [stdout]   --> src/runtime/vm.rs:22:5
[INFO] [stdout]    |
[INFO] [stdout] 22 | use crate::runtime::disassembler::disassemble_no_lines;
[INFO] [stdout]    |     ^^^^^^^^^^^^^^^^^^^^^^^^^^^^^^^^^^^^^^^^^^^^^^^^^^
[INFO] [stdout] 
[INFO] [stdout] 
[INFO] [stdout] warning: unused import: `Read`
[INFO] [stdout]  --> src/store/csv/uring.rs:4:33
[INFO] [stdout]   |
[INFO] [stdout] 4 | use std::io::{Error, ErrorKind, Read, Result};
[INFO] [stdout]   |                                 ^^^^
[INFO] [stdout] 
[INFO] [stdout] 
[INFO] [stdout] warning: variable does not need to be mutable
[INFO] [stdout]   --> src/store/csv/uring.rs:20:13
[INFO] [stdout]    |
[INFO] [stdout] 20 |         let mut source = OpenOptions::new().read(true).open(source)?;
[INFO] [stdout]    |             ----^^^^^^
[INFO] [stdout]    |             |
[INFO] [stdout]    |             help: remove this `mut`
[INFO] [stdout]    |
[INFO] [stdout]    = note: `#[warn(unused_mut)]` on by default
[INFO] [stdout] 
[INFO] [stdout] 
[INFO] [stdout] warning: unused variable: `assumed_offset`
[INFO] [stdout]   --> src/store/csv/uring.rs:77:21
[INFO] [stdout]    |
[INFO] [stdout] 77 |                 let assumed_offset = cqe.user_data();
[INFO] [stdout]    |                     ^^^^^^^^^^^^^^ help: if this is intentional, prefix it with an underscore: `_assumed_offset`
[INFO] [stdout]    |
[INFO] [stdout]    = note: `#[warn(unused_variables)]` on by default
[INFO] [stdout] 
[INFO] [stdout] 
[INFO] [stdout] warning: field `length` is never read
[INFO] [stdout]    --> src/compiler/parser/ast.rs:203:16
[INFO] [stdout]     |
[INFO] [stdout] 200 | pub struct Span {
[INFO] [stdout]     |            ---- field in this struct
[INFO] [stdout] ...
[INFO] [stdout] 203 |     pub(crate) length: usize,
[INFO] [stdout]     |                ^^^^^^
[INFO] [stdout]     |
[INFO] [stdout]     = note: `Span` has derived impls for the traits `Clone` and `Debug`, but these are intentionally ignored during dead code analysis
[INFO] [stdout]     = note: `#[warn(dead_code)]` on by default
[INFO] [stdout] 
[INFO] [stdout] 
[INFO] [stdout] warning: field `name` is never read
[INFO] [stdout]   --> src/compiler/query_solver.rs:29:9
[INFO] [stdout]    |
[INFO] [stdout] 28 |     Call {
[INFO] [stdout]    |     ---- field in this variant
[INFO] [stdout] 29 |         name: String,
[INFO] [stdout]    |         ^^^^
[INFO] [stdout]    |
[INFO] [stdout]    = note: `CompiledCursor` has a derived impl for the trait `Debug`, but this is intentionally ignored during dead code analysis
[INFO] [stdout] 
[INFO] [stdout] 
[INFO] [stdout] warning: field `cursor_id` is never read
[INFO] [stdout]    --> src/compiler/query_solver.rs:362:5
[INFO] [stdout]     |
[INFO] [stdout] 360 | struct CallFrame {
[INFO] [stdout]     |        --------- field in this struct
[INFO] [stdout] 361 |     // the cursor id for this cursor. incremented externally, used for the OpCloseCursor in the epilogue
[INFO] [stdout] 362 |     cursor_id: u8,
[INFO] [stdout]     |     ^^^^^^^^^
[INFO] [stdout]     |
[INFO] [stdout]     = note: `CallFrame` has a derived impl for the trait `Default`, but this is intentionally ignored during dead code analysis
[INFO] [stdout] 
[INFO] [stdout] 
[INFO] [stdout] warning: method `set_value` is never used
[INFO] [stdout]    --> src/compiler/value.rs:441:23
[INFO] [stdout]     |
[INFO] [stdout] 434 |     impl FunctionValuesObject {
[INFO] [stdout]     |     ------------------------- method in this implementation
[INFO] [stdout] ...
[INFO] [stdout] 441 |         pub(crate) fn set_value(&mut self, domain_value: Vec<Value>, codomain_value: Value) {
[INFO] [stdout]     |                       ^^^^^^^^^
[INFO] [stdout] 
[INFO] [stdout] 
[INFO] [stdout] warning: associated function `dump_stack` is never used
[INFO] [stdout]    --> src/runtime/vm.rs:235:8
[INFO] [stdout]     |
[INFO] [stdout] 63  | impl VirtualMachine {
[INFO] [stdout]     | ------------------- associated function in this implementation
[INFO] [stdout] ...
[INFO] [stdout] 235 |     fn dump_stack(stack: &[Value]) {
[INFO] [stdout]     |        ^^^^^^^^^^
[INFO] [stdout] 
[INFO] [stdout] 
[INFO] [stdout] warning: struct `CsvInput` is never constructed
[INFO] [stdout]   --> src/store/csv/mod.rs:11:19
[INFO] [stdout]    |
[INFO] [stdout] 11 | pub(crate) struct CsvInput {
[INFO] [stdout]    |                   ^^^^^^^^
[INFO] [stdout] 
[INFO] [stdout] 
[INFO] [stdout] warning: associated function `new` is never used
[INFO] [stdout]   --> src/store/csv/mod.rs:17:12
[INFO] [stdout]    |
[INFO] [stdout] 16 | impl CsvInput {
[INFO] [stdout]    | ------------- associated function in this implementation
[INFO] [stdout] 17 |     pub fn new(function_name: &str, file_name: PathBuf) -> Self {
[INFO] [stdout]    |            ^^^
[INFO] [stdout] 
[INFO] [stdout] 
[INFO] [stdout] warning: struct `UringReader` is never constructed
[INFO] [stdout]  --> src/store/csv/uring.rs:8:12
[INFO] [stdout]   |
[INFO] [stdout] 8 | pub struct UringReader {
[INFO] [stdout]   |            ^^^^^^^^^^^
[INFO] [stdout] 
[INFO] [stdout] 
[INFO] [stdout] warning: associated items `new`, `get_blocksize`, and `read` are never used
[INFO] [stdout]   --> src/store/csv/uring.rs:15:12
[INFO] [stdout]    |
[INFO] [stdout] 14 | impl UringReader {
[INFO] [stdout]    | ---------------- associated items in this implementation
[INFO] [stdout] 15 |     pub fn new(source: &PathBuf, blocksize: u32) -> Result<Self> {
[INFO] [stdout]    |            ^^^
[INFO] [stdout] ...
[INFO] [stdout] 29 |     pub fn get_blocksize(&self) -> u32 {
[INFO] [stdout]    |            ^^^^^^^^^^^^^
[INFO] [stdout] ...
[INFO] [stdout] 33 |     pub fn read(&mut self, buffer: &mut [u8], offset: u64) -> Result<usize> {
[INFO] [stdout]    |            ^^^^
[INFO] [stdout] 
[INFO] [stdout] 
[INFO] [stdout] warning: unused `Result` that must be used
[INFO] [stdout]    --> src/store/csv/mod.rs:103:9
[INFO] [stdout]     |
[INFO] [stdout] 103 |         self.reader.seek(SeekFrom::Start(0));
[INFO] [stdout]     |         ^^^^^^^^^^^^^^^^^^^^^^^^^^^^^^^^^^^^
[INFO] [stdout]     |
[INFO] [stdout]     = note: this `Result` may be an `Err` variant, which should be handled
[INFO] [stdout]     = note: `#[warn(unused_must_use)]` on by default
[INFO] [stdout] help: use `let _ = ...` to ignore the resulting value
[INFO] [stdout]     |
[INFO] [stdout] 103 |         let _ = self.reader.seek(SeekFrom::Start(0));
[INFO] [stdout]     |         +++++++
[INFO] [stdout] 
[INFO] [stdout] 
[INFO] [stderr]    Compiling glowdust v0.0.1 (/opt/rustwide/workdir)
[INFO] [stdout] warning: multiple lines skipped by escaped newline
[INFO] [stdout]   --> tests/type_definition_tests.rs:55:35
[INFO] [stdout]    |
[INFO] [stdout] 55 |               }                   \n\
[INFO] [stdout]    |  ___________________________________^
[INFO] [stdout] 56 | |
[INFO] [stdout] 57 | |             function activity_with_name(name) = { Activity(0, name) }
[INFO] [stdout]    | |____________^ skipping everything up to and including this point
[INFO] [stdout] 
[INFO] [stdout] 
[INFO] [stdout] warning: multiple lines skipped by escaped newline
[INFO] [stdout]    --> tests/type_definition_tests.rs:99:35
[INFO] [stdout]     |
[INFO] [stdout] 99  |               }                   \n\
[INFO] [stdout]     |  ___________________________________^
[INFO] [stdout] 100 | |
[INFO] [stdout] 101 | |             function id_of_activity_with_name(name) = { Activity(-13, name).id } \n\
[INFO] [stdout]     | |____________^ skipping everything up to and including this point
[INFO] [stdout] 
[INFO] [stdout] 
[INFO] [stdout] warning: unused import: `tracing::trace`
[INFO] [stdout]  --> tests/adversarial_query_tests.rs:5:5
[INFO] [stdout]   |
[INFO] [stdout] 5 | use tracing::trace;
[INFO] [stdout]   |     ^^^^^^^^^^^^^^
[INFO] [stdout]   |
[INFO] [stdout]   = note: `#[warn(unused_imports)]` on by default
[INFO] [stdout] 
[INFO] [stdout] 
[INFO] [stdout] warning: unused import: `glowdust::runtime::disassembler::disassemble_no_lines`
[INFO] [stdout]   --> tests/common/mod.rs:16:5
[INFO] [stdout]    |
[INFO] [stdout] 16 | use glowdust::runtime::disassembler::disassemble_no_lines;
[INFO] [stdout]    |     ^^^^^^^^^^^^^^^^^^^^^^^^^^^^^^^^^^^^^^^^^^^^^^^^^^^^^
[INFO] [stdout]    |
[INFO] [stdout]    = note: `#[warn(unused_imports)]` on by default
[INFO] [stdout] 
[INFO] [stdout] 
[INFO] [stdout] warning: unused import: `glowdust::runtime::disassembler::disassemble_no_lines`
[INFO] [stdout]   --> tests/common/mod.rs:16:5
[INFO] [stdout]    |
[INFO] [stdout] 16 | use glowdust::runtime::disassembler::disassemble_no_lines;
[INFO] [stdout]    |     ^^^^^^^^^^^^^^^^^^^^^^^^^^^^^^^^^^^^^^^^^^^^^^^^^^^^^
[INFO] [stdout] 
[INFO] [stdout] 
[INFO] [stdout] warning: unused import: `glowdust::runtime::disassembler::disassemble_no_lines`
[INFO] [stdout]   --> tests/common/mod.rs:16:5
[INFO] [stdout]    |
[INFO] [stdout] 16 | use glowdust::runtime::disassembler::disassemble_no_lines;
[INFO] [stdout]    |     ^^^^^^^^^^^^^^^^^^^^^^^^^^^^^^^^^^^^^^^^^^^^^^^^^^^^^
[INFO] [stdout]    |
[INFO] [stdout]    = note: `#[warn(unused_imports)]` on by default
[INFO] [stdout] 
[INFO] [stdout] 
[INFO] [stdout] warning: unused import: `glowdust::runtime::disassembler::disassemble_no_lines`
[INFO] [stdout]   --> tests/common/mod.rs:16:5
[INFO] [stdout]    |
[INFO] [stdout] 16 | use glowdust::runtime::disassembler::disassemble_no_lines;
[INFO] [stdout]    |     ^^^^^^^^^^^^^^^^^^^^^^^^^^^^^^^^^^^^^^^^^^^^^^^^^^^^^
[INFO] [stdout]    |
[INFO] [stdout]    = note: `#[warn(unused_imports)]` on by default
[INFO] [stdout] 
[INFO] [stdout] 
[INFO] [stdout] warning: unused import: `glowdust::runtime::disassembler::disassemble_no_lines`
[INFO] [stdout]   --> tests/common/mod.rs:16:5
[INFO] [stdout]    |
[INFO] [stdout] 16 | use glowdust::runtime::disassembler::disassemble_no_lines;
[INFO] [stdout]    |     ^^^^^^^^^^^^^^^^^^^^^^^^^^^^^^^^^^^^^^^^^^^^^^^^^^^^^
[INFO] [stdout]    |
[INFO] [stdout]    = note: `#[warn(unused_imports)]` on by default
[INFO] [stdout] 
[INFO] [stdout] 
[INFO] [stdout] warning: unused variable: `test_name`
[INFO] [stdout]    --> tests/common/mod.rs:240:5
[INFO] [stdout]     |
[INFO] [stdout] 240 |     test_name: &str,
[INFO] [stdout]     |     ^^^^^^^^^ help: if this is intentional, prefix it with an underscore: `_test_name`
[INFO] [stdout]     |
[INFO] [stdout]     = note: `#[warn(unused_variables)]` on by default
[INFO] [stdout] 
[INFO] [stdout] 
[INFO] [stdout] warning: unused variable: `test_name`
[INFO] [stdout]    --> tests/common/mod.rs:240:5
[INFO] [stdout]     |
[INFO] [stdout] 240 |     test_name: &str,
[INFO] [stdout]     |     ^^^^^^^^^ help: if this is intentional, prefix it with an underscore: `_test_name`
[INFO] [stdout]     |
[INFO] [stdout]     = note: `#[warn(unused_variables)]` on by default
[INFO] [stdout] 
[INFO] [stdout] 
[INFO] [stdout] warning: function `get_persisted_store` is never used
[INFO] [stdout]   --> tests/common/mod.rs:46:8
[INFO] [stdout]    |
[INFO] [stdout] 46 | pub fn get_persisted_store(test_name: &str) -> FilePerFunctionStore {
[INFO] [stdout]    |        ^^^^^^^^^^^^^^^^^^^
[INFO] [stdout]    |
[INFO] [stdout]    = note: `#[warn(dead_code)]` on by default
[INFO] [stdout] 
[INFO] [stdout] 
[INFO] [stdout] warning: variant `File` is never constructed
[INFO] [stdout]   --> tests/common/mod.rs:75:5
[INFO] [stdout]    |
[INFO] [stdout] 73 | pub enum TestStore {
[INFO] [stdout]    |          --------- variant in this enum
[INFO] [stdout] 74 |     // each test can call its file-wide or test-private get_store() function with one of these two
[INFO] [stdout] 75 |     File(FilePerFunctionStore),
[INFO] [stdout]    |     ^^^^
[INFO] [stdout] 
[INFO] [stdout] 
[INFO] [stdout] warning: function `base_setup` is never used
[INFO] [stdout]    --> tests/common/mod.rs:184:8
[INFO] [stdout]     |
[INFO] [stdout] 184 | pub fn base_setup(name: &str, query: &str) -> Result<(TestStore, ParseState), TestError> {
[INFO] [stdout]     |        ^^^^^^^^^^
[INFO] [stdout] 
[INFO] [stdout] 
[INFO] [stdout] warning: function `get_persisted_store` is never used
[INFO] [stdout]   --> tests/common/mod.rs:46:8
[INFO] [stdout]    |
[INFO] [stdout] 46 | pub fn get_persisted_store(test_name: &str) -> FilePerFunctionStore {
[INFO] [stdout]    |        ^^^^^^^^^^^^^^^^^^^
[INFO] [stdout]    |
[INFO] [stdout]    = note: `#[warn(dead_code)]` on by default
[INFO] [stdout] 
[INFO] [stdout] 
[INFO] [stdout] warning: variant `File` is never constructed
[INFO] [stdout]   --> tests/common/mod.rs:75:5
[INFO] [stdout]    |
[INFO] [stdout] 73 | pub enum TestStore {
[INFO] [stdout]    |          --------- variant in this enum
[INFO] [stdout] 74 |     // each test can call its file-wide or test-private get_store() function with one of these two
[INFO] [stdout] 75 |     File(FilePerFunctionStore),
[INFO] [stdout]    |     ^^^^
[INFO] [stdout] 
[INFO] [stdout] 
[INFO] [stdout] warning: unused import: `std::io`
[INFO] [stdout]  --> src/compiler/cursor.rs:4:5
[INFO] [stdout]   |
[INFO] [stdout] 4 | use std::io;
[INFO] [stdout]   |     ^^^^^^^
[INFO] [stdout]   |
[INFO] [stdout]   = note: `#[warn(unused_imports)]` on by default
[INFO] [stdout] 
[INFO] [stdout] 
[INFO] [stdout] warning: unused import: `tracing::trace`
[INFO] [stdout]  --> src/compiler/parser/parse_state.rs:6:5
[INFO] [stdout]   |
[INFO] [stdout] 6 | use tracing::trace;
[INFO] [stdout]   |     ^^^^^^^^^^^^^^
[INFO] [stdout] 
[INFO] [stdout] 
[INFO] [stdout] warning: unused imports: `error` and `trace`
[INFO] [stdout]   --> src/compiler/parser/parser.rs:27:15
[INFO] [stdout]    |
[INFO] [stdout] 27 | use tracing::{error, trace};
[INFO] [stdout]    |               ^^^^^  ^^^^^
[INFO] [stdout] 
[INFO] [stdout] 
[INFO] [stdout] warning: unused import: `crate::runtime::disassembler::disassemble_no_lines`
[INFO] [stdout]   --> src/runtime/vm.rs:22:5
[INFO] [stdout]    |
[INFO] [stdout] 22 | use crate::runtime::disassembler::disassemble_no_lines;
[INFO] [stdout]    |     ^^^^^^^^^^^^^^^^^^^^^^^^^^^^^^^^^^^^^^^^^^^^^^^^^^
[INFO] [stdout] 
[INFO] [stdout] 
[INFO] [stdout] warning: unused variable: `test_name`
[INFO] [stdout]    --> tests/common/mod.rs:240:5
[INFO] [stdout]     |
[INFO] [stdout] 240 |     test_name: &str,
[INFO] [stdout]     |     ^^^^^^^^^ help: if this is intentional, prefix it with an underscore: `_test_name`
[INFO] [stdout]     |
[INFO] [stdout]     = note: `#[warn(unused_variables)]` on by default
[INFO] [stdout] 
[INFO] [stdout] 
[INFO] [stdout] warning: unused variable: `test_name`
[INFO] [stdout]    --> tests/common/mod.rs:240:5
[INFO] [stdout]     |
[INFO] [stdout] 240 |     test_name: &str,
[INFO] [stdout]     |     ^^^^^^^^^ help: if this is intentional, prefix it with an underscore: `_test_name`
[INFO] [stdout]     |
[INFO] [stdout]     = note: `#[warn(unused_variables)]` on by default
[INFO] [stdout] 
[INFO] [stdout] 
[INFO] [stdout] warning: unused variable: `state`
[INFO] [stdout]    --> tests/type_definition_tests.rs:238:25
[INFO] [stdout]     |
[INFO] [stdout] 238 |     let (mut store, mut state) = base_setup(function!(), insert)?;
[INFO] [stdout]     |                         ^^^^^ help: if this is intentional, prefix it with an underscore: `_state`
[INFO] [stdout] 
[INFO] [stdout] 
[INFO] [stdout] warning: variable does not need to be mutable
[INFO] [stdout]    --> tests/type_definition_tests.rs:238:21
[INFO] [stdout]     |
[INFO] [stdout] 238 |     let (mut store, mut state) = base_setup(function!(), insert)?;
[INFO] [stdout]     |                     ----^^^^^
[INFO] [stdout]     |                     |
[INFO] [stdout]     |                     help: remove this `mut`
[INFO] [stdout]     |
[INFO] [stdout]     = note: `#[warn(unused_mut)]` on by default
[INFO] [stdout] 
[INFO] [stdout] 
[INFO] [stdout] warning: function `get_persisted_store` is never used
[INFO] [stdout]   --> tests/common/mod.rs:46:8
[INFO] [stdout]    |
[INFO] [stdout] 46 | pub fn get_persisted_store(test_name: &str) -> FilePerFunctionStore {
[INFO] [stdout]    |        ^^^^^^^^^^^^^^^^^^^
[INFO] [stdout]    |
[INFO] [stdout]    = note: `#[warn(dead_code)]` on by default
[INFO] [stdout] 
[INFO] [stdout] 
[INFO] [stdout] warning: variant `File` is never constructed
[INFO] [stdout]   --> tests/common/mod.rs:75:5
[INFO] [stdout]    |
[INFO] [stdout] 73 | pub enum TestStore {
[INFO] [stdout]    |          --------- variant in this enum
[INFO] [stdout] 74 |     // each test can call its file-wide or test-private get_store() function with one of these two
[INFO] [stdout] 75 |     File(FilePerFunctionStore),
[INFO] [stdout]    |     ^^^^
[INFO] [stdout] 
[INFO] [stdout] 
[INFO] [stdout] warning: method `cleanup` is never used
[INFO] [stdout]   --> tests/common/mod.rs:80:12
[INFO] [stdout]    |
[INFO] [stdout] 79 | impl TestStore {
[INFO] [stdout]    | -------------- method in this implementation
[INFO] [stdout] 80 |     pub fn cleanup(&mut self) -> Result<(), Error> {
[INFO] [stdout]    |            ^^^^^^^
[INFO] [stdout] 
[INFO] [stdout] 
[INFO] [stdout] warning: function `run_query` is never used
[INFO] [stdout]    --> tests/common/mod.rs:221:8
[INFO] [stdout]     |
[INFO] [stdout] 221 | pub fn run_query(
[INFO] [stdout]     |        ^^^^^^^^^
[INFO] [stdout] 
[INFO] [stdout] 
[INFO] [stdout] warning: function `run_query_with_sink` is never used
[INFO] [stdout]    --> tests/common/mod.rs:236:8
[INFO] [stdout]     |
[INFO] [stdout] 236 | pub fn run_query_with_sink(
[INFO] [stdout]     |        ^^^^^^^^^^^^^^^^^^^
[INFO] [stdout] 
[INFO] [stdout] 
[INFO] [stdout] warning: function `get_persisted_store` is never used
[INFO] [stdout]   --> tests/common/mod.rs:46:8
[INFO] [stdout]    |
[INFO] [stdout] 46 | pub fn get_persisted_store(test_name: &str) -> FilePerFunctionStore {
[INFO] [stdout]    |        ^^^^^^^^^^^^^^^^^^^
[INFO] [stdout]    |
[INFO] [stdout]    = note: `#[warn(dead_code)]` on by default
[INFO] [stdout] 
[INFO] [stdout] 
[INFO] [stdout] warning: variant `File` is never constructed
[INFO] [stdout]   --> tests/common/mod.rs:75:5
[INFO] [stdout]    |
[INFO] [stdout] 73 | pub enum TestStore {
[INFO] [stdout]    |          --------- variant in this enum
[INFO] [stdout] 74 |     // each test can call its file-wide or test-private get_store() function with one of these two
[INFO] [stdout] 75 |     File(FilePerFunctionStore),
[INFO] [stdout]    |     ^^^^
[INFO] [stdout] 
[INFO] [stdout] 
[INFO] [stdout] warning: unused variable: `test_name`
[INFO] [stdout]    --> tests/common/mod.rs:240:5
[INFO] [stdout]     |
[INFO] [stdout] 240 |     test_name: &str,
[INFO] [stdout]     |     ^^^^^^^^^ help: if this is intentional, prefix it with an underscore: `_test_name`
[INFO] [stdout]     |
[INFO] [stdout]     = note: `#[warn(unused_variables)]` on by default
[INFO] [stdout] 
[INFO] [stdout] 
[INFO] [stdout] warning: function `get_persisted_store` is never used
[INFO] [stdout]   --> tests/common/mod.rs:46:8
[INFO] [stdout]    |
[INFO] [stdout] 46 | pub fn get_persisted_store(test_name: &str) -> FilePerFunctionStore {
[INFO] [stdout]    |        ^^^^^^^^^^^^^^^^^^^
[INFO] [stdout]    |
[INFO] [stdout]    = note: `#[warn(dead_code)]` on by default
[INFO] [stdout] 
[INFO] [stdout] 
[INFO] [stdout] warning: variant `File` is never constructed
[INFO] [stdout]   --> tests/common/mod.rs:75:5
[INFO] [stdout]    |
[INFO] [stdout] 73 | pub enum TestStore {
[INFO] [stdout]    |          --------- variant in this enum
[INFO] [stdout] 74 |     // each test can call its file-wide or test-private get_store() function with one of these two
[INFO] [stdout] 75 |     File(FilePerFunctionStore),
[INFO] [stdout]    |     ^^^^
[INFO] [stdout] 
[INFO] [stdout] 
[INFO] [stdout] warning: function `base_setup` is never used
[INFO] [stdout]    --> tests/common/mod.rs:184:8
[INFO] [stdout]     |
[INFO] [stdout] 184 | pub fn base_setup(name: &str, query: &str) -> Result<(TestStore, ParseState), TestError> {
[INFO] [stdout]     |        ^^^^^^^^^^
[INFO] [stdout] 
[INFO] [stdout] 
[INFO] [stdout] warning: function `run_query` is never used
[INFO] [stdout]    --> tests/common/mod.rs:221:8
[INFO] [stdout]     |
[INFO] [stdout] 221 | pub fn run_query(
[INFO] [stdout]     |        ^^^^^^^^^
[INFO] [stdout] 
[INFO] [stdout] 
[INFO] [stdout] warning: function `run_query_with_sink` is never used
[INFO] [stdout]    --> tests/common/mod.rs:236:8
[INFO] [stdout]     |
[INFO] [stdout] 236 | pub fn run_query_with_sink(
[INFO] [stdout]     |        ^^^^^^^^^^^^^^^^^^^
[INFO] [stdout] 
[INFO] [stdout] 
[INFO] [stdout] warning: unused import: `Read`
[INFO] [stdout]  --> src/store/csv/uring.rs:4:33
[INFO] [stdout]   |
[INFO] [stdout] 4 | use std::io::{Error, ErrorKind, Read, Result};
[INFO] [stdout]   |                                 ^^^^
[INFO] [stdout] 
[INFO] [stdout] 
[INFO] [stdout] warning: variable does not need to be mutable
[INFO] [stdout]   --> src/store/csv/uring.rs:20:13
[INFO] [stdout]    |
[INFO] [stdout] 20 |         let mut source = OpenOptions::new().read(true).open(source)?;
[INFO] [stdout]    |             ----^^^^^^
[INFO] [stdout]    |             |
[INFO] [stdout]    |             help: remove this `mut`
[INFO] [stdout]    |
[INFO] [stdout]    = note: `#[warn(unused_mut)]` on by default
[INFO] [stdout] 
[INFO] [stdout] 
[INFO] [stdout] warning: unused variable: `assumed_offset`
[INFO] [stdout]   --> src/store/csv/uring.rs:77:21
[INFO] [stdout]    |
[INFO] [stdout] 77 |                 let assumed_offset = cqe.user_data();
[INFO] [stdout]    |                     ^^^^^^^^^^^^^^ help: if this is intentional, prefix it with an underscore: `_assumed_offset`
[INFO] [stdout]    |
[INFO] [stdout]    = note: `#[warn(unused_variables)]` on by default
[INFO] [stdout] 
[INFO] [stdout] 
[INFO] [stdout] warning: field `length` is never read
[INFO] [stdout]    --> src/compiler/parser/ast.rs:203:16
[INFO] [stdout]     |
[INFO] [stdout] 200 | pub struct Span {
[INFO] [stdout]     |            ---- field in this struct
[INFO] [stdout] ...
[INFO] [stdout] 203 |     pub(crate) length: usize,
[INFO] [stdout]     |                ^^^^^^
[INFO] [stdout]     |
[INFO] [stdout]     = note: `Span` has derived impls for the traits `Clone` and `Debug`, but these are intentionally ignored during dead code analysis
[INFO] [stdout]     = note: `#[warn(dead_code)]` on by default
[INFO] [stdout] 
[INFO] [stdout] 
[INFO] [stdout] warning: field `name` is never read
[INFO] [stdout]   --> src/compiler/query_solver.rs:29:9
[INFO] [stdout]    |
[INFO] [stdout] 28 |     Call {
[INFO] [stdout]    |     ---- field in this variant
[INFO] [stdout] 29 |         name: String,
[INFO] [stdout]    |         ^^^^
[INFO] [stdout]    |
[INFO] [stdout]    = note: `CompiledCursor` has a derived impl for the trait `Debug`, but this is intentionally ignored during dead code analysis
[INFO] [stdout] 
[INFO] [stdout] 
[INFO] [stdout] warning: field `cursor_id` is never read
[INFO] [stdout]    --> src/compiler/query_solver.rs:362:5
[INFO] [stdout]     |
[INFO] [stdout] 360 | struct CallFrame {
[INFO] [stdout]     |        --------- field in this struct
[INFO] [stdout] 361 |     // the cursor id for this cursor. incremented externally, used for the OpCloseCursor in the epilogue
[INFO] [stdout] 362 |     cursor_id: u8,
[INFO] [stdout]     |     ^^^^^^^^^
[INFO] [stdout]     |
[INFO] [stdout]     = note: `CallFrame` has a derived impl for the trait `Default`, but this is intentionally ignored during dead code analysis
[INFO] [stdout] 
[INFO] [stdout] 
[INFO] [stdout] warning: associated function `dump_stack` is never used
[INFO] [stdout]    --> src/runtime/vm.rs:235:8
[INFO] [stdout]     |
[INFO] [stdout] 63  | impl VirtualMachine {
[INFO] [stdout]     | ------------------- associated function in this implementation
[INFO] [stdout] ...
[INFO] [stdout] 235 |     fn dump_stack(stack: &[Value]) {
[INFO] [stdout]     |        ^^^^^^^^^^
[INFO] [stdout] 
[INFO] [stdout] 
[INFO] [stdout] warning: struct `CsvInput` is never constructed
[INFO] [stdout]   --> src/store/csv/mod.rs:11:19
[INFO] [stdout]    |
[INFO] [stdout] 11 | pub(crate) struct CsvInput {
[INFO] [stdout]    |                   ^^^^^^^^
[INFO] [stdout] 
[INFO] [stdout] 
[INFO] [stdout] warning: associated function `new` is never used
[INFO] [stdout]   --> src/store/csv/mod.rs:17:12
[INFO] [stdout]    |
[INFO] [stdout] 16 | impl CsvInput {
[INFO] [stdout]    | ------------- associated function in this implementation
[INFO] [stdout] 17 |     pub fn new(function_name: &str, file_name: PathBuf) -> Self {
[INFO] [stdout]    |            ^^^
[INFO] [stdout] 
[INFO] [stdout] 
[INFO] [stdout] warning: struct `UringReader` is never constructed
[INFO] [stdout]  --> src/store/csv/uring.rs:8:12
[INFO] [stdout]   |
[INFO] [stdout] 8 | pub struct UringReader {
[INFO] [stdout]   |            ^^^^^^^^^^^
[INFO] [stdout] 
[INFO] [stdout] 
[INFO] [stdout] warning: associated items `new`, `get_blocksize`, and `read` are never used
[INFO] [stdout]   --> src/store/csv/uring.rs:15:12
[INFO] [stdout]    |
[INFO] [stdout] 14 | impl UringReader {
[INFO] [stdout]    | ---------------- associated items in this implementation
[INFO] [stdout] 15 |     pub fn new(source: &PathBuf, blocksize: u32) -> Result<Self> {
[INFO] [stdout]    |            ^^^
[INFO] [stdout] ...
[INFO] [stdout] 29 |     pub fn get_blocksize(&self) -> u32 {
[INFO] [stdout]    |            ^^^^^^^^^^^^^
[INFO] [stdout] ...
[INFO] [stdout] 33 |     pub fn read(&mut self, buffer: &mut [u8], offset: u64) -> Result<usize> {
[INFO] [stdout]    |            ^^^^
[INFO] [stdout] 
[INFO] [stdout] 
[INFO] [stdout] warning: unused `Result` that must be used
[INFO] [stdout]    --> src/store/csv/mod.rs:103:9
[INFO] [stdout]     |
[INFO] [stdout] 103 |         self.reader.seek(SeekFrom::Start(0));
[INFO] [stdout]     |         ^^^^^^^^^^^^^^^^^^^^^^^^^^^^^^^^^^^^
[INFO] [stdout]     |
[INFO] [stdout]     = note: this `Result` may be an `Err` variant, which should be handled
[INFO] [stdout]     = note: `#[warn(unused_must_use)]` on by default
[INFO] [stdout] help: use `let _ = ...` to ignore the resulting value
[INFO] [stdout]     |
[INFO] [stdout] 103 |         let _ = self.reader.seek(SeekFrom::Start(0));
[INFO] [stdout]     |         +++++++
[INFO] [stdout] 
[INFO] [stdout] 
[INFO] [stderr]     Finished `test` profile [unoptimized + debuginfo] target(s) in 5.74s
[INFO] running `Command { std: "docker" "inspect" "314ea7ecc63adbfb3c01bf3deddecd699d9224214ba5ff1f40593802ee33914a", kill_on_drop: false }`
[INFO] running `Command { std: "docker" "rm" "-f" "314ea7ecc63adbfb3c01bf3deddecd699d9224214ba5ff1f40593802ee33914a", kill_on_drop: false }`
[INFO] [stdout] 314ea7ecc63adbfb3c01bf3deddecd699d9224214ba5ff1f40593802ee33914a
[INFO] running `Command { std: "docker" "create" "-v" "/var/lib/crater-agent-workspace/builds/worker-4-tc1/target:/opt/rustwide/target:rw,Z" "-v" "/var/lib/crater-agent-workspace/builds/worker-4-tc1/source:/opt/rustwide/workdir:ro,Z" "-v" "/var/lib/crater-agent-workspace/cargo-home:/opt/rustwide/cargo-home:ro,Z" "-v" "/var/lib/crater-agent-workspace/rustup-home:/opt/rustwide/rustup-home:ro,Z" "-e" "SOURCE_DIR=/opt/rustwide/workdir" "-e" "CARGO_TARGET_DIR=/opt/rustwide/target" "-e" "CARGO_INCREMENTAL=0" "-e" "RUST_BACKTRACE=full" "-e" "RUSTFLAGS=--cap-lints=forbid" "-e" "RUSTDOCFLAGS=--cap-lints=forbid" "-e" "CARGO_HOME=/opt/rustwide/cargo-home" "-e" "RUSTUP_HOME=/opt/rustwide/rustup-home" "-w" "/opt/rustwide/workdir" "-m" "1610612736" "--user" "0:0" "--network" "none" "ghcr.io/rust-lang/crates-build-env/linux@sha256:4a844ea9eb2546a2d2c7022eacef16ef2e8229c7fbb2c7d4d55a9ceca922f72d" "/opt/rustwide/cargo-home/bin/cargo" "+nightly-2024-10-28" "test" "--frozen", kill_on_drop: false }`
[INFO] [stdout] 5a7f3c0fbf59bc921c1711bab57238fbe2dc736f185f6e27e95d084c3a955887
[INFO] running `Command { std: "docker" "start" "-a" "5a7f3c0fbf59bc921c1711bab57238fbe2dc736f185f6e27e95d084c3a955887", kill_on_drop: false }`
[INFO] [stderr] warning: unused import: `std::io`
[INFO] [stderr]  --> src/compiler/cursor.rs:4:5
[INFO] [stderr]   |
[INFO] [stderr] 4 | use std::io;
[INFO] [stderr]   |     ^^^^^^^
[INFO] [stderr]   |
[INFO] [stderr]   = note: `#[warn(unused_imports)]` on by default
[INFO] [stderr] 
[INFO] [stderr] warning: unused import: `tracing::trace`
[INFO] [stderr]  --> src/compiler/parser/parse_state.rs:6:5
[INFO] [stderr]   |
[INFO] [stderr] 6 | use tracing::trace;
[INFO] [stderr]   |     ^^^^^^^^^^^^^^
[INFO] [stderr] 
[INFO] [stderr] warning: unused imports: `error` and `trace`
[INFO] [stderr]   --> src/compiler/parser/parser.rs:27:15
[INFO] [stderr]    |
[INFO] [stderr] 27 | use tracing::{error, trace};
[INFO] [stderr]    |               ^^^^^  ^^^^^
[INFO] [stderr] 
[INFO] [stderr] warning: unused import: `crate::runtime::disassembler::disassemble_no_lines`
[INFO] [stderr]   --> src/runtime/vm.rs:22:5
[INFO] [stderr]    |
[INFO] [stderr] 22 | use crate::runtime::disassembler::disassemble_no_lines;
[INFO] [stderr]    |     ^^^^^^^^^^^^^^^^^^^^^^^^^^^^^^^^^^^^^^^^^^^^^^^^^^
[INFO] [stderr] 
[INFO] [stderr] warning: unused import: `Read`
[INFO] [stderr]  --> src/store/csv/uring.rs:4:33
[INFO] [stderr]   |
[INFO] [stderr] 4 | use std::io::{Error, ErrorKind, Read, Result};
[INFO] [stderr]   |                                 ^^^^
[INFO] [stderr] 
[INFO] [stderr] warning: variable does not need to be mutable
[INFO] [stderr]   --> src/store/csv/uring.rs:20:13
[INFO] [stderr]    |
[INFO] [stderr] 20 |         let mut source = OpenOptions::new().read(true).open(source)?;
[INFO] [stderr]    |             ----^^^^^^
[INFO] [stderr]    |             |
[INFO] [stderr]    |             help: remove this `mut`
[INFO] [stderr]    |
[INFO] [stderr]    = note: `#[warn(unused_mut)]` on by default
[INFO] [stderr] 
[INFO] [stderr] warning: unused variable: `assumed_offset`
[INFO] [stderr]   --> src/store/csv/uring.rs:77:21
[INFO] [stderr]    |
[INFO] [stderr] 77 |                 let assumed_offset = cqe.user_data();
[INFO] [stderr]    |                     ^^^^^^^^^^^^^^ help: if this is intentional, prefix it with an underscore: `_assumed_offset`
[INFO] [stderr]    |
[INFO] [stderr]    = note: `#[warn(unused_variables)]` on by default
[INFO] [stderr] 
[INFO] [stderr] warning: field `length` is never read
[INFO] [stderr]    --> src/compiler/parser/ast.rs:203:16
[INFO] [stderr]     |
[INFO] [stderr] 200 | pub struct Span {
[INFO] [stderr]     |            ---- field in this struct
[INFO] [stderr] ...
[INFO] [stderr] 203 |     pub(crate) length: usize,
[INFO] [stderr]     |                ^^^^^^
[INFO] [stderr]     |
[INFO] [stderr]     = note: `Span` has derived impls for the traits `Clone` and `Debug`, but these are intentionally ignored during dead code analysis
[INFO] [stderr]     = note: `#[warn(dead_code)]` on by default
[INFO] [stderr] 
[INFO] [stderr] warning: field `name` is never read
[INFO] [stderr]   --> src/compiler/query_solver.rs:29:9
[INFO] [stderr]    |
[INFO] [stderr] 28 |     Call {
[INFO] [stderr]    |     ---- field in this variant
[INFO] [stderr] 29 |         name: String,
[INFO] [stderr]    |         ^^^^
[INFO] [stderr]    |
[INFO] [stderr]    = note: `CompiledCursor` has a derived impl for the trait `Debug`, but this is intentionally ignored during dead code analysis
[INFO] [stderr] 
[INFO] [stderr] warning: field `cursor_id` is never read
[INFO] [stderr]    --> src/compiler/query_solver.rs:362:5
[INFO] [stderr]     |
[INFO] [stderr] 360 | struct CallFrame {
[INFO] [stderr]     |        --------- field in this struct
[INFO] [stderr] 361 |     // the cursor id for this cursor. incremented externally, used for the OpCloseCursor in the epilogue
[INFO] [stderr] 362 |     cursor_id: u8,
[INFO] [stderr]     |     ^^^^^^^^^
[INFO] [stderr]     |
[INFO] [stderr]     = note: `CallFrame` has a derived impl for the trait `Default`, but this is intentionally ignored during dead code analysis
[INFO] [stderr] 
[INFO] [stderr] warning: method `set_value` is never used
[INFO] [stderr]    --> src/compiler/value.rs:441:23
[INFO] [stderr]     |
[INFO] [stderr] 434 |     impl FunctionValuesObject {
[INFO] [stderr]     |     ------------------------- method in this implementation
[INFO] [stderr] ...
[INFO] [stderr] 441 |         pub(crate) fn set_value(&mut self, domain_value: Vec<Value>, codomain_value: Value) {
[INFO] [stderr]     |                       ^^^^^^^^^
[INFO] [stderr] 
[INFO] [stderr] warning: associated function `dump_stack` is never used
[INFO] [stderr]    --> src/runtime/vm.rs:235:8
[INFO] [stderr]     |
[INFO] [stderr] 63  | impl VirtualMachine {
[INFO] [stderr]     | ------------------- associated function in this implementation
[INFO] [stderr] ...
[INFO] [stderr] 235 |     fn dump_stack(stack: &[Value]) {
[INFO] [stderr]     |        ^^^^^^^^^^
[INFO] [stderr] 
[INFO] [stderr] warning: struct `CsvInput` is never constructed
[INFO] [stderr]   --> src/store/csv/mod.rs:11:19
[INFO] [stderr]    |
[INFO] [stderr] 11 | pub(crate) struct CsvInput {
[INFO] [stderr]    |                   ^^^^^^^^
[INFO] [stderr] 
[INFO] [stderr] warning: associated function `new` is never used
[INFO] [stderr]   --> src/store/csv/mod.rs:17:12
[INFO] [stderr]    |
[INFO] [stderr] 16 | impl CsvInput {
[INFO] [stderr]    | ------------- associated function in this implementation
[INFO] [stderr] 17 |     pub fn new(function_name: &str, file_name: PathBuf) -> Self {
[INFO] [stderr]    |            ^^^
[INFO] [stderr] 
[INFO] [stderr] warning: struct `UringReader` is never constructed
[INFO] [stderr]  --> src/store/csv/uring.rs:8:12
[INFO] [stderr]   |
[INFO] [stderr] 8 | pub struct UringReader {
[INFO] [stderr]   |            ^^^^^^^^^^^
[INFO] [stderr] 
[INFO] [stderr] warning: associated items `new`, `get_blocksize`, and `read` are never used
[INFO] [stderr]   --> src/store/csv/uring.rs:15:12
[INFO] [stderr]    |
[INFO] [stderr] 14 | impl UringReader {
[INFO] [stderr]    | ---------------- associated items in this implementation
[INFO] [stderr] 15 |     pub fn new(source: &PathBuf, blocksize: u32) -> Result<Self> {
[INFO] [stderr]    |            ^^^
[INFO] [stderr] ...
[INFO] [stderr] 29 |     pub fn get_blocksize(&self) -> u32 {
[INFO] [stderr]    |            ^^^^^^^^^^^^^
[INFO] [stderr] ...
[INFO] [stderr] 33 |     pub fn read(&mut self, buffer: &mut [u8], offset: u64) -> Result<usize> {
[INFO] [stderr]    |            ^^^^
[INFO] [stderr] 
[INFO] [stderr] warning: unused `Result` that must be used
[INFO] [stderr]    --> src/store/csv/mod.rs:103:9
[INFO] [stderr]     |
[INFO] [stderr] 103 |         self.reader.seek(SeekFrom::Start(0));
[INFO] [stderr]     |         ^^^^^^^^^^^^^^^^^^^^^^^^^^^^^^^^^^^^
[INFO] [stderr]     |
[INFO] [stderr]     = note: this `Result` may be an `Err` variant, which should be handled
[INFO] [stderr]     = note: `#[warn(unused_must_use)]` on by default
[INFO] [stderr] help: use `let _ = ...` to ignore the resulting value
[INFO] [stderr]     |
[INFO] [stderr] 103 |         let _ = self.reader.seek(SeekFrom::Start(0));
[INFO] [stderr]     |         +++++++
[INFO] [stderr] 
[INFO] [stderr] warning: `glowdust` (lib) generated 17 warnings (run `cargo fix --lib -p glowdust` to apply 5 suggestions)
[INFO] [stderr] warning: multiple lines skipped by escaped newline
[INFO] [stderr]   --> tests/type_definition_tests.rs:55:35
[INFO] [stderr]    |
[INFO] [stderr] 55 |               }                   \n\
[INFO] [stderr]    |  ___________________________________^
[INFO] [stderr] 56 | |
[INFO] [stderr] 57 | |             function activity_with_name(name) = { Activity(0, name) }
[INFO] [stderr]    | |____________^ skipping everything up to and including this point
[INFO] [stderr] 
[INFO] [stderr] warning: multiple lines skipped by escaped newline
[INFO] [stderr]    --> tests/type_definition_tests.rs:99:35
[INFO] [stderr]     |
[INFO] [stderr] 99  |               }                   \n\
[INFO] [stderr]     |  ___________________________________^
[INFO] [stderr] 100 | |
[INFO] [stderr] 101 | |             function id_of_activity_with_name(name) = { Activity(-13, name).id } \n\
[INFO] [stderr]     | |____________^ skipping everything up to and including this point
[INFO] [stderr] 
[INFO] [stderr] warning: unused import: `glowdust::runtime::disassembler::disassemble_no_lines`
[INFO] [stderr]   --> tests/common/mod.rs:16:5
[INFO] [stderr]    |
[INFO] [stderr] 16 | use glowdust::runtime::disassembler::disassemble_no_lines;
[INFO] [stderr]    |     ^^^^^^^^^^^^^^^^^^^^^^^^^^^^^^^^^^^^^^^^^^^^^^^^^^^^^
[INFO] [stderr]    |
[INFO] [stderr]    = note: `#[warn(unused_imports)]` on by default
[INFO] [stderr] 
[INFO] [stderr] warning: unused variable: `test_name`
[INFO] [stderr]    --> tests/common/mod.rs:240:5
[INFO] [stderr]     |
[INFO] [stderr] 240 |     test_name: &str,
[INFO] [stderr]     |     ^^^^^^^^^ help: if this is intentional, prefix it with an underscore: `_test_name`
[INFO] [stderr]     |
[INFO] [stderr]     = note: `#[warn(unused_variables)]` on by default
[INFO] [stderr] 
[INFO] [stderr] warning: unused variable: `state`
[INFO] [stderr]    --> tests/type_definition_tests.rs:238:25
[INFO] [stderr]     |
[INFO] [stderr] 238 |     let (mut store, mut state) = base_setup(function!(), insert)?;
[INFO] [stderr]     |                         ^^^^^ help: if this is intentional, prefix it with an underscore: `_state`
[INFO] [stderr] 
[INFO] [stderr] warning: variable does not need to be mutable
[INFO] [stderr]    --> tests/type_definition_tests.rs:238:21
[INFO] [stderr]     |
[INFO] [stderr] 238 |     let (mut store, mut state) = base_setup(function!(), insert)?;
[INFO] [stderr]     |                     ----^^^^^
[INFO] [stderr]     |                     |
[INFO] [stderr]     |                     help: remove this `mut`
[INFO] [stderr]     |
[INFO] [stderr]     = note: `#[warn(unused_mut)]` on by default
[INFO] [stderr] 
[INFO] [stderr] warning: function `get_persisted_store` is never used
[INFO] [stderr]   --> tests/common/mod.rs:46:8
[INFO] [stderr]    |
[INFO] [stderr] 46 | pub fn get_persisted_store(test_name: &str) -> FilePerFunctionStore {
[INFO] [stderr]    |        ^^^^^^^^^^^^^^^^^^^
[INFO] [stderr]    |
[INFO] [stderr]    = note: `#[warn(dead_code)]` on by default
[INFO] [stderr] 
[INFO] [stderr] warning: variant `File` is never constructed
[INFO] [stderr]   --> tests/common/mod.rs:75:5
[INFO] [stderr]    |
[INFO] [stderr] 73 | pub enum TestStore {
[INFO] [stderr]    |          --------- variant in this enum
[INFO] [stderr] 74 |     // each test can call its file-wide or test-private get_store() function with one of these two
[INFO] [stderr] 75 |     File(FilePerFunctionStore),
[INFO] [stderr]    |     ^^^^
[INFO] [stderr] 
[INFO] [stderr] warning: method `cleanup` is never used
[INFO] [stderr]   --> tests/common/mod.rs:80:12
[INFO] [stderr]    |
[INFO] [stderr] 79 | impl TestStore {
[INFO] [stderr]    | -------------- method in this implementation
[INFO] [stderr] 80 |     pub fn cleanup(&mut self) -> Result<(), Error> {
[INFO] [stderr]    |            ^^^^^^^
[INFO] [stderr] 
[INFO] [stderr] warning: function `run_query` is never used
[INFO] [stderr]    --> tests/common/mod.rs:221:8
[INFO] [stderr]     |
[INFO] [stderr] 221 | pub fn run_query(
[INFO] [stderr]     |        ^^^^^^^^^
[INFO] [stderr] 
[INFO] [stderr] warning: function `run_query_with_sink` is never used
[INFO] [stderr]    --> tests/common/mod.rs:236:8
[INFO] [stderr]     |
[INFO] [stderr] 236 | pub fn run_query_with_sink(
[INFO] [stderr]     |        ^^^^^^^^^^^^^^^^^^^
[INFO] [stderr] 
[INFO] [stderr] warning: unused import: `tracing::trace`
[INFO] [stderr]  --> tests/adversarial_query_tests.rs:5:5
[INFO] [stderr]   |
[INFO] [stderr] 5 | use tracing::trace;
[INFO] [stderr]   |     ^^^^^^^^^^^^^^
[INFO] [stderr]   |
[INFO] [stderr]   = note: `#[warn(unused_imports)]` on by default
[INFO] [stderr] 
[INFO] [stderr] warning: unused import: `glowdust::runtime::disassembler::disassemble_no_lines`
[INFO] [stderr]   --> tests/common/mod.rs:16:5
[INFO] [stderr]    |
[INFO] [stderr] 16 | use glowdust::runtime::disassembler::disassemble_no_lines;
[INFO] [stderr]    |     ^^^^^^^^^^^^^^^^^^^^^^^^^^^^^^^^^^^^^^^^^^^^^^^^^^^^^
[INFO] [stderr] 
[INFO] [stderr] warning: function `base_setup` is never used
[INFO] [stderr]    --> tests/common/mod.rs:184:8
[INFO] [stderr]     |
[INFO] [stderr] 184 | pub fn base_setup(name: &str, query: &str) -> Result<(TestStore, ParseState), TestError> {
[INFO] [stderr]     |        ^^^^^^^^^^
[INFO] [stderr] 
[INFO] [stderr] warning: `glowdust` (test "type_definition_tests") generated 11 warnings (run `cargo fix --test "type_definition_tests"` to apply 2 suggestions)
[INFO] [stderr] warning: `glowdust` (test "adversarial_query_tests") generated 6 warnings (3 duplicates) (run `cargo fix --test "adversarial_query_tests"` to apply 2 suggestions)
[INFO] [stderr] warning: `glowdust` (lib test) generated 16 warnings (16 duplicates)
[INFO] [stderr] warning: `glowdust` (test "processing_integration_tests") generated 4 warnings (4 duplicates)
[INFO] [stderr] warning: `glowdust` (test "query_integration_tests") generated 4 warnings (4 duplicates)
[INFO] [stderr] warning: `glowdust` (test "basic_integration_tests") generated 7 warnings (7 duplicates)
[INFO] [stderr]     Finished `test` profile [unoptimized + debuginfo] target(s) in 0.11s
[INFO] [stderr]      Running unittests src/lib.rs (/opt/rustwide/target/debug/deps/glowdust-b7d513c7fff0c059)
[INFO] [stdout] 
[INFO] [stdout] running 81 tests
[INFO] [stdout] test compiler::parser::ast_walker::test::compile_binary_operator ... ok
[INFO] [stdout] test compiler::parser::lexer::tests::test_end_in_the_middle_of_two_character_token ... ok
[INFO] [stdout] test compiler::parser::lexer::tests::test_string_multiline_and_eof ... ok
[INFO] [stdout] test compiler::parser::ast_walker::test::assign_integer_to_variable ... ok
[INFO] [stdout] test compiler::parser::ast_walker::test::assign_value_to_tuple ... ok
[INFO] [stdout] test compiler::parser::lexer::tests::test_string_simple ... ok
[INFO] [stdout] test compiler::parser::lexer::tests::test_whitespace ... ok
[INFO] [stdout] test compiler::parser::parser::tests::assign_to_struct_field ... ok
[INFO] [stdout] test compiler::parser::lexer::tests::test_true_false ... ok
[INFO] [stdout] test compiler::parser::parser::tests::call_is_higher_prec_than_assignment ... ok
[INFO] [stdout] test compiler::parser::parser::tests::can_call_function_without_arguments ... ok
[INFO] [stdout] test compiler::parser::lexer::tests::test_two_character_operators ... ok
[INFO] [stdout] test compiler::parser::parser::tests::can_parse_constant_to_function_query ... ok
[INFO] [stdout] test compiler::parser::parser::tests::can_parse_variable_to_function_to_constant ... ok
[INFO] [stdout] test compiler::parser::parser::tests::cartesian ... ok
[INFO] [stdout] test compiler::parser::parser::tests::match_with_code_block ... ok
[INFO] [stdout] test compiler::parser::parser::tests::multiple_definitions_for_same_function ... ok
[INFO] [stdout] test compiler::parser::parser::tests::define_function_without_variable_but_with_block_is_weird_but_ok ... ok
[INFO] [stdout] test compiler::parser::parser::tests::multiply_is_higher_prec_than_add ... ok
[INFO] [stdout] test compiler::parser::parser::tests::named_parameters ... ok
[INFO] [stdout] test compiler::parser::parser::tests::parentheses_beat_precedence ... ok
[INFO] [stdout] test compiler::parser::parser::tests::parse_empty_type_definition ... ok
[INFO] [stdout] test compiler::parser::parser::tests::or_is_higher_prec_than_and ... ok
[INFO] [stdout] test compiler::parser::parser::tests::parse_function_tuple_query ... ok
[INFO] [stdout] test compiler::parser::parser::tests::parse_function_tuple_query_to_tuple ... ok
[INFO] [stdout] test compiler::parser::parser::tests::parse_function_tuple_with_expression_in_argument ... ok
[INFO] [stdout] test compiler::parser::parser::tests::parse_match_with_constant_in_production ... ok
[INFO] [stdout] test compiler::parser::parser::tests::parse_type_definition ... ok
[INFO] [stdout] test compiler::parser::parser::tests::parse_type_definition_trailing_comma ... ok
[INFO] [stdout] test compiler::parser::parser::tests::parses_string_literal ... ok
[INFO] [stdout] test compiler::parser::parser::tests::parse_function_to_tuple_and_other_function_and_join_a_third ... ok
[INFO] [stdout] test compiler::parser::parser::tests::parses_variable_expressions_in_tuple ... ok
[INFO] [stdout] test compiler::parser::parser::tests::should_parse_expression_for_bound_variable_1 ... ok
[INFO] [stdout] test compiler::parser::parser::tests::should_parse_expression_for_bound_variable_2 ... ok
[INFO] [stdout] test compiler::parser::parser::tests::self_assignment_parses_ok ... ok
[INFO] [stdout] test compiler::parser::parser::tests::should_parse_expression_for_unbound_variable ... ok
[INFO] [stdout] test compiler::parser::parser::tests::single_element_tuple_parses_as_parenthesis ... ok
[INFO] [stdout] test compiler::parser::parser::tests::unary_is_higher_prec_than_binary ... ok
[INFO] [stdout] test compiler::parser::parser::tests::tree_join ... ok
[INFO] [stdout] test compiler::parser::parser::tests::can_parse_constant_query ... ok
[INFO] [stdout] test compiler::parser::parser::tests::call_with_extra_comma_is_error ... ok
[INFO] [stdout] test compiler::parser::parser::tests::can_parse_variable_query ... ok
[INFO] [stdout] test compiler::parser::parser::tests::define_function_without_value_is_valid ... ok
[INFO] [stdout] test compiler::parser::parser::tests::define_function_without_block_is_error ... ok
[INFO] [stdout] test compiler::query_solver::tests::check_joins_on_star_join ... ok
[INFO] [stdout] test compiler::parser::parser::tests::unclosed_nested_tuple_is_error ... ok
[INFO] [stdout] test compiler::query_solver::tests::check_unbound_var_on_call_is_failure ... ok
[INFO] [stdout] test compiler::query_solver::tests::kinda_complicated ... ok
[INFO] [stdout] test compiler::parser::parser::tests::unopened_nested_tuple_is_error ... ok
[INFO] [stdout] test compiler::parser::parser::tests::unopened_tuple_is_error ... ok
[INFO] [stdout] test compiler::parser::parser::tests::unclosed_tuple_is_error ... ok
[INFO] [stdout] [2mglowdust::runtime::vm[0m[2m:[0m Here I would close cursor 0
[INFO] [stdout] test compiler::query_solver::tests::simple_cartesian ... ok
[INFO] [stdout] test compiler::parser::parser::tests::nested_definitions_are_disallowed ... ok
[INFO] [stdout] test compiler::query_solver::tests::single_element ... ok
[INFO] [stdout] test compiler::query_solver::tests::simple_join ... ok
[INFO] [stdout] [2mglowdust::runtime::vm[0m[2m:[0m Here I would close cursor 0
[INFO] [stdout] test compiler::query_solver::tests::skip_join ... ok
[INFO] [stdout] test runtime::vm::tests::open_pull_close_cursor ... ok
[INFO] [stdout] test runtime::vm::tests::create_object ... ok
[INFO] [stdout] test runtime::vm::tests::test_addition ... ok
[INFO] [stdout] test runtime::vm::tests::test_greater_than ... ok
[INFO] [stdout] test runtime::vm::tests::test_jump ... ok
[INFO] [stdout] [2mglowdust::runtime::vm[0m[2m:[0m Here I would close cursor 0
[INFO] [stdout] test runtime::vm::tests::test_jump_if_false ... ok
[INFO] [stdout] test runtime::vm::tests::test_cursor_pull_then_predicate_and_return ... ok
[INFO] [stdout] test runtime::vm::tests::test_jump_to_jump ... ok
[INFO] [stdout] test runtime::vm::tests::test_loop ... ok
[INFO] [stdout] test runtime::vm::tests::test_self_join ... ok
[INFO] [stdout] test store::serde::serialization::tests::serialize_boolean_array ... FAILED
[INFO] [stdout] test store::serde::serialization::tests::serialize_custom_type ... FAILED
[INFO] [stdout] test store::serde::serialization::tests::serialize_function_definition_object ... FAILED
[INFO] [stdout] test store::serde::serialization::tests::serialize_integer_primitive ... FAILED
[INFO] [stdout] test store::serde::serialization::tests::serialize_tuple_object ... FAILED
[INFO] [stdout] test store::serde::serialization::tests::serialize_constant_parameter ... FAILED
[INFO] [stdout] test store::serde::tests::test_header_length_encoding ... ok
[INFO] [stdout] test store::serde::tests::test_header_set_unset_in_use_flag ... ok
[INFO] [stdout] test store::serde::tests::function_is_defined_if_def_file_exists ... FAILED
[INFO] [stdout] test store::serde::serialization::tests::serialize_u8_array ... FAILED
[INFO] [stdout] test store::serde::serialization::tests::serialize_variable_parameter ... FAILED
[INFO] [stdout] test store::serde::tests::function_is_defined_if_file_with_def_and_val_extension_exists ... FAILED
[INFO] [stdout] test store::serde::tests::function_is_not_defined_if_file_with_no_extension_exists ... FAILED
[INFO] [stdout] test store::serde::tests::function_is_not_defined_if_only_val_file_exists ... FAILED
[INFO] [stdout] test store::serde::tests::write_and_read_a_function ... FAILED
[INFO] [stdout] 
[INFO] [stdout] failures:
[INFO] [stdout] 
[INFO] [stdout] ---- store::serde::serialization::tests::serialize_boolean_array stdout ----
[INFO] [stdout] [true,false]
[INFO] [stdout] working in dir /opt/rustwide/workdir/target/tmp/bool_array.data
[INFO] [stdout] thread 'store::serde::serialization::tests::serialize_boolean_array' panicked at src/store/serde/serialization.rs:599:14:
[INFO] [stdout] called `Result::unwrap()` on an `Err` value: Os { code: 2, kind: NotFound, message: "No such file or directory" }
[INFO] [stdout] stack backtrace:
[INFO] [stdout]    0:     0x56051abd1cca - std::backtrace_rs::backtrace::libunwind::trace::h207520d6e9873551
[INFO] [stdout]                                at /rustc/df4ca44d3fbc9301ee17f30f4d474e6ae4b05252/library/std/src/../../backtrace/src/backtrace/libunwind.rs:116:5
[INFO] [stdout]    1:     0x56051abd1cca - std::backtrace_rs::backtrace::trace_unsynchronized::h2ed7433f370e3eca
[INFO] [stdout]                                at /rustc/df4ca44d3fbc9301ee17f30f4d474e6ae4b05252/library/std/src/../../backtrace/src/backtrace/mod.rs:66:5
[INFO] [stdout]    2:     0x56051abd1cca - std::sys::backtrace::_print_fmt::h916fac51166b18d7
[INFO] [stdout]                                at /rustc/df4ca44d3fbc9301ee17f30f4d474e6ae4b05252/library/std/src/sys/backtrace.rs:66:9
[INFO] [stdout]    3:     0x56051abd1cca - <std::sys::backtrace::BacktraceLock::print::DisplayBacktrace as core::fmt::Display>::fmt::ha0a4c9b8ce3802e6
[INFO] [stdout]                                at /rustc/df4ca44d3fbc9301ee17f30f4d474e6ae4b05252/library/std/src/sys/backtrace.rs:39:26
[INFO] [stdout]    4:     0x56051abf9d63 - core::fmt::rt::Argument::fmt::h4cfc8587d52b3eb5
[INFO] [stdout]                                at /rustc/df4ca44d3fbc9301ee17f30f4d474e6ae4b05252/library/core/src/fmt/rt.rs:177:76
[INFO] [stdout]    5:     0x56051abf9d63 - core::fmt::write::h522cc39e5b36ae9f
[INFO] [stdout]                                at /rustc/df4ca44d3fbc9301ee17f30f4d474e6ae4b05252/library/core/src/fmt/mod.rs:1190:21
[INFO] [stdout]    6:     0x56051abce513 - std::io::Write::write_fmt::h7d3c26752da97734
[INFO] [stdout]                                at /rustc/df4ca44d3fbc9301ee17f30f4d474e6ae4b05252/library/std/src/io/mod.rs:1839:15
[INFO] [stdout]    7:     0x56051abd1b12 - std::sys::backtrace::BacktraceLock::print::h4b9e00b29e9c0942
[INFO] [stdout]                                at /rustc/df4ca44d3fbc9301ee17f30f4d474e6ae4b05252/library/std/src/sys/backtrace.rs:42:9
[INFO] [stdout]    8:     0x56051abd315a - std::panicking::default_hook::{{closure}}::hb59b88280d0324d9
[INFO] [stdout]                                at /rustc/df4ca44d3fbc9301ee17f30f4d474e6ae4b05252/library/std/src/panicking.rs:268:22
[INFO] [stdout]    9:     0x56051abd2f64 - std::panicking::default_hook::he1dd496665be4a29
[INFO] [stdout]                                at /rustc/df4ca44d3fbc9301ee17f30f4d474e6ae4b05252/library/std/src/panicking.rs:292:9
[INFO] [stdout]   10:     0x56051ab41409 - <alloc::boxed::Box<F,A> as core::ops::function::Fn<Args>>::call::h4ff71de18744e1dc
[INFO] [stdout]                                at /rustc/df4ca44d3fbc9301ee17f30f4d474e6ae4b05252/library/alloc/src/boxed.rs:2468:9
[INFO] [stdout]   11:     0x56051ab41409 - test::test_main::{{closure}}::hcf7c055ce117aa81
[INFO] [stdout]                                at /rustc/df4ca44d3fbc9301ee17f30f4d474e6ae4b05252/library/test/src/lib.rs:133:21
[INFO] [stdout]   12:     0x56051abd3858 - <alloc::boxed::Box<F,A> as core::ops::function::Fn<Args>>::call::h1d66c6bbd60c9692
[INFO] [stdout]                                at /rustc/df4ca44d3fbc9301ee17f30f4d474e6ae4b05252/library/alloc/src/boxed.rs:2468:9
[INFO] [stdout]   13:     0x56051abd3858 - std::panicking::rust_panic_with_hook::h2ff17fe8f26dfcf8
[INFO] [stdout]                                at /rustc/df4ca44d3fbc9301ee17f30f4d474e6ae4b05252/library/std/src/panicking.rs:809:13
[INFO] [stdout]   14:     0x56051abd361a - std::panicking::begin_panic_handler::{{closure}}::h4fad77951c07e101
[INFO] [stdout]                                at /rustc/df4ca44d3fbc9301ee17f30f4d474e6ae4b05252/library/std/src/panicking.rs:674:13
[INFO] [stdout]   15:     0x56051abd21a9 - std::sys::backtrace::__rust_end_short_backtrace::hb1a25b3da5d0ea08
[INFO] [stdout]                                at /rustc/df4ca44d3fbc9301ee17f30f4d474e6ae4b05252/library/std/src/sys/backtrace.rs:170:18
[INFO] [stdout]   16:     0x56051abd32ac - rust_begin_unwind
[INFO] [stdout]                                at /rustc/df4ca44d3fbc9301ee17f30f4d474e6ae4b05252/library/std/src/panicking.rs:665:5
[INFO] [stdout]   17:     0x56051abf7b20 - core::panicking::panic_fmt::ha9db07b529f9b256
[INFO] [stdout]                                at /rustc/df4ca44d3fbc9301ee17f30f4d474e6ae4b05252/library/core/src/panicking.rs:75:14
[INFO] [stdout]   18:     0x56051abf7fc6 - core::result::unwrap_failed::h5e8218e4d4338b8a
[INFO] [stdout]                                at /rustc/df4ca44d3fbc9301ee17f30f4d474e6ae4b05252/library/core/src/result.rs:1698:5
[INFO] [stdout]   19:     0x56051aa57dd8 - core::result::Result<T,E>::unwrap::hd743211d89e64296
[INFO] [stdout]                                at /rustc/df4ca44d3fbc9301ee17f30f4d474e6ae4b05252/library/core/src/result.rs:1103:23
[INFO] [stdout]   20:     0x56051aa57dd8 - glowdust::store::serde::serialization::tests::base_json_test::h2a4377c3df74514f
[INFO] [stdout]                                at /opt/rustwide/workdir/src/store/serde/serialization.rs:595:24
[INFO] [stdout]   21:     0x56051aa5d5f6 - glowdust::store::serde::serialization::tests::serialize_boolean_array::h54f26f2ecd3d29b1
[INFO] [stdout]                                at /opt/rustwide/workdir/src/store/serde/serialization.rs:692:9
[INFO] [stdout]   22:     0x56051aa5d597 - glowdust::store::serde::serialization::tests::serialize_boolean_array::{{closure}}::h657b620f402f6fe3
[INFO] [stdout]                                at /opt/rustwide/workdir/src/store/serde/serialization.rs:690:37
[INFO] [stdout]   23:     0x56051aabcf96 - core::ops::function::FnOnce::call_once::h643a8785ec48648d
[INFO] [stdout]                                at /rustc/df4ca44d3fbc9301ee17f30f4d474e6ae4b05252/library/core/src/ops/function.rs:250:5
[INFO] [stdout]   24:     0x56051ab45cdb - core::ops::function::FnOnce::call_once::h22c3ba5715e93f05
[INFO] [stdout]                                at /rustc/df4ca44d3fbc9301ee17f30f4d474e6ae4b05252/library/core/src/ops/function.rs:250:5
[INFO] [stdout]   25:     0x56051ab45cdb - test::__rust_begin_short_backtrace::h8e82d8113d0da17f
[INFO] [stdout]                                at /rustc/df4ca44d3fbc9301ee17f30f4d474e6ae4b05252/library/test/src/lib.rs:621:18
[INFO] [stdout]   26:     0x56051ab45657 - test::run_test_in_process::{{closure}}::h33235f4f20b7b7c7
[INFO] [stdout]                                at /rustc/df4ca44d3fbc9301ee17f30f4d474e6ae4b05252/library/test/src/lib.rs:644:60
[INFO] [stdout]   27:     0x56051ab45657 - <core::panic::unwind_safe::AssertUnwindSafe<F> as core::ops::function::FnOnce<()>>::call_once::hb5043206310c586f
[INFO] [stdout]                                at /rustc/df4ca44d3fbc9301ee17f30f4d474e6ae4b05252/library/core/src/panic/unwind_safe.rs:272:9
[INFO] [stdout]   28:     0x56051ab45657 - std::panicking::try::do_call::h9ad4731a60ab23e2
[INFO] [stdout]                                at /rustc/df4ca44d3fbc9301ee17f30f4d474e6ae4b05252/library/std/src/panicking.rs:557:40
[INFO] [stdout]   29:     0x56051ab45657 - std::panicking::try::h3824d23db772a716
[INFO] [stdout]                                at /rustc/df4ca44d3fbc9301ee17f30f4d474e6ae4b05252/library/std/src/panicking.rs:520:19
[INFO] [stdout]   30:     0x56051ab45657 - std::panic::catch_unwind::h5afd514605fde46b
[INFO] [stdout]                                at /rustc/df4ca44d3fbc9301ee17f30f4d474e6ae4b05252/library/std/src/panic.rs:358:14
[INFO] [stdout]   31:     0x56051ab45657 - test::run_test_in_process::h0d5cbfa7067d1720
[INFO] [stdout]                                at /rustc/df4ca44d3fbc9301ee17f30f4d474e6ae4b05252/library/test/src/lib.rs:644:27
[INFO] [stdout]   32:     0x56051ab45657 - test::run_test::{{closure}}::h708eb8872708115d
[INFO] [stdout]                                at /rustc/df4ca44d3fbc9301ee17f30f4d474e6ae4b05252/library/test/src/lib.rs:565:43
[INFO] [stdout]   33:     0x56051ab08d74 - test::run_test::{{closure}}::h392c51cee94713ab
[INFO] [stdout]                                at /rustc/df4ca44d3fbc9301ee17f30f4d474e6ae4b05252/library/test/src/lib.rs:595:41
[INFO] [stdout]   34:     0x56051ab08d74 - std::sys::backtrace::__rust_begin_short_backtrace::h2f40290710935a8b
[INFO] [stdout]                                at /rustc/df4ca44d3fbc9301ee17f30f4d474e6ae4b05252/library/std/src/sys/backtrace.rs:154:18
[INFO] [stdout]   35:     0x56051ab0c51e - std::thread::Builder::spawn_unchecked_::{{closure}}::{{closure}}::h3fd968d89053a903
[INFO] [stdout]                                at /rustc/df4ca44d3fbc9301ee17f30f4d474e6ae4b05252/library/std/src/thread/mod.rs:541:17
[INFO] [stdout]   36:     0x56051ab0c51e - <core::panic::unwind_safe::AssertUnwindSafe<F> as core::ops::function::FnOnce<()>>::call_once::h743f637ba4229880
[INFO] [stdout]                                at /rustc/df4ca44d3fbc9301ee17f30f4d474e6ae4b05252/library/core/src/panic/unwind_safe.rs:272:9
[INFO] [stdout]   37:     0x56051ab0c51e - std::panicking::try::do_call::h07440897322525a6
[INFO] [stdout]                                at /rustc/df4ca44d3fbc9301ee17f30f4d474e6ae4b05252/library/std/src/panicking.rs:557:40
[INFO] [stdout]   38:     0x56051ab0c51e - std::panicking::try::he5a2e00188156637
[INFO] [stdout]                                at /rustc/df4ca44d3fbc9301ee17f30f4d474e6ae4b05252/library/std/src/panicking.rs:520:19
[INFO] [stdout]   39:     0x56051ab0c51e - std::panic::catch_unwind::hbaf3cae49b3c6433
[INFO] [stdout]                                at /rustc/df4ca44d3fbc9301ee17f30f4d474e6ae4b05252/library/std/src/panic.rs:358:14
[INFO] [stdout]   40:     0x56051ab0c51e - std::thread::Builder::spawn_unchecked_::{{closure}}::h8e141ea224820bce
[INFO] [stdout]                                at /rustc/df4ca44d3fbc9301ee17f30f4d474e6ae4b05252/library/std/src/thread/mod.rs:540:30
[INFO] [stdout]   41:     0x56051ab0c51e - core::ops::function::FnOnce::call_once{{vtable.shim}}::h90d312fedd7b8ea8
[INFO] [stdout]                                at /rustc/df4ca44d3fbc9301ee17f30f4d474e6ae4b05252/library/core/src/ops/function.rs:250:5
[INFO] [stdout]   42:     0x56051abd81eb - <alloc::boxed::Box<F,A> as core::ops::function::FnOnce<Args>>::call_once::h69aa08ddb6adb8b6
[INFO] [stdout]                                at /rustc/df4ca44d3fbc9301ee17f30f4d474e6ae4b05252/library/alloc/src/boxed.rs:2454:9
[INFO] [stdout]   43:     0x56051abd81eb - <alloc::boxed::Box<F,A> as core::ops::function::FnOnce<Args>>::call_once::h5aa36efdb79c806f
[INFO] [stdout]                                at /rustc/df4ca44d3fbc9301ee17f30f4d474e6ae4b05252/library/alloc/src/boxed.rs:2454:9
[INFO] [stdout]   44:     0x56051abd81eb - std::sys::pal::unix::thread::Thread::new::thread_start::h6cd80a1b4be5158d
[INFO] [stdout]                                at /rustc/df4ca44d3fbc9301ee17f30f4d474e6ae4b05252/library/std/src/sys/pal/unix/thread.rs:105:17
[INFO] [stdout]   45:     0x7308e5b5aac3 - <unknown>
[INFO] [stdout]   46:     0x7308e5beba04 - clone
[INFO] [stdout]   47:                0x0 - <unknown>
[INFO] [stdout] 
[INFO] [stdout] ---- store::serde::serialization::tests::serialize_custom_type stdout ----
[INFO] [stdout] {"TypedValueInstance":["MyType",{"field1":{"MyString":"value1"},"field2":{"MyString":"value2"}}]}
[INFO] [stdout] working in dir /opt/rustwide/workdir/target/tmp/custom_value.data
[INFO] [stdout] thread 'store::serde::serialization::tests::serialize_custom_type' panicked at src/store/serde/serialization.rs:599:14:
[INFO] [stdout] called `Result::unwrap()` on an `Err` value: Os { code: 2, kind: NotFound, message: "No such file or directory" }
[INFO] [stdout] stack backtrace:
[INFO] [stdout]    0:     0x56051abd1cca - std::backtrace_rs::backtrace::libunwind::trace::h207520d6e9873551
[INFO] [stdout]                                at /rustc/df4ca44d3fbc9301ee17f30f4d474e6ae4b05252/library/std/src/../../backtrace/src/backtrace/libunwind.rs:116:5
[INFO] [stdout]    1:     0x56051abd1cca - std::backtrace_rs::backtrace::trace_unsynchronized::h2ed7433f370e3eca
[INFO] [stdout]                                at /rustc/df4ca44d3fbc9301ee17f30f4d474e6ae4b05252/library/std/src/../../backtrace/src/backtrace/mod.rs:66:5
[INFO] [stdout]    2:     0x56051abd1cca - std::sys::backtrace::_print_fmt::h916fac51166b18d7
[INFO] [stdout]                                at /rustc/df4ca44d3fbc9301ee17f30f4d474e6ae4b05252/library/std/src/sys/backtrace.rs:66:9
[INFO] [stdout]    3:     0x56051abd1cca - <std::sys::backtrace::BacktraceLock::print::DisplayBacktrace as core::fmt::Display>::fmt::ha0a4c9b8ce3802e6
[INFO] [stdout]                                at /rustc/df4ca44d3fbc9301ee17f30f4d474e6ae4b05252/library/std/src/sys/backtrace.rs:39:26
[INFO] [stdout]    4:     0x56051abf9d63 - core::fmt::rt::Argument::fmt::h4cfc8587d52b3eb5
[INFO] [stdout]                                at /rustc/df4ca44d3fbc9301ee17f30f4d474e6ae4b05252/library/core/src/fmt/rt.rs:177:76
[INFO] [stdout]    5:     0x56051abf9d63 - core::fmt::write::h522cc39e5b36ae9f
[INFO] [stdout]                                at /rustc/df4ca44d3fbc9301ee17f30f4d474e6ae4b05252/library/core/src/fmt/mod.rs:1190:21
[INFO] [stdout]    6:     0x56051abce513 - std::io::Write::write_fmt::h7d3c26752da97734
[INFO] [stdout]                                at /rustc/df4ca44d3fbc9301ee17f30f4d474e6ae4b05252/library/std/src/io/mod.rs:1839:15
[INFO] [stdout]    7:     0x56051abd1b12 - std::sys::backtrace::BacktraceLock::print::h4b9e00b29e9c0942
[INFO] [stdout]                                at /rustc/df4ca44d3fbc9301ee17f30f4d474e6ae4b05252/library/std/src/sys/backtrace.rs:42:9
[INFO] [stdout]    8:     0x56051abd315a - std::panicking::default_hook::{{closure}}::hb59b88280d0324d9
[INFO] [stdout]                                at /rustc/df4ca44d3fbc9301ee17f30f4d474e6ae4b05252/library/std/src/panicking.rs:268:22
[INFO] [stdout]    9:     0x56051abd2f64 - std::panicking::default_hook::he1dd496665be4a29
[INFO] [stdout]                                at /rustc/df4ca44d3fbc9301ee17f30f4d474e6ae4b05252/library/std/src/panicking.rs:292:9
[INFO] [stdout]   10:     0x56051ab41409 - <alloc::boxed::Box<F,A> as core::ops::function::Fn<Args>>::call::h4ff71de18744e1dc
[INFO] [stdout]                                at /rustc/df4ca44d3fbc9301ee17f30f4d474e6ae4b05252/library/alloc/src/boxed.rs:2468:9
[INFO] [stdout]   11:     0x56051ab41409 - test::test_main::{{closure}}::hcf7c055ce117aa81
[INFO] [stdout]                                at /rustc/df4ca44d3fbc9301ee17f30f4d474e6ae4b05252/library/test/src/lib.rs:133:21
[INFO] [stdout]   12:     0x56051abd3858 - <alloc::boxed::Box<F,A> as core::ops::function::Fn<Args>>::call::h1d66c6bbd60c9692
[INFO] [stdout]                                at /rustc/df4ca44d3fbc9301ee17f30f4d474e6ae4b05252/library/alloc/src/boxed.rs:2468:9
[INFO] [stdout]   13:     0x56051abd3858 - std::panicking::rust_panic_with_hook::h2ff17fe8f26dfcf8
[INFO] [stdout]                                at /rustc/df4ca44d3fbc9301ee17f30f4d474e6ae4b05252/library/std/src/panicking.rs:809:13
[INFO] [stdout]   14:     0x56051abd361a - std::panicking::begin_panic_handler::{{closure}}::h4fad77951c07e101
[INFO] [stdout]                                at /rustc/df4ca44d3fbc9301ee17f30f4d474e6ae4b05252/library/std/src/panicking.rs:674:13
[INFO] [stdout]   15:     0x56051abd21a9 - std::sys::backtrace::__rust_end_short_backtrace::hb1a25b3da5d0ea08
[INFO] [stdout]                                at /rustc/df4ca44d3fbc9301ee17f30f4d474e6ae4b05252/library/std/src/sys/backtrace.rs:170:18
[INFO] [stdout]   16:     0x56051abd32ac - rust_begin_unwind
[INFO] [stdout]                                at /rustc/df4ca44d3fbc9301ee17f30f4d474e6ae4b05252/library/std/src/panicking.rs:665:5
[INFO] [stdout]   17:     0x56051abf7b20 - core::panicking::panic_fmt::ha9db07b529f9b256
[INFO] [stdout]                                at /rustc/df4ca44d3fbc9301ee17f30f4d474e6ae4b05252/library/core/src/panicking.rs:75:14
[INFO] [stdout]   18:     0x56051abf7fc6 - core::result::unwrap_failed::h5e8218e4d4338b8a
[INFO] [stdout]                                at /rustc/df4ca44d3fbc9301ee17f30f4d474e6ae4b05252/library/core/src/result.rs:1698:5
[INFO] [stdout]   19:     0x56051aa58ee5 - core::result::Result<T,E>::unwrap::hd743211d89e64296
[INFO] [stdout]                                at /rustc/df4ca44d3fbc9301ee17f30f4d474e6ae4b05252/library/core/src/result.rs:1103:23
[INFO] [stdout]   20:     0x56051aa58ee5 - glowdust::store::serde::serialization::tests::base_json_test::h483ebd3c8bd2802b
[INFO] [stdout]                                at /opt/rustwide/workdir/src/store/serde/serialization.rs:595:24
[INFO] [stdout]   21:     0x56051aa5d9da - glowdust::store::serde::serialization::tests::serialize_custom_type::h7be31cc2db892387
[INFO] [stdout]                                at /opt/rustwide/workdir/src/store/serde/serialization.rs:706:9
[INFO] [stdout]   22:     0x56051aa5d667 - glowdust::store::serde::serialization::tests::serialize_custom_type::{{closure}}::he795c2a16c1fc934
[INFO] [stdout]                                at /opt/rustwide/workdir/src/store/serde/serialization.rs:697:35
[INFO] [stdout]   23:     0x56051aabccd6 - core::ops::function::FnOnce::call_once::h4a0946af44c467a4
[INFO] [stdout]                                at /rustc/df4ca44d3fbc9301ee17f30f4d474e6ae4b05252/library/core/src/ops/function.rs:250:5
[INFO] [stdout]   24:     0x56051ab45cdb - core::ops::function::FnOnce::call_once::h22c3ba5715e93f05
[INFO] [stdout]                                at /rustc/df4ca44d3fbc9301ee17f30f4d474e6ae4b05252/library/core/src/ops/function.rs:250:5
[INFO] [stdout]   25:     0x56051ab45cdb - test::__rust_begin_short_backtrace::h8e82d8113d0da17f
[INFO] [stdout]                                at /rustc/df4ca44d3fbc9301ee17f30f4d474e6ae4b05252/library/test/src/lib.rs:621:18
[INFO] [stdout]   26:     0x56051ab45657 - test::run_test_in_process::{{closure}}::h33235f4f20b7b7c7
[INFO] [stdout]                                at /rustc/df4ca44d3fbc9301ee17f30f4d474e6ae4b05252/library/test/src/lib.rs:644:60
[INFO] [stdout]   27:     0x56051ab45657 - <core::panic::unwind_safe::AssertUnwindSafe<F> as core::ops::function::FnOnce<()>>::call_once::hb5043206310c586f
[INFO] [stdout]                                at /rustc/df4ca44d3fbc9301ee17f30f4d474e6ae4b05252/library/core/src/panic/unwind_safe.rs:272:9
[INFO] [stdout]   28:     0x56051ab45657 - std::panicking::try::do_call::h9ad4731a60ab23e2
[INFO] [stdout]                                at /rustc/df4ca44d3fbc9301ee17f30f4d474e6ae4b05252/library/std/src/panicking.rs:557:40
[INFO] [stdout]   29:     0x56051ab45657 - std::panicking::try::h3824d23db772a716
[INFO] [stdout]                                at /rustc/df4ca44d3fbc9301ee17f30f4d474e6ae4b05252/library/std/src/panicking.rs:520:19
[INFO] [stdout]   30:     0x56051ab45657 - std::panic::catch_unwind::h5afd514605fde46b
[INFO] [stdout]                                at /rustc/df4ca44d3fbc9301ee17f30f4d474e6ae4b05252/library/std/src/panic.rs:358:14
[INFO] [stdout]   31:     0x56051ab45657 - test::run_test_in_process::h0d5cbfa7067d1720
[INFO] [stdout]                                at /rustc/df4ca44d3fbc9301ee17f30f4d474e6ae4b05252/library/test/src/lib.rs:644:27
[INFO] [stdout]   32:     0x56051ab45657 - test::run_test::{{closure}}::h708eb8872708115d
[INFO] [stdout]                                at /rustc/df4ca44d3fbc9301ee17f30f4d474e6ae4b05252/library/test/src/lib.rs:565:43
[INFO] [stdout]   33:     0x56051ab08d74 - test::run_test::{{closure}}::h392c51cee94713ab
[INFO] [stdout]                                at /rustc/df4ca44d3fbc9301ee17f30f4d474e6ae4b05252/library/test/src/lib.rs:595:41
[INFO] [stdout]   34:     0x56051ab08d74 - std::sys::backtrace::__rust_begin_short_backtrace::h2f40290710935a8b
[INFO] [stdout]                                at /rustc/df4ca44d3fbc9301ee17f30f4d474e6ae4b05252/library/std/src/sys/backtrace.rs:154:18
[INFO] [stdout]   35:     0x56051ab0c51e - std::thread::Builder::spawn_unchecked_::{{closure}}::{{closure}}::h3fd968d89053a903
[INFO] [stdout]                                at /rustc/df4ca44d3fbc9301ee17f30f4d474e6ae4b05252/library/std/src/thread/mod.rs:541:17
[INFO] [stdout]   36:     0x56051ab0c51e - <core::panic::unwind_safe::AssertUnwindSafe<F> as core::ops::function::FnOnce<()>>::call_once::h743f637ba4229880
[INFO] [stdout]                                at /rustc/df4ca44d3fbc9301ee17f30f4d474e6ae4b05252/library/core/src/panic/unwind_safe.rs:272:9
[INFO] [stdout]   37:     0x56051ab0c51e - std::panicking::try::do_call::h07440897322525a6
[INFO] [stdout]                                at /rustc/df4ca44d3fbc9301ee17f30f4d474e6ae4b05252/library/std/src/panicking.rs:557:40
[INFO] [stdout]   38:     0x56051ab0c51e - std::panicking::try::he5a2e00188156637
[INFO] [stdout]                                at /rustc/df4ca44d3fbc9301ee17f30f4d474e6ae4b05252/library/std/src/panicking.rs:520:19
[INFO] [stdout]   39:     0x56051ab0c51e - std::panic::catch_unwind::hbaf3cae49b3c6433
[INFO] [stdout]                                at /rustc/df4ca44d3fbc9301ee17f30f4d474e6ae4b05252/library/std/src/panic.rs:358:14
[INFO] [stdout]   40:     0x56051ab0c51e - std::thread::Builder::spawn_unchecked_::{{closure}}::h8e141ea224820bce
[INFO] [stdout]                                at /rustc/df4ca44d3fbc9301ee17f30f4d474e6ae4b05252/library/std/src/thread/mod.rs:540:30
[INFO] [stdout]   41:     0x56051ab0c51e - core::ops::function::FnOnce::call_once{{vtable.shim}}::h90d312fedd7b8ea8
[INFO] [stdout]                                at /rustc/df4ca44d3fbc9301ee17f30f4d474e6ae4b05252/library/core/src/ops/function.rs:250:5
[INFO] [stdout]   42:     0x56051abd81eb - <alloc::boxed::Box<F,A> as core::ops::function::FnOnce<Args>>::call_once::h69aa08ddb6adb8b6
[INFO] [stdout]                                at /rustc/df4ca44d3fbc9301ee17f30f4d474e6ae4b05252/library/alloc/src/boxed.rs:2454:9
[INFO] [stdout]   43:     0x56051abd81eb - <alloc::boxed::Box<F,A> as core::ops::function::FnOnce<Args>>::call_once::h5aa36efdb79c806f
[INFO] [stdout]                                at /rustc/df4ca44d3fbc9301ee17f30f4d474e6ae4b05252/library/alloc/src/boxed.rs:2454:9
[INFO] [stdout]   44:     0x56051abd81eb - std::sys::pal::unix::thread::Thread::new::thread_start::h6cd80a1b4be5158d
[INFO] [stdout]                                at /rustc/df4ca44d3fbc9301ee17f30f4d474e6ae4b05252/library/std/src/sys/pal/unix/thread.rs:105:17
[INFO] [stdout]   45:     0x7308e5b5aac3 - <unknown>
[INFO] [stdout]   46:     0x7308e5beba04 - clone
[INFO] [stdout]   47:                0x0 - <unknown>
[INFO] [stdout] 
[INFO] [stdout] ---- store::serde::serialization::tests::serialize_function_definition_object stdout ----
[INFO] [stdout] {"formal_arguments":[{"Variable":"val"},{"Constant":{"Primitive":{"Integer":12}}}],"variables":[],"constants":[],"bytecode":{"bytes":[1,2,3,4,5],"lines":[0,0,0,0,0],"labels":{}},"name":"the fdo"}
[INFO] [stdout] working in dir /opt/rustwide/workdir/target/tmp/fdo.data
[INFO] [stdout] thread 'store::serde::serialization::tests::serialize_function_definition_object' panicked at src/store/serde/serialization.rs:599:14:
[INFO] [stdout] called `Result::unwrap()` on an `Err` value: Os { code: 2, kind: NotFound, message: "No such file or directory" }
[INFO] [stdout] stack backtrace:
[INFO] [stdout]    0:     0x56051abd1cca - std::backtrace_rs::backtrace::libunwind::trace::h207520d6e9873551
[INFO] [stdout]                                at /rustc/df4ca44d3fbc9301ee17f30f4d474e6ae4b05252/library/std/src/../../backtrace/src/backtrace/libunwind.rs:116:5
[INFO] [stdout]    1:     0x56051abd1cca - std::backtrace_rs::backtrace::trace_unsynchronized::h2ed7433f370e3eca
[INFO] [stdout]                                at /rustc/df4ca44d3fbc9301ee17f30f4d474e6ae4b05252/library/std/src/../../backtrace/src/backtrace/mod.rs:66:5
[INFO] [stdout]    2:     0x56051abd1cca - std::sys::backtrace::_print_fmt::h916fac51166b18d7
[INFO] [stdout]                                at /rustc/df4ca44d3fbc9301ee17f30f4d474e6ae4b05252/library/std/src/sys/backtrace.rs:66:9
[INFO] [stdout]    3:     0x56051abd1cca - <std::sys::backtrace::BacktraceLock::print::DisplayBacktrace as core::fmt::Display>::fmt::ha0a4c9b8ce3802e6
[INFO] [stdout]                                at /rustc/df4ca44d3fbc9301ee17f30f4d474e6ae4b05252/library/std/src/sys/backtrace.rs:39:26
[INFO] [stdout]    4:     0x56051abf9d63 - core::fmt::rt::Argument::fmt::h4cfc8587d52b3eb5
[INFO] [stdout]                                at /rustc/df4ca44d3fbc9301ee17f30f4d474e6ae4b05252/library/core/src/fmt/rt.rs:177:76
[INFO] [stdout]    5:     0x56051abf9d63 - core::fmt::write::h522cc39e5b36ae9f
[INFO] [stdout]                                at /rustc/df4ca44d3fbc9301ee17f30f4d474e6ae4b05252/library/core/src/fmt/mod.rs:1190:21
[INFO] [stdout]    6:     0x56051abce513 - std::io::Write::write_fmt::h7d3c26752da97734
[INFO] [stdout]                                at /rustc/df4ca44d3fbc9301ee17f30f4d474e6ae4b05252/library/std/src/io/mod.rs:1839:15
[INFO] [stdout]    7:     0x56051abd1b12 - std::sys::backtrace::BacktraceLock::print::h4b9e00b29e9c0942
[INFO] [stdout]                                at /rustc/df4ca44d3fbc9301ee17f30f4d474e6ae4b05252/library/std/src/sys/backtrace.rs:42:9
[INFO] [stdout]    8:     0x56051abd315a - std::panicking::default_hook::{{closure}}::hb59b88280d0324d9
[INFO] [stdout]                                at /rustc/df4ca44d3fbc9301ee17f30f4d474e6ae4b05252/library/std/src/panicking.rs:268:22
[INFO] [stdout]    9:     0x56051abd2f64 - std::panicking::default_hook::he1dd496665be4a29
[INFO] [stdout]                                at /rustc/df4ca44d3fbc9301ee17f30f4d474e6ae4b05252/library/std/src/panicking.rs:292:9
[INFO] [stdout]   10:     0x56051ab41409 - <alloc::boxed::Box<F,A> as core::ops::function::Fn<Args>>::call::h4ff71de18744e1dc
[INFO] [stdout]                                at /rustc/df4ca44d3fbc9301ee17f30f4d474e6ae4b05252/library/alloc/src/boxed.rs:2468:9
[INFO] [stdout]   11:     0x56051ab41409 - test::test_main::{{closure}}::hcf7c055ce117aa81
[INFO] [stdout]                                at /rustc/df4ca44d3fbc9301ee17f30f4d474e6ae4b05252/library/test/src/lib.rs:133:21
[INFO] [stdout]   12:     0x56051abd3858 - <alloc::boxed::Box<F,A> as core::ops::function::Fn<Args>>::call::h1d66c6bbd60c9692
[INFO] [stdout]                                at /rustc/df4ca44d3fbc9301ee17f30f4d474e6ae4b05252/library/alloc/src/boxed.rs:2468:9
[INFO] [stdout]   13:     0x56051abd3858 - std::panicking::rust_panic_with_hook::h2ff17fe8f26dfcf8
[INFO] [stdout]                                at /rustc/df4ca44d3fbc9301ee17f30f4d474e6ae4b05252/library/std/src/panicking.rs:809:13
[INFO] [stdout]   14:     0x56051abd361a - std::panicking::begin_panic_handler::{{closure}}::h4fad77951c07e101
[INFO] [stdout]                                at /rustc/df4ca44d3fbc9301ee17f30f4d474e6ae4b05252/library/std/src/panicking.rs:674:13
[INFO] [stdout]   15:     0x56051abd21a9 - std::sys::backtrace::__rust_end_short_backtrace::hb1a25b3da5d0ea08
[INFO] [stdout]                                at /rustc/df4ca44d3fbc9301ee17f30f4d474e6ae4b05252/library/std/src/sys/backtrace.rs:170:18
[INFO] [stdout]   16:     0x56051abd32ac - rust_begin_unwind
[INFO] [stdout]                                at /rustc/df4ca44d3fbc9301ee17f30f4d474e6ae4b05252/library/std/src/panicking.rs:665:5
[INFO] [stdout]   17:     0x56051abf7b20 - core::panicking::panic_fmt::ha9db07b529f9b256
[INFO] [stdout]                                at /rustc/df4ca44d3fbc9301ee17f30f4d474e6ae4b05252/library/core/src/panicking.rs:75:14
[INFO] [stdout]   18:     0x56051abf7fc6 - core::result::unwrap_failed::h5e8218e4d4338b8a
[INFO] [stdout]                                at /rustc/df4ca44d3fbc9301ee17f30f4d474e6ae4b05252/library/core/src/result.rs:1698:5
[INFO] [stdout]   19:     0x56051aa56c85 - core::result::Result<T,E>::unwrap::hd743211d89e64296
[INFO] [stdout]                                at /rustc/df4ca44d3fbc9301ee17f30f4d474e6ae4b05252/library/core/src/result.rs:1103:23
[INFO] [stdout]   20:     0x56051aa56c85 - glowdust::store::serde::serialization::tests::base_json_test::h1dd2b4367ce3178e
[INFO] [stdout]                                at /opt/rustwide/workdir/src/store/serde/serialization.rs:595:24
[INFO] [stdout]   21:     0x56051aa5d03e - glowdust::store::serde::serialization::tests::serialize_function_definition_object::h6c48dc64eebae562
[INFO] [stdout]                                at /opt/rustwide/workdir/src/store/serde/serialization.rs:674:9
[INFO] [stdout]   22:     0x56051aa5ca17 - glowdust::store::serde::serialization::tests::serialize_function_definition_object::{{closure}}::h3cc0506ef565277e
[INFO] [stdout]                                at /opt/rustwide/workdir/src/store/serde/serialization.rs:660:50
[INFO] [stdout]   23:     0x56051aabe306 - core::ops::function::FnOnce::call_once::hf92bd8645dfb21ad
[INFO] [stdout]                                at /rustc/df4ca44d3fbc9301ee17f30f4d474e6ae4b05252/library/core/src/ops/function.rs:250:5
[INFO] [stdout]   24:     0x56051ab45cdb - core::ops::function::FnOnce::call_once::h22c3ba5715e93f05
[INFO] [stdout]                                at /rustc/df4ca44d3fbc9301ee17f30f4d474e6ae4b05252/library/core/src/ops/function.rs:250:5
[INFO] [stdout]   25:     0x56051ab45cdb - test::__rust_begin_short_backtrace::h8e82d8113d0da17f
[INFO] [stdout]                                at /rustc/df4ca44d3fbc9301ee17f30f4d474e6ae4b05252/library/test/src/lib.rs:621:18
[INFO] [stdout]   26:     0x56051ab45657 - test::run_test_in_process::{{closure}}::h33235f4f20b7b7c7
[INFO] [stdout]                                at /rustc/df4ca44d3fbc9301ee17f30f4d474e6ae4b05252/library/test/src/lib.rs:644:60
[INFO] [stdout]   27:     0x56051ab45657 - <core::panic::unwind_safe::AssertUnwindSafe<F> as core::ops::function::FnOnce<()>>::call_once::hb5043206310c586f
[INFO] [stdout]                                at /rustc/df4ca44d3fbc9301ee17f30f4d474e6ae4b05252/library/core/src/panic/unwind_safe.rs:272:9
[INFO] [stdout]   28:     0x56051ab45657 - std::panicking::try::do_call::h9ad4731a60ab23e2
[INFO] [stdout]                                at /rustc/df4ca44d3fbc9301ee17f30f4d474e6ae4b05252/library/std/src/panicking.rs:557:40
[INFO] [stdout]   29:     0x56051ab45657 - std::panicking::try::h3824d23db772a716
[INFO] [stdout]                                at /rustc/df4ca44d3fbc9301ee17f30f4d474e6ae4b05252/library/std/src/panicking.rs:520:19
[INFO] [stdout]   30:     0x56051ab45657 - std::panic::catch_unwind::h5afd514605fde46b
[INFO] [stdout]                                at /rustc/df4ca44d3fbc9301ee17f30f4d474e6ae4b05252/library/std/src/panic.rs:358:14
[INFO] [stdout]   31:     0x56051ab45657 - test::run_test_in_process::h0d5cbfa7067d1720
[INFO] [stdout]                                at /rustc/df4ca44d3fbc9301ee17f30f4d474e6ae4b05252/library/test/src/lib.rs:644:27
[INFO] [stdout]   32:     0x56051ab45657 - test::run_test::{{closure}}::h708eb8872708115d
[INFO] [stdout]                                at /rustc/df4ca44d3fbc9301ee17f30f4d474e6ae4b05252/library/test/src/lib.rs:565:43
[INFO] [stdout]   33:     0x56051ab08d74 - test::run_test::{{closure}}::h392c51cee94713ab
[INFO] [stdout]                                at /rustc/df4ca44d3fbc9301ee17f30f4d474e6ae4b05252/library/test/src/lib.rs:595:41
[INFO] [stdout]   34:     0x56051ab08d74 - std::sys::backtrace::__rust_begin_short_backtrace::h2f40290710935a8b
[INFO] [stdout]                                at /rustc/df4ca44d3fbc9301ee17f30f4d474e6ae4b05252/library/std/src/sys/backtrace.rs:154:18
[INFO] [stdout]   35:     0x56051ab0c51e - std::thread::Builder::spawn_unchecked_::{{closure}}::{{closure}}::h3fd968d89053a903
[INFO] [stdout]                                at /rustc/df4ca44d3fbc9301ee17f30f4d474e6ae4b05252/library/std/src/thread/mod.rs:541:17
[INFO] [stdout]   36:     0x56051ab0c51e - <core::panic::unwind_safe::AssertUnwindSafe<F> as core::ops::function::FnOnce<()>>::call_once::h743f637ba4229880
[INFO] [stdout]                                at /rustc/df4ca44d3fbc9301ee17f30f4d474e6ae4b05252/library/core/src/panic/unwind_safe.rs:272:9
[INFO] [stdout]   37:     0x56051ab0c51e - std::panicking::try::do_call::h07440897322525a6
[INFO] [stdout]                                at /rustc/df4ca44d3fbc9301ee17f30f4d474e6ae4b05252/library/std/src/panicking.rs:557:40
[INFO] [stdout]   38:     0x56051ab0c51e - std::panicking::try::he5a2e00188156637
[INFO] [stdout]                                at /rustc/df4ca44d3fbc9301ee17f30f4d474e6ae4b05252/library/std/src/panicking.rs:520:19
[INFO] [stdout]   39:     0x56051ab0c51e - std::panic::catch_unwind::hbaf3cae49b3c6433
[INFO] [stdout]                                at /rustc/df4ca44d3fbc9301ee17f30f4d474e6ae4b05252/library/std/src/panic.rs:358:14
[INFO] [stdout]   40:     0x56051ab0c51e - std::thread::Builder::spawn_unchecked_::{{closure}}::h8e141ea224820bce
[INFO] [stdout]                                at /rustc/df4ca44d3fbc9301ee17f30f4d474e6ae4b05252/library/std/src/thread/mod.rs:540:30
[INFO] [stdout]   41:     0x56051ab0c51e - core::ops::function::FnOnce::call_once{{vtable.shim}}::h90d312fedd7b8ea8
[INFO] [stdout]                                at /rustc/df4ca44d3fbc9301ee17f30f4d474e6ae4b05252/library/core/src/ops/function.rs:250:5
[INFO] [stdout]   42:     0x56051abd81eb - <alloc::boxed::Box<F,A> as core::ops::function::FnOnce<Args>>::call_once::h69aa08ddb6adb8b6
[INFO] [stdout]                                at /rustc/df4ca44d3fbc9301ee17f30f4d474e6ae4b05252/library/alloc/src/boxed.rs:2454:9
[INFO] [stdout]   43:     0x56051abd81eb - <alloc::boxed::Box<F,A> as core::ops::function::FnOnce<Args>>::call_once::h5aa36efdb79c806f
[INFO] [stdout]                                at /rustc/df4ca44d3fbc9301ee17f30f4d474e6ae4b05252/library/alloc/src/boxed.rs:2454:9
[INFO] [stdout]   44:     0x56051abd81eb - std::sys::pal::unix::thread::Thread::new::thread_start::h6cd80a1b4be5158d
[INFO] [stdout]                                at /rustc/df4ca44d3fbc9301ee17f30f4d474e6ae4b05252/library/std/src/sys/pal/unix/thread.rs:105:17
[INFO] [stdout]   45:     0x7308e5b5aac3 - <unknown>
[INFO] [stdout]   46:     0x7308e5beba04 - clone
[INFO] [stdout]   47:                0x0 - <unknown>
[INFO] [stdout] 
[INFO] [stdout] ---- store::serde::serialization::tests::serialize_integer_primitive stdout ----
[INFO] [stdout] {"Integer":34}
[INFO] [stdout] working in dir /opt/rustwide/workdir/target/tmp/integer.data
[INFO] [stdout] thread 'store::serde::serialization::tests::serialize_integer_primitive' panicked at src/store/serde/serialization.rs:599:14:
[INFO] [stdout] called `Result::unwrap()` on an `Err` value: Os { code: 2, kind: NotFound, message: "No such file or directory" }
[INFO] [stdout] stack backtrace:
[INFO] [stdout]    0:     0x56051abd1cca - std::backtrace_rs::backtrace::libunwind::trace::h207520d6e9873551
[INFO] [stdout]                                at /rustc/df4ca44d3fbc9301ee17f30f4d474e6ae4b05252/library/std/src/../../backtrace/src/backtrace/libunwind.rs:116:5
[INFO] [stdout]    1:     0x56051abd1cca - std::backtrace_rs::backtrace::trace_unsynchronized::h2ed7433f370e3eca
[INFO] [stdout]                                at /rustc/df4ca44d3fbc9301ee17f30f4d474e6ae4b05252/library/std/src/../../backtrace/src/backtrace/mod.rs:66:5
[INFO] [stdout]    2:     0x56051abd1cca - std::sys::backtrace::_print_fmt::h916fac51166b18d7
[INFO] [stdout]                                at /rustc/df4ca44d3fbc9301ee17f30f4d474e6ae4b05252/library/std/src/sys/backtrace.rs:66:9
[INFO] [stdout]    3:     0x56051abd1cca - <std::sys::backtrace::BacktraceLock::print::DisplayBacktrace as core::fmt::Display>::fmt::ha0a4c9b8ce3802e6
[INFO] [stdout]                                at /rustc/df4ca44d3fbc9301ee17f30f4d474e6ae4b05252/library/std/src/sys/backtrace.rs:39:26
[INFO] [stdout]    4:     0x56051abf9d63 - core::fmt::rt::Argument::fmt::h4cfc8587d52b3eb5
[INFO] [stdout]                                at /rustc/df4ca44d3fbc9301ee17f30f4d474e6ae4b05252/library/core/src/fmt/rt.rs:177:76
[INFO] [stdout]    5:     0x56051abf9d63 - core::fmt::write::h522cc39e5b36ae9f
[INFO] [stdout]                                at /rustc/df4ca44d3fbc9301ee17f30f4d474e6ae4b05252/library/core/src/fmt/mod.rs:1190:21
[INFO] [stdout]    6:     0x56051abce513 - std::io::Write::write_fmt::h7d3c26752da97734
[INFO] [stdout]                                at /rustc/df4ca44d3fbc9301ee17f30f4d474e6ae4b05252/library/std/src/io/mod.rs:1839:15
[INFO] [stdout]    7:     0x56051abd1b12 - std::sys::backtrace::BacktraceLock::print::h4b9e00b29e9c0942
[INFO] [stdout]                                at /rustc/df4ca44d3fbc9301ee17f30f4d474e6ae4b05252/library/std/src/sys/backtrace.rs:42:9
[INFO] [stdout]    8:     0x56051abd315a - std::panicking::default_hook::{{closure}}::hb59b88280d0324d9
[INFO] [stdout]                                at /rustc/df4ca44d3fbc9301ee17f30f4d474e6ae4b05252/library/std/src/panicking.rs:268:22
[INFO] [stdout]    9:     0x56051abd2f64 - std::panicking::default_hook::he1dd496665be4a29
[INFO] [stdout]                                at /rustc/df4ca44d3fbc9301ee17f30f4d474e6ae4b05252/library/std/src/panicking.rs:292:9
[INFO] [stdout]   10:     0x56051ab41409 - <alloc::boxed::Box<F,A> as core::ops::function::Fn<Args>>::call::h4ff71de18744e1dc
[INFO] [stdout]                                at /rustc/df4ca44d3fbc9301ee17f30f4d474e6ae4b05252/library/alloc/src/boxed.rs:2468:9
[INFO] [stdout]   11:     0x56051ab41409 - test::test_main::{{closure}}::hcf7c055ce117aa81
[INFO] [stdout]                                at /rustc/df4ca44d3fbc9301ee17f30f4d474e6ae4b05252/library/test/src/lib.rs:133:21
[INFO] [stdout]   12:     0x56051abd3858 - <alloc::boxed::Box<F,A> as core::ops::function::Fn<Args>>::call::h1d66c6bbd60c9692
[INFO] [stdout]                                at /rustc/df4ca44d3fbc9301ee17f30f4d474e6ae4b05252/library/alloc/src/boxed.rs:2468:9
[INFO] [stdout]   13:     0x56051abd3858 - std::panicking::rust_panic_with_hook::h2ff17fe8f26dfcf8
[INFO] [stdout]                                at /rustc/df4ca44d3fbc9301ee17f30f4d474e6ae4b05252/library/std/src/panicking.rs:809:13
[INFO] [stdout]   14:     0x56051abd361a - std::panicking::begin_panic_handler::{{closure}}::h4fad77951c07e101
[INFO] [stdout]                                at /rustc/df4ca44d3fbc9301ee17f30f4d474e6ae4b05252/library/std/src/panicking.rs:674:13
[INFO] [stdout]   15:     0x56051abd21a9 - std::sys::backtrace::__rust_end_short_backtrace::hb1a25b3da5d0ea08
[INFO] [stdout]                                at /rustc/df4ca44d3fbc9301ee17f30f4d474e6ae4b05252/library/std/src/sys/backtrace.rs:170:18
[INFO] [stdout]   16:     0x56051abd32ac - rust_begin_unwind
[INFO] [stdout]                                at /rustc/df4ca44d3fbc9301ee17f30f4d474e6ae4b05252/library/std/src/panicking.rs:665:5
[INFO] [stdout]   17:     0x56051abf7b20 - core::panicking::panic_fmt::ha9db07b529f9b256
[INFO] [stdout]                                at /rustc/df4ca44d3fbc9301ee17f30f4d474e6ae4b05252/library/core/src/panicking.rs:75:14
[INFO] [stdout]   18:     0x56051abf7fc6 - core::result::unwrap_failed::h5e8218e4d4338b8a
[INFO] [stdout]                                at /rustc/df4ca44d3fbc9301ee17f30f4d474e6ae4b05252/library/core/src/result.rs:1698:5
[INFO] [stdout]   19:     0x56051aa5b175 - core::result::Result<T,E>::unwrap::hd743211d89e64296
[INFO] [stdout]                                at /rustc/df4ca44d3fbc9301ee17f30f4d474e6ae4b05252/library/core/src/result.rs:1103:23
[INFO] [stdout]   20:     0x56051aa5b175 - glowdust::store::serde::serialization::tests::base_json_test::hf257d8f45bbcfafa
[INFO] [stdout]                                at /opt/rustwide/workdir/src/store/serde/serialization.rs:595:24
[INFO] [stdout]   21:     0x56051aa5c632 - glowdust::store::serde::serialization::tests::serialize_integer_primitive::hb0ac2d533b2e2b29
[INFO] [stdout]                                at /opt/rustwide/workdir/src/store/serde/serialization.rs:639:9
[INFO] [stdout]   22:     0x56051aa5c5d7 - glowdust::store::serde::serialization::tests::serialize_integer_primitive::{{closure}}::h1533df113cbb31f2
[INFO] [stdout]                                at /opt/rustwide/workdir/src/store/serde/serialization.rs:636:41
[INFO] [stdout]   23:     0x56051aabc916 - core::ops::function::FnOnce::call_once::h37d51d25137e0a92
[INFO] [stdout]                                at /rustc/df4ca44d3fbc9301ee17f30f4d474e6ae4b05252/library/core/src/ops/function.rs:250:5
[INFO] [stdout]   24:     0x56051ab45cdb - core::ops::function::FnOnce::call_once::h22c3ba5715e93f05
[INFO] [stdout]                                at /rustc/df4ca44d3fbc9301ee17f30f4d474e6ae4b05252/library/core/src/ops/function.rs:250:5
[INFO] [stdout]   25:     0x56051ab45cdb - test::__rust_begin_short_backtrace::h8e82d8113d0da17f
[INFO] [stdout]                                at /rustc/df4ca44d3fbc9301ee17f30f4d474e6ae4b05252/library/test/src/lib.rs:621:18
[INFO] [stdout]   26:     0x56051ab45657 - test::run_test_in_process::{{closure}}::h33235f4f20b7b7c7
[INFO] [stdout]                                at /rustc/df4ca44d3fbc9301ee17f30f4d474e6ae4b05252/library/test/src/lib.rs:644:60
[INFO] [stdout]   27:     0x56051ab45657 - <core::panic::unwind_safe::AssertUnwindSafe<F> as core::ops::function::FnOnce<()>>::call_once::hb5043206310c586f
[INFO] [stdout]                                at /rustc/df4ca44d3fbc9301ee17f30f4d474e6ae4b05252/library/core/src/panic/unwind_safe.rs:272:9
[INFO] [stdout]   28:     0x56051ab45657 - std::panicking::try::do_call::h9ad4731a60ab23e2
[INFO] [stdout]                                at /rustc/df4ca44d3fbc9301ee17f30f4d474e6ae4b05252/library/std/src/panicking.rs:557:40
[INFO] [stdout]   29:     0x56051ab45657 - std::panicking::try::h3824d23db772a716
[INFO] [stdout]                                at /rustc/df4ca44d3fbc9301ee17f30f4d474e6ae4b05252/library/std/src/panicking.rs:520:19
[INFO] [stdout]   30:     0x56051ab45657 - std::panic::catch_unwind::h5afd514605fde46b
[INFO] [stdout]                                at /rustc/df4ca44d3fbc9301ee17f30f4d474e6ae4b05252/library/std/src/panic.rs:358:14
[INFO] [stdout]   31:     0x56051ab45657 - test::run_test_in_process::h0d5cbfa7067d1720
[INFO] [stdout]                                at /rustc/df4ca44d3fbc9301ee17f30f4d474e6ae4b05252/library/test/src/lib.rs:644:27
[INFO] [stdout]   32:     0x56051ab45657 - test::run_test::{{closure}}::h708eb8872708115d
[INFO] [stdout]                                at /rustc/df4ca44d3fbc9301ee17f30f4d474e6ae4b05252/library/test/src/lib.rs:565:43
[INFO] [stdout]   33:     0x56051ab08d74 - test::run_test::{{closure}}::h392c51cee94713ab
[INFO] [stdout]                                at /rustc/df4ca44d3fbc9301ee17f30f4d474e6ae4b05252/library/test/src/lib.rs:595:41
[INFO] [stdout]   34:     0x56051ab08d74 - std::sys::backtrace::__rust_begin_short_backtrace::h2f40290710935a8b
[INFO] [stdout]                                at /rustc/df4ca44d3fbc9301ee17f30f4d474e6ae4b05252/library/std/src/sys/backtrace.rs:154:18
[INFO] [stdout]   35:     0x56051ab0c51e - std::thread::Builder::spawn_unchecked_::{{closure}}::{{closure}}::h3fd968d89053a903
[INFO] [stdout]                                at /rustc/df4ca44d3fbc9301ee17f30f4d474e6ae4b05252/library/std/src/thread/mod.rs:541:17
[INFO] [stdout]   36:     0x56051ab0c51e - <core::panic::unwind_safe::AssertUnwindSafe<F> as core::ops::function::FnOnce<()>>::call_once::h743f637ba4229880
[INFO] [stdout]                                at /rustc/df4ca44d3fbc9301ee17f30f4d474e6ae4b05252/library/core/src/panic/unwind_safe.rs:272:9
[INFO] [stdout]   37:     0x56051ab0c51e - std::panicking::try::do_call::h07440897322525a6
[INFO] [stdout]                                at /rustc/df4ca44d3fbc9301ee17f30f4d474e6ae4b05252/library/std/src/panicking.rs:557:40
[INFO] [stdout]   38:     0x56051ab0c51e - std::panicking::try::he5a2e00188156637
[INFO] [stdout]                                at /rustc/df4ca44d3fbc9301ee17f30f4d474e6ae4b05252/library/std/src/panicking.rs:520:19
[INFO] [stdout]   39:     0x56051ab0c51e - std::panic::catch_unwind::hbaf3cae49b3c6433
[INFO] [stdout]                                at /rustc/df4ca44d3fbc9301ee17f30f4d474e6ae4b05252/library/std/src/panic.rs:358:14
[INFO] [stdout]   40:     0x56051ab0c51e - std::thread::Builder::spawn_unchecked_::{{closure}}::h8e141ea224820bce
[INFO] [stdout]                                at /rustc/df4ca44d3fbc9301ee17f30f4d474e6ae4b05252/library/std/src/thread/mod.rs:540:30
[INFO] [stdout]   41:     0x56051ab0c51e - core::ops::function::FnOnce::call_once{{vtable.shim}}::h90d312fedd7b8ea8
[INFO] [stdout]                                at /rustc/df4ca44d3fbc9301ee17f30f4d474e6ae4b05252/library/core/src/ops/function.rs:250:5
[INFO] [stdout]   42:     0x56051abd81eb - <alloc::boxed::Box<F,A> as core::ops::function::FnOnce<Args>>::call_once::h69aa08ddb6adb8b6
[INFO] [stdout]                                at /rustc/df4ca44d3fbc9301ee17f30f4d474e6ae4b05252/library/alloc/src/boxed.rs:2454:9
[INFO] [stdout]   43:     0x56051abd81eb - <alloc::boxed::Box<F,A> as core::ops::function::FnOnce<Args>>::call_once::h5aa36efdb79c806f
[INFO] [stdout]                                at /rustc/df4ca44d3fbc9301ee17f30f4d474e6ae4b05252/library/alloc/src/boxed.rs:2454:9
[INFO] [stdout]   44:     0x56051abd81eb - std::sys::pal::unix::thread::Thread::new::thread_start::h6cd80a1b4be5158d
[INFO] [stdout]                                at /rustc/df4ca44d3fbc9301ee17f30f4d474e6ae4b05252/library/std/src/sys/pal/unix/thread.rs:105:17
[INFO] [stdout]   45:     0x7308e5b5aac3 - <unknown>
[INFO] [stdout]   46:     0x7308e5beba04 - clone
[INFO] [stdout]   47:                0x0 - <unknown>
[INFO] [stdout] 
[INFO] [stdout] ---- store::serde::serialization::tests::serialize_tuple_object stdout ----
[INFO] [stdout] {"Tuple":[{"Primitive":{"Integer":-42}},{"Primitive":{"MyString":"forty-two"}},{"Primitive":{"Boolean":false}}]}
[INFO] [stdout] working in dir /opt/rustwide/workdir/target/tmp/tuple.data
[INFO] [stdout] thread 'store::serde::serialization::tests::serialize_tuple_object' panicked at src/store/serde/serialization.rs:599:14:
[INFO] [stdout] called `Result::unwrap()` on an `Err` value: Os { code: 2, kind: NotFound, message: "No such file or directory" }
[INFO] [stdout] stack backtrace:
[INFO] [stdout]    0:     0x56051abd1cca - std::backtrace_rs::backtrace::libunwind::trace::h207520d6e9873551
[INFO] [stdout]                                at /rustc/df4ca44d3fbc9301ee17f30f4d474e6ae4b05252/library/std/src/../../backtrace/src/backtrace/libunwind.rs:116:5
[INFO] [stdout]    1:     0x56051abd1cca - std::backtrace_rs::backtrace::trace_unsynchronized::h2ed7433f370e3eca
[INFO] [stdout]                                at /rustc/df4ca44d3fbc9301ee17f30f4d474e6ae4b05252/library/std/src/../../backtrace/src/backtrace/mod.rs:66:5
[INFO] [stdout]    2:     0x56051abd1cca - std::sys::backtrace::_print_fmt::h916fac51166b18d7
[INFO] [stdout]                                at /rustc/df4ca44d3fbc9301ee17f30f4d474e6ae4b05252/library/std/src/sys/backtrace.rs:66:9
[INFO] [stdout]    3:     0x56051abd1cca - <std::sys::backtrace::BacktraceLock::print::DisplayBacktrace as core::fmt::Display>::fmt::ha0a4c9b8ce3802e6
[INFO] [stdout]                                at /rustc/df4ca44d3fbc9301ee17f30f4d474e6ae4b05252/library/std/src/sys/backtrace.rs:39:26
[INFO] [stdout]    4:     0x56051abf9d63 - core::fmt::rt::Argument::fmt::h4cfc8587d52b3eb5
[INFO] [stdout]                                at /rustc/df4ca44d3fbc9301ee17f30f4d474e6ae4b05252/library/core/src/fmt/rt.rs:177:76
[INFO] [stdout]    5:     0x56051abf9d63 - core::fmt::write::h522cc39e5b36ae9f
[INFO] [stdout]                                at /rustc/df4ca44d3fbc9301ee17f30f4d474e6ae4b05252/library/core/src/fmt/mod.rs:1190:21
[INFO] [stdout]    6:     0x56051abce513 - std::io::Write::write_fmt::h7d3c26752da97734
[INFO] [stdout]                                at /rustc/df4ca44d3fbc9301ee17f30f4d474e6ae4b05252/library/std/src/io/mod.rs:1839:15
[INFO] [stdout]    7:     0x56051abd1b12 - std::sys::backtrace::BacktraceLock::print::h4b9e00b29e9c0942
[INFO] [stdout]                                at /rustc/df4ca44d3fbc9301ee17f30f4d474e6ae4b05252/library/std/src/sys/backtrace.rs:42:9
[INFO] [stdout]    8:     0x56051abd315a - std::panicking::default_hook::{{closure}}::hb59b88280d0324d9
[INFO] [stdout]                                at /rustc/df4ca44d3fbc9301ee17f30f4d474e6ae4b05252/library/std/src/panicking.rs:268:22
[INFO] [stdout]    9:     0x56051abd2f64 - std::panicking::default_hook::he1dd496665be4a29
[INFO] [stdout]                                at /rustc/df4ca44d3fbc9301ee17f30f4d474e6ae4b05252/library/std/src/panicking.rs:292:9
[INFO] [stdout]   10:     0x56051ab41409 - <alloc::boxed::Box<F,A> as core::ops::function::Fn<Args>>::call::h4ff71de18744e1dc
[INFO] [stdout]                                at /rustc/df4ca44d3fbc9301ee17f30f4d474e6ae4b05252/library/alloc/src/boxed.rs:2468:9
[INFO] [stdout]   11:     0x56051ab41409 - test::test_main::{{closure}}::hcf7c055ce117aa81
[INFO] [stdout]                                at /rustc/df4ca44d3fbc9301ee17f30f4d474e6ae4b05252/library/test/src/lib.rs:133:21
[INFO] [stdout]   12:     0x56051abd3858 - <alloc::boxed::Box<F,A> as core::ops::function::Fn<Args>>::call::h1d66c6bbd60c9692
[INFO] [stdout]                                at /rustc/df4ca44d3fbc9301ee17f30f4d474e6ae4b05252/library/alloc/src/boxed.rs:2468:9
[INFO] [stdout]   13:     0x56051abd3858 - std::panicking::rust_panic_with_hook::h2ff17fe8f26dfcf8
[INFO] [stdout]                                at /rustc/df4ca44d3fbc9301ee17f30f4d474e6ae4b05252/library/std/src/panicking.rs:809:13
[INFO] [stdout]   14:     0x56051abd361a - std::panicking::begin_panic_handler::{{closure}}::h4fad77951c07e101
[INFO] [stdout]                                at /rustc/df4ca44d3fbc9301ee17f30f4d474e6ae4b05252/library/std/src/panicking.rs:674:13
[INFO] [stdout]   15:     0x56051abd21a9 - std::sys::backtrace::__rust_end_short_backtrace::hb1a25b3da5d0ea08
[INFO] [stdout]                                at /rustc/df4ca44d3fbc9301ee17f30f4d474e6ae4b05252/library/std/src/sys/backtrace.rs:170:18
[INFO] [stdout]   16:     0x56051abd32ac - rust_begin_unwind
[INFO] [stdout]                                at /rustc/df4ca44d3fbc9301ee17f30f4d474e6ae4b05252/library/std/src/panicking.rs:665:5
[INFO] [stdout]   17:     0x56051abf7b20 - core::panicking::panic_fmt::ha9db07b529f9b256
[INFO] [stdout]                                at /rustc/df4ca44d3fbc9301ee17f30f4d474e6ae4b05252/library/core/src/panicking.rs:75:14
[INFO] [stdout]   18:     0x56051abf7fc6 - core::result::unwrap_failed::h5e8218e4d4338b8a
[INFO] [stdout]                                at /rustc/df4ca44d3fbc9301ee17f30f4d474e6ae4b05252/library/core/src/result.rs:1698:5
[INFO] [stdout]   19:     0x56051aa58ee5 - core::result::Result<T,E>::unwrap::hd743211d89e64296
[INFO] [stdout]                                at /rustc/df4ca44d3fbc9301ee17f30f4d474e6ae4b05252/library/core/src/result.rs:1103:23
[INFO] [stdout]   20:     0x56051aa58ee5 - glowdust::store::serde::serialization::tests::base_json_test::h483ebd3c8bd2802b
[INFO] [stdout]                                at /opt/rustwide/workdir/src/store/serde/serialization.rs:595:24
[INFO] [stdout]   21:     0x56051aa5d444 - glowdust::store::serde::serialization::tests::serialize_tuple_object::h732039bc12765d63
[INFO] [stdout]                                at /opt/rustwide/workdir/src/store/serde/serialization.rs:685:9
[INFO] [stdout]   22:     0x56051aa5d1d7 - glowdust::store::serde::serialization::tests::serialize_tuple_object::{{closure}}::hedac5947dfa94bdf
[INFO] [stdout]                                at /opt/rustwide/workdir/src/store/serde/serialization.rs:679:36
[INFO] [stdout]   23:     0x56051aabd436 - core::ops::function::FnOnce::call_once::h8294db751bf8a80e
[INFO] [stdout]                                at /rustc/df4ca44d3fbc9301ee17f30f4d474e6ae4b05252/library/core/src/ops/function.rs:250:5
[INFO] [stdout]   24:     0x56051ab45cdb - core::ops::function::FnOnce::call_once::h22c3ba5715e93f05
[INFO] [stdout]                                at /rustc/df4ca44d3fbc9301ee17f30f4d474e6ae4b05252/library/core/src/ops/function.rs:250:5
[INFO] [stdout]   25:     0x56051ab45cdb - test::__rust_begin_short_backtrace::h8e82d8113d0da17f
[INFO] [stdout]                                at /rustc/df4ca44d3fbc9301ee17f30f4d474e6ae4b05252/library/test/src/lib.rs:621:18
[INFO] [stdout]   26:     0x56051ab45657 - test::run_test_in_process::{{closure}}::h33235f4f20b7b7c7
[INFO] [stdout]                                at /rustc/df4ca44d3fbc9301ee17f30f4d474e6ae4b05252/library/test/src/lib.rs:644:60
[INFO] [stdout]   27:     0x56051ab45657 - <core::panic::unwind_safe::AssertUnwindSafe<F> as core::ops::function::FnOnce<()>>::call_once::hb5043206310c586f
[INFO] [stdout]                                at /rustc/df4ca44d3fbc9301ee17f30f4d474e6ae4b05252/library/core/src/panic/unwind_safe.rs:272:9
[INFO] [stdout]   28:     0x56051ab45657 - std::panicking::try::do_call::h9ad4731a60ab23e2
[INFO] [stdout]                                at /rustc/df4ca44d3fbc9301ee17f30f4d474e6ae4b05252/library/std/src/panicking.rs:557:40
[INFO] [stdout]   29:     0x56051ab45657 - std::panicking::try::h3824d23db772a716
[INFO] [stdout]                                at /rustc/df4ca44d3fbc9301ee17f30f4d474e6ae4b05252/library/std/src/panicking.rs:520:19
[INFO] [stdout]   30:     0x56051ab45657 - std::panic::catch_unwind::h5afd514605fde46b
[INFO] [stdout]                                at /rustc/df4ca44d3fbc9301ee17f30f4d474e6ae4b05252/library/std/src/panic.rs:358:14
[INFO] [stdout]   31:     0x56051ab45657 - test::run_test_in_process::h0d5cbfa7067d1720
[INFO] [stdout]                                at /rustc/df4ca44d3fbc9301ee17f30f4d474e6ae4b05252/library/test/src/lib.rs:644:27
[INFO] [stdout]   32:     0x56051ab45657 - test::run_test::{{closure}}::h708eb8872708115d
[INFO] [stdout]                                at /rustc/df4ca44d3fbc9301ee17f30f4d474e6ae4b05252/library/test/src/lib.rs:565:43
[INFO] [stdout]   33:     0x56051ab08d74 - test::run_test::{{closure}}::h392c51cee94713ab
[INFO] [stdout]                                at /rustc/df4ca44d3fbc9301ee17f30f4d474e6ae4b05252/library/test/src/lib.rs:595:41
[INFO] [stdout]   34:     0x56051ab08d74 - std::sys::backtrace::__rust_begin_short_backtrace::h2f40290710935a8b
[INFO] [stdout]                                at /rustc/df4ca44d3fbc9301ee17f30f4d474e6ae4b05252/library/std/src/sys/backtrace.rs:154:18
[INFO] [stdout]   35:     0x56051ab0c51e - std::thread::Builder::spawn_unchecked_::{{closure}}::{{closure}}::h3fd968d89053a903
[INFO] [stdout]                                at /rustc/df4ca44d3fbc9301ee17f30f4d474e6ae4b05252/library/std/src/thread/mod.rs:541:17
[INFO] [stdout]   36:     0x56051ab0c51e - <core::panic::unwind_safe::AssertUnwindSafe<F> as core::ops::function::FnOnce<()>>::call_once::h743f637ba4229880
[INFO] [stdout]                                at /rustc/df4ca44d3fbc9301ee17f30f4d474e6ae4b05252/library/core/src/panic/unwind_safe.rs:272:9
[INFO] [stdout]   37:     0x56051ab0c51e - std::panicking::try::do_call::h07440897322525a6
[INFO] [stdout]                                at /rustc/df4ca44d3fbc9301ee17f30f4d474e6ae4b05252/library/std/src/panicking.rs:557:40
[INFO] [stdout]   38:     0x56051ab0c51e - std::panicking::try::he5a2e00188156637
[INFO] [stdout]                                at /rustc/df4ca44d3fbc9301ee17f30f4d474e6ae4b05252/library/std/src/panicking.rs:520:19
[INFO] [stdout]   39:     0x56051ab0c51e - std::panic::catch_unwind::hbaf3cae49b3c6433
[INFO] [stdout]                                at /rustc/df4ca44d3fbc9301ee17f30f4d474e6ae4b05252/library/std/src/panic.rs:358:14
[INFO] [stdout]   40:     0x56051ab0c51e - std::thread::Builder::spawn_unchecked_::{{closure}}::h8e141ea224820bce
[INFO] [stdout]                                at /rustc/df4ca44d3fbc9301ee17f30f4d474e6ae4b05252/library/std/src/thread/mod.rs:540:30
[INFO] [stdout]   41:     0x56051ab0c51e - core::ops::function::FnOnce::call_once{{vtable.shim}}::h90d312fedd7b8ea8
[INFO] [stdout]                                at /rustc/df4ca44d3fbc9301ee17f30f4d474e6ae4b05252/library/core/src/ops/function.rs:250:5
[INFO] [stdout]   42:     0x56051abd81eb - <alloc::boxed::Box<F,A> as core::ops::function::FnOnce<Args>>::call_once::h69aa08ddb6adb8b6
[INFO] [stdout]                                at /rustc/df4ca44d3fbc9301ee17f30f4d474e6ae4b05252/library/alloc/src/boxed.rs:2454:9
[INFO] [stdout]   43:     0x56051abd81eb - <alloc::boxed::Box<F,A> as core::ops::function::FnOnce<Args>>::call_once::h5aa36efdb79c806f
[INFO] [stdout]                                at /rustc/df4ca44d3fbc9301ee17f30f4d474e6ae4b05252/library/alloc/src/boxed.rs:2454:9
[INFO] [stdout]   44:     0x56051abd81eb - std::sys::pal::unix::thread::Thread::new::thread_start::h6cd80a1b4be5158d
[INFO] [stdout]                                at /rustc/df4ca44d3fbc9301ee17f30f4d474e6ae4b05252/library/std/src/sys/pal/unix/thread.rs:105:17
[INFO] [stdout]   45:     0x7308e5b5aac3 - <unknown>
[INFO] [stdout]   46:     0x7308e5beba04 - clone
[INFO] [stdout]   47:                0x0 - <unknown>
[INFO] [stdout] 
[INFO] [stdout] ---- store::serde::serialization::tests::serialize_constant_parameter stdout ----
[INFO] [stdout] {"Constant":{"Primitive":{"Integer":55}}}
[INFO] [stdout] working in dir /opt/rustwide/workdir/target/tmp/param-const.data
[INFO] [stdout] thread 'store::serde::serialization::tests::serialize_constant_parameter' panicked at src/store/serde/serialization.rs:599:14:
[INFO] [stdout] called `Result::unwrap()` on an `Err` value: Os { code: 2, kind: NotFound, message: "No such file or directory" }
[INFO] [stdout] stack backtrace:
[INFO] [stdout]    0:     0x56051abd1cca - std::backtrace_rs::backtrace::libunwind::trace::h207520d6e9873551
[INFO] [stdout]                                at /rustc/df4ca44d3fbc9301ee17f30f4d474e6ae4b05252/library/std/src/../../backtrace/src/backtrace/libunwind.rs:116:5
[INFO] [stdout]    1:     0x56051abd1cca - std::backtrace_rs::backtrace::trace_unsynchronized::h2ed7433f370e3eca
[INFO] [stdout]                                at /rustc/df4ca44d3fbc9301ee17f30f4d474e6ae4b05252/library/std/src/../../backtrace/src/backtrace/mod.rs:66:5
[INFO] [stdout]    2:     0x56051abd1cca - std::sys::backtrace::_print_fmt::h916fac51166b18d7
[INFO] [stdout]                                at /rustc/df4ca44d3fbc9301ee17f30f4d474e6ae4b05252/library/std/src/sys/backtrace.rs:66:9
[INFO] [stdout]    3:     0x56051abd1cca - <std::sys::backtrace::BacktraceLock::print::DisplayBacktrace as core::fmt::Display>::fmt::ha0a4c9b8ce3802e6
[INFO] [stdout]                                at /rustc/df4ca44d3fbc9301ee17f30f4d474e6ae4b05252/library/std/src/sys/backtrace.rs:39:26
[INFO] [stdout]    4:     0x56051abf9d63 - core::fmt::rt::Argument::fmt::h4cfc8587d52b3eb5
[INFO] [stdout]                                at /rustc/df4ca44d3fbc9301ee17f30f4d474e6ae4b05252/library/core/src/fmt/rt.rs:177:76
[INFO] [stdout]    5:     0x56051abf9d63 - core::fmt::write::h522cc39e5b36ae9f
[INFO] [stdout]                                at /rustc/df4ca44d3fbc9301ee17f30f4d474e6ae4b05252/library/core/src/fmt/mod.rs:1190:21
[INFO] [stdout]    6:     0x56051abce513 - std::io::Write::write_fmt::h7d3c26752da97734
[INFO] [stdout]                                at /rustc/df4ca44d3fbc9301ee17f30f4d474e6ae4b05252/library/std/src/io/mod.rs:1839:15
[INFO] [stdout]    7:     0x56051abd1b12 - std::sys::backtrace::BacktraceLock::print::h4b9e00b29e9c0942
[INFO] [stdout]                                at /rustc/df4ca44d3fbc9301ee17f30f4d474e6ae4b05252/library/std/src/sys/backtrace.rs:42:9
[INFO] [stdout]    8:     0x56051abd315a - std::panicking::default_hook::{{closure}}::hb59b88280d0324d9
[INFO] [stdout]                                at /rustc/df4ca44d3fbc9301ee17f30f4d474e6ae4b05252/library/std/src/panicking.rs:268:22
[INFO] [stdout]    9:     0x56051abd2f64 - std::panicking::default_hook::he1dd496665be4a29
[INFO] [stdout]                                at /rustc/df4ca44d3fbc9301ee17f30f4d474e6ae4b05252/library/std/src/panicking.rs:292:9
[INFO] [stdout]   10:     0x56051ab41409 - <alloc::boxed::Box<F,A> as core::ops::function::Fn<Args>>::call::h4ff71de18744e1dc
[INFO] [stdout]                                at /rustc/df4ca44d3fbc9301ee17f30f4d474e6ae4b05252/library/alloc/src/boxed.rs:2468:9
[INFO] [stdout]   11:     0x56051ab41409 - test::test_main::{{closure}}::hcf7c055ce117aa81
[INFO] [stdout]                                at /rustc/df4ca44d3fbc9301ee17f30f4d474e6ae4b05252/library/test/src/lib.rs:133:21
[INFO] [stdout]   12:     0x56051abd3858 - <alloc::boxed::Box<F,A> as core::ops::function::Fn<Args>>::call::h1d66c6bbd60c9692
[INFO] [stdout]                                at /rustc/df4ca44d3fbc9301ee17f30f4d474e6ae4b05252/library/alloc/src/boxed.rs:2468:9
[INFO] [stdout]   13:     0x56051abd3858 - std::panicking::rust_panic_with_hook::h2ff17fe8f26dfcf8
[INFO] [stdout]                                at /rustc/df4ca44d3fbc9301ee17f30f4d474e6ae4b05252/library/std/src/panicking.rs:809:13
[INFO] [stdout]   14:     0x56051abd361a - std::panicking::begin_panic_handler::{{closure}}::h4fad77951c07e101
[INFO] [stdout]                                at /rustc/df4ca44d3fbc9301ee17f30f4d474e6ae4b05252/library/std/src/panicking.rs:674:13
[INFO] [stdout]   15:     0x56051abd21a9 - std::sys::backtrace::__rust_end_short_backtrace::hb1a25b3da5d0ea08
[INFO] [stdout]                                at /rustc/df4ca44d3fbc9301ee17f30f4d474e6ae4b05252/library/std/src/sys/backtrace.rs:170:18
[INFO] [stdout]   16:     0x56051abd32ac - rust_begin_unwind
[INFO] [stdout]                                at /rustc/df4ca44d3fbc9301ee17f30f4d474e6ae4b05252/library/std/src/panicking.rs:665:5
[INFO] [stdout]   17:     0x56051abf7b20 - core::panicking::panic_fmt::ha9db07b529f9b256
[INFO] [stdout]                                at /rustc/df4ca44d3fbc9301ee17f30f4d474e6ae4b05252/library/core/src/panicking.rs:75:14
[INFO] [stdout]   18:     0x56051abf7fc6 - core::result::unwrap_failed::h5e8218e4d4338b8a
[INFO] [stdout]                                at /rustc/df4ca44d3fbc9301ee17f30f4d474e6ae4b05252/library/core/src/result.rs:1698:5
[INFO] [stdout]   19:     0x56051aa55af5 - core::result::Result<T,E>::unwrap::hd743211d89e64296
[INFO] [stdout]                                at /rustc/df4ca44d3fbc9301ee17f30f4d474e6ae4b05252/library/core/src/result.rs:1103:23
[INFO] [stdout]   20:     0x56051aa55af5 - glowdust::store::serde::serialization::tests::base_json_test::h07c8d1d823308bc0
[INFO] [stdout]                                at /opt/rustwide/workdir/src/store/serde/serialization.rs:595:24
[INFO] [stdout]   21:     0x56051aa5c914 - glowdust::store::serde::serialization::tests::serialize_constant_parameter::h8a9e65b97cb93d40
[INFO] [stdout]                                at /opt/rustwide/workdir/src/store/serde/serialization.rs:655:9
[INFO] [stdout]   22:     0x56051aa5c867 - glowdust::store::serde::serialization::tests::serialize_constant_parameter::{{closure}}::hd56e4e52c8e0a2c1
[INFO] [stdout]                                at /opt/rustwide/workdir/src/store/serde/serialization.rs:652:42
[INFO] [stdout]   23:     0x56051aabe1a6 - core::ops::function::FnOnce::call_once::hf510cafc222042c7
[INFO] [stdout]                                at /rustc/df4ca44d3fbc9301ee17f30f4d474e6ae4b05252/library/core/src/ops/function.rs:250:5
[INFO] [stdout]   24:     0x56051ab45cdb - core::ops::function::FnOnce::call_once::h22c3ba5715e93f05
[INFO] [stdout]                                at /rustc/df4ca44d3fbc9301ee17f30f4d474e6ae4b05252/library/core/src/ops/function.rs:250:5
[INFO] [stdout]   25:     0x56051ab45cdb - test::__rust_begin_short_backtrace::h8e82d8113d0da17f
[INFO] [stdout]                                at /rustc/df4ca44d3fbc9301ee17f30f4d474e6ae4b05252/library/test/src/lib.rs:621:18
[INFO] [stdout]   26:     0x56051ab45657 - test::run_test_in_process::{{closure}}::h33235f4f20b7b7c7
[INFO] [stdout]                                at /rustc/df4ca44d3fbc9301ee17f30f4d474e6ae4b05252/library/test/src/lib.rs:644:60
[INFO] [stdout]   27:     0x56051ab45657 - <core::panic::unwind_safe::AssertUnwindSafe<F> as core::ops::function::FnOnce<()>>::call_once::hb5043206310c586f
[INFO] [stdout]                                at /rustc/df4ca44d3fbc9301ee17f30f4d474e6ae4b05252/library/core/src/panic/unwind_safe.rs:272:9
[INFO] [stdout]   28:     0x56051ab45657 - std::panicking::try::do_call::h9ad4731a60ab23e2
[INFO] [stdout]                                at /rustc/df4ca44d3fbc9301ee17f30f4d474e6ae4b05252/library/std/src/panicking.rs:557:40
[INFO] [stdout]   29:     0x56051ab45657 - std::panicking::try::h3824d23db772a716
[INFO] [stdout]                                at /rustc/df4ca44d3fbc9301ee17f30f4d474e6ae4b05252/library/std/src/panicking.rs:520:19
[INFO] [stdout]   30:     0x56051ab45657 - std::panic::catch_unwind::h5afd514605fde46b
[INFO] [stdout]                                at /rustc/df4ca44d3fbc9301ee17f30f4d474e6ae4b05252/library/std/src/panic.rs:358:14
[INFO] [stdout]   31:     0x56051ab45657 - test::run_test_in_process::h0d5cbfa7067d1720
[INFO] [stdout]                                at /rustc/df4ca44d3fbc9301ee17f30f4d474e6ae4b05252/library/test/src/lib.rs:644:27
[INFO] [stdout]   32:     0x56051ab45657 - test::run_test::{{closure}}::h708eb8872708115d
[INFO] [stdout]                                at /rustc/df4ca44d3fbc9301ee17f30f4d474e6ae4b05252/library/test/src/lib.rs:565:43
[INFO] [stdout]   33:     0x56051ab08d74 - test::run_test::{{closure}}::h392c51cee94713ab
[INFO] [stdout]                                at /rustc/df4ca44d3fbc9301ee17f30f4d474e6ae4b05252/library/test/src/lib.rs:595:41
[INFO] [stdout]   34:     0x56051ab08d74 - std::sys::backtrace::__rust_begin_short_backtrace::h2f40290710935a8b
[INFO] [stdout]                                at /rustc/df4ca44d3fbc9301ee17f30f4d474e6ae4b05252/library/std/src/sys/backtrace.rs:154:18
[INFO] [stdout]   35:     0x56051ab0c51e - std::thread::Builder::spawn_unchecked_::{{closure}}::{{closure}}::h3fd968d89053a903
[INFO] [stdout]                                at /rustc/df4ca44d3fbc9301ee17f30f4d474e6ae4b05252/library/std/src/thread/mod.rs:541:17
[INFO] [stdout]   36:     0x56051ab0c51e - <core::panic::unwind_safe::AssertUnwindSafe<F> as core::ops::function::FnOnce<()>>::call_once::h743f637ba4229880
[INFO] [stdout]                                at /rustc/df4ca44d3fbc9301ee17f30f4d474e6ae4b05252/library/core/src/panic/unwind_safe.rs:272:9
[INFO] [stdout]   37:     0x56051ab0c51e - std::panicking::try::do_call::h07440897322525a6
[INFO] [stdout]                                at /rustc/df4ca44d3fbc9301ee17f30f4d474e6ae4b05252/library/std/src/panicking.rs:557:40
[INFO] [stdout]   38:     0x56051ab0c51e - std::panicking::try::he5a2e00188156637
[INFO] [stdout]                                at /rustc/df4ca44d3fbc9301ee17f30f4d474e6ae4b05252/library/std/src/panicking.rs:520:19
[INFO] [stdout]   39:     0x56051ab0c51e - std::panic::catch_unwind::hbaf3cae49b3c6433
[INFO] [stdout]                                at /rustc/df4ca44d3fbc9301ee17f30f4d474e6ae4b05252/library/std/src/panic.rs:358:14
[INFO] [stdout]   40:     0x56051ab0c51e - std::thread::Builder::spawn_unchecked_::{{closure}}::h8e141ea224820bce
[INFO] [stdout]                                at /rustc/df4ca44d3fbc9301ee17f30f4d474e6ae4b05252/library/std/src/thread/mod.rs:540:30
[INFO] [stdout]   41:     0x56051ab0c51e - core::ops::function::FnOnce::call_once{{vtable.shim}}::h90d312fedd7b8ea8
[INFO] [stdout]                                at /rustc/df4ca44d3fbc9301ee17f30f4d474e6ae4b05252/library/core/src/ops/function.rs:250:5
[INFO] [stdout]   42:     0x56051abd81eb - <alloc::boxed::Box<F,A> as core::ops::function::FnOnce<Args>>::call_once::h69aa08ddb6adb8b6
[INFO] [stdout]                                at /rustc/df4ca44d3fbc9301ee17f30f4d474e6ae4b05252/library/alloc/src/boxed.rs:2454:9
[INFO] [stdout]   43:     0x56051abd81eb - <alloc::boxed::Box<F,A> as core::ops::function::FnOnce<Args>>::call_once::h5aa36efdb79c806f
[INFO] [stdout]                                at /rustc/df4ca44d3fbc9301ee17f30f4d474e6ae4b05252/library/alloc/src/boxed.rs:2454:9
[INFO] [stdout]   44:     0x56051abd81eb - std::sys::pal::unix::thread::Thread::new::thread_start::h6cd80a1b4be5158d
[INFO] [stdout]                                at /rustc/df4ca44d3fbc9301ee17f30f4d474e6ae4b05252/library/std/src/sys/pal/unix/thread.rs:105:17
[INFO] [stdout]   45:     0x7308e5b5aac3 - <unknown>
[INFO] [stdout]   46:     0x7308e5beba04 - clone
[INFO] [stdout]   47:                0x0 - <unknown>
[INFO] [stdout] 
[INFO] [stdout] ---- store::serde::tests::function_is_defined_if_def_file_exists stdout ----
[INFO] [stdout] thread 'store::serde::tests::function_is_defined_if_def_file_exists' panicked at src/store/serde/mod.rs:362:47:
[INFO] [stdout] called `Result::unwrap()` on an `Err` value: Os { code: 30, kind: ReadOnlyFilesystem, message: "Read-only file system" }
[INFO] [stdout] stack backtrace:
[INFO] [stdout]    0:     0x56051abd1cca - std::backtrace_rs::backtrace::libunwind::trace::h207520d6e9873551
[INFO] [stdout]                                at /rustc/df4ca44d3fbc9301ee17f30f4d474e6ae4b05252/library/std/src/../../backtrace/src/backtrace/libunwind.rs:116:5
[INFO] [stdout]    1:     0x56051abd1cca - std::backtrace_rs::backtrace::trace_unsynchronized::h2ed7433f370e3eca
[INFO] [stdout]                                at /rustc/df4ca44d3fbc9301ee17f30f4d474e6ae4b05252/library/std/src/../../backtrace/src/backtrace/mod.rs:66:5
[INFO] [stdout]    2:     0x56051abd1cca - std::sys::backtrace::_print_fmt::h916fac51166b18d7
[INFO] [stdout]                                at /rustc/df4ca44d3fbc9301ee17f30f4d474e6ae4b05252/library/std/src/sys/backtrace.rs:66:9
[INFO] [stdout]    3:     0x56051abd1cca - <std::sys::backtrace::BacktraceLock::print::DisplayBacktrace as core::fmt::Display>::fmt::ha0a4c9b8ce3802e6
[INFO] [stdout]                                at /rustc/df4ca44d3fbc9301ee17f30f4d474e6ae4b05252/library/std/src/sys/backtrace.rs:39:26
[INFO] [stdout]    4:     0x56051abf9d63 - core::fmt::rt::Argument::fmt::h4cfc8587d52b3eb5
[INFO] [stdout]                                at /rustc/df4ca44d3fbc9301ee17f30f4d474e6ae4b05252/library/core/src/fmt/rt.rs:177:76
[INFO] [stdout]    5:     0x56051abf9d63 - core::fmt::write::h522cc39e5b36ae9f
[INFO] [stdout]                                at /rustc/df4ca44d3fbc9301ee17f30f4d474e6ae4b05252/library/core/src/fmt/mod.rs:1190:21
[INFO] [stdout]    6:     0x56051abce513 - std::io::Write::write_fmt::h7d3c26752da97734
[INFO] [stdout]                                at /rustc/df4ca44d3fbc9301ee17f30f4d474e6ae4b05252/library/std/src/io/mod.rs:1839:15
[INFO] [stdout]    7:     0x56051abd1b12 - std::sys::backtrace::BacktraceLock::print::h4b9e00b29e9c0942
[INFO] [stdout]                                at /rustc/df4ca44d3fbc9301ee17f30f4d474e6ae4b05252/library/std/src/sys/backtrace.rs:42:9
[INFO] [stdout]    8:     0x56051abd315a - std::panicking::default_hook::{{closure}}::hb59b88280d0324d9
[INFO] [stdout]                                at /rustc/df4ca44d3fbc9301ee17f30f4d474e6ae4b05252/library/std/src/panicking.rs:268:22
[INFO] [stdout]    9:     0x56051abd2f64 - std::panicking::default_hook::he1dd496665be4a29
[INFO] [stdout]                                at /rustc/df4ca44d3fbc9301ee17f30f4d474e6ae4b05252/library/std/src/panicking.rs:292:9
[INFO] [stdout]   10:     0x56051ab41409 - <alloc::boxed::Box<F,A> as core::ops::function::Fn<Args>>::call::h4ff71de18744e1dc
[INFO] [stdout]                                at /rustc/df4ca44d3fbc9301ee17f30f4d474e6ae4b05252/library/alloc/src/boxed.rs:2468:9
[INFO] [stdout]   11:     0x56051ab41409 - test::test_main::{{closure}}::hcf7c055ce117aa81
[INFO] [stdout]                                at /rustc/df4ca44d3fbc9301ee17f30f4d474e6ae4b05252/library/test/src/lib.rs:133:21
[INFO] [stdout]   12:     0x56051abd3858 - <alloc::boxed::Box<F,A> as core::ops::function::Fn<Args>>::call::h1d66c6bbd60c9692
[INFO] [stdout]                                at /rustc/df4ca44d3fbc9301ee17f30f4d474e6ae4b05252/library/alloc/src/boxed.rs:2468:9
[INFO] [stdout]   13:     0x56051abd3858 - std::panicking::rust_panic_with_hook::h2ff17fe8f26dfcf8
[INFO] [stdout]                                at /rustc/df4ca44d3fbc9301ee17f30f4d474e6ae4b05252/library/std/src/panicking.rs:809:13
[INFO] [stdout]   14:     0x56051abd361a - std::panicking::begin_panic_handler::{{closure}}::h4fad77951c07e101
[INFO] [stdout]                                at /rustc/df4ca44d3fbc9301ee17f30f4d474e6ae4b05252/library/std/src/panicking.rs:674:13
[INFO] [stdout]   15:     0x56051abd21a9 - std::sys::backtrace::__rust_end_short_backtrace::hb1a25b3da5d0ea08
[INFO] [stdout]                                at /rustc/df4ca44d3fbc9301ee17f30f4d474e6ae4b05252/library/std/src/sys/backtrace.rs:170:18
[INFO] [stdout]   16:     0x56051abd32ac - rust_begin_unwind
[INFO] [stdout]                                at /rustc/df4ca44d3fbc9301ee17f30f4d474e6ae4b05252/library/std/src/panicking.rs:665:5
[INFO] [stdout]   17:     0x56051abf7b20 - core::panicking::panic_fmt::ha9db07b529f9b256
[INFO] [stdout]                                at /rustc/df4ca44d3fbc9301ee17f30f4d474e6ae4b05252/library/core/src/panicking.rs:75:14
[INFO] [stdout]   18:     0x56051abf7fc6 - core::result::unwrap_failed::h5e8218e4d4338b8a
[INFO] [stdout]                                at /rustc/df4ca44d3fbc9301ee17f30f4d474e6ae4b05252/library/core/src/result.rs:1698:5
[INFO] [stdout]   19:     0x56051aa5be54 - core::result::Result<T,E>::unwrap::hd94450f5f321ab00
[INFO] [stdout]                                at /rustc/df4ca44d3fbc9301ee17f30f4d474e6ae4b05252/library/core/src/result.rs:1103:23
[INFO] [stdout]   20:     0x56051aa5be54 - glowdust::store::serde::tests::get_base_dir::h6641b8c3b94d3704
[INFO] [stdout]                                at /opt/rustwide/workdir/src/store/serde/mod.rs:362:9
[INFO] [stdout]   21:     0x56051aa5db4a - glowdust::store::serde::tests::function_is_defined_if_def_file_exists::hf8a0f5b012c07016
[INFO] [stdout]                                at /opt/rustwide/workdir/src/store/serde/mod.rs:369:29
[INFO] [stdout]   22:     0x56051aa5daf7 - glowdust::store::serde::tests::function_is_defined_if_def_file_exists::{{closure}}::h9059f0b4481fc8a9
[INFO] [stdout]                                at /opt/rustwide/workdir/src/store/serde/mod.rs:368:52
[INFO] [stdout]   23:     0x56051aabc956 - core::ops::function::FnOnce::call_once::h396f7beaed82b21c
[INFO] [stdout]                                at /rustc/df4ca44d3fbc9301ee17f30f4d474e6ae4b05252/library/core/src/ops/function.rs:250:5
[INFO] [stdout]   24:     0x56051ab45cdb - core::ops::function::FnOnce::call_once::h22c3ba5715e93f05
[INFO] [stdout]                                at /rustc/df4ca44d3fbc9301ee17f30f4d474e6ae4b05252/library/core/src/ops/function.rs:250:5
[INFO] [stdout]   25:     0x56051ab45cdb - test::__rust_begin_short_backtrace::h8e82d8113d0da17f
[INFO] [stdout]                                at /rustc/df4ca44d3fbc9301ee17f30f4d474e6ae4b05252/library/test/src/lib.rs:621:18
[INFO] [stdout]   26:     0x56051ab45657 - test::run_test_in_process::{{closure}}::h33235f4f20b7b7c7
[INFO] [stdout]                                at /rustc/df4ca44d3fbc9301ee17f30f4d474e6ae4b05252/library/test/src/lib.rs:644:60
[INFO] [stdout]   27:     0x56051ab45657 - <core::panic::unwind_safe::AssertUnwindSafe<F> as core::ops::function::FnOnce<()>>::call_once::hb5043206310c586f
[INFO] [stdout]                                at /rustc/df4ca44d3fbc9301ee17f30f4d474e6ae4b05252/library/core/src/panic/unwind_safe.rs:272:9
[INFO] [stdout]   28:     0x56051ab45657 - std::panicking::try::do_call::h9ad4731a60ab23e2
[INFO] [stdout]                                at /rustc/df4ca44d3fbc9301ee17f30f4d474e6ae4b05252/library/std/src/panicking.rs:557:40
[INFO] [stdout]   29:     0x56051ab45657 - std::panicking::try::h3824d23db772a716
[INFO] [stdout]                                at /rustc/df4ca44d3fbc9301ee17f30f4d474e6ae4b05252/library/std/src/panicking.rs:520:19
[INFO] [stdout]   30:     0x56051ab45657 - std::panic::catch_unwind::h5afd514605fde46b
[INFO] [stdout]                                at /rustc/df4ca44d3fbc9301ee17f30f4d474e6ae4b05252/library/std/src/panic.rs:358:14
[INFO] [stdout]   31:     0x56051ab45657 - test::run_test_in_process::h0d5cbfa7067d1720
[INFO] [stdout]                                at /rustc/df4ca44d3fbc9301ee17f30f4d474e6ae4b05252/library/test/src/lib.rs:644:27
[INFO] [stdout]   32:     0x56051ab45657 - test::run_test::{{closure}}::h708eb8872708115d
[INFO] [stdout]                                at /rustc/df4ca44d3fbc9301ee17f30f4d474e6ae4b05252/library/test/src/lib.rs:565:43
[INFO] [stdout]   33:     0x56051ab08d74 - test::run_test::{{closure}}::h392c51cee94713ab
[INFO] [stdout]                                at /rustc/df4ca44d3fbc9301ee17f30f4d474e6ae4b05252/library/test/src/lib.rs:595:41
[INFO] [stdout]   34:     0x56051ab08d74 - std::sys::backtrace::__rust_begin_short_backtrace::h2f40290710935a8b
[INFO] [stdout]                                at /rustc/df4ca44d3fbc9301ee17f30f4d474e6ae4b05252/library/std/src/sys/backtrace.rs:154:18
[INFO] [stdout]   35:     0x56051ab0c51e - std::thread::Builder::spawn_unchecked_::{{closure}}::{{closure}}::h3fd968d89053a903
[INFO] [stdout]                                at /rustc/df4ca44d3fbc9301ee17f30f4d474e6ae4b05252/library/std/src/thread/mod.rs:541:17
[INFO] [stdout]   36:     0x56051ab0c51e - <core::panic::unwind_safe::AssertUnwindSafe<F> as core::ops::function::FnOnce<()>>::call_once::h743f637ba4229880
[INFO] [stdout]                                at /rustc/df4ca44d3fbc9301ee17f30f4d474e6ae4b05252/library/core/src/panic/unwind_safe.rs:272:9
[INFO] [stdout]   37:     0x56051ab0c51e - std::panicking::try::do_call::h07440897322525a6
[INFO] [stdout]                                at /rustc/df4ca44d3fbc9301ee17f30f4d474e6ae4b05252/library/std/src/panicking.rs:557:40
[INFO] [stdout]   38:     0x56051ab0c51e - std::panicking::try::he5a2e00188156637
[INFO] [stdout]                                at /rustc/df4ca44d3fbc9301ee17f30f4d474e6ae4b05252/library/std/src/panicking.rs:520:19
[INFO] [stdout]   39:     0x56051ab0c51e - std::panic::catch_unwind::hbaf3cae49b3c6433
[INFO] [stdout]                                at /rustc/df4ca44d3fbc9301ee17f30f4d474e6ae4b05252/library/std/src/panic.rs:358:14
[INFO] [stdout]   40:     0x56051ab0c51e - std::thread::Builder::spawn_unchecked_::{{closure}}::h8e141ea224820bce
[INFO] [stdout]                                at /rustc/df4ca44d3fbc9301ee17f30f4d474e6ae4b05252/library/std/src/thread/mod.rs:540:30
[INFO] [stdout]   41:     0x56051ab0c51e - core::ops::function::FnOnce::call_once{{vtable.shim}}::h90d312fedd7b8ea8
[INFO] [stdout]                                at /rustc/df4ca44d3fbc9301ee17f30f4d474e6ae4b05252/library/core/src/ops/function.rs:250:5
[INFO] [stdout]   42:     0x56051abd81eb - <alloc::boxed::Box<F,A> as core::ops::function::FnOnce<Args>>::call_once::h69aa08ddb6adb8b6
[INFO] [stdout]                                at /rustc/df4ca44d3fbc9301ee17f30f4d474e6ae4b05252/library/alloc/src/boxed.rs:2454:9
[INFO] [stdout]   43:     0x56051abd81eb - <alloc::boxed::Box<F,A> as core::ops::function::FnOnce<Args>>::call_once::h5aa36efdb79c806f
[INFO] [stdout]                                at /rustc/df4ca44d3fbc9301ee17f30f4d474e6ae4b05252/library/alloc/src/boxed.rs:2454:9
[INFO] [stdout]   44:     0x56051abd81eb - std::sys::pal::unix::thread::Thread::new::thread_start::h6cd80a1b4be5158d
[INFO] [stdout]                                at /rustc/df4ca44d3fbc9301ee17f30f4d474e6ae4b05252/library/std/src/sys/pal/unix/thread.rs:105:17
[INFO] [stdout]   45:     0x7308e5b5aac3 - <unknown>
[INFO] [stdout]   46:     0x7308e5beba04 - clone
[INFO] [stdout]   47:                0x0 - <unknown>
[INFO] [stdout] 
[INFO] [stdout] ---- store::serde::serialization::tests::serialize_u8_array stdout ----
[INFO] [stdout] [1,2,3,4,5,6,5,4,3]
[INFO] [stdout] working in dir /opt/rustwide/workdir/target/tmp/array.data
[INFO] [stdout] thread 'store::serde::serialization::tests::serialize_u8_array' panicked at src/store/serde/serialization.rs:599:14:
[INFO] [stdout] called `Result::unwrap()` on an `Err` value: Os { code: 2, kind: NotFound, message: "No such file or directory" }
[INFO] [stdout] stack backtrace:
[INFO] [stdout]    0:     0x56051abd1cca - std::backtrace_rs::backtrace::libunwind::trace::h207520d6e9873551
[INFO] [stdout]                                at /rustc/df4ca44d3fbc9301ee17f30f4d474e6ae4b05252/library/std/src/../../backtrace/src/backtrace/libunwind.rs:116:5
[INFO] [stdout]    1:     0x56051abd1cca - std::backtrace_rs::backtrace::trace_unsynchronized::h2ed7433f370e3eca
[INFO] [stdout]                                at /rustc/df4ca44d3fbc9301ee17f30f4d474e6ae4b05252/library/std/src/../../backtrace/src/backtrace/mod.rs:66:5
[INFO] [stdout]    2:     0x56051abd1cca - std::sys::backtrace::_print_fmt::h916fac51166b18d7
[INFO] [stdout]                                at /rustc/df4ca44d3fbc9301ee17f30f4d474e6ae4b05252/library/std/src/sys/backtrace.rs:66:9
[INFO] [stdout]    3:     0x56051abd1cca - <std::sys::backtrace::BacktraceLock::print::DisplayBacktrace as core::fmt::Display>::fmt::ha0a4c9b8ce3802e6
[INFO] [stdout]                                at /rustc/df4ca44d3fbc9301ee17f30f4d474e6ae4b05252/library/std/src/sys/backtrace.rs:39:26
[INFO] [stdout]    4:     0x56051abf9d63 - core::fmt::rt::Argument::fmt::h4cfc8587d52b3eb5
[INFO] [stdout]                                at /rustc/df4ca44d3fbc9301ee17f30f4d474e6ae4b05252/library/core/src/fmt/rt.rs:177:76
[INFO] [stdout]    5:     0x56051abf9d63 - core::fmt::write::h522cc39e5b36ae9f
[INFO] [stdout]                                at /rustc/df4ca44d3fbc9301ee17f30f4d474e6ae4b05252/library/core/src/fmt/mod.rs:1190:21
[INFO] [stdout]    6:     0x56051abce513 - std::io::Write::write_fmt::h7d3c26752da97734
[INFO] [stdout]                                at /rustc/df4ca44d3fbc9301ee17f30f4d474e6ae4b05252/library/std/src/io/mod.rs:1839:15
[INFO] [stdout]    7:     0x56051abd1b12 - std::sys::backtrace::BacktraceLock::print::h4b9e00b29e9c0942
[INFO] [stdout]                                at /rustc/df4ca44d3fbc9301ee17f30f4d474e6ae4b05252/library/std/src/sys/backtrace.rs:42:9
[INFO] [stdout]    8:     0x56051abd315a - std::panicking::default_hook::{{closure}}::hb59b88280d0324d9
[INFO] [stdout]                                at /rustc/df4ca44d3fbc9301ee17f30f4d474e6ae4b05252/library/std/src/panicking.rs:268:22
[INFO] [stdout]    9:     0x56051abd2f64 - std::panicking::default_hook::he1dd496665be4a29
[INFO] [stdout]                                at /rustc/df4ca44d3fbc9301ee17f30f4d474e6ae4b05252/library/std/src/panicking.rs:292:9
[INFO] [stdout]   10:     0x56051ab41409 - <alloc::boxed::Box<F,A> as core::ops::function::Fn<Args>>::call::h4ff71de18744e1dc
[INFO] [stdout]                                at /rustc/df4ca44d3fbc9301ee17f30f4d474e6ae4b05252/library/alloc/src/boxed.rs:2468:9
[INFO] [stdout]   11:     0x56051ab41409 - test::test_main::{{closure}}::hcf7c055ce117aa81
[INFO] [stdout]                                at /rustc/df4ca44d3fbc9301ee17f30f4d474e6ae4b05252/library/test/src/lib.rs:133:21
[INFO] [stdout]   12:     0x56051abd3858 - <alloc::boxed::Box<F,A> as core::ops::function::Fn<Args>>::call::h1d66c6bbd60c9692
[INFO] [stdout]                                at /rustc/df4ca44d3fbc9301ee17f30f4d474e6ae4b05252/library/alloc/src/boxed.rs:2468:9
[INFO] [stdout]   13:     0x56051abd3858 - std::panicking::rust_panic_with_hook::h2ff17fe8f26dfcf8
[INFO] [stdout]                                at /rustc/df4ca44d3fbc9301ee17f30f4d474e6ae4b05252/library/std/src/panicking.rs:809:13
[INFO] [stdout]   14:     0x56051abd361a - std::panicking::begin_panic_handler::{{closure}}::h4fad77951c07e101
[INFO] [stdout]                                at /rustc/df4ca44d3fbc9301ee17f30f4d474e6ae4b05252/library/std/src/panicking.rs:674:13
[INFO] [stdout]   15:     0x56051abd21a9 - std::sys::backtrace::__rust_end_short_backtrace::hb1a25b3da5d0ea08
[INFO] [stdout]                                at /rustc/df4ca44d3fbc9301ee17f30f4d474e6ae4b05252/library/std/src/sys/backtrace.rs:170:18
[INFO] [stdout]   16:     0x56051abd32ac - rust_begin_unwind
[INFO] [stdout]                                at /rustc/df4ca44d3fbc9301ee17f30f4d474e6ae4b05252/library/std/src/panicking.rs:665:5
[INFO] [stdout]   17:     0x56051abf7b20 - core::panicking::panic_fmt::ha9db07b529f9b256
[INFO] [stdout]                                at /rustc/df4ca44d3fbc9301ee17f30f4d474e6ae4b05252/library/core/src/panicking.rs:75:14
[INFO] [stdout]   18:     0x56051abf7fc6 - core::result::unwrap_failed::h5e8218e4d4338b8a
[INFO] [stdout]                                at /rustc/df4ca44d3fbc9301ee17f30f4d474e6ae4b05252/library/core/src/result.rs:1698:5
[INFO] [stdout]   19:     0x56051aa5a070 - core::result::Result<T,E>::unwrap::hd743211d89e64296
[INFO] [stdout]                                at /rustc/df4ca44d3fbc9301ee17f30f4d474e6ae4b05252/library/core/src/result.rs:1103:23
[INFO] [stdout]   20:     0x56051aa5a070 - glowdust::store::serde::serialization::tests::base_json_test::hc2a7130d03638584
[INFO] [stdout]                                at /opt/rustwide/workdir/src/store/serde/serialization.rs:595:24
[INFO] [stdout]   21:     0x56051aa5c557 - glowdust::store::serde::serialization::tests::serialize_u8_array::h5849eb07c34d9cb6
[INFO] [stdout]                                at /opt/rustwide/workdir/src/store/serde/serialization.rs:631:9
[INFO] [stdout]   22:     0x56051aa5c4d7 - glowdust::store::serde::serialization::tests::serialize_u8_array::{{closure}}::h7d4ab40877884eae
[INFO] [stdout]                                at /opt/rustwide/workdir/src/store/serde/serialization.rs:629:32
[INFO] [stdout]   23:     0x56051aabcf16 - core::ops::function::FnOnce::call_once::h622f4d156b408935
[INFO] [stdout]                                at /rustc/df4ca44d3fbc9301ee17f30f4d474e6ae4b05252/library/core/src/ops/function.rs:250:5
[INFO] [stdout]   24:     0x56051ab45cdb - core::ops::function::FnOnce::call_once::h22c3ba5715e93f05
[INFO] [stdout]                                at /rustc/df4ca44d3fbc9301ee17f30f4d474e6ae4b05252/library/core/src/ops/function.rs:250:5
[INFO] [stdout]   25:     0x56051ab45cdb - test::__rust_begin_short_backtrace::h8e82d8113d0da17f
[INFO] [stdout]                                at /rustc/df4ca44d3fbc9301ee17f30f4d474e6ae4b05252/library/test/src/lib.rs:621:18
[INFO] [stdout]   26:     0x56051ab45657 - test::run_test_in_process::{{closure}}::h33235f4f20b7b7c7
[INFO] [stdout]                                at /rustc/df4ca44d3fbc9301ee17f30f4d474e6ae4b05252/library/test/src/lib.rs:644:60
[INFO] [stdout]   27:     0x56051ab45657 - <core::panic::unwind_safe::AssertUnwindSafe<F> as core::ops::function::FnOnce<()>>::call_once::hb5043206310c586f
[INFO] [stdout]                                at /rustc/df4ca44d3fbc9301ee17f30f4d474e6ae4b05252/library/core/src/panic/unwind_safe.rs:272:9
[INFO] [stderr] error: test failed, to rerun pass `--lib`
[INFO] [stdout]   28:     0x56051ab45657 - std::panicking::try::do_call::h9ad4731a60ab23e2
[INFO] [stdout]                                at /rustc/df4ca44d3fbc9301ee17f30f4d474e6ae4b05252/library/std/src/panicking.rs:557:40
[INFO] [stdout]   29:     0x56051ab45657 - std::panicking::try::h3824d23db772a716
[INFO] [stdout]                                at /rustc/df4ca44d3fbc9301ee17f30f4d474e6ae4b05252/library/std/src/panicking.rs:520:19
[INFO] [stdout]   30:     0x56051ab45657 - std::panic::catch_unwind::h5afd514605fde46b
[INFO] [stdout]                                at /rustc/df4ca44d3fbc9301ee17f30f4d474e6ae4b05252/library/std/src/panic.rs:358:14
[INFO] [stdout]   31:     0x56051ab45657 - test::run_test_in_process::h0d5cbfa7067d1720
[INFO] [stdout]                                at /rustc/df4ca44d3fbc9301ee17f30f4d474e6ae4b05252/library/test/src/lib.rs:644:27
[INFO] [stdout]   32:     0x56051ab45657 - test::run_test::{{closure}}::h708eb8872708115d
[INFO] [stdout]                                at /rustc/df4ca44d3fbc9301ee17f30f4d474e6ae4b05252/library/test/src/lib.rs:565:43
[INFO] [stdout]   33:     0x56051ab08d74 - test::run_test::{{closure}}::h392c51cee94713ab
[INFO] [stdout]                                at /rustc/df4ca44d3fbc9301ee17f30f4d474e6ae4b05252/library/test/src/lib.rs:595:41
[INFO] [stdout]   34:     0x56051ab08d74 - std::sys::backtrace::__rust_begin_short_backtrace::h2f40290710935a8b
[INFO] [stdout]                                at /rustc/df4ca44d3fbc9301ee17f30f4d474e6ae4b05252/library/std/src/sys/backtrace.rs:154:18
[INFO] [stdout]   35:     0x56051ab0c51e - std::thread::Builder::spawn_unchecked_::{{closure}}::{{closure}}::h3fd968d89053a903
[INFO] [stdout]                                at /rustc/df4ca44d3fbc9301ee17f30f4d474e6ae4b05252/library/std/src/thread/mod.rs:541:17
[INFO] [stdout]   36:     0x56051ab0c51e - <core::panic::unwind_safe::AssertUnwindSafe<F> as core::ops::function::FnOnce<()>>::call_once::h743f637ba4229880
[INFO] [stdout]                                at /rustc/df4ca44d3fbc9301ee17f30f4d474e6ae4b05252/library/core/src/panic/unwind_safe.rs:272:9
[INFO] [stdout]   37:     0x56051ab0c51e - std::panicking::try::do_call::h07440897322525a6
[INFO] [stdout]                                at /rustc/df4ca44d3fbc9301ee17f30f4d474e6ae4b05252/library/std/src/panicking.rs:557:40
[INFO] [stdout]   38:     0x56051ab0c51e - std::panicking::try::he5a2e00188156637
[INFO] [stdout]                                at /rustc/df4ca44d3fbc9301ee17f30f4d474e6ae4b05252/library/std/src/panicking.rs:520:19
[INFO] [stdout]   39:     0x56051ab0c51e - std::panic::catch_unwind::hbaf3cae49b3c6433
[INFO] [stdout]                                at /rustc/df4ca44d3fbc9301ee17f30f4d474e6ae4b05252/library/std/src/panic.rs:358:14
[INFO] [stdout]   40:     0x56051ab0c51e - std::thread::Builder::spawn_unchecked_::{{closure}}::h8e141ea224820bce
[INFO] [stdout]                                at /rustc/df4ca44d3fbc9301ee17f30f4d474e6ae4b05252/library/std/src/thread/mod.rs:540:30
[INFO] [stdout]   41:     0x56051ab0c51e - core::ops::function::FnOnce::call_once{{vtable.shim}}::h90d312fedd7b8ea8
[INFO] [stdout]                                at /rustc/df4ca44d3fbc9301ee17f30f4d474e6ae4b05252/library/core/src/ops/function.rs:250:5
[INFO] [stdout]   42:     0x56051abd81eb - <alloc::boxed::Box<F,A> as core::ops::function::FnOnce<Args>>::call_once::h69aa08ddb6adb8b6
[INFO] [stdout]                                at /rustc/df4ca44d3fbc9301ee17f30f4d474e6ae4b05252/library/alloc/src/boxed.rs:2454:9
[INFO] [stdout]   43:     0x56051abd81eb - <alloc::boxed::Box<F,A> as core::ops::function::FnOnce<Args>>::call_once::h5aa36efdb79c806f
[INFO] [stdout]                                at /rustc/df4ca44d3fbc9301ee17f30f4d474e6ae4b05252/library/alloc/src/boxed.rs:2454:9
[INFO] [stdout]   44:     0x56051abd81eb - std::sys::pal::unix::thread::Thread::new::thread_start::h6cd80a1b4be5158d
[INFO] [stdout]                                at /rustc/df4ca44d3fbc9301ee17f30f4d474e6ae4b05252/library/std/src/sys/pal/unix/thread.rs:105:17
[INFO] [stdout]   45:     0x7308e5b5aac3 - <unknown>
[INFO] [stdout]   46:     0x7308e5beba04 - clone
[INFO] [stdout]   47:                0x0 - <unknown>
[INFO] [stdout] 
[INFO] [stdout] ---- store::serde::serialization::tests::serialize_variable_parameter stdout ----
[INFO] [stdout] {"Variable":"val"}
[INFO] [stdout] working in dir /opt/rustwide/workdir/target/tmp/param-var.data
[INFO] [stdout] thread 'store::serde::serialization::tests::serialize_variable_parameter' panicked at src/store/serde/serialization.rs:599:14:
[INFO] [stdout] called `Result::unwrap()` on an `Err` value: Os { code: 2, kind: NotFound, message: "No such file or directory" }
[INFO] [stdout] stack backtrace:
[INFO] [stdout]    0:     0x56051abd1cca - std::backtrace_rs::backtrace::libunwind::trace::h207520d6e9873551
[INFO] [stdout]                                at /rustc/df4ca44d3fbc9301ee17f30f4d474e6ae4b05252/library/std/src/../../backtrace/src/backtrace/libunwind.rs:116:5
[INFO] [stdout]    1:     0x56051abd1cca - std::backtrace_rs::backtrace::trace_unsynchronized::h2ed7433f370e3eca
[INFO] [stdout]                                at /rustc/df4ca44d3fbc9301ee17f30f4d474e6ae4b05252/library/std/src/../../backtrace/src/backtrace/mod.rs:66:5
[INFO] [stdout]    2:     0x56051abd1cca - std::sys::backtrace::_print_fmt::h916fac51166b18d7
[INFO] [stdout]                                at /rustc/df4ca44d3fbc9301ee17f30f4d474e6ae4b05252/library/std/src/sys/backtrace.rs:66:9
[INFO] [stdout]    3:     0x56051abd1cca - <std::sys::backtrace::BacktraceLock::print::DisplayBacktrace as core::fmt::Display>::fmt::ha0a4c9b8ce3802e6
[INFO] [stdout]                                at /rustc/df4ca44d3fbc9301ee17f30f4d474e6ae4b05252/library/std/src/sys/backtrace.rs:39:26
[INFO] [stdout]    4:     0x56051abf9d63 - core::fmt::rt::Argument::fmt::h4cfc8587d52b3eb5
[INFO] [stdout]                                at /rustc/df4ca44d3fbc9301ee17f30f4d474e6ae4b05252/library/core/src/fmt/rt.rs:177:76
[INFO] [stdout]    5:     0x56051abf9d63 - core::fmt::write::h522cc39e5b36ae9f
[INFO] [stdout]                                at /rustc/df4ca44d3fbc9301ee17f30f4d474e6ae4b05252/library/core/src/fmt/mod.rs:1190:21
[INFO] [stdout]    6:     0x56051abce513 - std::io::Write::write_fmt::h7d3c26752da97734
[INFO] [stdout]                                at /rustc/df4ca44d3fbc9301ee17f30f4d474e6ae4b05252/library/std/src/io/mod.rs:1839:15
[INFO] [stdout]    7:     0x56051abd1b12 - std::sys::backtrace::BacktraceLock::print::h4b9e00b29e9c0942
[INFO] [stdout]                                at /rustc/df4ca44d3fbc9301ee17f30f4d474e6ae4b05252/library/std/src/sys/backtrace.rs:42:9
[INFO] [stdout]    8:     0x56051abd315a - std::panicking::default_hook::{{closure}}::hb59b88280d0324d9
[INFO] [stdout]                                at /rustc/df4ca44d3fbc9301ee17f30f4d474e6ae4b05252/library/std/src/panicking.rs:268:22
[INFO] [stdout]    9:     0x56051abd2f64 - std::panicking::default_hook::he1dd496665be4a29
[INFO] [stdout]                                at /rustc/df4ca44d3fbc9301ee17f30f4d474e6ae4b05252/library/std/src/panicking.rs:292:9
[INFO] [stdout]   10:     0x56051ab41409 - <alloc::boxed::Box<F,A> as core::ops::function::Fn<Args>>::call::h4ff71de18744e1dc
[INFO] [stdout]                                at /rustc/df4ca44d3fbc9301ee17f30f4d474e6ae4b05252/library/alloc/src/boxed.rs:2468:9
[INFO] [stdout]   11:     0x56051ab41409 - test::test_main::{{closure}}::hcf7c055ce117aa81
[INFO] [stdout]                                at /rustc/df4ca44d3fbc9301ee17f30f4d474e6ae4b05252/library/test/src/lib.rs:133:21
[INFO] [stdout]   12:     0x56051abd3858 - <alloc::boxed::Box<F,A> as core::ops::function::Fn<Args>>::call::h1d66c6bbd60c9692
[INFO] [stdout]                                at /rustc/df4ca44d3fbc9301ee17f30f4d474e6ae4b05252/library/alloc/src/boxed.rs:2468:9
[INFO] [stdout]   13:     0x56051abd3858 - std::panicking::rust_panic_with_hook::h2ff17fe8f26dfcf8
[INFO] [stdout]                                at /rustc/df4ca44d3fbc9301ee17f30f4d474e6ae4b05252/library/std/src/panicking.rs:809:13
[INFO] [stdout]   14:     0x56051abd361a - std::panicking::begin_panic_handler::{{closure}}::h4fad77951c07e101
[INFO] [stdout]                                at /rustc/df4ca44d3fbc9301ee17f30f4d474e6ae4b05252/library/std/src/panicking.rs:674:13
[INFO] [stdout]   15:     0x56051abd21a9 - std::sys::backtrace::__rust_end_short_backtrace::hb1a25b3da5d0ea08
[INFO] [stdout]                                at /rustc/df4ca44d3fbc9301ee17f30f4d474e6ae4b05252/library/std/src/sys/backtrace.rs:170:18
[INFO] [stdout]   16:     0x56051abd32ac - rust_begin_unwind
[INFO] [stdout]                                at /rustc/df4ca44d3fbc9301ee17f30f4d474e6ae4b05252/library/std/src/panicking.rs:665:5
[INFO] [stdout]   17:     0x56051abf7b20 - core::panicking::panic_fmt::ha9db07b529f9b256
[INFO] [stdout]                                at /rustc/df4ca44d3fbc9301ee17f30f4d474e6ae4b05252/library/core/src/panicking.rs:75:14
[INFO] [stdout]   18:     0x56051abf7fc6 - core::result::unwrap_failed::h5e8218e4d4338b8a
[INFO] [stdout]                                at /rustc/df4ca44d3fbc9301ee17f30f4d474e6ae4b05252/library/core/src/result.rs:1698:5
[INFO] [stdout]   19:     0x56051aa55af5 - core::result::Result<T,E>::unwrap::hd743211d89e64296
[INFO] [stdout]                                at /rustc/df4ca44d3fbc9301ee17f30f4d474e6ae4b05252/library/core/src/result.rs:1103:23
[INFO] [stdout]   20:     0x56051aa55af5 - glowdust::store::serde::serialization::tests::base_json_test::h07c8d1d823308bc0
[INFO] [stdout]                                at /opt/rustwide/workdir/src/store/serde/serialization.rs:595:24
[INFO] [stdout]   21:     0x56051aa5c77b - glowdust::store::serde::serialization::tests::serialize_variable_parameter::hc4d08c6dd39b0d76
[INFO] [stdout]                                at /opt/rustwide/workdir/src/store/serde/serialization.rs:647:9
[INFO] [stdout]   22:     0x56051aa5c6f7 - glowdust::store::serde::serialization::tests::serialize_variable_parameter::{{closure}}::h726f44d273e0d17f
[INFO] [stdout]                                at /opt/rustwide/workdir/src/store/serde/serialization.rs:644:42
[INFO] [stdout]   23:     0x56051aabd3b6 - core::ops::function::FnOnce::call_once::h80c4e766739b415a
[INFO] [stdout]                                at /rustc/df4ca44d3fbc9301ee17f30f4d474e6ae4b05252/library/core/src/ops/function.rs:250:5
[INFO] [stdout]   24:     0x56051ab45cdb - core::ops::function::FnOnce::call_once::h22c3ba5715e93f05
[INFO] [stdout]                                at /rustc/df4ca44d3fbc9301ee17f30f4d474e6ae4b05252/library/core/src/ops/function.rs:250:5
[INFO] [stdout]   25:     0x56051ab45cdb - test::__rust_begin_short_backtrace::h8e82d8113d0da17f
[INFO] [stdout]                                at /rustc/df4ca44d3fbc9301ee17f30f4d474e6ae4b05252/library/test/src/lib.rs:621:18
[INFO] [stdout]   26:     0x56051ab45657 - test::run_test_in_process::{{closure}}::h33235f4f20b7b7c7
[INFO] [stdout]                                at /rustc/df4ca44d3fbc9301ee17f30f4d474e6ae4b05252/library/test/src/lib.rs:644:60
[INFO] [stdout]   27:     0x56051ab45657 - <core::panic::unwind_safe::AssertUnwindSafe<F> as core::ops::function::FnOnce<()>>::call_once::hb5043206310c586f
[INFO] [stdout]                                at /rustc/df4ca44d3fbc9301ee17f30f4d474e6ae4b05252/library/core/src/panic/unwind_safe.rs:272:9
[INFO] [stdout]   28:     0x56051ab45657 - std::panicking::try::do_call::h9ad4731a60ab23e2
[INFO] [stdout]                                at /rustc/df4ca44d3fbc9301ee17f30f4d474e6ae4b05252/library/std/src/panicking.rs:557:40
[INFO] [stdout]   29:     0x56051ab45657 - std::panicking::try::h3824d23db772a716
[INFO] [stdout]                                at /rustc/df4ca44d3fbc9301ee17f30f4d474e6ae4b05252/library/std/src/panicking.rs:520:19
[INFO] [stdout]   30:     0x56051ab45657 - std::panic::catch_unwind::h5afd514605fde46b
[INFO] [stdout]                                at /rustc/df4ca44d3fbc9301ee17f30f4d474e6ae4b05252/library/std/src/panic.rs:358:14
[INFO] [stdout]   31:     0x56051ab45657 - test::run_test_in_process::h0d5cbfa7067d1720
[INFO] [stdout]                                at /rustc/df4ca44d3fbc9301ee17f30f4d474e6ae4b05252/library/test/src/lib.rs:644:27
[INFO] [stdout]   32:     0x56051ab45657 - test::run_test::{{closure}}::h708eb8872708115d
[INFO] [stdout]                                at /rustc/df4ca44d3fbc9301ee17f30f4d474e6ae4b05252/library/test/src/lib.rs:565:43
[INFO] [stdout]   33:     0x56051ab08d74 - test::run_test::{{closure}}::h392c51cee94713ab
[INFO] [stdout]                                at /rustc/df4ca44d3fbc9301ee17f30f4d474e6ae4b05252/library/test/src/lib.rs:595:41
[INFO] [stdout]   34:     0x56051ab08d74 - std::sys::backtrace::__rust_begin_short_backtrace::h2f40290710935a8b
[INFO] [stdout]                                at /rustc/df4ca44d3fbc9301ee17f30f4d474e6ae4b05252/library/std/src/sys/backtrace.rs:154:18
[INFO] [stdout]   35:     0x56051ab0c51e - std::thread::Builder::spawn_unchecked_::{{closure}}::{{closure}}::h3fd968d89053a903
[INFO] [stdout]                                at /rustc/df4ca44d3fbc9301ee17f30f4d474e6ae4b05252/library/std/src/thread/mod.rs:541:17
[INFO] [stdout]   36:     0x56051ab0c51e - <core::panic::unwind_safe::AssertUnwindSafe<F> as core::ops::function::FnOnce<()>>::call_once::h743f637ba4229880
[INFO] [stdout]                                at /rustc/df4ca44d3fbc9301ee17f30f4d474e6ae4b05252/library/core/src/panic/unwind_safe.rs:272:9
[INFO] [stdout]   37:     0x56051ab0c51e - std::panicking::try::do_call::h07440897322525a6
[INFO] [stdout]                                at /rustc/df4ca44d3fbc9301ee17f30f4d474e6ae4b05252/library/std/src/panicking.rs:557:40
[INFO] [stdout]   38:     0x56051ab0c51e - std::panicking::try::he5a2e00188156637
[INFO] [stdout]                                at /rustc/df4ca44d3fbc9301ee17f30f4d474e6ae4b05252/library/std/src/panicking.rs:520:19
[INFO] [stdout]   39:     0x56051ab0c51e - std::panic::catch_unwind::hbaf3cae49b3c6433
[INFO] [stdout]                                at /rustc/df4ca44d3fbc9301ee17f30f4d474e6ae4b05252/library/std/src/panic.rs:358:14
[INFO] [stdout]   40:     0x56051ab0c51e - std::thread::Builder::spawn_unchecked_::{{closure}}::h8e141ea224820bce
[INFO] [stdout]                                at /rustc/df4ca44d3fbc9301ee17f30f4d474e6ae4b05252/library/std/src/thread/mod.rs:540:30
[INFO] [stdout]   41:     0x56051ab0c51e - core::ops::function::FnOnce::call_once{{vtable.shim}}::h90d312fedd7b8ea8
[INFO] [stdout]                                at /rustc/df4ca44d3fbc9301ee17f30f4d474e6ae4b05252/library/core/src/ops/function.rs:250:5
[INFO] [stdout]   42:     0x56051abd81eb - <alloc::boxed::Box<F,A> as core::ops::function::FnOnce<Args>>::call_once::h69aa08ddb6adb8b6
[INFO] [stdout]                                at /rustc/df4ca44d3fbc9301ee17f30f4d474e6ae4b05252/library/alloc/src/boxed.rs:2454:9
[INFO] [stdout]   43:     0x56051abd81eb - <alloc::boxed::Box<F,A> as core::ops::function::FnOnce<Args>>::call_once::h5aa36efdb79c806f
[INFO] [stdout]                                at /rustc/df4ca44d3fbc9301ee17f30f4d474e6ae4b05252/library/alloc/src/boxed.rs:2454:9
[INFO] [stdout]   44:     0x56051abd81eb - std::sys::pal::unix::thread::Thread::new::thread_start::h6cd80a1b4be5158d
[INFO] [stdout]                                at /rustc/df4ca44d3fbc9301ee17f30f4d474e6ae4b05252/library/std/src/sys/pal/unix/thread.rs:105:17
[INFO] [stdout]   45:     0x7308e5b5aac3 - <unknown>
[INFO] [stdout]   46:     0x7308e5beba04 - clone
[INFO] [stdout]   47:                0x0 - <unknown>
[INFO] [stdout] 
[INFO] [stdout] ---- store::serde::tests::function_is_defined_if_file_with_def_and_val_extension_exists stdout ----
[INFO] [stdout] thread 'store::serde::tests::function_is_defined_if_file_with_def_and_val_extension_exists' panicked at src/store/serde/mod.rs:362:47:
[INFO] [stdout] called `Result::unwrap()` on an `Err` value: Os { code: 30, kind: ReadOnlyFilesystem, message: "Read-only file system" }
[INFO] [stdout] stack backtrace:
[INFO] [stdout]    0:     0x56051abd1cca - std::backtrace_rs::backtrace::libunwind::trace::h207520d6e9873551
[INFO] [stdout]                                at /rustc/df4ca44d3fbc9301ee17f30f4d474e6ae4b05252/library/std/src/../../backtrace/src/backtrace/libunwind.rs:116:5
[INFO] [stdout]    1:     0x56051abd1cca - std::backtrace_rs::backtrace::trace_unsynchronized::h2ed7433f370e3eca
[INFO] [stdout]                                at /rustc/df4ca44d3fbc9301ee17f30f4d474e6ae4b05252/library/std/src/../../backtrace/src/backtrace/mod.rs:66:5
[INFO] [stdout]    2:     0x56051abd1cca - std::sys::backtrace::_print_fmt::h916fac51166b18d7
[INFO] [stdout]                                at /rustc/df4ca44d3fbc9301ee17f30f4d474e6ae4b05252/library/std/src/sys/backtrace.rs:66:9
[INFO] [stdout]    3:     0x56051abd1cca - <std::sys::backtrace::BacktraceLock::print::DisplayBacktrace as core::fmt::Display>::fmt::ha0a4c9b8ce3802e6
[INFO] [stdout]                                at /rustc/df4ca44d3fbc9301ee17f30f4d474e6ae4b05252/library/std/src/sys/backtrace.rs:39:26
[INFO] [stdout]    4:     0x56051abf9d63 - core::fmt::rt::Argument::fmt::h4cfc8587d52b3eb5
[INFO] [stdout]                                at /rustc/df4ca44d3fbc9301ee17f30f4d474e6ae4b05252/library/core/src/fmt/rt.rs:177:76
[INFO] [stdout]    5:     0x56051abf9d63 - core::fmt::write::h522cc39e5b36ae9f
[INFO] [stdout]                                at /rustc/df4ca44d3fbc9301ee17f30f4d474e6ae4b05252/library/core/src/fmt/mod.rs:1190:21
[INFO] [stdout]    6:     0x56051abce513 - std::io::Write::write_fmt::h7d3c26752da97734
[INFO] [stdout]                                at /rustc/df4ca44d3fbc9301ee17f30f4d474e6ae4b05252/library/std/src/io/mod.rs:1839:15
[INFO] [stdout]    7:     0x56051abd1b12 - std::sys::backtrace::BacktraceLock::print::h4b9e00b29e9c0942
[INFO] [stdout]                                at /rustc/df4ca44d3fbc9301ee17f30f4d474e6ae4b05252/library/std/src/sys/backtrace.rs:42:9
[INFO] [stdout]    8:     0x56051abd315a - std::panicking::default_hook::{{closure}}::hb59b88280d0324d9
[INFO] [stdout]                                at /rustc/df4ca44d3fbc9301ee17f30f4d474e6ae4b05252/library/std/src/panicking.rs:268:22
[INFO] [stdout]    9:     0x56051abd2f64 - std::panicking::default_hook::he1dd496665be4a29
[INFO] [stdout]                                at /rustc/df4ca44d3fbc9301ee17f30f4d474e6ae4b05252/library/std/src/panicking.rs:292:9
[INFO] [stdout]   10:     0x56051ab41409 - <alloc::boxed::Box<F,A> as core::ops::function::Fn<Args>>::call::h4ff71de18744e1dc
[INFO] [stdout]                                at /rustc/df4ca44d3fbc9301ee17f30f4d474e6ae4b05252/library/alloc/src/boxed.rs:2468:9
[INFO] [stdout]   11:     0x56051ab41409 - test::test_main::{{closure}}::hcf7c055ce117aa81
[INFO] [stdout]                                at /rustc/df4ca44d3fbc9301ee17f30f4d474e6ae4b05252/library/test/src/lib.rs:133:21
[INFO] [stdout]   12:     0x56051abd3858 - <alloc::boxed::Box<F,A> as core::ops::function::Fn<Args>>::call::h1d66c6bbd60c9692
[INFO] [stdout]                                at /rustc/df4ca44d3fbc9301ee17f30f4d474e6ae4b05252/library/alloc/src/boxed.rs:2468:9
[INFO] [stdout]   13:     0x56051abd3858 - std::panicking::rust_panic_with_hook::h2ff17fe8f26dfcf8
[INFO] [stdout]                                at /rustc/df4ca44d3fbc9301ee17f30f4d474e6ae4b05252/library/std/src/panicking.rs:809:13
[INFO] [stdout]   14:     0x56051abd361a - std::panicking::begin_panic_handler::{{closure}}::h4fad77951c07e101
[INFO] [stdout]                                at /rustc/df4ca44d3fbc9301ee17f30f4d474e6ae4b05252/library/std/src/panicking.rs:674:13
[INFO] [stdout]   15:     0x56051abd21a9 - std::sys::backtrace::__rust_end_short_backtrace::hb1a25b3da5d0ea08
[INFO] [stdout]                                at /rustc/df4ca44d3fbc9301ee17f30f4d474e6ae4b05252/library/std/src/sys/backtrace.rs:170:18
[INFO] [stdout]   16:     0x56051abd32ac - rust_begin_unwind
[INFO] [stdout]                                at /rustc/df4ca44d3fbc9301ee17f30f4d474e6ae4b05252/library/std/src/panicking.rs:665:5
[INFO] [stdout]   17:     0x56051abf7b20 - core::panicking::panic_fmt::ha9db07b529f9b256
[INFO] [stdout]                                at /rustc/df4ca44d3fbc9301ee17f30f4d474e6ae4b05252/library/core/src/panicking.rs:75:14
[INFO] [stdout]   18:     0x56051abf7fc6 - core::result::unwrap_failed::h5e8218e4d4338b8a
[INFO] [stdout]                                at /rustc/df4ca44d3fbc9301ee17f30f4d474e6ae4b05252/library/core/src/result.rs:1698:5
[INFO] [stdout]   19:     0x56051aa5be54 - core::result::Result<T,E>::unwrap::hd94450f5f321ab00
[INFO] [stdout]                                at /rustc/df4ca44d3fbc9301ee17f30f4d474e6ae4b05252/library/core/src/result.rs:1103:23
[INFO] [stdout]   20:     0x56051aa5be54 - glowdust::store::serde::tests::get_base_dir::h6641b8c3b94d3704
[INFO] [stdout]                                at /opt/rustwide/workdir/src/store/serde/mod.rs:362:9
[INFO] [stdout]   21:     0x56051aa5ec98 - glowdust::store::serde::tests::function_is_defined_if_file_with_def_and_val_extension_exists::hdd0a18e9ed64c99e
[INFO] [stdout]                                at /opt/rustwide/workdir/src/store/serde/mod.rs:430:13
[INFO] [stdout]   22:     0x56051aa5ec37 - glowdust::store::serde::tests::function_is_defined_if_file_with_def_and_val_extension_exists::{{closure}}::h3d3603817b4212e7
[INFO] [stdout]                                at /opt/rustwide/workdir/src/store/serde/mod.rs:428:75
[INFO] [stdout]   23:     0x56051aabc486 - core::ops::function::FnOnce::call_once::h21a0c4a545080330
[INFO] [stdout]                                at /rustc/df4ca44d3fbc9301ee17f30f4d474e6ae4b05252/library/core/src/ops/function.rs:250:5
[INFO] [stdout]   24:     0x56051ab45cdb - core::ops::function::FnOnce::call_once::h22c3ba5715e93f05
[INFO] [stdout]                                at /rustc/df4ca44d3fbc9301ee17f30f4d474e6ae4b05252/library/core/src/ops/function.rs:250:5
[INFO] [stdout]   25:     0x56051ab45cdb - test::__rust_begin_short_backtrace::h8e82d8113d0da17f
[INFO] [stdout]                                at /rustc/df4ca44d3fbc9301ee17f30f4d474e6ae4b05252/library/test/src/lib.rs:621:18
[INFO] [stdout]   26:     0x56051ab45657 - test::run_test_in_process::{{closure}}::h33235f4f20b7b7c7
[INFO] [stdout]                                at /rustc/df4ca44d3fbc9301ee17f30f4d474e6ae4b05252/library/test/src/lib.rs:644:60
[INFO] [stdout]   27:     0x56051ab45657 - <core::panic::unwind_safe::AssertUnwindSafe<F> as core::ops::function::FnOnce<()>>::call_once::hb5043206310c586f
[INFO] [stdout]                                at /rustc/df4ca44d3fbc9301ee17f30f4d474e6ae4b05252/library/core/src/panic/unwind_safe.rs:272:9
[INFO] [stdout]   28:     0x56051ab45657 - std::panicking::try::do_call::h9ad4731a60ab23e2
[INFO] [stdout]                                at /rustc/df4ca44d3fbc9301ee17f30f4d474e6ae4b05252/library/std/src/panicking.rs:557:40
[INFO] [stdout]   29:     0x56051ab45657 - std::panicking::try::h3824d23db772a716
[INFO] [stdout]                                at /rustc/df4ca44d3fbc9301ee17f30f4d474e6ae4b05252/library/std/src/panicking.rs:520:19
[INFO] [stdout]   30:     0x56051ab45657 - std::panic::catch_unwind::h5afd514605fde46b
[INFO] [stdout]                                at /rustc/df4ca44d3fbc9301ee17f30f4d474e6ae4b05252/library/std/src/panic.rs:358:14
[INFO] [stdout]   31:     0x56051ab45657 - test::run_test_in_process::h0d5cbfa7067d1720
[INFO] [stdout]                                at /rustc/df4ca44d3fbc9301ee17f30f4d474e6ae4b05252/library/test/src/lib.rs:644:27
[INFO] [stdout]   32:     0x56051ab45657 - test::run_test::{{closure}}::h708eb8872708115d
[INFO] [stdout]                                at /rustc/df4ca44d3fbc9301ee17f30f4d474e6ae4b05252/library/test/src/lib.rs:565:43
[INFO] [stdout]   33:     0x56051ab08d74 - test::run_test::{{closure}}::h392c51cee94713ab
[INFO] [stdout]                                at /rustc/df4ca44d3fbc9301ee17f30f4d474e6ae4b05252/library/test/src/lib.rs:595:41
[INFO] [stdout]   34:     0x56051ab08d74 - std::sys::backtrace::__rust_begin_short_backtrace::h2f40290710935a8b
[INFO] [stdout]                                at /rustc/df4ca44d3fbc9301ee17f30f4d474e6ae4b05252/library/std/src/sys/backtrace.rs:154:18
[INFO] [stdout]   35:     0x56051ab0c51e - std::thread::Builder::spawn_unchecked_::{{closure}}::{{closure}}::h3fd968d89053a903
[INFO] [stdout]                                at /rustc/df4ca44d3fbc9301ee17f30f4d474e6ae4b05252/library/std/src/thread/mod.rs:541:17
[INFO] [stdout]   36:     0x56051ab0c51e - <core::panic::unwind_safe::AssertUnwindSafe<F> as core::ops::function::FnOnce<()>>::call_once::h743f637ba4229880
[INFO] [stdout]                                at /rustc/df4ca44d3fbc9301ee17f30f4d474e6ae4b05252/library/core/src/panic/unwind_safe.rs:272:9
[INFO] [stdout]   37:     0x56051ab0c51e - std::panicking::try::do_call::h07440897322525a6
[INFO] [stdout]                                at /rustc/df4ca44d3fbc9301ee17f30f4d474e6ae4b05252/library/std/src/panicking.rs:557:40
[INFO] [stdout]   38:     0x56051ab0c51e - std::panicking::try::he5a2e00188156637
[INFO] [stdout]                                at /rustc/df4ca44d3fbc9301ee17f30f4d474e6ae4b05252/library/std/src/panicking.rs:520:19
[INFO] [stdout]   39:     0x56051ab0c51e - std::panic::catch_unwind::hbaf3cae49b3c6433
[INFO] [stdout]                                at /rustc/df4ca44d3fbc9301ee17f30f4d474e6ae4b05252/library/std/src/panic.rs:358:14
[INFO] [stdout]   40:     0x56051ab0c51e - std::thread::Builder::spawn_unchecked_::{{closure}}::h8e141ea224820bce
[INFO] [stdout]                                at /rustc/df4ca44d3fbc9301ee17f30f4d474e6ae4b05252/library/std/src/thread/mod.rs:540:30
[INFO] [stdout]   41:     0x56051ab0c51e - core::ops::function::FnOnce::call_once{{vtable.shim}}::h90d312fedd7b8ea8
[INFO] [stdout]                                at /rustc/df4ca44d3fbc9301ee17f30f4d474e6ae4b05252/library/core/src/ops/function.rs:250:5
[INFO] [stdout]   42:     0x56051abd81eb - <alloc::boxed::Box<F,A> as core::ops::function::FnOnce<Args>>::call_once::h69aa08ddb6adb8b6
[INFO] [stdout]                                at /rustc/df4ca44d3fbc9301ee17f30f4d474e6ae4b05252/library/alloc/src/boxed.rs:2454:9
[INFO] [stdout]   43:     0x56051abd81eb - <alloc::boxed::Box<F,A> as core::ops::function::FnOnce<Args>>::call_once::h5aa36efdb79c806f
[INFO] [stdout]                                at /rustc/df4ca44d3fbc9301ee17f30f4d474e6ae4b05252/library/alloc/src/boxed.rs:2454:9
[INFO] [stdout]   44:     0x56051abd81eb - std::sys::pal::unix::thread::Thread::new::thread_start::h6cd80a1b4be5158d
[INFO] [stdout]                                at /rustc/df4ca44d3fbc9301ee17f30f4d474e6ae4b05252/library/std/src/sys/pal/unix/thread.rs:105:17
[INFO] [stdout]   45:     0x7308e5b5aac3 - <unknown>
[INFO] [stdout]   46:     0x7308e5beba04 - clone
[INFO] [stdout]   47:                0x0 - <unknown>
[INFO] [stdout] 
[INFO] [stdout] ---- store::serde::tests::function_is_not_defined_if_file_with_no_extension_exists stdout ----
[INFO] [stdout] thread 'store::serde::tests::function_is_not_defined_if_file_with_no_extension_exists' panicked at src/store/serde/mod.rs:362:47:
[INFO] [stdout] called `Result::unwrap()` on an `Err` value: Os { code: 30, kind: ReadOnlyFilesystem, message: "Read-only file system" }
[INFO] [stdout] stack backtrace:
[INFO] [stdout]    0:     0x56051abd1cca - std::backtrace_rs::backtrace::libunwind::trace::h207520d6e9873551
[INFO] [stdout]                                at /rustc/df4ca44d3fbc9301ee17f30f4d474e6ae4b05252/library/std/src/../../backtrace/src/backtrace/libunwind.rs:116:5
[INFO] [stdout]    1:     0x56051abd1cca - std::backtrace_rs::backtrace::trace_unsynchronized::h2ed7433f370e3eca
[INFO] [stdout]                                at /rustc/df4ca44d3fbc9301ee17f30f4d474e6ae4b05252/library/std/src/../../backtrace/src/backtrace/mod.rs:66:5
[INFO] [stdout]    2:     0x56051abd1cca - std::sys::backtrace::_print_fmt::h916fac51166b18d7
[INFO] [stdout]                                at /rustc/df4ca44d3fbc9301ee17f30f4d474e6ae4b05252/library/std/src/sys/backtrace.rs:66:9
[INFO] [stdout]    3:     0x56051abd1cca - <std::sys::backtrace::BacktraceLock::print::DisplayBacktrace as core::fmt::Display>::fmt::ha0a4c9b8ce3802e6
[INFO] [stdout]                                at /rustc/df4ca44d3fbc9301ee17f30f4d474e6ae4b05252/library/std/src/sys/backtrace.rs:39:26
[INFO] [stdout]    4:     0x56051abf9d63 - core::fmt::rt::Argument::fmt::h4cfc8587d52b3eb5
[INFO] [stdout]                                at /rustc/df4ca44d3fbc9301ee17f30f4d474e6ae4b05252/library/core/src/fmt/rt.rs:177:76
[INFO] [stdout]    5:     0x56051abf9d63 - core::fmt::write::h522cc39e5b36ae9f
[INFO] [stdout]                                at /rustc/df4ca44d3fbc9301ee17f30f4d474e6ae4b05252/library/core/src/fmt/mod.rs:1190:21
[INFO] [stdout]    6:     0x56051abce513 - std::io::Write::write_fmt::h7d3c26752da97734
[INFO] [stdout]                                at /rustc/df4ca44d3fbc9301ee17f30f4d474e6ae4b05252/library/std/src/io/mod.rs:1839:15
[INFO] [stdout]    7:     0x56051abd1b12 - std::sys::backtrace::BacktraceLock::print::h4b9e00b29e9c0942
[INFO] [stdout]                                at /rustc/df4ca44d3fbc9301ee17f30f4d474e6ae4b05252/library/std/src/sys/backtrace.rs:42:9
[INFO] [stdout]    8:     0x56051abd315a - std::panicking::default_hook::{{closure}}::hb59b88280d0324d9
[INFO] [stdout]                                at /rustc/df4ca44d3fbc9301ee17f30f4d474e6ae4b05252/library/std/src/panicking.rs:268:22
[INFO] [stdout]    9:     0x56051abd2f64 - std::panicking::default_hook::he1dd496665be4a29
[INFO] [stdout]                                at /rustc/df4ca44d3fbc9301ee17f30f4d474e6ae4b05252/library/std/src/panicking.rs:292:9
[INFO] [stdout]   10:     0x56051ab41409 - <alloc::boxed::Box<F,A> as core::ops::function::Fn<Args>>::call::h4ff71de18744e1dc
[INFO] [stdout]                                at /rustc/df4ca44d3fbc9301ee17f30f4d474e6ae4b05252/library/alloc/src/boxed.rs:2468:9
[INFO] [stdout]   11:     0x56051ab41409 - test::test_main::{{closure}}::hcf7c055ce117aa81
[INFO] [stdout]                                at /rustc/df4ca44d3fbc9301ee17f30f4d474e6ae4b05252/library/test/src/lib.rs:133:21
[INFO] [stdout]   12:     0x56051abd3858 - <alloc::boxed::Box<F,A> as core::ops::function::Fn<Args>>::call::h1d66c6bbd60c9692
[INFO] [stdout]                                at /rustc/df4ca44d3fbc9301ee17f30f4d474e6ae4b05252/library/alloc/src/boxed.rs:2468:9
[INFO] [stdout]   13:     0x56051abd3858 - std::panicking::rust_panic_with_hook::h2ff17fe8f26dfcf8
[INFO] [stdout]                                at /rustc/df4ca44d3fbc9301ee17f30f4d474e6ae4b05252/library/std/src/panicking.rs:809:13
[INFO] [stdout]   14:     0x56051abd361a - std::panicking::begin_panic_handler::{{closure}}::h4fad77951c07e101
[INFO] [stdout]                                at /rustc/df4ca44d3fbc9301ee17f30f4d474e6ae4b05252/library/std/src/panicking.rs:674:13
[INFO] [stdout]   15:     0x56051abd21a9 - std::sys::backtrace::__rust_end_short_backtrace::hb1a25b3da5d0ea08
[INFO] [stdout]                                at /rustc/df4ca44d3fbc9301ee17f30f4d474e6ae4b05252/library/std/src/sys/backtrace.rs:170:18
[INFO] [stdout]   16:     0x56051abd32ac - rust_begin_unwind
[INFO] [stdout]                                at /rustc/df4ca44d3fbc9301ee17f30f4d474e6ae4b05252/library/std/src/panicking.rs:665:5
[INFO] [stdout]   17:     0x56051abf7b20 - core::panicking::panic_fmt::ha9db07b529f9b256
[INFO] [stdout]                                at /rustc/df4ca44d3fbc9301ee17f30f4d474e6ae4b05252/library/core/src/panicking.rs:75:14
[INFO] [stdout]   18:     0x56051abf7fc6 - core::result::unwrap_failed::h5e8218e4d4338b8a
[INFO] [stdout]                                at /rustc/df4ca44d3fbc9301ee17f30f4d474e6ae4b05252/library/core/src/result.rs:1698:5
[INFO] [stdout]   19:     0x56051aa5be54 - core::result::Result<T,E>::unwrap::hd94450f5f321ab00
[INFO] [stdout]                                at /rustc/df4ca44d3fbc9301ee17f30f4d474e6ae4b05252/library/core/src/result.rs:1103:23
[INFO] [stdout]   20:     0x56051aa5be54 - glowdust::store::serde::tests::get_base_dir::h6641b8c3b94d3704
[INFO] [stdout]                                at /opt/rustwide/workdir/src/store/serde/mod.rs:362:9
[INFO] [stdout]   21:     0x56051aa5e6ca - glowdust::store::serde::tests::function_is_not_defined_if_file_with_no_extension_exists::h32e536a1b871cd1b
[INFO] [stdout]                                at /opt/rustwide/workdir/src/store/serde/mod.rs:409:13
[INFO] [stdout]   22:     0x56051aa5e677 - glowdust::store::serde::tests::function_is_not_defined_if_file_with_no_extension_exists::{{closure}}::hc44ef8fa5504d7a2
[INFO] [stdout]                                at /opt/rustwide/workdir/src/store/serde/mod.rs:407:70
[INFO] [stdout]   23:     0x56051aabc366 - core::ops::function::FnOnce::call_once::h1f3dc7d149e376b8
[INFO] [stdout]                                at /rustc/df4ca44d3fbc9301ee17f30f4d474e6ae4b05252/library/core/src/ops/function.rs:250:5
[INFO] [stdout]   24:     0x56051ab45cdb - core::ops::function::FnOnce::call_once::h22c3ba5715e93f05
[INFO] [stdout]                                at /rustc/df4ca44d3fbc9301ee17f30f4d474e6ae4b05252/library/core/src/ops/function.rs:250:5
[INFO] [stdout]   25:     0x56051ab45cdb - test::__rust_begin_short_backtrace::h8e82d8113d0da17f
[INFO] [stdout]                                at /rustc/df4ca44d3fbc9301ee17f30f4d474e6ae4b05252/library/test/src/lib.rs:621:18
[INFO] [stdout]   26:     0x56051ab45657 - test::run_test_in_process::{{closure}}::h33235f4f20b7b7c7
[INFO] [stdout]                                at /rustc/df4ca44d3fbc9301ee17f30f4d474e6ae4b05252/library/test/src/lib.rs:644:60
[INFO] [stdout]   27:     0x56051ab45657 - <core::panic::unwind_safe::AssertUnwindSafe<F> as core::ops::function::FnOnce<()>>::call_once::hb5043206310c586f
[INFO] [stdout]                                at /rustc/df4ca44d3fbc9301ee17f30f4d474e6ae4b05252/library/core/src/panic/unwind_safe.rs:272:9
[INFO] [stdout]   28:     0x56051ab45657 - std::panicking::try::do_call::h9ad4731a60ab23e2
[INFO] [stdout]                                at /rustc/df4ca44d3fbc9301ee17f30f4d474e6ae4b05252/library/std/src/panicking.rs:557:40
[INFO] [stdout]   29:     0x56051ab45657 - std::panicking::try::h3824d23db772a716
[INFO] [stdout]                                at /rustc/df4ca44d3fbc9301ee17f30f4d474e6ae4b05252/library/std/src/panicking.rs:520:19
[INFO] [stdout]   30:     0x56051ab45657 - std::panic::catch_unwind::h5afd514605fde46b
[INFO] [stdout]                                at /rustc/df4ca44d3fbc9301ee17f30f4d474e6ae4b05252/library/std/src/panic.rs:358:14
[INFO] [stdout]   31:     0x56051ab45657 - test::run_test_in_process::h0d5cbfa7067d1720
[INFO] [stdout]                                at /rustc/df4ca44d3fbc9301ee17f30f4d474e6ae4b05252/library/test/src/lib.rs:644:27
[INFO] [stdout]   32:     0x56051ab45657 - test::run_test::{{closure}}::h708eb8872708115d
[INFO] [stdout]                                at /rustc/df4ca44d3fbc9301ee17f30f4d474e6ae4b05252/library/test/src/lib.rs:565:43
[INFO] [stdout]   33:     0x56051ab08d74 - test::run_test::{{closure}}::h392c51cee94713ab
[INFO] [stdout]                                at /rustc/df4ca44d3fbc9301ee17f30f4d474e6ae4b05252/library/test/src/lib.rs:595:41
[INFO] [stdout]   34:     0x56051ab08d74 - std::sys::backtrace::__rust_begin_short_backtrace::h2f40290710935a8b
[INFO] [stdout]                                at /rustc/df4ca44d3fbc9301ee17f30f4d474e6ae4b05252/library/std/src/sys/backtrace.rs:154:18
[INFO] [stdout]   35:     0x56051ab0c51e - std::thread::Builder::spawn_unchecked_::{{closure}}::{{closure}}::h3fd968d89053a903
[INFO] [stdout]                                at /rustc/df4ca44d3fbc9301ee17f30f4d474e6ae4b05252/library/std/src/thread/mod.rs:541:17
[INFO] [stdout]   36:     0x56051ab0c51e - <core::panic::unwind_safe::AssertUnwindSafe<F> as core::ops::function::FnOnce<()>>::call_once::h743f637ba4229880
[INFO] [stdout]                                at /rustc/df4ca44d3fbc9301ee17f30f4d474e6ae4b05252/library/core/src/panic/unwind_safe.rs:272:9
[INFO] [stdout]   37:     0x56051ab0c51e - std::panicking::try::do_call::h07440897322525a6
[INFO] [stdout]                                at /rustc/df4ca44d3fbc9301ee17f30f4d474e6ae4b05252/library/std/src/panicking.rs:557:40
[INFO] [stdout]   38:     0x56051ab0c51e - std::panicking::try::he5a2e00188156637
[INFO] [stdout]                                at /rustc/df4ca44d3fbc9301ee17f30f4d474e6ae4b05252/library/std/src/panicking.rs:520:19
[INFO] [stdout]   39:     0x56051ab0c51e - std::panic::catch_unwind::hbaf3cae49b3c6433
[INFO] [stdout]                                at /rustc/df4ca44d3fbc9301ee17f30f4d474e6ae4b05252/library/std/src/panic.rs:358:14
[INFO] [stdout]   40:     0x56051ab0c51e - std::thread::Builder::spawn_unchecked_::{{closure}}::h8e141ea224820bce
[INFO] [stdout]                                at /rustc/df4ca44d3fbc9301ee17f30f4d474e6ae4b05252/library/std/src/thread/mod.rs:540:30
[INFO] [stdout]   41:     0x56051ab0c51e - core::ops::function::FnOnce::call_once{{vtable.shim}}::h90d312fedd7b8ea8
[INFO] [stdout]                                at /rustc/df4ca44d3fbc9301ee17f30f4d474e6ae4b05252/library/core/src/ops/function.rs:250:5
[INFO] [stdout]   42:     0x56051abd81eb - <alloc::boxed::Box<F,A> as core::ops::function::FnOnce<Args>>::call_once::h69aa08ddb6adb8b6
[INFO] [stdout]                                at /rustc/df4ca44d3fbc9301ee17f30f4d474e6ae4b05252/library/alloc/src/boxed.rs:2454:9
[INFO] [stdout]   43:     0x56051abd81eb - <alloc::boxed::Box<F,A> as core::ops::function::FnOnce<Args>>::call_once::h5aa36efdb79c806f
[INFO] [stdout]                                at /rustc/df4ca44d3fbc9301ee17f30f4d474e6ae4b05252/library/alloc/src/boxed.rs:2454:9
[INFO] [stdout]   44:     0x56051abd81eb - std::sys::pal::unix::thread::Thread::new::thread_start::h6cd80a1b4be5158d
[INFO] [stdout]                                at /rustc/df4ca44d3fbc9301ee17f30f4d474e6ae4b05252/library/std/src/sys/pal/unix/thread.rs:105:17
[INFO] [stdout]   45:     0x7308e5b5aac3 - <unknown>
[INFO] [stdout]   46:     0x7308e5beba04 - clone
[INFO] [stdout]   47:                0x0 - <unknown>
[INFO] [stdout] 
[INFO] [stdout] ---- store::serde::tests::function_is_not_defined_if_only_val_file_exists stdout ----
[INFO] [stdout] thread 'store::serde::tests::function_is_not_defined_if_only_val_file_exists' panicked at src/store/serde/mod.rs:362:47:
[INFO] [stdout] called `Result::unwrap()` on an `Err` value: Os { code: 30, kind: ReadOnlyFilesystem, message: "Read-only file system" }
[INFO] [stdout] stack backtrace:
[INFO] [stdout]    0:     0x56051abd1cca - std::backtrace_rs::backtrace::libunwind::trace::h207520d6e9873551
[INFO] [stdout]                                at /rustc/df4ca44d3fbc9301ee17f30f4d474e6ae4b05252/library/std/src/../../backtrace/src/backtrace/libunwind.rs:116:5
[INFO] [stdout]    1:     0x56051abd1cca - std::backtrace_rs::backtrace::trace_unsynchronized::h2ed7433f370e3eca
[INFO] [stdout]                                at /rustc/df4ca44d3fbc9301ee17f30f4d474e6ae4b05252/library/std/src/../../backtrace/src/backtrace/mod.rs:66:5
[INFO] [stdout]    2:     0x56051abd1cca - std::sys::backtrace::_print_fmt::h916fac51166b18d7
[INFO] [stdout]                                at /rustc/df4ca44d3fbc9301ee17f30f4d474e6ae4b05252/library/std/src/sys/backtrace.rs:66:9
[INFO] [stdout]    3:     0x56051abd1cca - <std::sys::backtrace::BacktraceLock::print::DisplayBacktrace as core::fmt::Display>::fmt::ha0a4c9b8ce3802e6
[INFO] [stdout]                                at /rustc/df4ca44d3fbc9301ee17f30f4d474e6ae4b05252/library/std/src/sys/backtrace.rs:39:26
[INFO] [stdout]    4:     0x56051abf9d63 - core::fmt::rt::Argument::fmt::h4cfc8587d52b3eb5
[INFO] [stdout]                                at /rustc/df4ca44d3fbc9301ee17f30f4d474e6ae4b05252/library/core/src/fmt/rt.rs:177:76
[INFO] [stdout]    5:     0x56051abf9d63 - core::fmt::write::h522cc39e5b36ae9f
[INFO] [stdout]                                at /rustc/df4ca44d3fbc9301ee17f30f4d474e6ae4b05252/library/core/src/fmt/mod.rs:1190:21
[INFO] [stdout]    6:     0x56051abce513 - std::io::Write::write_fmt::h7d3c26752da97734
[INFO] [stdout]                                at /rustc/df4ca44d3fbc9301ee17f30f4d474e6ae4b05252/library/std/src/io/mod.rs:1839:15
[INFO] [stdout]    7:     0x56051abd1b12 - std::sys::backtrace::BacktraceLock::print::h4b9e00b29e9c0942
[INFO] [stdout]                                at /rustc/df4ca44d3fbc9301ee17f30f4d474e6ae4b05252/library/std/src/sys/backtrace.rs:42:9
[INFO] [stdout]    8:     0x56051abd315a - std::panicking::default_hook::{{closure}}::hb59b88280d0324d9
[INFO] [stdout]                                at /rustc/df4ca44d3fbc9301ee17f30f4d474e6ae4b05252/library/std/src/panicking.rs:268:22
[INFO] [stdout]    9:     0x56051abd2f64 - std::panicking::default_hook::he1dd496665be4a29
[INFO] [stdout]                                at /rustc/df4ca44d3fbc9301ee17f30f4d474e6ae4b05252/library/std/src/panicking.rs:292:9
[INFO] [stdout]   10:     0x56051ab41409 - <alloc::boxed::Box<F,A> as core::ops::function::Fn<Args>>::call::h4ff71de18744e1dc
[INFO] [stdout]                                at /rustc/df4ca44d3fbc9301ee17f30f4d474e6ae4b05252/library/alloc/src/boxed.rs:2468:9
[INFO] [stdout]   11:     0x56051ab41409 - test::test_main::{{closure}}::hcf7c055ce117aa81
[INFO] [stdout]                                at /rustc/df4ca44d3fbc9301ee17f30f4d474e6ae4b05252/library/test/src/lib.rs:133:21
[INFO] [stdout]   12:     0x56051abd3858 - <alloc::boxed::Box<F,A> as core::ops::function::Fn<Args>>::call::h1d66c6bbd60c9692
[INFO] [stdout]                                at /rustc/df4ca44d3fbc9301ee17f30f4d474e6ae4b05252/library/alloc/src/boxed.rs:2468:9
[INFO] [stdout]   13:     0x56051abd3858 - std::panicking::rust_panic_with_hook::h2ff17fe8f26dfcf8
[INFO] [stdout]                                at /rustc/df4ca44d3fbc9301ee17f30f4d474e6ae4b05252/library/std/src/panicking.rs:809:13
[INFO] [stdout]   14:     0x56051abd361a - std::panicking::begin_panic_handler::{{closure}}::h4fad77951c07e101
[INFO] [stdout]                                at /rustc/df4ca44d3fbc9301ee17f30f4d474e6ae4b05252/library/std/src/panicking.rs:674:13
[INFO] [stdout]   15:     0x56051abd21a9 - std::sys::backtrace::__rust_end_short_backtrace::hb1a25b3da5d0ea08
[INFO] [stdout]                                at /rustc/df4ca44d3fbc9301ee17f30f4d474e6ae4b05252/library/std/src/sys/backtrace.rs:170:18
[INFO] [stdout]   16:     0x56051abd32ac - rust_begin_unwind
[INFO] [stdout]                                at /rustc/df4ca44d3fbc9301ee17f30f4d474e6ae4b05252/library/std/src/panicking.rs:665:5
[INFO] [stdout]   17:     0x56051abf7b20 - core::panicking::panic_fmt::ha9db07b529f9b256
[INFO] [stdout]                                at /rustc/df4ca44d3fbc9301ee17f30f4d474e6ae4b05252/library/core/src/panicking.rs:75:14
[INFO] [stdout]   18:     0x56051abf7fc6 - core::result::unwrap_failed::h5e8218e4d4338b8a
[INFO] [stdout]                                at /rustc/df4ca44d3fbc9301ee17f30f4d474e6ae4b05252/library/core/src/result.rs:1698:5
[INFO] [stdout]   19:     0x56051aa5be54 - core::result::Result<T,E>::unwrap::hd94450f5f321ab00
[INFO] [stdout]                                at /rustc/df4ca44d3fbc9301ee17f30f4d474e6ae4b05252/library/core/src/result.rs:1103:23
[INFO] [stdout]   20:     0x56051aa5be54 - glowdust::store::serde::tests::get_base_dir::h6641b8c3b94d3704
[INFO] [stdout]                                at /opt/rustwide/workdir/src/store/serde/mod.rs:362:9
[INFO] [stdout]   21:     0x56051aa5e10a - glowdust::store::serde::tests::function_is_not_defined_if_only_val_file_exists::h4fba30701be8f56b
[INFO] [stdout]                                at /opt/rustwide/workdir/src/store/serde/mod.rs:388:29
[INFO] [stdout]   22:     0x56051aa5e0b7 - glowdust::store::serde::tests::function_is_not_defined_if_only_val_file_exists::{{closure}}::h870e7d36a5376e6e
[INFO] [stdout]                                at /opt/rustwide/workdir/src/store/serde/mod.rs:387:61
[INFO] [stdout]   23:     0x56051aabe286 - core::ops::function::FnOnce::call_once::hf5c2e7f2dc70ae2f
[INFO] [stdout]                                at /rustc/df4ca44d3fbc9301ee17f30f4d474e6ae4b05252/library/core/src/ops/function.rs:250:5
[INFO] [stdout]   24:     0x56051ab45cdb - core::ops::function::FnOnce::call_once::h22c3ba5715e93f05
[INFO] [stdout]                                at /rustc/df4ca44d3fbc9301ee17f30f4d474e6ae4b05252/library/core/src/ops/function.rs:250:5
[INFO] [stdout]   25:     0x56051ab45cdb - test::__rust_begin_short_backtrace::h8e82d8113d0da17f
[INFO] [stdout]                                at /rustc/df4ca44d3fbc9301ee17f30f4d474e6ae4b05252/library/test/src/lib.rs:621:18
[INFO] [stdout]   26:     0x56051ab45657 - test::run_test_in_process::{{closure}}::h33235f4f20b7b7c7
[INFO] [stdout]                                at /rustc/df4ca44d3fbc9301ee17f30f4d474e6ae4b05252/library/test/src/lib.rs:644:60
[INFO] [stdout]   27:     0x56051ab45657 - <core::panic::unwind_safe::AssertUnwindSafe<F> as core::ops::function::FnOnce<()>>::call_once::hb5043206310c586f
[INFO] [stdout]                                at /rustc/df4ca44d3fbc9301ee17f30f4d474e6ae4b05252/library/core/src/panic/unwind_safe.rs:272:9
[INFO] [stdout]   28:     0x56051ab45657 - std::panicking::try::do_call::h9ad4731a60ab23e2
[INFO] [stdout]                                at /rustc/df4ca44d3fbc9301ee17f30f4d474e6ae4b05252/library/std/src/panicking.rs:557:40
[INFO] [stdout]   29:     0x56051ab45657 - std::panicking::try::h3824d23db772a716
[INFO] [stdout]                                at /rustc/df4ca44d3fbc9301ee17f30f4d474e6ae4b05252/library/std/src/panicking.rs:520:19
[INFO] [stdout]   30:     0x56051ab45657 - std::panic::catch_unwind::h5afd514605fde46b
[INFO] [stdout]                                at /rustc/df4ca44d3fbc9301ee17f30f4d474e6ae4b05252/library/std/src/panic.rs:358:14
[INFO] [stdout]   31:     0x56051ab45657 - test::run_test_in_process::h0d5cbfa7067d1720
[INFO] [stdout]                                at /rustc/df4ca44d3fbc9301ee17f30f4d474e6ae4b05252/library/test/src/lib.rs:644:27
[INFO] [stdout]   32:     0x56051ab45657 - test::run_test::{{closure}}::h708eb8872708115d
[INFO] [stdout]                                at /rustc/df4ca44d3fbc9301ee17f30f4d474e6ae4b05252/library/test/src/lib.rs:565:43
[INFO] [stdout]   33:     0x56051ab08d74 - test::run_test::{{closure}}::h392c51cee94713ab
[INFO] [stdout]                                at /rustc/df4ca44d3fbc9301ee17f30f4d474e6ae4b05252/library/test/src/lib.rs:595:41
[INFO] [stdout]   34:     0x56051ab08d74 - std::sys::backtrace::__rust_begin_short_backtrace::h2f40290710935a8b
[INFO] [stdout]                                at /rustc/df4ca44d3fbc9301ee17f30f4d474e6ae4b05252/library/std/src/sys/backtrace.rs:154:18
[INFO] [stdout]   35:     0x56051ab0c51e - std::thread::Builder::spawn_unchecked_::{{closure}}::{{closure}}::h3fd968d89053a903
[INFO] [stdout]                                at /rustc/df4ca44d3fbc9301ee17f30f4d474e6ae4b05252/library/std/src/thread/mod.rs:541:17
[INFO] [stdout]   36:     0x56051ab0c51e - <core::panic::unwind_safe::AssertUnwindSafe<F> as core::ops::function::FnOnce<()>>::call_once::h743f637ba4229880
[INFO] [stdout]                                at /rustc/df4ca44d3fbc9301ee17f30f4d474e6ae4b05252/library/core/src/panic/unwind_safe.rs:272:9
[INFO] [stdout]   37:     0x56051ab0c51e - std::panicking::try::do_call::h07440897322525a6
[INFO] [stdout]                                at /rustc/df4ca44d3fbc9301ee17f30f4d474e6ae4b05252/library/std/src/panicking.rs:557:40
[INFO] [stdout]   38:     0x56051ab0c51e - std::panicking::try::he5a2e00188156637
[INFO] [stdout]                                at /rustc/df4ca44d3fbc9301ee17f30f4d474e6ae4b05252/library/std/src/panicking.rs:520:19
[INFO] [stdout]   39:     0x56051ab0c51e - std::panic::catch_unwind::hbaf3cae49b3c6433
[INFO] [stdout]                                at /rustc/df4ca44d3fbc9301ee17f30f4d474e6ae4b05252/library/std/src/panic.rs:358:14
[INFO] [stdout]   40:     0x56051ab0c51e - std::thread::Builder::spawn_unchecked_::{{closure}}::h8e141ea224820bce
[INFO] [stdout]                                at /rustc/df4ca44d3fbc9301ee17f30f4d474e6ae4b05252/library/std/src/thread/mod.rs:540:30
[INFO] [stdout]   41:     0x56051ab0c51e - core::ops::function::FnOnce::call_once{{vtable.shim}}::h90d312fedd7b8ea8
[INFO] [stdout]                                at /rustc/df4ca44d3fbc9301ee17f30f4d474e6ae4b05252/library/core/src/ops/function.rs:250:5
[INFO] [stdout]   42:     0x56051abd81eb - <alloc::boxed::Box<F,A> as core::ops::function::FnOnce<Args>>::call_once::h69aa08ddb6adb8b6
[INFO] [stdout]                                at /rustc/df4ca44d3fbc9301ee17f30f4d474e6ae4b05252/library/alloc/src/boxed.rs:2454:9
[INFO] [stdout]   43:     0x56051abd81eb - <alloc::boxed::Box<F,A> as core::ops::function::FnOnce<Args>>::call_once::h5aa36efdb79c806f
[INFO] [stdout]                                at /rustc/df4ca44d3fbc9301ee17f30f4d474e6ae4b05252/library/alloc/src/boxed.rs:2454:9
[INFO] [stdout]   44:     0x56051abd81eb - std::sys::pal::unix::thread::Thread::new::thread_start::h6cd80a1b4be5158d
[INFO] [stdout]                                at /rustc/df4ca44d3fbc9301ee17f30f4d474e6ae4b05252/library/std/src/sys/pal/unix/thread.rs:105:17
[INFO] [stdout]   45:     0x7308e5b5aac3 - <unknown>
[INFO] [stdout]   46:     0x7308e5beba04 - clone
[INFO] [stdout]   47:                0x0 - <unknown>
[INFO] [stdout] 
[INFO] [stdout] ---- store::serde::tests::write_and_read_a_function stdout ----
[INFO] [stdout] thread 'store::serde::tests::write_and_read_a_function' panicked at src/store/serde/mod.rs:362:47:
[INFO] [stdout] called `Result::unwrap()` on an `Err` value: Os { code: 30, kind: ReadOnlyFilesystem, message: "Read-only file system" }
[INFO] [stdout] stack backtrace:
[INFO] [stdout]    0:     0x56051abd1cca - std::backtrace_rs::backtrace::libunwind::trace::h207520d6e9873551
[INFO] [stdout]                                at /rustc/df4ca44d3fbc9301ee17f30f4d474e6ae4b05252/library/std/src/../../backtrace/src/backtrace/libunwind.rs:116:5
[INFO] [stdout]    1:     0x56051abd1cca - std::backtrace_rs::backtrace::trace_unsynchronized::h2ed7433f370e3eca
[INFO] [stdout]                                at /rustc/df4ca44d3fbc9301ee17f30f4d474e6ae4b05252/library/std/src/../../backtrace/src/backtrace/mod.rs:66:5
[INFO] [stdout]    2:     0x56051abd1cca - std::sys::backtrace::_print_fmt::h916fac51166b18d7
[INFO] [stdout]                                at /rustc/df4ca44d3fbc9301ee17f30f4d474e6ae4b05252/library/std/src/sys/backtrace.rs:66:9
[INFO] [stdout]    3:     0x56051abd1cca - <std::sys::backtrace::BacktraceLock::print::DisplayBacktrace as core::fmt::Display>::fmt::ha0a4c9b8ce3802e6
[INFO] [stdout]                                at /rustc/df4ca44d3fbc9301ee17f30f4d474e6ae4b05252/library/std/src/sys/backtrace.rs:39:26
[INFO] [stdout]    4:     0x56051abf9d63 - core::fmt::rt::Argument::fmt::h4cfc8587d52b3eb5
[INFO] [stdout]                                at /rustc/df4ca44d3fbc9301ee17f30f4d474e6ae4b05252/library/core/src/fmt/rt.rs:177:76
[INFO] [stdout]    5:     0x56051abf9d63 - core::fmt::write::h522cc39e5b36ae9f
[INFO] [stdout]                                at /rustc/df4ca44d3fbc9301ee17f30f4d474e6ae4b05252/library/core/src/fmt/mod.rs:1190:21
[INFO] [stdout]    6:     0x56051abce513 - std::io::Write::write_fmt::h7d3c26752da97734
[INFO] [stdout]                                at /rustc/df4ca44d3fbc9301ee17f30f4d474e6ae4b05252/library/std/src/io/mod.rs:1839:15
[INFO] [stdout]    7:     0x56051abd1b12 - std::sys::backtrace::BacktraceLock::print::h4b9e00b29e9c0942
[INFO] [stdout]                                at /rustc/df4ca44d3fbc9301ee17f30f4d474e6ae4b05252/library/std/src/sys/backtrace.rs:42:9
[INFO] [stdout]    8:     0x56051abd315a - std::panicking::default_hook::{{closure}}::hb59b88280d0324d9
[INFO] [stdout]                                at /rustc/df4ca44d3fbc9301ee17f30f4d474e6ae4b05252/library/std/src/panicking.rs:268:22
[INFO] [stdout]    9:     0x56051abd2f64 - std::panicking::default_hook::he1dd496665be4a29
[INFO] [stdout]                                at /rustc/df4ca44d3fbc9301ee17f30f4d474e6ae4b05252/library/std/src/panicking.rs:292:9
[INFO] [stdout]   10:     0x56051ab41409 - <alloc::boxed::Box<F,A> as core::ops::function::Fn<Args>>::call::h4ff71de18744e1dc
[INFO] [stdout]                                at /rustc/df4ca44d3fbc9301ee17f30f4d474e6ae4b05252/library/alloc/src/boxed.rs:2468:9
[INFO] [stdout]   11:     0x56051ab41409 - test::test_main::{{closure}}::hcf7c055ce117aa81
[INFO] [stdout]                                at /rustc/df4ca44d3fbc9301ee17f30f4d474e6ae4b05252/library/test/src/lib.rs:133:21
[INFO] [stdout]   12:     0x56051abd3858 - <alloc::boxed::Box<F,A> as core::ops::function::Fn<Args>>::call::h1d66c6bbd60c9692
[INFO] [stdout]                                at /rustc/df4ca44d3fbc9301ee17f30f4d474e6ae4b05252/library/alloc/src/boxed.rs:2468:9
[INFO] [stdout]   13:     0x56051abd3858 - std::panicking::rust_panic_with_hook::h2ff17fe8f26dfcf8
[INFO] [stdout]                                at /rustc/df4ca44d3fbc9301ee17f30f4d474e6ae4b05252/library/std/src/panicking.rs:809:13
[INFO] [stdout]   14:     0x56051abd361a - std::panicking::begin_panic_handler::{{closure}}::h4fad77951c07e101
[INFO] [stdout]                                at /rustc/df4ca44d3fbc9301ee17f30f4d474e6ae4b05252/library/std/src/panicking.rs:674:13
[INFO] [stdout]   15:     0x56051abd21a9 - std::sys::backtrace::__rust_end_short_backtrace::hb1a25b3da5d0ea08
[INFO] [stdout]                                at /rustc/df4ca44d3fbc9301ee17f30f4d474e6ae4b05252/library/std/src/sys/backtrace.rs:170:18
[INFO] [stdout]   16:     0x56051abd32ac - rust_begin_unwind
[INFO] [stdout]                                at /rustc/df4ca44d3fbc9301ee17f30f4d474e6ae4b05252/library/std/src/panicking.rs:665:5
[INFO] [stdout]   17:     0x56051abf7b20 - core::panicking::panic_fmt::ha9db07b529f9b256
[INFO] [stdout]                                at /rustc/df4ca44d3fbc9301ee17f30f4d474e6ae4b05252/library/core/src/panicking.rs:75:14
[INFO] [stdout]   18:     0x56051abf7fc6 - core::result::unwrap_failed::h5e8218e4d4338b8a
[INFO] [stdout]                                at /rustc/df4ca44d3fbc9301ee17f30f4d474e6ae4b05252/library/core/src/result.rs:1698:5
[INFO] [stdout]   19:     0x56051aa5be54 - core::result::Result<T,E>::unwrap::hd94450f5f321ab00
[INFO] [stdout]                                at /rustc/df4ca44d3fbc9301ee17f30f4d474e6ae4b05252/library/core/src/result.rs:1103:23
[INFO] [stdout]   20:     0x56051aa5be54 - glowdust::store::serde::tests::get_base_dir::h6641b8c3b94d3704
[INFO] [stdout]                                at /opt/rustwide/workdir/src/store/serde/mod.rs:362:9
[INFO] [stdout]   21:     0x56051aa5f438 - glowdust::store::serde::tests::write_and_read_a_function::h93dc5fec25a7625a
[INFO] [stdout]                                at /opt/rustwide/workdir/src/store/serde/mod.rs:455:29
[INFO] [stdout]   22:     0x56051aa5f3d7 - glowdust::store::serde::tests::write_and_read_a_function::{{closure}}::hae81b5b7bc12019b
[INFO] [stdout]                                at /opt/rustwide/workdir/src/store/serde/mod.rs:454:39
[INFO] [stdout]   23:     0x56051aabd376 - core::ops::function::FnOnce::call_once::h7bf4dfe805c2cc97
[INFO] [stdout]                                at /rustc/df4ca44d3fbc9301ee17f30f4d474e6ae4b05252/library/core/src/ops/function.rs:250:5
[INFO] [stdout]   24:     0x56051ab45cdb - core::ops::function::FnOnce::call_once::h22c3ba5715e93f05
[INFO] [stdout]                                at /rustc/df4ca44d3fbc9301ee17f30f4d474e6ae4b05252/library/core/src/ops/function.rs:250:5
[INFO] [stdout]   25:     0x56051ab45cdb - test::__rust_begin_short_backtrace::h8e82d8113d0da17f
[INFO] [stdout]                                at /rustc/df4ca44d3fbc9301ee17f30f4d474e6ae4b05252/library/test/src/lib.rs:621:18
[INFO] [stdout]   26:     0x56051ab45657 - test::run_test_in_process::{{closure}}::h33235f4f20b7b7c7
[INFO] [stdout]                                at /rustc/df4ca44d3fbc9301ee17f30f4d474e6ae4b05252/library/test/src/lib.rs:644:60
[INFO] [stdout]   27:     0x56051ab45657 - <core::panic::unwind_safe::AssertUnwindSafe<F> as core::ops::function::FnOnce<()>>::call_once::hb5043206310c586f
[INFO] [stdout]                                at /rustc/df4ca44d3fbc9301ee17f30f4d474e6ae4b05252/library/core/src/panic/unwind_safe.rs:272:9
[INFO] [stdout]   28:     0x56051ab45657 - std::panicking::try::do_call::h9ad4731a60ab23e2
[INFO] [stdout]                                at /rustc/df4ca44d3fbc9301ee17f30f4d474e6ae4b05252/library/std/src/panicking.rs:557:40
[INFO] [stdout]   29:     0x56051ab45657 - std::panicking::try::h3824d23db772a716
[INFO] [stdout]                                at /rustc/df4ca44d3fbc9301ee17f30f4d474e6ae4b05252/library/std/src/panicking.rs:520:19
[INFO] [stdout]   30:     0x56051ab45657 - std::panic::catch_unwind::h5afd514605fde46b
[INFO] [stdout]                                at /rustc/df4ca44d3fbc9301ee17f30f4d474e6ae4b05252/library/std/src/panic.rs:358:14
[INFO] [stdout]   31:     0x56051ab45657 - test::run_test_in_process::h0d5cbfa7067d1720
[INFO] [stdout]                                at /rustc/df4ca44d3fbc9301ee17f30f4d474e6ae4b05252/library/test/src/lib.rs:644:27
[INFO] [stdout]   32:     0x56051ab45657 - test::run_test::{{closure}}::h708eb8872708115d
[INFO] [stdout]                                at /rustc/df4ca44d3fbc9301ee17f30f4d474e6ae4b05252/library/test/src/lib.rs:565:43
[INFO] [stdout]   33:     0x56051ab08d74 - test::run_test::{{closure}}::h392c51cee94713ab
[INFO] [stdout]                                at /rustc/df4ca44d3fbc9301ee17f30f4d474e6ae4b05252/library/test/src/lib.rs:595:41
[INFO] [stdout]   34:     0x56051ab08d74 - std::sys::backtrace::__rust_begin_short_backtrace::h2f40290710935a8b
[INFO] [stdout]                                at /rustc/df4ca44d3fbc9301ee17f30f4d474e6ae4b05252/library/std/src/sys/backtrace.rs:154:18
[INFO] [stdout]   35:     0x56051ab0c51e - std::thread::Builder::spawn_unchecked_::{{closure}}::{{closure}}::h3fd968d89053a903
[INFO] [stdout]                                at /rustc/df4ca44d3fbc9301ee17f30f4d474e6ae4b05252/library/std/src/thread/mod.rs:541:17
[INFO] [stdout]   36:     0x56051ab0c51e - <core::panic::unwind_safe::AssertUnwindSafe<F> as core::ops::function::FnOnce<()>>::call_once::h743f637ba4229880
[INFO] [stdout]                                at /rustc/df4ca44d3fbc9301ee17f30f4d474e6ae4b05252/library/core/src/panic/unwind_safe.rs:272:9
[INFO] [stdout]   37:     0x56051ab0c51e - std::panicking::try::do_call::h07440897322525a6
[INFO] [stdout]                                at /rustc/df4ca44d3fbc9301ee17f30f4d474e6ae4b05252/library/std/src/panicking.rs:557:40
[INFO] [stdout]   38:     0x56051ab0c51e - std::panicking::try::he5a2e00188156637
[INFO] [stdout]                                at /rustc/df4ca44d3fbc9301ee17f30f4d474e6ae4b05252/library/std/src/panicking.rs:520:19
[INFO] [stdout]   39:     0x56051ab0c51e - std::panic::catch_unwind::hbaf3cae49b3c6433
[INFO] [stdout]                                at /rustc/df4ca44d3fbc9301ee17f30f4d474e6ae4b05252/library/std/src/panic.rs:358:14
[INFO] [stdout]   40:     0x56051ab0c51e - std::thread::Builder::spawn_unchecked_::{{closure}}::h8e141ea224820bce
[INFO] [stdout]                                at /rustc/df4ca44d3fbc9301ee17f30f4d474e6ae4b05252/library/std/src/thread/mod.rs:540:30
[INFO] [stdout]   41:     0x56051ab0c51e - core::ops::function::FnOnce::call_once{{vtable.shim}}::h90d312fedd7b8ea8
[INFO] [stdout]                                at /rustc/df4ca44d3fbc9301ee17f30f4d474e6ae4b05252/library/core/src/ops/function.rs:250:5
[INFO] [stdout]   42:     0x56051abd81eb - <alloc::boxed::Box<F,A> as core::ops::function::FnOnce<Args>>::call_once::h69aa08ddb6adb8b6
[INFO] [stdout]                                at /rustc/df4ca44d3fbc9301ee17f30f4d474e6ae4b05252/library/alloc/src/boxed.rs:2454:9
[INFO] [stdout]   43:     0x56051abd81eb - <alloc::boxed::Box<F,A> as core::ops::function::FnOnce<Args>>::call_once::h5aa36efdb79c806f
[INFO] [stdout]                                at /rustc/df4ca44d3fbc9301ee17f30f4d474e6ae4b05252/library/alloc/src/boxed.rs:2454:9
[INFO] [stdout]   44:     0x56051abd81eb - std::sys::pal::unix::thread::Thread::new::thread_start::h6cd80a1b4be5158d
[INFO] [stdout]                                at /rustc/df4ca44d3fbc9301ee17f30f4d474e6ae4b05252/library/std/src/sys/pal/unix/thread.rs:105:17
[INFO] [stdout]   45:     0x7308e5b5aac3 - <unknown>
[INFO] [stdout]   46:     0x7308e5beba04 - clone
[INFO] [stdout]   47:                0x0 - <unknown>
[INFO] [stdout] 
[INFO] [stdout] 
[INFO] [stdout] failures:
[INFO] [stdout]     store::serde::serialization::tests::serialize_boolean_array
[INFO] [stdout]     store::serde::serialization::tests::serialize_constant_parameter
[INFO] [stdout]     store::serde::serialization::tests::serialize_custom_type
[INFO] [stdout]     store::serde::serialization::tests::serialize_function_definition_object
[INFO] [stdout]     store::serde::serialization::tests::serialize_integer_primitive
[INFO] [stdout]     store::serde::serialization::tests::serialize_tuple_object
[INFO] [stdout]     store::serde::serialization::tests::serialize_u8_array
[INFO] [stdout]     store::serde::serialization::tests::serialize_variable_parameter
[INFO] [stdout]     store::serde::tests::function_is_defined_if_def_file_exists
[INFO] [stdout]     store::serde::tests::function_is_defined_if_file_with_def_and_val_extension_exists
[INFO] [stdout]     store::serde::tests::function_is_not_defined_if_file_with_no_extension_exists
[INFO] [stdout]     store::serde::tests::function_is_not_defined_if_only_val_file_exists
[INFO] [stdout]     store::serde::tests::write_and_read_a_function
[INFO] [stdout] 
[INFO] [stdout] test result: FAILED. 68 passed; 13 failed; 0 ignored; 0 measured; 0 filtered out; finished in 0.09s
[INFO] [stdout] 
[INFO] running `Command { std: "docker" "inspect" "5a7f3c0fbf59bc921c1711bab57238fbe2dc736f185f6e27e95d084c3a955887", kill_on_drop: false }`
[INFO] running `Command { std: "docker" "rm" "-f" "5a7f3c0fbf59bc921c1711bab57238fbe2dc736f185f6e27e95d084c3a955887", kill_on_drop: false }`
[INFO] [stdout] 5a7f3c0fbf59bc921c1711bab57238fbe2dc736f185f6e27e95d084c3a955887
