[INFO] fetching crate glium-types 0.6.0...
[INFO] testing glium-types-0.6.0 against nightly-2024-10-28+rustflags=-Zrandomize-layout for randomize-layout
[INFO] extracting crate glium-types 0.6.0 into /workspace/builds/worker-3-tc2/source
[INFO] validating manifest of crates.io crate glium-types 0.6.0 on toolchain nightly-2024-10-28
[INFO] running `Command { std: CARGO_HOME="/workspace/cargo-home" RUSTUP_HOME="/workspace/rustup-home" "/workspace/cargo-home/bin/cargo" "+nightly-2024-10-28" "metadata" "--manifest-path" "Cargo.toml" "--no-deps", kill_on_drop: false }`
[INFO] started tweaking crates.io crate glium-types 0.6.0
[INFO] removed 0 missing examples
[INFO] finished tweaking crates.io crate glium-types 0.6.0
[INFO] tweaked toml for crates.io crate glium-types 0.6.0 written to /workspace/builds/worker-3-tc2/source/Cargo.toml
[INFO] crate crates.io crate glium-types 0.6.0 already has a lockfile, it will not be regenerated
[INFO] running `Command { std: CARGO_HOME="/workspace/cargo-home" RUSTUP_HOME="/workspace/rustup-home" "/workspace/cargo-home/bin/cargo" "+nightly-2024-10-28" "fetch" "--manifest-path" "Cargo.toml", kill_on_drop: false }`
[INFO] running `Command { std: "docker" "create" "-v" "/var/lib/crater-agent-workspace/builds/worker-3-tc2/target:/opt/rustwide/target:rw,Z" "-v" "/var/lib/crater-agent-workspace/builds/worker-3-tc2/source:/opt/rustwide/workdir:ro,Z" "-v" "/var/lib/crater-agent-workspace/cargo-home:/opt/rustwide/cargo-home:ro,Z" "-v" "/var/lib/crater-agent-workspace/rustup-home:/opt/rustwide/rustup-home:ro,Z" "-e" "SOURCE_DIR=/opt/rustwide/workdir" "-e" "CARGO_TARGET_DIR=/opt/rustwide/target" "-e" "CARGO_HOME=/opt/rustwide/cargo-home" "-e" "RUSTUP_HOME=/opt/rustwide/rustup-home" "-w" "/opt/rustwide/workdir" "-m" "1610612736" "--user" "0:0" "--network" "none" "ghcr.io/rust-lang/crates-build-env/linux@sha256:4a844ea9eb2546a2d2c7022eacef16ef2e8229c7fbb2c7d4d55a9ceca922f72d" "/opt/rustwide/cargo-home/bin/cargo" "+nightly-2024-10-28" "metadata" "--no-deps" "--format-version=1", kill_on_drop: false }`
[INFO] [stdout] f1dce7b5cd49ebc340fc5ee6591af58b53ecca7895778512c21e50fe9b491565
[INFO] running `Command { std: "docker" "start" "-a" "f1dce7b5cd49ebc340fc5ee6591af58b53ecca7895778512c21e50fe9b491565", kill_on_drop: false }`
[INFO] running `Command { std: "docker" "inspect" "f1dce7b5cd49ebc340fc5ee6591af58b53ecca7895778512c21e50fe9b491565", kill_on_drop: false }`
[INFO] running `Command { std: "docker" "rm" "-f" "f1dce7b5cd49ebc340fc5ee6591af58b53ecca7895778512c21e50fe9b491565", kill_on_drop: false }`
[INFO] [stdout] f1dce7b5cd49ebc340fc5ee6591af58b53ecca7895778512c21e50fe9b491565
[INFO] running `Command { std: "docker" "create" "-v" "/var/lib/crater-agent-workspace/builds/worker-3-tc2/target:/opt/rustwide/target:rw,Z" "-v" "/var/lib/crater-agent-workspace/builds/worker-3-tc2/source:/opt/rustwide/workdir:ro,Z" "-v" "/var/lib/crater-agent-workspace/cargo-home:/opt/rustwide/cargo-home:ro,Z" "-v" "/var/lib/crater-agent-workspace/rustup-home:/opt/rustwide/rustup-home:ro,Z" "-e" "SOURCE_DIR=/opt/rustwide/workdir" "-e" "CARGO_TARGET_DIR=/opt/rustwide/target" "-e" "CARGO_INCREMENTAL=0" "-e" "RUST_BACKTRACE=full" "-e" "RUSTFLAGS=--cap-lints=forbid -Zrandomize-layout" "-e" "RUSTDOCFLAGS=--cap-lints=forbid" "-e" "CARGO_HOME=/opt/rustwide/cargo-home" "-e" "RUSTUP_HOME=/opt/rustwide/rustup-home" "-w" "/opt/rustwide/workdir" "-m" "1610612736" "--user" "0:0" "--network" "none" "ghcr.io/rust-lang/crates-build-env/linux@sha256:4a844ea9eb2546a2d2c7022eacef16ef2e8229c7fbb2c7d4d55a9ceca922f72d" "/opt/rustwide/cargo-home/bin/cargo" "+nightly-2024-10-28" "build" "--frozen" "--message-format=json", kill_on_drop: false }`
[INFO] [stdout] f184d4ded33a1564bcf0dd8b4c9adf0747d26e712fe7b875be5d3ff73a90a928
[INFO] running `Command { std: "docker" "start" "-a" "f184d4ded33a1564bcf0dd8b4c9adf0747d26e712fe7b875be5d3ff73a90a928", kill_on_drop: false }`
[INFO] [stderr]    Compiling log v0.4.20
[INFO] [stderr]    Compiling pkg-config v0.3.29
[INFO] [stderr]    Compiling libc v0.2.152
[INFO] [stderr]    Compiling once_cell v1.19.0
[INFO] [stderr]    Compiling proc-macro2 v1.0.81
[INFO] [stderr]    Compiling unicode-ident v1.0.12
[INFO] [stderr]    Compiling bitflags v2.6.0
[INFO] [stderr]    Compiling libloading v0.8.1
[INFO] [stderr]    Compiling rustix v0.38.31
[INFO] [stderr]    Compiling linux-raw-sys v0.4.13
[INFO] [stderr]    Compiling dlib v0.5.2
[INFO] [stderr]    Compiling khronos_api v3.1.0
[INFO] [stderr]    Compiling smallvec v1.13.1
[INFO] [stderr]    Compiling autocfg v1.1.0
[INFO] [stderr]    Compiling scoped-tls v1.0.1
[INFO] [stderr]    Compiling downcast-rs v1.2.0
[INFO] [stderr]    Compiling memchr v2.7.1
[INFO] [stderr]    Compiling wayland-sys v0.31.1
[INFO] [stderr]    Compiling xml-rs v0.8.19
[INFO] [stderr]    Compiling cfg_aliases v0.2.1
[INFO] [stderr]    Compiling slab v0.4.9
[INFO] [stderr]    Compiling pin-project-lite v0.2.13
[INFO] [stderr]    Compiling cc v1.0.83
[INFO] [stderr]    Compiling quote v1.0.36
[INFO] [stderr]    Compiling quick-xml v0.31.0
[INFO] [stderr]    Compiling syn v2.0.59
[INFO] [stderr]    Compiling thiserror v1.0.56
[INFO] [stderr]    Compiling tracing-core v0.1.32
[INFO] [stderr]    Compiling gl_generator v0.14.0
[INFO] [stderr]    Compiling tracing v0.1.40
[INFO] [stderr]    Compiling x11-dl v2.21.0
[INFO] [stderr]    Compiling xcursor v0.3.5
[INFO] [stderr]    Compiling cursor-icon v1.1.0
[INFO] [stderr]    Compiling wayland-scanner v0.31.1
[INFO] [stderr]    Compiling ttf-parser v0.20.0
[INFO] [stderr]    Compiling bytemuck v1.14.1
[INFO] [stderr]    Compiling wayland-backend v0.3.3
[INFO] [stderr]    Compiling smithay-client-toolkit v0.18.1
[INFO] [stderr]    Compiling arrayref v0.3.7
[INFO] [stderr]    Compiling version_check v0.9.4
[INFO] [stderr]    Compiling strict-num v0.1.1
[INFO] [stderr]    Compiling xkeysym v0.2.0
[INFO] [stderr]    Compiling tiny-skia-path v0.11.4
[INFO] [stderr]    Compiling glutin_glx_sys v0.6.0
[INFO] [stderr]    Compiling ahash v0.8.8
[INFO] [stderr]    Compiling glutin_egl_sys v0.7.0
[INFO] [stderr]    Compiling memmap2 v0.9.4
[INFO] [stderr]    Compiling ab_glyph_rasterizer v0.1.8
[INFO] [stderr]    Compiling arrayvec v0.7.4
[INFO] [stderr]    Compiling getrandom v0.2.12
[INFO] [stderr]    Compiling glutin v0.32.1
[INFO] [stderr]    Compiling tiny-skia v0.11.4
[INFO] [stderr]    Compiling owned_ttf_parser v0.20.0
[INFO] [stderr]    Compiling winit v0.30.3
[INFO] [stderr]    Compiling ab_glyph v0.2.23
[INFO] [stderr]    Compiling x11rb-protocol v0.13.0
[INFO] [stderr]    Compiling raw-window-handle v0.6.0
[INFO] [stderr]    Compiling thiserror-impl v1.0.56
[INFO] [stderr]    Compiling as-raw-xcb-connection v1.0.1
[INFO] [stderr]    Compiling zerocopy v0.7.32
[INFO] [stderr]    Compiling xkbcommon-dl v0.4.2
[INFO] [stderr]    Compiling backtrace v0.3.69
[INFO] [stderr]    Compiling glutin-winit v0.5.0
[INFO] [stderr]    Compiling memoffset v0.9.0
[INFO] [stderr]    Compiling adler v1.0.2
[INFO] [stderr]    Compiling smol_str v0.2.1
[INFO] [stderr]    Compiling dpi v0.1.1
[INFO] [stderr]    Compiling polling v3.4.0
[INFO] [stderr]    Compiling gimli v0.28.1
[INFO] [stderr]    Compiling calloop v0.12.4
[INFO] [stderr]    Compiling wayland-client v0.31.2
[INFO] [stderr]    Compiling wayland-csd-frame v0.3.0
[INFO] [stderr]    Compiling object v0.32.2
[INFO] [stderr]    Compiling miniz_oxide v0.7.1
[INFO] [stderr]    Compiling glium v0.36.0
[INFO] [stderr]    Compiling rustc-demangle v0.1.23
[INFO] [stderr]    Compiling derive-cmp-ops v0.1.0
[INFO] [stderr]    Compiling wayland-protocols v0.31.2
[INFO] [stderr]    Compiling calloop-wayland-source v0.2.0
[INFO] [stderr]    Compiling wayland-cursor v0.31.1
[INFO] [stderr]    Compiling addr2line v0.21.0
[INFO] [stderr]    Compiling wayland-protocols-wlr v0.2.0
[INFO] [stderr]    Compiling wayland-protocols-plasma v0.2.0
[INFO] [stderr]    Compiling sctk-adwaita v0.9.1
[INFO] [stderr]    Compiling x11rb v0.13.0
[INFO] [stderr]    Compiling glium-types v0.6.0 (/opt/rustwide/workdir)
[INFO] [stderr]     Finished `dev` profile [unoptimized + debuginfo] target(s) in 42.69s
[INFO] running `Command { std: "docker" "inspect" "f184d4ded33a1564bcf0dd8b4c9adf0747d26e712fe7b875be5d3ff73a90a928", kill_on_drop: false }`
[INFO] running `Command { std: "docker" "rm" "-f" "f184d4ded33a1564bcf0dd8b4c9adf0747d26e712fe7b875be5d3ff73a90a928", kill_on_drop: false }`
[INFO] [stdout] f184d4ded33a1564bcf0dd8b4c9adf0747d26e712fe7b875be5d3ff73a90a928
[INFO] running `Command { std: "docker" "create" "-v" "/var/lib/crater-agent-workspace/builds/worker-3-tc2/target:/opt/rustwide/target:rw,Z" "-v" "/var/lib/crater-agent-workspace/builds/worker-3-tc2/source:/opt/rustwide/workdir:ro,Z" "-v" "/var/lib/crater-agent-workspace/cargo-home:/opt/rustwide/cargo-home:ro,Z" "-v" "/var/lib/crater-agent-workspace/rustup-home:/opt/rustwide/rustup-home:ro,Z" "-e" "SOURCE_DIR=/opt/rustwide/workdir" "-e" "CARGO_TARGET_DIR=/opt/rustwide/target" "-e" "CARGO_INCREMENTAL=0" "-e" "RUST_BACKTRACE=full" "-e" "RUSTFLAGS=--cap-lints=forbid -Zrandomize-layout" "-e" "RUSTDOCFLAGS=--cap-lints=forbid" "-e" "CARGO_HOME=/opt/rustwide/cargo-home" "-e" "RUSTUP_HOME=/opt/rustwide/rustup-home" "-w" "/opt/rustwide/workdir" "-m" "1610612736" "--user" "0:0" "--network" "none" "ghcr.io/rust-lang/crates-build-env/linux@sha256:4a844ea9eb2546a2d2c7022eacef16ef2e8229c7fbb2c7d4d55a9ceca922f72d" "/opt/rustwide/cargo-home/bin/cargo" "+nightly-2024-10-28" "test" "--frozen" "--no-run" "--message-format=json", kill_on_drop: false }`
[INFO] [stdout] ba241b41436833a95575c80c2077a108a4389ddcb14bbf22abae2056c8d5481f
[INFO] running `Command { std: "docker" "start" "-a" "ba241b41436833a95575c80c2077a108a4389ddcb14bbf22abae2056c8d5481f", kill_on_drop: false }`
[INFO] [stderr]    Compiling glium-types v0.6.0 (/opt/rustwide/workdir)
[INFO] [stdout] warning: use of deprecated method `winit::event_loop::EventLoop::<T>::run`: use `EventLoop::run_app` instead
[INFO] [stdout]   --> examples/spinning_teapot.rs:29:16
[INFO] [stdout]    |
[INFO] [stdout] 29 |     event_loop.run(|event, target| {
[INFO] [stdout]    |                ^^^
[INFO] [stdout]    |
[INFO] [stdout]    = note: `#[warn(deprecated)]` on by default
[INFO] [stdout] 
[INFO] [stdout] 
[INFO] [stderr]     Finished `test` profile [unoptimized + debuginfo] target(s) in 2.38s
[INFO] running `Command { std: "docker" "inspect" "ba241b41436833a95575c80c2077a108a4389ddcb14bbf22abae2056c8d5481f", kill_on_drop: false }`
[INFO] running `Command { std: "docker" "rm" "-f" "ba241b41436833a95575c80c2077a108a4389ddcb14bbf22abae2056c8d5481f", kill_on_drop: false }`
[INFO] [stdout] ba241b41436833a95575c80c2077a108a4389ddcb14bbf22abae2056c8d5481f
[INFO] running `Command { std: "docker" "create" "-v" "/var/lib/crater-agent-workspace/builds/worker-3-tc2/target:/opt/rustwide/target:rw,Z" "-v" "/var/lib/crater-agent-workspace/builds/worker-3-tc2/source:/opt/rustwide/workdir:ro,Z" "-v" "/var/lib/crater-agent-workspace/cargo-home:/opt/rustwide/cargo-home:ro,Z" "-v" "/var/lib/crater-agent-workspace/rustup-home:/opt/rustwide/rustup-home:ro,Z" "-e" "SOURCE_DIR=/opt/rustwide/workdir" "-e" "CARGO_TARGET_DIR=/opt/rustwide/target" "-e" "CARGO_INCREMENTAL=0" "-e" "RUST_BACKTRACE=full" "-e" "RUSTFLAGS=--cap-lints=forbid -Zrandomize-layout" "-e" "RUSTDOCFLAGS=--cap-lints=forbid" "-e" "CARGO_HOME=/opt/rustwide/cargo-home" "-e" "RUSTUP_HOME=/opt/rustwide/rustup-home" "-w" "/opt/rustwide/workdir" "-m" "1610612736" "--user" "0:0" "--network" "none" "ghcr.io/rust-lang/crates-build-env/linux@sha256:4a844ea9eb2546a2d2c7022eacef16ef2e8229c7fbb2c7d4d55a9ceca922f72d" "/opt/rustwide/cargo-home/bin/cargo" "+nightly-2024-10-28" "test" "--frozen", kill_on_drop: false }`
[INFO] [stdout] 4392cde0e23eaa4bee2454c2f3b9f157ecb2fe403bdc831ec2d6f3cf94d00f85
[INFO] running `Command { std: "docker" "start" "-a" "4392cde0e23eaa4bee2454c2f3b9f157ecb2fe403bdc831ec2d6f3cf94d00f85", kill_on_drop: false }`
[INFO] [stderr] warning: use of deprecated method `winit::event_loop::EventLoop::<T>::run`: use `EventLoop::run_app` instead
[INFO] [stderr]   --> examples/spinning_teapot.rs:29:16
[INFO] [stderr]    |
[INFO] [stderr] 29 |     event_loop.run(|event, target| {
[INFO] [stderr]    |                ^^^
[INFO] [stderr]    |
[INFO] [stderr]    = note: `#[warn(deprecated)]` on by default
[INFO] [stderr] 
[INFO] [stderr] warning: `glium-types` (example "spinning_teapot") generated 1 warning
[INFO] [stderr]     Finished `test` profile [unoptimized + debuginfo] target(s) in 0.11s
[INFO] [stderr]      Running unittests src/lib.rs (/opt/rustwide/target/debug/deps/glium_types-cc71984b57966dc4)
[INFO] [stdout] 
[INFO] [stdout] running 13 tests
[INFO] [stdout] test matrices::dmat4::test_from_inverse_transform ... ok
[INFO] [stdout] test matrices::dmat2::addition ... ok
[INFO] [stdout] test matrices::dmat4::test_transform ... ok
[INFO] [stdout] test matrices::dmat4::mat4_inverse ... ok
[INFO] [stdout] test matrices::mat2::addition ... ok
[INFO] [stdout] test matrices::dmat2::test_inverse ... ok
[INFO] [stdout] test matrices::mat2::test_inverse ... ok
[INFO] [stdout] test matrices::mat3::test_inverse ... ok
[INFO] [stdout] test matrices::mat4::mat4_inverse ... ok
[INFO] [stdout] test matrices::mat4::test_transform ... ok
[INFO] [stdout] test quaternions::quaternion_inverse ... ok
[INFO] [stdout] test quaternions::dquaternion_inverse ... ok
[INFO] [stderr]    Doc-tests glium_types
[INFO] [stdout] test matrices::mat4::test_from_inverse_transform ... ok
[INFO] [stdout] 
[INFO] [stdout] test result: ok. 13 passed; 0 failed; 0 ignored; 0 measured; 0 filtered out; finished in 0.00s
[INFO] [stdout] 
[INFO] [stdout] 
[INFO] [stdout] running 14 tests
[INFO] [stdout] test src/matrices/mat3.rs - matrices::mat3::Mat3::from_values (line 46) ... ok
[INFO] [stdout] test src/matrices/mat4.rs - matrices::mat4::Mat4::from_values (line 141) ... ok
[INFO] [stdout] test src/params.rs - params::alias_3d (line 3) ... ok
[INFO] [stdout] test src/matrices/dmat4.rs - matrices::dmat4::DMat4::from_values (line 141) ... ok
[INFO] [stdout] test src/matrices/mat2.rs - matrices::mat2::Mat2::from_values (line 34) ... ok
[INFO] [stdout] test src/matrices/dmat3.rs - matrices::dmat3::DMat3::from_values (line 46) ... ok
[INFO] [stdout] test src/vectors/divec3.rs - vectors::divec3::DIVec3::cross (line 51) ... ok
[INFO] [stdout] test src/vectors/duvec3.rs - vectors::duvec3::DUVec3::cross (line 51) ... ok
[INFO] [stdout] test src/matrices/dmat2.rs - matrices::dmat2::DMat2::from_values (line 34) ... ok
[INFO] [stdout] test src/vert_types.rs - vert_types::mesh (line 81) - compile ... FAILED
[INFO] [stdout] test src/vectors/dvec3.rs - vectors::dvec3::DVec3::cross (line 59) ... ok
[INFO] [stdout] test src/vectors/ivec3.rs - vectors::ivec3::IVec3::cross (line 50) ... ok
[INFO] [stdout] test src/vectors/vec3.rs - vectors::vec3::Vec3::cross (line 59) ... ok
[INFO] [stdout] test src/vectors/uvec3.rs - vectors::uvec3::UVec3::cross (line 51) ... ok
[INFO] [stdout] 
[INFO] [stdout] failures:
[INFO] [stdout] 
[INFO] [stdout] ---- src/vert_types.rs - vert_types::mesh (line 81) stdout ----
[INFO] [stdout] error[E0425]: cannot find value `display` in this scope
[INFO] [stdout]  --> src/vert_types.rs:85:6
[INFO] [stdout]   |
[INFO] [stdout] 7 |     &display, &teapot::INDICES, &teapot::VERTICES
[INFO] [stdout]   |      ^^^^^^^ not found in this scope
[INFO] [stdout] 
[INFO] [stdout] error: aborting due to 1 previous error
[INFO] [stdout] 
[INFO] [stdout] For more information about this error, try `rustc --explain E0425`.
[INFO] [stdout] Couldn't compile the test.
[INFO] [stdout] 
[INFO] [stdout] failures:
[INFO] [stdout]     src/vert_types.rs - vert_types::mesh (line 81)
[INFO] [stdout] 
[INFO] [stdout] test result: FAILED. 13 passed; 1 failed; 0 ignored; 0 measured; 0 filtered out; finished in 5.14s
[INFO] [stdout] 
[INFO] [stderr] error: doctest failed, to rerun pass `--doc`
[INFO] running `Command { std: "docker" "inspect" "4392cde0e23eaa4bee2454c2f3b9f157ecb2fe403bdc831ec2d6f3cf94d00f85", kill_on_drop: false }`
[INFO] running `Command { std: "docker" "rm" "-f" "4392cde0e23eaa4bee2454c2f3b9f157ecb2fe403bdc831ec2d6f3cf94d00f85", kill_on_drop: false }`
[INFO] [stdout] 4392cde0e23eaa4bee2454c2f3b9f157ecb2fe403bdc831ec2d6f3cf94d00f85
