[INFO] fetching crate glfw-passthrough 0.55.0...
[INFO] testing glfw-passthrough-0.55.0 against nightly-2024-10-28+rustflags=-Zrandomize-layout for randomize-layout
[INFO] extracting crate glfw-passthrough 0.55.0 into /workspace/builds/worker-7-tc2/source
[INFO] validating manifest of crates.io crate glfw-passthrough 0.55.0 on toolchain nightly-2024-10-28
[INFO] running `Command { std: CARGO_HOME="/workspace/cargo-home" RUSTUP_HOME="/workspace/rustup-home" "/workspace/cargo-home/bin/cargo" "+nightly-2024-10-28" "metadata" "--manifest-path" "Cargo.toml" "--no-deps", kill_on_drop: false }`
[INFO] started tweaking crates.io crate glfw-passthrough 0.55.0
[INFO] finished tweaking crates.io crate glfw-passthrough 0.55.0
[INFO] tweaked toml for crates.io crate glfw-passthrough 0.55.0 written to /workspace/builds/worker-7-tc2/source/Cargo.toml
[INFO] running `Command { std: CARGO_HOME="/workspace/cargo-home" RUSTUP_HOME="/workspace/rustup-home" "/workspace/cargo-home/bin/cargo" "+nightly-2024-10-28" "generate-lockfile" "--manifest-path" "Cargo.toml", kill_on_drop: false }`
[INFO] [stderr]     Updating crates.io index
[INFO] [stderr]      Locking 48 packages to latest compatible versions
[INFO] [stderr]       Adding ash v0.37.3+1.3.251 (available: v0.38.0+1.3.281)
[INFO] [stderr]       Adding bitflags v1.3.2 (available: v2.6.0)
[INFO] [stderr]       Adding image v0.24.9 (available: v0.25.4)
[INFO] [stderr]       Adding raw-window-handle v0.5.2 (available: v0.6.2)
[INFO] running `Command { std: CARGO_HOME="/workspace/cargo-home" RUSTUP_HOME="/workspace/rustup-home" "/workspace/cargo-home/bin/cargo" "+nightly-2024-10-28" "fetch" "--manifest-path" "Cargo.toml", kill_on_drop: false }`
[INFO] running `Command { std: "docker" "create" "-v" "/var/lib/crater-agent-workspace/builds/worker-7-tc2/target:/opt/rustwide/target:rw,Z" "-v" "/var/lib/crater-agent-workspace/builds/worker-7-tc2/source:/opt/rustwide/workdir:ro,Z" "-v" "/var/lib/crater-agent-workspace/cargo-home:/opt/rustwide/cargo-home:ro,Z" "-v" "/var/lib/crater-agent-workspace/rustup-home:/opt/rustwide/rustup-home:ro,Z" "-e" "SOURCE_DIR=/opt/rustwide/workdir" "-e" "CARGO_TARGET_DIR=/opt/rustwide/target" "-e" "CARGO_HOME=/opt/rustwide/cargo-home" "-e" "RUSTUP_HOME=/opt/rustwide/rustup-home" "-w" "/opt/rustwide/workdir" "-m" "1610612736" "--user" "0:0" "--network" "none" "ghcr.io/rust-lang/crates-build-env/linux@sha256:4a844ea9eb2546a2d2c7022eacef16ef2e8229c7fbb2c7d4d55a9ceca922f72d" "/opt/rustwide/cargo-home/bin/cargo" "+nightly-2024-10-28" "metadata" "--no-deps" "--format-version=1", kill_on_drop: false }`
[INFO] [stdout] 5f599185a587f6f3203d2972d3318e82872d23ca217c57b1b05a75a5d1350488
[INFO] running `Command { std: "docker" "start" "-a" "5f599185a587f6f3203d2972d3318e82872d23ca217c57b1b05a75a5d1350488", kill_on_drop: false }`
[INFO] running `Command { std: "docker" "inspect" "5f599185a587f6f3203d2972d3318e82872d23ca217c57b1b05a75a5d1350488", kill_on_drop: false }`
[INFO] running `Command { std: "docker" "rm" "-f" "5f599185a587f6f3203d2972d3318e82872d23ca217c57b1b05a75a5d1350488", kill_on_drop: false }`
[INFO] [stdout] 5f599185a587f6f3203d2972d3318e82872d23ca217c57b1b05a75a5d1350488
[INFO] running `Command { std: "docker" "create" "-v" "/var/lib/crater-agent-workspace/builds/worker-7-tc2/target:/opt/rustwide/target:rw,Z" "-v" "/var/lib/crater-agent-workspace/builds/worker-7-tc2/source:/opt/rustwide/workdir:ro,Z" "-v" "/var/lib/crater-agent-workspace/cargo-home:/opt/rustwide/cargo-home:ro,Z" "-v" "/var/lib/crater-agent-workspace/rustup-home:/opt/rustwide/rustup-home:ro,Z" "-e" "SOURCE_DIR=/opt/rustwide/workdir" "-e" "CARGO_TARGET_DIR=/opt/rustwide/target" "-e" "CARGO_INCREMENTAL=0" "-e" "RUST_BACKTRACE=full" "-e" "RUSTFLAGS=--cap-lints=forbid -Zrandomize-layout" "-e" "RUSTDOCFLAGS=--cap-lints=forbid" "-e" "CARGO_HOME=/opt/rustwide/cargo-home" "-e" "RUSTUP_HOME=/opt/rustwide/rustup-home" "-w" "/opt/rustwide/workdir" "-m" "1610612736" "--user" "0:0" "--network" "none" "ghcr.io/rust-lang/crates-build-env/linux@sha256:4a844ea9eb2546a2d2c7022eacef16ef2e8229c7fbb2c7d4d55a9ceca922f72d" "/opt/rustwide/cargo-home/bin/cargo" "+nightly-2024-10-28" "build" "--frozen" "--message-format=json", kill_on_drop: false }`
[INFO] [stdout] 0741af4aa12a8feefc72def4f4861d758f1758e523866dffa33ffac559288ba0
[INFO] running `Command { std: "docker" "start" "-a" "0741af4aa12a8feefc72def4f4861d758f1758e523866dffa33ffac559288ba0", kill_on_drop: false }`
[INFO] [stderr]    Compiling cc v1.1.31
[INFO] [stderr]    Compiling raw-window-handle v0.5.2
[INFO] [stderr]    Compiling raw-window-handle v0.6.2
[INFO] [stderr]    Compiling cmake v0.1.51
[INFO] [stderr]    Compiling glfw-sys-passthrough v4.0.3+3.3.5
[INFO] [stderr]    Compiling glfw-passthrough v0.55.0 (/opt/rustwide/workdir)
[INFO] [stderr]     Finished `dev` profile [unoptimized + debuginfo] target(s) in 4.41s
[INFO] running `Command { std: "docker" "inspect" "0741af4aa12a8feefc72def4f4861d758f1758e523866dffa33ffac559288ba0", kill_on_drop: false }`
[INFO] running `Command { std: "docker" "rm" "-f" "0741af4aa12a8feefc72def4f4861d758f1758e523866dffa33ffac559288ba0", kill_on_drop: false }`
[INFO] [stdout] 0741af4aa12a8feefc72def4f4861d758f1758e523866dffa33ffac559288ba0
[INFO] running `Command { std: "docker" "create" "-v" "/var/lib/crater-agent-workspace/builds/worker-7-tc2/target:/opt/rustwide/target:rw,Z" "-v" "/var/lib/crater-agent-workspace/builds/worker-7-tc2/source:/opt/rustwide/workdir:ro,Z" "-v" "/var/lib/crater-agent-workspace/cargo-home:/opt/rustwide/cargo-home:ro,Z" "-v" "/var/lib/crater-agent-workspace/rustup-home:/opt/rustwide/rustup-home:ro,Z" "-e" "SOURCE_DIR=/opt/rustwide/workdir" "-e" "CARGO_TARGET_DIR=/opt/rustwide/target" "-e" "CARGO_INCREMENTAL=0" "-e" "RUST_BACKTRACE=full" "-e" "RUSTFLAGS=--cap-lints=forbid -Zrandomize-layout" "-e" "RUSTDOCFLAGS=--cap-lints=forbid" "-e" "CARGO_HOME=/opt/rustwide/cargo-home" "-e" "RUSTUP_HOME=/opt/rustwide/rustup-home" "-w" "/opt/rustwide/workdir" "-m" "1610612736" "--user" "0:0" "--network" "none" "ghcr.io/rust-lang/crates-build-env/linux@sha256:4a844ea9eb2546a2d2c7022eacef16ef2e8229c7fbb2c7d4d55a9ceca922f72d" "/opt/rustwide/cargo-home/bin/cargo" "+nightly-2024-10-28" "test" "--frozen" "--no-run" "--message-format=json", kill_on_drop: false }`
[INFO] [stdout] 0199de043bd2ab0bb74a7b075172d8956afa3d59efafa187f9b45bed705805b3
[INFO] running `Command { std: "docker" "start" "-a" "0199de043bd2ab0bb74a7b075172d8956afa3d59efafa187f9b45bed705805b3", kill_on_drop: false }`
[INFO] [stderr]    Compiling log v0.4.22
[INFO] [stderr]    Compiling glfw-passthrough v0.55.0 (/opt/rustwide/workdir)
[INFO] [stderr]     Finished `test` profile [unoptimized + debuginfo] target(s) in 0.57s
[INFO] running `Command { std: "docker" "inspect" "0199de043bd2ab0bb74a7b075172d8956afa3d59efafa187f9b45bed705805b3", kill_on_drop: false }`
[INFO] running `Command { std: "docker" "rm" "-f" "0199de043bd2ab0bb74a7b075172d8956afa3d59efafa187f9b45bed705805b3", kill_on_drop: false }`
[INFO] [stdout] 0199de043bd2ab0bb74a7b075172d8956afa3d59efafa187f9b45bed705805b3
[INFO] running `Command { std: "docker" "create" "-v" "/var/lib/crater-agent-workspace/builds/worker-7-tc2/target:/opt/rustwide/target:rw,Z" "-v" "/var/lib/crater-agent-workspace/builds/worker-7-tc2/source:/opt/rustwide/workdir:ro,Z" "-v" "/var/lib/crater-agent-workspace/cargo-home:/opt/rustwide/cargo-home:ro,Z" "-v" "/var/lib/crater-agent-workspace/rustup-home:/opt/rustwide/rustup-home:ro,Z" "-e" "SOURCE_DIR=/opt/rustwide/workdir" "-e" "CARGO_TARGET_DIR=/opt/rustwide/target" "-e" "CARGO_INCREMENTAL=0" "-e" "RUST_BACKTRACE=full" "-e" "RUSTFLAGS=--cap-lints=forbid -Zrandomize-layout" "-e" "RUSTDOCFLAGS=--cap-lints=forbid" "-e" "CARGO_HOME=/opt/rustwide/cargo-home" "-e" "RUSTUP_HOME=/opt/rustwide/rustup-home" "-w" "/opt/rustwide/workdir" "-m" "1610612736" "--user" "0:0" "--network" "none" "ghcr.io/rust-lang/crates-build-env/linux@sha256:4a844ea9eb2546a2d2c7022eacef16ef2e8229c7fbb2c7d4d55a9ceca922f72d" "/opt/rustwide/cargo-home/bin/cargo" "+nightly-2024-10-28" "test" "--frozen", kill_on_drop: false }`
[INFO] [stdout] 45860ffff78f521ae75918b238e4bcef689c356da106c79d341996c3d3b89e38
[INFO] running `Command { std: "docker" "start" "-a" "45860ffff78f521ae75918b238e4bcef689c356da106c79d341996c3d3b89e38", kill_on_drop: false }`
[INFO] [stderr]     Finished `test` profile [unoptimized + debuginfo] target(s) in 0.01s
[INFO] [stderr]      Running unittests src/lib.rs (/opt/rustwide/target/debug/deps/glfw_passthrough-b387ad12d3dbe0e3)
[INFO] [stdout] 
[INFO] [stdout] running 0 tests
[INFO] [stdout] 
[INFO] [stdout] test result: ok. 0 passed; 0 failed; 0 ignored; 0 measured; 0 filtered out; finished in 0.00s
[INFO] [stdout] 
[INFO] [stderr]    Doc-tests glfw_passthrough
[INFO] [stdout] 
[INFO] [stdout] running 13 tests
[INFO] [stdout] test src/lib.rs - DebugAliases (line 574) ... ignored
[INFO] [stdout] test src/lib.rs - Glfw::set_error_callback (line 1082) ... ignored
[INFO] [stdout] test src/lib.rs - Glfw::set_error_callback (line 1097) ... ignored
[INFO] [stdout] test src/lib.rs - Glfw::window_hint (line 1257) ... ignored
[INFO] [stdout] test src/lib.rs - Glfw::with_connected_monitors (line 1201) ... ignored
[INFO] [stdout] test src/lib.rs - Glfw::with_primary_monitor (line 1160) ... ignored
[INFO] [stdout] test src/lib.rs - Glfw::with_window_monitor (line 1180) ... ignored
[INFO] [stdout] test src/lib.rs - VidMode::fmt (line 2126) ... ignored
[INFO] [stdout] test src/lib.rs - Window::with_window_mode (line 2690) ... ignored
[INFO] [stdout] test src/lib.rs - flush_messages (line 2412) ... ignored
[INFO] [stdout] test src/lib.rs - (line 37) - compile ... ok
[INFO] [stdout] test src/lib.rs - init (line 1031) - compile ... FAILED
[INFO] [stdout] test src/lib.rs - init (line 1017) - compile ... ok
[INFO] [stdout] 
[INFO] [stdout] failures:
[INFO] [stdout] 
[INFO] [stdout] ---- src/lib.rs - init (line 1031) stdout ----
[INFO] [stdout] error[E0463]: can't find crate for `glfw`
[INFO] [stdout]  --> src/lib.rs:1032:1
[INFO] [stdout]   |
[INFO] [stdout] 2 | extern crate glfw;
[INFO] [stdout]   | ^^^^^^^^^^^^^^^^^^ can't find crate
[INFO] [stdout] 
[INFO] [stdout] error: aborting due to 1 previous error
[INFO] [stdout] 
[INFO] [stdout] For more information about this error, try `rustc --explain E0463`.
[INFO] [stdout] Couldn't compile the test.
[INFO] [stdout] 
[INFO] [stdout] failures:
[INFO] [stdout]     src/lib.rs - init (line 1031)
[INFO] [stdout] 
[INFO] [stdout] test result: FAILED. 2 passed; 1 failed; 10 ignored; 0 measured; 0 filtered out; finished in 0.06s
[INFO] [stdout] 
[INFO] [stderr] error: doctest failed, to rerun pass `--doc`
[INFO] running `Command { std: "docker" "inspect" "45860ffff78f521ae75918b238e4bcef689c356da106c79d341996c3d3b89e38", kill_on_drop: false }`
[INFO] running `Command { std: "docker" "rm" "-f" "45860ffff78f521ae75918b238e4bcef689c356da106c79d341996c3d3b89e38", kill_on_drop: false }`
[INFO] [stdout] 45860ffff78f521ae75918b238e4bcef689c356da106c79d341996c3d3b89e38
