[INFO] fetching crate glean-core 61.2.0...
[INFO] testing glean-core-61.2.0 against nightly-2024-10-28+rustflags=-Zrandomize-layout for randomize-layout
[INFO] extracting crate glean-core 61.2.0 into /workspace/builds/worker-6-tc2/source
[INFO] validating manifest of crates.io crate glean-core 61.2.0 on toolchain nightly-2024-10-28
[INFO] running `Command { std: CARGO_HOME="/workspace/cargo-home" RUSTUP_HOME="/workspace/rustup-home" "/workspace/cargo-home/bin/cargo" "+nightly-2024-10-28" "metadata" "--manifest-path" "Cargo.toml" "--no-deps", kill_on_drop: false }`
[INFO] started tweaking crates.io crate glean-core 61.2.0
[INFO] removed 0 missing tests
[INFO] finished tweaking crates.io crate glean-core 61.2.0
[INFO] tweaked toml for crates.io crate glean-core 61.2.0 written to /workspace/builds/worker-6-tc2/source/Cargo.toml
[INFO] running `Command { std: CARGO_HOME="/workspace/cargo-home" RUSTUP_HOME="/workspace/rustup-home" "/workspace/cargo-home/bin/cargo" "+nightly-2024-10-28" "generate-lockfile" "--manifest-path" "Cargo.toml", kill_on_drop: false }`
[INFO] [stderr]     Updating crates.io index
[INFO] [stderr]     Blocking waiting for file lock on package cache
[INFO] [stderr]      Locking 134 packages to latest compatible versions
[INFO] [stderr]       Adding android_logger v0.12.0 (available: v0.14.1)
[INFO] [stderr]       Adding env_logger v0.10.2 (available: v0.11.5)
[INFO] [stderr]       Adding iso8601 v0.4.2 (available: v0.6.1)
[INFO] [stderr]       Adding oslog v0.1.0 (available: v0.2.0)
[INFO] [stderr]       Adding time v0.1.45 (available: v0.3.36)
[INFO] [stderr]       Adding wasi v0.10.0+wasi-snapshot-preview1 (available: v0.10.2+wasi-snapshot-preview1)
[INFO] running `Command { std: CARGO_HOME="/workspace/cargo-home" RUSTUP_HOME="/workspace/rustup-home" "/workspace/cargo-home/bin/cargo" "+nightly-2024-10-28" "fetch" "--manifest-path" "Cargo.toml", kill_on_drop: false }`
[INFO] [stderr]     Blocking waiting for file lock on package cache
[INFO] running `Command { std: "docker" "create" "-v" "/var/lib/crater-agent-workspace/builds/worker-6-tc2/target:/opt/rustwide/target:rw,Z" "-v" "/var/lib/crater-agent-workspace/builds/worker-6-tc2/source:/opt/rustwide/workdir:ro,Z" "-v" "/var/lib/crater-agent-workspace/cargo-home:/opt/rustwide/cargo-home:ro,Z" "-v" "/var/lib/crater-agent-workspace/rustup-home:/opt/rustwide/rustup-home:ro,Z" "-e" "SOURCE_DIR=/opt/rustwide/workdir" "-e" "CARGO_TARGET_DIR=/opt/rustwide/target" "-e" "CARGO_HOME=/opt/rustwide/cargo-home" "-e" "RUSTUP_HOME=/opt/rustwide/rustup-home" "-w" "/opt/rustwide/workdir" "-m" "1610612736" "--user" "0:0" "--network" "none" "ghcr.io/rust-lang/crates-build-env/linux@sha256:4a844ea9eb2546a2d2c7022eacef16ef2e8229c7fbb2c7d4d55a9ceca922f72d" "/opt/rustwide/cargo-home/bin/cargo" "+nightly-2024-10-28" "metadata" "--no-deps" "--format-version=1", kill_on_drop: false }`
[INFO] [stdout] b3b78f4a9281bd2789009eb08371b9d2fa838c68f02c0bf419c4c309ebdd2e72
[INFO] running `Command { std: "docker" "start" "-a" "b3b78f4a9281bd2789009eb08371b9d2fa838c68f02c0bf419c4c309ebdd2e72", kill_on_drop: false }`
[INFO] running `Command { std: "docker" "inspect" "b3b78f4a9281bd2789009eb08371b9d2fa838c68f02c0bf419c4c309ebdd2e72", kill_on_drop: false }`
[INFO] running `Command { std: "docker" "rm" "-f" "b3b78f4a9281bd2789009eb08371b9d2fa838c68f02c0bf419c4c309ebdd2e72", kill_on_drop: false }`
[INFO] [stdout] b3b78f4a9281bd2789009eb08371b9d2fa838c68f02c0bf419c4c309ebdd2e72
[INFO] running `Command { std: "docker" "create" "-v" "/var/lib/crater-agent-workspace/builds/worker-6-tc2/target:/opt/rustwide/target:rw,Z" "-v" "/var/lib/crater-agent-workspace/builds/worker-6-tc2/source:/opt/rustwide/workdir:ro,Z" "-v" "/var/lib/crater-agent-workspace/cargo-home:/opt/rustwide/cargo-home:ro,Z" "-v" "/var/lib/crater-agent-workspace/rustup-home:/opt/rustwide/rustup-home:ro,Z" "-e" "SOURCE_DIR=/opt/rustwide/workdir" "-e" "CARGO_TARGET_DIR=/opt/rustwide/target" "-e" "CARGO_INCREMENTAL=0" "-e" "RUST_BACKTRACE=full" "-e" "RUSTFLAGS=--cap-lints=forbid -Zrandomize-layout" "-e" "RUSTDOCFLAGS=--cap-lints=forbid" "-e" "CARGO_HOME=/opt/rustwide/cargo-home" "-e" "RUSTUP_HOME=/opt/rustwide/rustup-home" "-w" "/opt/rustwide/workdir" "-m" "1610612736" "--user" "0:0" "--network" "none" "ghcr.io/rust-lang/crates-build-env/linux@sha256:4a844ea9eb2546a2d2c7022eacef16ef2e8229c7fbb2c7d4d55a9ceca922f72d" "/opt/rustwide/cargo-home/bin/cargo" "+nightly-2024-10-28" "build" "--frozen" "--message-format=json", kill_on_drop: false }`
[INFO] [stdout] 8af1faa35ebe7da865c17bf8a0ae571a762f0a3ec68a21dd3286025e5df5306d
[INFO] running `Command { std: "docker" "start" "-a" "8af1faa35ebe7da865c17bf8a0ae571a762f0a3ec68a21dd3286025e5df5306d", kill_on_drop: false }`
[INFO] [stderr]    Compiling proc-macro2 v1.0.89
[INFO] [stderr]    Compiling unicode-ident v1.0.13
[INFO] [stderr]    Compiling serde v1.0.214
[INFO] [stderr]    Compiling autocfg v1.4.0
[INFO] [stderr]    Compiling memchr v2.7.4
[INFO] [stderr]    Compiling anyhow v1.0.92
[INFO] [stderr]    Compiling camino v1.1.9
[INFO] [stderr]    Compiling once_cell v1.20.2
[INFO] [stderr]    Compiling minimal-lexical v0.2.1
[INFO] [stderr]    Compiling thiserror v1.0.66
[INFO] [stderr]    Compiling ryu v1.0.18
[INFO] [stderr]    Compiling serde_json v1.0.132
[INFO] [stderr]    Compiling itoa v1.0.11
[INFO] [stderr]    Compiling bytes v1.8.0
[INFO] [stderr]    Compiling paste v1.0.15
[INFO] [stderr]    Compiling semver v1.0.23
[INFO] [stderr]    Compiling unicase v2.8.0
[INFO] [stderr]    Compiling log v0.4.22
[INFO] [stderr]    Compiling siphasher v0.3.11
[INFO] [stderr]    Compiling libc v0.2.161
[INFO] [stderr]    Compiling mime v0.3.17
[INFO] [stderr]    Compiling smawk v0.3.2
[INFO] [stderr]    Compiling askama_escape v0.10.3
[INFO] [stderr]    Compiling shlex v1.3.0
[INFO] [stderr]    Compiling cfg-if v1.0.0
[INFO] [stderr]    Compiling textwrap v0.16.1
[INFO] [stderr]    Compiling plain v0.2.3
[INFO] [stderr]    Compiling pkg-config v0.3.31
[INFO] [stderr]    Compiling heck v0.5.0
[INFO] [stderr]    Compiling mime_guess v2.0.5
[INFO] [stderr]    Compiling glob v0.3.1
[INFO] [stderr]    Compiling tinyvec_macros v0.1.1
[INFO] [stderr]    Compiling static_assertions v1.1.0
[INFO] [stderr]    Compiling tinyvec v1.8.0
[INFO] [stderr]    Compiling cc v1.1.31
[INFO] [stderr]    Compiling crossbeam-utils v0.8.20
[INFO] [stderr]    Compiling unicode-bidi v0.3.17
[INFO] [stderr]    Compiling fs-err v2.11.0
[INFO] [stderr]    Compiling num-traits v0.2.19
[INFO] [stderr]    Compiling percent-encoding v2.3.1
[INFO] [stderr]    Compiling form_urlencoded v1.2.1
[INFO] [stderr]    Compiling nom v7.1.3
[INFO] [stderr]    Compiling byteorder v1.5.0
[INFO] [stderr]    Compiling uniffi_core v0.28.2
[INFO] [stderr]    Compiling adler2 v2.0.0
[INFO] [stderr]    Compiling bitflags v1.3.2
[INFO] [stderr]    Compiling quote v1.0.37
[INFO] [stderr]    Compiling miniz_oxide v0.8.0
[INFO] [stderr]    Compiling getrandom v0.2.15
[INFO] [stderr]    Compiling crc32fast v1.4.2
[INFO] [stderr]    Compiling syn v2.0.86
[INFO] [stderr]    Compiling uuid v1.11.0
[INFO] [stderr]    Compiling id-arena v2.2.1
[INFO] [stderr]    Compiling arrayref v0.3.9
[INFO] [stderr]    Compiling iana-time-zone v0.1.61
[INFO] [stderr]    Compiling zeitstempel v0.1.1
[INFO] [stderr]    Compiling time v0.1.45
[INFO] [stderr]    Compiling unicode-normalization v0.1.24
[INFO] [stderr]    Compiling flate2 v1.0.34
[INFO] [stderr]    Compiling lmdb-rkv-sys v0.11.2
[INFO] [stderr]    Compiling crossbeam-channel v0.5.13
[INFO] [stderr]    Compiling ordered-float v3.9.2
[INFO] [stderr]    Compiling idna v0.5.0
[INFO] [stderr]    Compiling url v2.5.2
[INFO] [stderr]    Compiling lmdb-rkv v0.14.0
[INFO] [stderr]    Compiling askama_parser v0.2.1
[INFO] [stderr]    Compiling weedle2 v5.0.0
[INFO] [stderr]    Compiling serde_derive v1.0.214
[INFO] [stderr]    Compiling thiserror-impl v1.0.66
[INFO] [stderr]    Compiling uniffi_checksum_derive v0.28.2
[INFO] [stderr]    Compiling scroll_derive v0.12.0
[INFO] [stderr]    Compiling uniffi_meta v0.28.2
[INFO] [stderr]    Compiling scroll v0.12.0
[INFO] [stderr]    Compiling goblin v0.8.2
[INFO] [stderr]    Compiling cargo-platform v0.1.8
[INFO] [stderr]    Compiling basic-toml v0.1.9
[INFO] [stderr]    Compiling toml v0.5.11
[INFO] [stderr]    Compiling bincode v1.3.3
[INFO] [stderr]    Compiling bitflags v2.6.0
[INFO] [stderr]    Compiling chrono v0.4.38
[INFO] [stderr]    Compiling rkv v0.19.0
[INFO] [stderr]    Compiling askama_derive v0.12.5
[INFO] [stderr]    Compiling cargo_metadata v0.15.4
[INFO] [stderr]    Compiling uniffi_macros v0.28.2
[INFO] [stderr]    Compiling askama v0.12.1
[INFO] [stderr]    Compiling uniffi_testing v0.28.2
[INFO] [stderr]    Compiling uniffi_udl v0.28.2
[INFO] [stderr]    Compiling uniffi_bindgen v0.28.2
[INFO] [stderr]    Compiling uniffi v0.28.2
[INFO] [stderr]    Compiling uniffi_build v0.28.2
[INFO] [stderr]    Compiling glean-core v61.2.0 (/opt/rustwide/workdir)
[INFO] [stdout] warning: use of deprecated method `chrono::DateTime::<Tz>::date`: Use `date_naive()` instead
[INFO] [stdout]   --> src/metrics/datetime.rs:99:23
[INFO] [stdout]    |
[INFO] [stdout] 99 |         let date = dt.date();
[INFO] [stdout]    |                       ^^^^
[INFO] [stdout]    |
[INFO] [stdout]    = note: `#[warn(deprecated)]` on by default
[INFO] [stdout] 
[INFO] [stdout] 
[INFO] [stdout] warning: use of deprecated associated function `chrono::FixedOffset::east`: use `east_opt()` instead
[INFO] [stdout]    --> src/metrics/datetime.rs:162:49
[INFO] [stdout]     |
[INFO] [stdout] 162 |                 let datetime_obj = FixedOffset::east(dt.offset_seconds)
[INFO] [stdout]     |                                                 ^^^^
[INFO] [stdout] 
[INFO] [stdout] 
[INFO] [stdout] warning: use of deprecated method `chrono::TimeZone::ymd_opt`: use `with_ymd_and_hms()` instead
[INFO] [stdout]    --> src/metrics/datetime.rs:163:22
[INFO] [stdout]     |
[INFO] [stdout] 163 |                     .ymd_opt(dt.year, dt.month, dt.day)
[INFO] [stdout]     |                      ^^^^^^^
[INFO] [stdout] 
[INFO] [stdout] 
[INFO] [stdout] warning: use of deprecated method `chrono::DateTime::<Tz>::date`: Use `date_naive()` instead
[INFO] [stdout]    --> src/metrics/datetime.rs:204:39
[INFO] [stdout]     |
[INFO] [stdout] 204 |             TimeUnit::Nanosecond => d.date().and_hms_nano_opt(
[INFO] [stdout]     |                                       ^^^^
[INFO] [stdout] 
[INFO] [stdout] 
[INFO] [stdout] warning: use of deprecated method `chrono::DateTime::<Tz>::date`: Use `date_naive()` instead
[INFO] [stdout]    --> src/metrics/datetime.rs:216:19
[INFO] [stdout]     |
[INFO] [stdout] 216 |                 d.date().and_hms_nano_opt(
[INFO] [stdout]     |                   ^^^^
[INFO] [stdout] 
[INFO] [stdout] 
[INFO] [stdout] warning: use of deprecated method `chrono::DateTime::<Tz>::date`: Use `date_naive()` instead
[INFO] [stdout]    --> src/metrics/datetime.rs:223:40
[INFO] [stdout]     |
[INFO] [stdout] 223 |             TimeUnit::Millisecond => d.date().and_hms_nano_opt(
[INFO] [stdout]     |                                        ^^^^
[INFO] [stdout] 
[INFO] [stdout] 
[INFO] [stdout] warning: use of deprecated method `chrono::DateTime::<Tz>::date`: Use `date_naive()` instead
[INFO] [stdout]    --> src/metrics/datetime.rs:230:19
[INFO] [stdout]     |
[INFO] [stdout] 230 |                 d.date()
[INFO] [stdout]     |                   ^^^^
[INFO] [stdout] 
[INFO] [stdout] 
[INFO] [stdout] warning: use of deprecated method `chrono::DateTime::<Tz>::date`: Use `date_naive()` instead
[INFO] [stdout]    --> src/metrics/datetime.rs:233:35
[INFO] [stdout]     |
[INFO] [stdout] 233 |             TimeUnit::Minute => d.date().and_hms_nano_opt(time.hour(), time.minute(), 0, 0),
[INFO] [stdout]     |                                   ^^^^
[INFO] [stdout] 
[INFO] [stdout] 
[INFO] [stdout] warning: use of deprecated method `chrono::DateTime::<Tz>::date`: Use `date_naive()` instead
[INFO] [stdout]    --> src/metrics/datetime.rs:234:33
[INFO] [stdout]     |
[INFO] [stdout] 234 |             TimeUnit::Hour => d.date().and_hms_nano_opt(time.hour(), 0, 0, 0),
[INFO] [stdout]     |                                 ^^^^
[INFO] [stdout] 
[INFO] [stdout] 
[INFO] [stdout] warning: use of deprecated method `chrono::DateTime::<Tz>::date`: Use `date_naive()` instead
[INFO] [stdout]    --> src/metrics/datetime.rs:235:32
[INFO] [stdout]     |
[INFO] [stdout] 235 |             TimeUnit::Day => d.date().and_hms_nano_opt(0, 0, 0, 0),
[INFO] [stdout]     |                                ^^^^
[INFO] [stdout] 
[INFO] [stdout] 
[INFO] [stdout] warning: use of deprecated method `chrono::DateTime::<Tz>::date`: Use `date_naive()` instead
[INFO] [stdout]    --> src/scheduler.rs:137:65
[INFO] [stdout]     |
[INFO] [stdout] 137 |     let already_sent_today = last_sent_time.map_or(false, |d| d.date() == now.date());
[INFO] [stdout]     |                                                                 ^^^^
[INFO] [stdout] 
[INFO] [stdout] 
[INFO] [stdout] warning: use of deprecated method `chrono::DateTime::<Tz>::date`: Use `date_naive()` instead
[INFO] [stdout]    --> src/scheduler.rs:137:79
[INFO] [stdout]     |
[INFO] [stdout] 137 |     let already_sent_today = last_sent_time.map_or(false, |d| d.date() == now.date());
[INFO] [stdout]     |                                                                               ^^^^
[INFO] [stdout] 
[INFO] [stdout] 
[INFO] [stdout] warning: use of deprecated method `chrono::DateTime::<Tz>::date`: Use `date_naive()` instead
[INFO] [stdout]    --> src/scheduler.rs:142:25
[INFO] [stdout]     |
[INFO] [stdout] 142 |     } else if now > now.date().and_hms(SCHEDULED_HOUR, 0, 0) {
[INFO] [stdout]     |                         ^^^^
[INFO] [stdout] 
[INFO] [stdout] 
[INFO] [stdout] warning: use of deprecated method `chrono::Date::<Tz>::and_hms`: Use and_hms_opt() instead
[INFO] [stdout]    --> src/scheduler.rs:142:32
[INFO] [stdout]     |
[INFO] [stdout] 142 |     } else if now > now.date().and_hms(SCHEDULED_HOUR, 0, 0) {
[INFO] [stdout]     |                                ^^^^^^^
[INFO] [stdout] 
[INFO] [stdout] 
[INFO] [stdout] warning: use of deprecated method `chrono::DateTime::<Tz>::date`: Use `date_naive()` instead
[INFO] [stdout]    --> src/scheduler.rs:168:32
[INFO] [stdout]     |
[INFO] [stdout] 168 |             Self::Today => now.date().and_hms(SCHEDULED_HOUR, 0, 0),
[INFO] [stdout]     |                                ^^^^
[INFO] [stdout] 
[INFO] [stdout] 
[INFO] [stdout] warning: use of deprecated method `chrono::Date::<Tz>::and_hms`: Use and_hms_opt() instead
[INFO] [stdout]    --> src/scheduler.rs:168:39
[INFO] [stdout]     |
[INFO] [stdout] 168 |             Self::Today => now.date().and_hms(SCHEDULED_HOUR, 0, 0),
[INFO] [stdout]     |                                       ^^^^^^^
[INFO] [stdout] 
[INFO] [stdout] 
[INFO] [stdout] warning: use of deprecated method `chrono::DateTime::<Tz>::date`: Use `date_naive()` instead
[INFO] [stdout]    --> src/scheduler.rs:172:22
[INFO] [stdout]     |
[INFO] [stdout] 172 |                 (now.date() + Duration::days(1)).and_hms(SCHEDULED_HOUR, 0, 0)
[INFO] [stdout]     |                      ^^^^
[INFO] [stdout] 
[INFO] [stdout] 
[INFO] [stdout] warning: use of deprecated method `chrono::Date::<Tz>::and_hms`: Use and_hms_opt() instead
[INFO] [stdout]    --> src/scheduler.rs:172:50
[INFO] [stdout]     |
[INFO] [stdout] 172 |                 (now.date() + Duration::days(1)).and_hms(SCHEDULED_HOUR, 0, 0)
[INFO] [stdout]     |                                                  ^^^^^^^
[INFO] [stdout] 
[INFO] [stdout] 
[INFO] [stderr]     Finished `dev` profile [unoptimized + debuginfo] target(s) in 51.96s
[INFO] running `Command { std: "docker" "inspect" "8af1faa35ebe7da865c17bf8a0ae571a762f0a3ec68a21dd3286025e5df5306d", kill_on_drop: false }`
[INFO] running `Command { std: "docker" "rm" "-f" "8af1faa35ebe7da865c17bf8a0ae571a762f0a3ec68a21dd3286025e5df5306d", kill_on_drop: false }`
[INFO] [stdout] 8af1faa35ebe7da865c17bf8a0ae571a762f0a3ec68a21dd3286025e5df5306d
[INFO] running `Command { std: "docker" "create" "-v" "/var/lib/crater-agent-workspace/builds/worker-6-tc2/target:/opt/rustwide/target:rw,Z" "-v" "/var/lib/crater-agent-workspace/builds/worker-6-tc2/source:/opt/rustwide/workdir:ro,Z" "-v" "/var/lib/crater-agent-workspace/cargo-home:/opt/rustwide/cargo-home:ro,Z" "-v" "/var/lib/crater-agent-workspace/rustup-home:/opt/rustwide/rustup-home:ro,Z" "-e" "SOURCE_DIR=/opt/rustwide/workdir" "-e" "CARGO_TARGET_DIR=/opt/rustwide/target" "-e" "CARGO_INCREMENTAL=0" "-e" "RUST_BACKTRACE=full" "-e" "RUSTFLAGS=--cap-lints=forbid -Zrandomize-layout" "-e" "RUSTDOCFLAGS=--cap-lints=forbid" "-e" "CARGO_HOME=/opt/rustwide/cargo-home" "-e" "RUSTUP_HOME=/opt/rustwide/rustup-home" "-w" "/opt/rustwide/workdir" "-m" "1610612736" "--user" "0:0" "--network" "none" "ghcr.io/rust-lang/crates-build-env/linux@sha256:4a844ea9eb2546a2d2c7022eacef16ef2e8229c7fbb2c7d4d55a9ceca922f72d" "/opt/rustwide/cargo-home/bin/cargo" "+nightly-2024-10-28" "test" "--frozen" "--no-run" "--message-format=json", kill_on_drop: false }`
[INFO] [stdout] 6a0075f9e0c836659e6c0799e7b4681346294908f1be99a8f2e2e829bba76109
[INFO] running `Command { std: "docker" "start" "-a" "6a0075f9e0c836659e6c0799e7b4681346294908f1be99a8f2e2e829bba76109", kill_on_drop: false }`
[INFO] [stderr]    Compiling minimal-lexical v0.2.1
[INFO] [stderr]    Compiling log v0.4.22
[INFO] [stderr]    Compiling rustix v0.38.38
[INFO] [stderr]    Compiling bitflags v2.6.0
[INFO] [stderr]    Compiling linux-raw-sys v0.4.14
[INFO] [stderr]    Compiling fastrand v2.1.1
[INFO] [stderr]    Compiling humantime v2.1.0
[INFO] [stderr]    Compiling ctor v0.2.8
[INFO] [stderr]    Compiling goblin v0.8.2
[INFO] [stderr]    Compiling uniffi_core v0.28.2
[INFO] [stderr]    Compiling rkv v0.19.0
[INFO] [stderr]    Compiling nom v7.1.3
[INFO] [stderr]    Compiling env_logger v0.10.2
[INFO] [stderr]    Compiling uniffi v0.28.2
[INFO] [stderr]    Compiling askama_parser v0.2.1
[INFO] [stderr]    Compiling weedle2 v5.0.0
[INFO] [stderr]    Compiling tempfile v3.13.0
[INFO] [stderr]    Compiling iso8601 v0.4.2
[INFO] [stderr]    Compiling askama_derive v0.12.5
[INFO] [stderr]    Compiling uniffi_udl v0.28.2
[INFO] [stderr]    Compiling askama v0.12.1
[INFO] [stderr]    Compiling uniffi_bindgen v0.28.2
[INFO] [stderr]    Compiling uniffi_build v0.28.2
[INFO] [stderr]    Compiling glean-core v61.2.0 (/opt/rustwide/workdir)
[INFO] [stdout] warning: use of deprecated method `chrono::DateTime::<Tz>::date`: Use `date_naive()` instead
[INFO] [stdout]   --> src/metrics/datetime.rs:99:23
[INFO] [stdout]    |
[INFO] [stdout] 99 |         let date = dt.date();
[INFO] [stdout]    |                       ^^^^
[INFO] [stdout]    |
[INFO] [stdout]    = note: `#[warn(deprecated)]` on by default
[INFO] [stdout] 
[INFO] [stdout] 
[INFO] [stdout] warning: use of deprecated associated function `chrono::FixedOffset::east`: use `east_opt()` instead
[INFO] [stdout]    --> src/metrics/datetime.rs:162:49
[INFO] [stdout]     |
[INFO] [stdout] 162 |                 let datetime_obj = FixedOffset::east(dt.offset_seconds)
[INFO] [stdout]     |                                                 ^^^^
[INFO] [stdout] 
[INFO] [stdout] 
[INFO] [stdout] warning: use of deprecated method `chrono::TimeZone::ymd_opt`: use `with_ymd_and_hms()` instead
[INFO] [stdout]    --> src/metrics/datetime.rs:163:22
[INFO] [stdout]     |
[INFO] [stdout] 163 |                     .ymd_opt(dt.year, dt.month, dt.day)
[INFO] [stdout]     |                      ^^^^^^^
[INFO] [stdout] 
[INFO] [stdout] 
[INFO] [stdout] warning: use of deprecated method `chrono::DateTime::<Tz>::date`: Use `date_naive()` instead
[INFO] [stdout]    --> src/metrics/datetime.rs:204:39
[INFO] [stdout]     |
[INFO] [stdout] 204 |             TimeUnit::Nanosecond => d.date().and_hms_nano_opt(
[INFO] [stdout]     |                                       ^^^^
[INFO] [stdout] 
[INFO] [stdout] 
[INFO] [stdout] warning: use of deprecated method `chrono::DateTime::<Tz>::date`: Use `date_naive()` instead
[INFO] [stdout]    --> src/metrics/datetime.rs:216:19
[INFO] [stdout]     |
[INFO] [stdout] 216 |                 d.date().and_hms_nano_opt(
[INFO] [stdout]     |                   ^^^^
[INFO] [stdout] 
[INFO] [stdout] 
[INFO] [stdout] warning: use of deprecated method `chrono::DateTime::<Tz>::date`: Use `date_naive()` instead
[INFO] [stdout]    --> src/metrics/datetime.rs:223:40
[INFO] [stdout]     |
[INFO] [stdout] 223 |             TimeUnit::Millisecond => d.date().and_hms_nano_opt(
[INFO] [stdout]     |                                        ^^^^
[INFO] [stdout] 
[INFO] [stdout] 
[INFO] [stdout] warning: use of deprecated method `chrono::DateTime::<Tz>::date`: Use `date_naive()` instead
[INFO] [stdout]    --> src/metrics/datetime.rs:230:19
[INFO] [stdout]     |
[INFO] [stdout] 230 |                 d.date()
[INFO] [stdout]     |                   ^^^^
[INFO] [stdout] 
[INFO] [stdout] 
[INFO] [stdout] warning: use of deprecated method `chrono::DateTime::<Tz>::date`: Use `date_naive()` instead
[INFO] [stdout]    --> src/metrics/datetime.rs:233:35
[INFO] [stdout]     |
[INFO] [stdout] 233 |             TimeUnit::Minute => d.date().and_hms_nano_opt(time.hour(), time.minute(), 0, 0),
[INFO] [stdout]     |                                   ^^^^
[INFO] [stdout] 
[INFO] [stdout] 
[INFO] [stdout] warning: use of deprecated method `chrono::DateTime::<Tz>::date`: Use `date_naive()` instead
[INFO] [stdout]    --> src/metrics/datetime.rs:234:33
[INFO] [stdout]     |
[INFO] [stdout] 234 |             TimeUnit::Hour => d.date().and_hms_nano_opt(time.hour(), 0, 0, 0),
[INFO] [stdout]     |                                 ^^^^
[INFO] [stdout] 
[INFO] [stdout] 
[INFO] [stdout] warning: use of deprecated method `chrono::DateTime::<Tz>::date`: Use `date_naive()` instead
[INFO] [stdout]    --> src/metrics/datetime.rs:235:32
[INFO] [stdout]     |
[INFO] [stdout] 235 |             TimeUnit::Day => d.date().and_hms_nano_opt(0, 0, 0, 0),
[INFO] [stdout]     |                                ^^^^
[INFO] [stdout] 
[INFO] [stdout] 
[INFO] [stdout] warning: use of deprecated method `chrono::DateTime::<Tz>::date`: Use `date_naive()` instead
[INFO] [stdout]    --> src/scheduler.rs:137:65
[INFO] [stdout]     |
[INFO] [stdout] 137 |     let already_sent_today = last_sent_time.map_or(false, |d| d.date() == now.date());
[INFO] [stdout]     |                                                                 ^^^^
[INFO] [stdout] 
[INFO] [stdout] 
[INFO] [stdout] warning: use of deprecated method `chrono::DateTime::<Tz>::date`: Use `date_naive()` instead
[INFO] [stdout]    --> src/scheduler.rs:137:79
[INFO] [stdout]     |
[INFO] [stdout] 137 |     let already_sent_today = last_sent_time.map_or(false, |d| d.date() == now.date());
[INFO] [stdout]     |                                                                               ^^^^
[INFO] [stdout] 
[INFO] [stdout] 
[INFO] [stdout] warning: use of deprecated method `chrono::DateTime::<Tz>::date`: Use `date_naive()` instead
[INFO] [stdout]    --> src/scheduler.rs:142:25
[INFO] [stdout]     |
[INFO] [stdout] 142 |     } else if now > now.date().and_hms(SCHEDULED_HOUR, 0, 0) {
[INFO] [stdout]     |                         ^^^^
[INFO] [stdout] 
[INFO] [stdout] 
[INFO] [stdout] warning: use of deprecated method `chrono::Date::<Tz>::and_hms`: Use and_hms_opt() instead
[INFO] [stdout]    --> src/scheduler.rs:142:32
[INFO] [stdout]     |
[INFO] [stdout] 142 |     } else if now > now.date().and_hms(SCHEDULED_HOUR, 0, 0) {
[INFO] [stdout]     |                                ^^^^^^^
[INFO] [stdout] 
[INFO] [stdout] 
[INFO] [stdout] warning: use of deprecated method `chrono::DateTime::<Tz>::date`: Use `date_naive()` instead
[INFO] [stdout]    --> src/scheduler.rs:168:32
[INFO] [stdout]     |
[INFO] [stdout] 168 |             Self::Today => now.date().and_hms(SCHEDULED_HOUR, 0, 0),
[INFO] [stdout]     |                                ^^^^
[INFO] [stdout] 
[INFO] [stdout] 
[INFO] [stdout] warning: use of deprecated method `chrono::Date::<Tz>::and_hms`: Use and_hms_opt() instead
[INFO] [stdout]    --> src/scheduler.rs:168:39
[INFO] [stdout]     |
[INFO] [stdout] 168 |             Self::Today => now.date().and_hms(SCHEDULED_HOUR, 0, 0),
[INFO] [stdout]     |                                       ^^^^^^^
[INFO] [stdout] 
[INFO] [stdout] 
[INFO] [stdout] warning: use of deprecated method `chrono::DateTime::<Tz>::date`: Use `date_naive()` instead
[INFO] [stdout]    --> src/scheduler.rs:172:22
[INFO] [stdout]     |
[INFO] [stdout] 172 |                 (now.date() + Duration::days(1)).and_hms(SCHEDULED_HOUR, 0, 0)
[INFO] [stdout]     |                      ^^^^
[INFO] [stdout] 
[INFO] [stdout] 
[INFO] [stdout] warning: use of deprecated method `chrono::Date::<Tz>::and_hms`: Use and_hms_opt() instead
[INFO] [stdout]    --> src/scheduler.rs:172:50
[INFO] [stdout]     |
[INFO] [stdout] 172 |                 (now.date() + Duration::days(1)).and_hms(SCHEDULED_HOUR, 0, 0)
[INFO] [stdout]     |                                                  ^^^^^^^
[INFO] [stdout] 
[INFO] [stdout] 
[INFO] [stdout] warning: use of deprecated associated function `chrono::FixedOffset::east`: use `east_opt()` instead
[INFO] [stdout]    --> src/event_database/mod.rs:981:41
[INFO] [stdout]     |
[INFO] [stdout] 981 |         let startup_date = FixedOffset::east(0)
[INFO] [stdout]     |                                         ^^^^
[INFO] [stdout]     |
[INFO] [stdout]     = note: `#[warn(deprecated)]` on by default
[INFO] [stdout] 
[INFO] [stdout] 
[INFO] [stdout] warning: use of deprecated method `chrono::TimeZone::ymd`: use `with_ymd_and_hms()` instead
[INFO] [stdout]    --> src/event_database/mod.rs:982:14
[INFO] [stdout]     |
[INFO] [stdout] 982 |             .ymd(2022, 11, 24)
[INFO] [stdout]     |              ^^^
[INFO] [stdout] 
[INFO] [stdout] 
[INFO] [stdout] warning: use of deprecated method `chrono::Date::<Tz>::and_hms`: Use and_hms_opt() instead
[INFO] [stdout]    --> src/event_database/mod.rs:983:14
[INFO] [stdout]     |
[INFO] [stdout] 983 |             .and_hms(some_hour, 29, 0); // TimeUnit::Minute -- don't put seconds
[INFO] [stdout]     |              ^^^^^^^
[INFO] [stdout] 
[INFO] [stdout] 
[INFO] [stdout] warning: use of deprecated associated function `chrono::FixedOffset::east`: use `east_opt()` instead
[INFO] [stdout]     --> src/event_database/mod.rs:1106:41
[INFO] [stdout]      |
[INFO] [stdout] 1106 |         let startup_date = FixedOffset::east(0)
[INFO] [stdout]      |                                         ^^^^
[INFO] [stdout] 
[INFO] [stdout] 
[INFO] [stdout] warning: use of deprecated method `chrono::TimeZone::ymd`: use `with_ymd_and_hms()` instead
[INFO] [stdout]     --> src/event_database/mod.rs:1107:14
[INFO] [stdout]      |
[INFO] [stdout] 1107 |             .ymd(2022, 11, 25)
[INFO] [stdout]      |              ^^^
[INFO] [stdout] 
[INFO] [stdout] 
[INFO] [stdout] warning: use of deprecated method `chrono::Date::<Tz>::and_hms`: Use and_hms_opt() instead
[INFO] [stdout]     --> src/event_database/mod.rs:1108:14
[INFO] [stdout]      |
[INFO] [stdout] 1108 |             .and_hms(some_hour, 37, 0); // TimeUnit::Minute -- don't put seconds
[INFO] [stdout]      |              ^^^^^^^
[INFO] [stdout] 
[INFO] [stdout] 
[INFO] [stdout] warning: use of deprecated method `chrono::DateTime::<Tz>::date`: Use `date_naive()` instead
[INFO] [stdout]   --> src/metrics/datetime.rs:99:23
[INFO] [stdout]    |
[INFO] [stdout] 99 |         let date = dt.date();
[INFO] [stdout]    |                       ^^^^
[INFO] [stdout] 
[INFO] [stdout] 
[INFO] [stdout] warning: use of deprecated associated function `chrono::FixedOffset::east`: use `east_opt()` instead
[INFO] [stdout]    --> src/metrics/datetime.rs:162:49
[INFO] [stdout]     |
[INFO] [stdout] 162 |                 let datetime_obj = FixedOffset::east(dt.offset_seconds)
[INFO] [stdout]     |                                                 ^^^^
[INFO] [stdout] 
[INFO] [stdout] 
[INFO] [stdout] warning: use of deprecated method `chrono::TimeZone::ymd_opt`: use `with_ymd_and_hms()` instead
[INFO] [stdout]    --> src/metrics/datetime.rs:163:22
[INFO] [stdout]     |
[INFO] [stdout] 163 |                     .ymd_opt(dt.year, dt.month, dt.day)
[INFO] [stdout]     |                      ^^^^^^^
[INFO] [stdout] 
[INFO] [stdout] 
[INFO] [stdout] warning: use of deprecated method `chrono::DateTime::<Tz>::date`: Use `date_naive()` instead
[INFO] [stdout]    --> src/metrics/datetime.rs:204:39
[INFO] [stdout]     |
[INFO] [stdout] 204 |             TimeUnit::Nanosecond => d.date().and_hms_nano_opt(
[INFO] [stdout]     |                                       ^^^^
[INFO] [stdout] 
[INFO] [stdout] 
[INFO] [stdout] warning: use of deprecated method `chrono::DateTime::<Tz>::date`: Use `date_naive()` instead
[INFO] [stdout]    --> src/metrics/datetime.rs:216:19
[INFO] [stdout]     |
[INFO] [stdout] 216 |                 d.date().and_hms_nano_opt(
[INFO] [stdout]     |                   ^^^^
[INFO] [stdout] 
[INFO] [stdout] 
[INFO] [stdout] warning: use of deprecated method `chrono::DateTime::<Tz>::date`: Use `date_naive()` instead
[INFO] [stdout]    --> src/metrics/datetime.rs:223:40
[INFO] [stdout]     |
[INFO] [stdout] 223 |             TimeUnit::Millisecond => d.date().and_hms_nano_opt(
[INFO] [stdout]     |                                        ^^^^
[INFO] [stdout] 
[INFO] [stdout] 
[INFO] [stdout] warning: use of deprecated method `chrono::DateTime::<Tz>::date`: Use `date_naive()` instead
[INFO] [stdout]    --> src/metrics/datetime.rs:230:19
[INFO] [stdout]     |
[INFO] [stdout] 230 |                 d.date()
[INFO] [stdout]     |                   ^^^^
[INFO] [stdout] 
[INFO] [stdout] 
[INFO] [stdout] warning: use of deprecated method `chrono::DateTime::<Tz>::date`: Use `date_naive()` instead
[INFO] [stdout]    --> src/metrics/datetime.rs:233:35
[INFO] [stdout]     |
[INFO] [stdout] 233 |             TimeUnit::Minute => d.date().and_hms_nano_opt(time.hour(), time.minute(), 0, 0),
[INFO] [stdout]     |                                   ^^^^
[INFO] [stdout] 
[INFO] [stdout] 
[INFO] [stdout] warning: use of deprecated method `chrono::DateTime::<Tz>::date`: Use `date_naive()` instead
[INFO] [stdout]    --> src/metrics/datetime.rs:234:33
[INFO] [stdout]     |
[INFO] [stdout] 234 |             TimeUnit::Hour => d.date().and_hms_nano_opt(time.hour(), 0, 0, 0),
[INFO] [stdout]     |                                 ^^^^
[INFO] [stdout] 
[INFO] [stdout] 
[INFO] [stdout] warning: use of deprecated method `chrono::DateTime::<Tz>::date`: Use `date_naive()` instead
[INFO] [stdout]    --> src/metrics/datetime.rs:235:32
[INFO] [stdout]     |
[INFO] [stdout] 235 |             TimeUnit::Day => d.date().and_hms_nano_opt(0, 0, 0, 0),
[INFO] [stdout]     |                                ^^^^
[INFO] [stdout] 
[INFO] [stdout] 
[INFO] [stdout] warning: use of deprecated method `chrono::DateTime::<Tz>::date`: Use `date_naive()` instead
[INFO] [stdout]    --> src/scheduler.rs:137:65
[INFO] [stdout]     |
[INFO] [stdout] 137 |     let already_sent_today = last_sent_time.map_or(false, |d| d.date() == now.date());
[INFO] [stdout]     |                                                                 ^^^^
[INFO] [stdout] 
[INFO] [stdout] 
[INFO] [stdout] warning: use of deprecated method `chrono::DateTime::<Tz>::date`: Use `date_naive()` instead
[INFO] [stdout]    --> src/scheduler.rs:137:79
[INFO] [stdout]     |
[INFO] [stdout] 137 |     let already_sent_today = last_sent_time.map_or(false, |d| d.date() == now.date());
[INFO] [stdout]     |                                                                               ^^^^
[INFO] [stdout] 
[INFO] [stdout] 
[INFO] [stdout] warning: use of deprecated method `chrono::DateTime::<Tz>::date`: Use `date_naive()` instead
[INFO] [stdout]    --> src/scheduler.rs:142:25
[INFO] [stdout]     |
[INFO] [stdout] 142 |     } else if now > now.date().and_hms(SCHEDULED_HOUR, 0, 0) {
[INFO] [stdout]     |                         ^^^^
[INFO] [stdout] 
[INFO] [stdout] 
[INFO] [stdout] warning: use of deprecated method `chrono::Date::<Tz>::and_hms`: Use and_hms_opt() instead
[INFO] [stdout]    --> src/scheduler.rs:142:32
[INFO] [stdout]     |
[INFO] [stdout] 142 |     } else if now > now.date().and_hms(SCHEDULED_HOUR, 0, 0) {
[INFO] [stdout]     |                                ^^^^^^^
[INFO] [stdout] 
[INFO] [stdout] 
[INFO] [stdout] warning: use of deprecated method `chrono::DateTime::<Tz>::date`: Use `date_naive()` instead
[INFO] [stdout]    --> src/scheduler.rs:168:32
[INFO] [stdout]     |
[INFO] [stdout] 168 |             Self::Today => now.date().and_hms(SCHEDULED_HOUR, 0, 0),
[INFO] [stdout]     |                                ^^^^
[INFO] [stdout] 
[INFO] [stdout] 
[INFO] [stdout] warning: use of deprecated method `chrono::Date::<Tz>::and_hms`: Use and_hms_opt() instead
[INFO] [stdout]    --> src/scheduler.rs:168:39
[INFO] [stdout]     |
[INFO] [stdout] 168 |             Self::Today => now.date().and_hms(SCHEDULED_HOUR, 0, 0),
[INFO] [stdout]     |                                       ^^^^^^^
[INFO] [stdout] 
[INFO] [stdout] 
[INFO] [stdout] warning: use of deprecated method `chrono::DateTime::<Tz>::date`: Use `date_naive()` instead
[INFO] [stdout]    --> src/scheduler.rs:172:22
[INFO] [stdout]     |
[INFO] [stdout] 172 |                 (now.date() + Duration::days(1)).and_hms(SCHEDULED_HOUR, 0, 0)
[INFO] [stdout]     |                      ^^^^
[INFO] [stdout] 
[INFO] [stdout] 
[INFO] [stdout] warning: use of deprecated method `chrono::Date::<Tz>::and_hms`: Use and_hms_opt() instead
[INFO] [stdout]    --> src/scheduler.rs:172:50
[INFO] [stdout]     |
[INFO] [stdout] 172 |                 (now.date() + Duration::days(1)).and_hms(SCHEDULED_HOUR, 0, 0)
[INFO] [stdout]     |                                                  ^^^^^^^
[INFO] [stdout] 
[INFO] [stdout] 
[INFO] [stdout] warning: use of deprecated associated function `chrono::FixedOffset::east`: use `east_opt()` instead
[INFO] [stdout]    --> src/scheduler.rs:341:37
[INFO] [stdout]     |
[INFO] [stdout] 341 |         let fake_now = FixedOffset::east(0)
[INFO] [stdout]     |                                     ^^^^
[INFO] [stdout] 
[INFO] [stdout] 
[INFO] [stdout] warning: use of deprecated method `chrono::TimeZone::ymd`: use `with_ymd_and_hms()` instead
[INFO] [stdout]    --> src/scheduler.rs:342:14
[INFO] [stdout]     |
[INFO] [stdout] 342 |             .ymd(2022, 11, 15)
[INFO] [stdout]     |              ^^^
[INFO] [stdout] 
[INFO] [stdout] 
[INFO] [stdout] warning: use of deprecated method `chrono::Date::<Tz>::and_hms`: Use and_hms_opt() instead
[INFO] [stdout]    --> src/scheduler.rs:343:14
[INFO] [stdout]     |
[INFO] [stdout] 343 |             .and_hms(SCHEDULED_HOUR, 0, 1);
[INFO] [stdout]     |              ^^^^^^^
[INFO] [stdout] 
[INFO] [stdout] 
[INFO] [stdout] warning: use of deprecated associated function `chrono::FixedOffset::east`: use `east_opt()` instead
[INFO] [stdout]    --> src/scheduler.rs:385:37
[INFO] [stdout]     |
[INFO] [stdout] 385 |         let fake_now = FixedOffset::east(0).ymd(2021, 4, 30).and_hms(14, 36, 14);
[INFO] [stdout]     |                                     ^^^^
[INFO] [stdout] 
[INFO] [stdout] 
[INFO] [stdout] warning: use of deprecated method `chrono::TimeZone::ymd`: use `with_ymd_and_hms()` instead
[INFO] [stdout]    --> src/scheduler.rs:385:45
[INFO] [stdout]     |
[INFO] [stdout] 385 |         let fake_now = FixedOffset::east(0).ymd(2021, 4, 30).and_hms(14, 36, 14);
[INFO] [stdout]     |                                             ^^^
[INFO] [stdout] 
[INFO] [stdout] 
[INFO] [stdout] warning: use of deprecated method `chrono::Date::<Tz>::and_hms`: Use and_hms_opt() instead
[INFO] [stdout]    --> src/scheduler.rs:385:62
[INFO] [stdout]     |
[INFO] [stdout] 385 |         let fake_now = FixedOffset::east(0).ymd(2021, 4, 30).and_hms(14, 36, 14);
[INFO] [stdout]     |                                                              ^^^^^^^
[INFO] [stdout] 
[INFO] [stdout] 
[INFO] [stdout] warning: use of deprecated associated function `chrono::FixedOffset::east`: use `east_opt()` instead
[INFO] [stdout]    --> src/scheduler.rs:404:43
[INFO] [stdout]     |
[INFO] [stdout] 404 |         let fake_yesterday = FixedOffset::east(0)
[INFO] [stdout]     |                                           ^^^^
[INFO] [stdout] 
[INFO] [stdout] 
[INFO] [stdout] warning: use of deprecated method `chrono::TimeZone::ymd`: use `with_ymd_and_hms()` instead
[INFO] [stdout]    --> src/scheduler.rs:405:14
[INFO] [stdout]     |
[INFO] [stdout] 405 |             .ymd(2021, 4, 29)
[INFO] [stdout]     |              ^^^
[INFO] [stdout] 
[INFO] [stdout] 
[INFO] [stdout] warning: use of deprecated method `chrono::Date::<Tz>::and_hms`: Use and_hms_opt() instead
[INFO] [stdout]    --> src/scheduler.rs:406:14
[INFO] [stdout]     |
[INFO] [stdout] 406 |             .and_hms(SCHEDULED_HOUR, 0, 1);
[INFO] [stdout]     |              ^^^^^^^
[INFO] [stdout] 
[INFO] [stdout] 
[INFO] [stdout] warning: use of deprecated associated function `chrono::FixedOffset::east`: use `east_opt()` instead
[INFO] [stdout]    --> src/scheduler.rs:427:26
[INFO] [stdout]     |
[INFO] [stdout] 427 |             FixedOffset::east(0)
[INFO] [stdout]     |                          ^^^^
[INFO] [stdout] 
[INFO] [stdout] 
[INFO] [stdout] warning: use of deprecated method `chrono::TimeZone::ymd`: use `with_ymd_and_hms()` instead
[INFO] [stdout]    --> src/scheduler.rs:428:18
[INFO] [stdout]     |
[INFO] [stdout] 428 |                 .ymd(2021, 4, 29)
[INFO] [stdout]     |                  ^^^
[INFO] [stdout] 
[INFO] [stdout] 
[INFO] [stdout] warning: use of deprecated method `chrono::Date::<Tz>::and_hms`: Use and_hms_opt() instead
[INFO] [stdout]    --> src/scheduler.rs:429:18
[INFO] [stdout]     |
[INFO] [stdout] 429 |                 .and_hms(SCHEDULED_HOUR - 1, 0, 1);
[INFO] [stdout]     |                  ^^^^^^^
[INFO] [stdout] 
[INFO] [stdout] 
[INFO] [stdout] warning: use of deprecated associated function `chrono::FixedOffset::east`: use `east_opt()` instead
[INFO] [stdout]    --> src/scheduler.rs:445:32
[INFO] [stdout]     |
[INFO] [stdout] 445 |         let now = FixedOffset::east(0).ymd(2021, 4, 30).and_hms(15, 2, 10);
[INFO] [stdout]     |                                ^^^^
[INFO] [stdout] 
[INFO] [stdout] 
[INFO] [stdout] warning: use of deprecated method `chrono::TimeZone::ymd`: use `with_ymd_and_hms()` instead
[INFO] [stdout]    --> src/scheduler.rs:445:40
[INFO] [stdout]     |
[INFO] [stdout] 445 |         let now = FixedOffset::east(0).ymd(2021, 4, 30).and_hms(15, 2, 10);
[INFO] [stdout]     |                                        ^^^
[INFO] [stdout] 
[INFO] [stdout] 
[INFO] [stdout] warning: use of deprecated method `chrono::Date::<Tz>::and_hms`: Use and_hms_opt() instead
[INFO] [stdout]    --> src/scheduler.rs:445:57
[INFO] [stdout]     |
[INFO] [stdout] 445 |         let now = FixedOffset::east(0).ymd(2021, 4, 30).and_hms(15, 2, 10);
[INFO] [stdout]     |                                                         ^^^^^^^
[INFO] [stdout] 
[INFO] [stdout] 
[INFO] [stdout] warning: use of deprecated method `chrono::DateTime::<Tz>::date`: Use `date_naive()` instead
[INFO] [stdout]    --> src/scheduler.rs:449:27
[INFO] [stdout]     |
[INFO] [stdout] 449 |         let earlier = now.date().and_hms(SCHEDULED_HOUR - 1, 0, 0);
[INFO] [stdout]     |                           ^^^^
[INFO] [stdout] 
[INFO] [stdout] 
[INFO] [stdout] warning: use of deprecated method `chrono::Date::<Tz>::and_hms`: Use and_hms_opt() instead
[INFO] [stdout]    --> src/scheduler.rs:449:34
[INFO] [stdout]     |
[INFO] [stdout] 449 |         let earlier = now.date().and_hms(SCHEDULED_HOUR - 1, 0, 0);
[INFO] [stdout]     |                                  ^^^^^^^
[INFO] [stdout] 
[INFO] [stdout] 
[INFO] [stdout] warning: use of deprecated associated function `chrono::FixedOffset::east`: use `east_opt()` instead
[INFO] [stdout]    --> src/scheduler.rs:486:32
[INFO] [stdout]     |
[INFO] [stdout] 486 |         let now = FixedOffset::east(0)
[INFO] [stdout]     |                                ^^^^
[INFO] [stdout] 
[INFO] [stdout] 
[INFO] [stdout] warning: use of deprecated method `chrono::TimeZone::ymd`: use `with_ymd_and_hms()` instead
[INFO] [stdout]    --> src/scheduler.rs:487:14
[INFO] [stdout]     |
[INFO] [stdout] 487 |             .ymd(2021, 4, 30)
[INFO] [stdout]     |              ^^^
[INFO] [stdout] 
[INFO] [stdout] 
[INFO] [stdout] warning: use of deprecated method `chrono::Date::<Tz>::and_hms`: Use and_hms_opt() instead
[INFO] [stdout]    --> src/scheduler.rs:488:14
[INFO] [stdout]     |
[INFO] [stdout] 488 |             .and_hms(SCHEDULED_HOUR - 2, 0, 0);
[INFO] [stdout]     |              ^^^^^^^
[INFO] [stdout] 
[INFO] [stdout] 
[INFO] [stdout] warning: use of deprecated associated function `chrono::FixedOffset::east`: use `east_opt()` instead
[INFO] [stdout]    --> src/scheduler.rs:544:32
[INFO] [stdout]     |
[INFO] [stdout] 544 |         let now = FixedOffset::east(0).ymd(2021, 4, 20).and_hms(15, 42, 0);
[INFO] [stdout]     |                                ^^^^
[INFO] [stdout] 
[INFO] [stdout] 
[INFO] [stdout] warning: use of deprecated method `chrono::TimeZone::ymd`: use `with_ymd_and_hms()` instead
[INFO] [stdout]    --> src/scheduler.rs:544:40
[INFO] [stdout]     |
[INFO] [stdout] 544 |         let now = FixedOffset::east(0).ymd(2021, 4, 20).and_hms(15, 42, 0);
[INFO] [stdout]     |                                        ^^^
[INFO] [stdout] 
[INFO] [stdout] 
[INFO] [stdout] warning: use of deprecated method `chrono::Date::<Tz>::and_hms`: Use and_hms_opt() instead
[INFO] [stdout]    --> src/scheduler.rs:544:57
[INFO] [stdout]     |
[INFO] [stdout] 544 |         let now = FixedOffset::east(0).ymd(2021, 4, 20).and_hms(15, 42, 0);
[INFO] [stdout]     |                                                         ^^^^^^^
[INFO] [stdout] 
[INFO] [stdout] 
[INFO] [stdout] warning: use of deprecated method `chrono::TimeZone::ymd`: use `with_ymd_and_hms()` instead
[INFO] [stdout]    --> src/upload/request.rs:264:39
[INFO] [stdout]     |
[INFO] [stdout] 264 |         let date: DateTime<Utc> = Utc.ymd(2018, 2, 25).and_hms(11, 10, 37);
[INFO] [stdout]     |                                       ^^^
[INFO] [stdout] 
[INFO] [stdout] 
[INFO] [stdout] warning: use of deprecated method `chrono::Date::<Tz>::and_hms`: Use and_hms_opt() instead
[INFO] [stdout]    --> src/upload/request.rs:264:56
[INFO] [stdout]     |
[INFO] [stdout] 264 |         let date: DateTime<Utc> = Utc.ymd(2018, 2, 25).and_hms(11, 10, 37);
[INFO] [stdout]     |                                                        ^^^^^^^
[INFO] [stdout] 
[INFO] [stdout] 
[INFO] [stdout] warning: use of deprecated associated function `chrono::FixedOffset::east`: use `east_opt()` instead
[INFO] [stdout]    --> src/util.rs:249:31
[INFO] [stdout]     |
[INFO] [stdout] 249 |         let dt = FixedOffset::east(3600)
[INFO] [stdout]     |                               ^^^^
[INFO] [stdout] 
[INFO] [stdout] 
[INFO] [stdout] warning: use of deprecated method `chrono::TimeZone::ymd`: use `with_ymd_and_hms()` instead
[INFO] [stdout]    --> src/util.rs:250:14
[INFO] [stdout]     |
[INFO] [stdout] 250 |             .ymd(1985, 7, 3)
[INFO] [stdout]     |              ^^^
[INFO] [stdout] 
[INFO] [stdout] 
[INFO] [stdout] warning: use of deprecated method `chrono::Date::<Tz>::and_hms_nano`: Use and_hms_nano_opt() instead
[INFO] [stdout]    --> src/util.rs:251:14
[INFO] [stdout]     |
[INFO] [stdout] 251 |             .and_hms_nano(12, 9, 14, 1_560_274);
[INFO] [stdout]     |              ^^^^^^^^^^^^
[INFO] [stdout] 
[INFO] [stdout] 
[INFO] [stdout] warning: use of deprecated associated function `chrono::FixedOffset::east`: use `east_opt()` instead
[INFO] [stdout]    --> src/lib_unit_tests.rs:472:27
[INFO] [stdout]     |
[INFO] [stdout] 472 |     let dt = FixedOffset::east(9*3600).ymd(2014, 11, 28).and_hms_nano(21, 45, 59, 12);
[INFO] [stdout]     |                           ^^^^
[INFO] [stdout] 
[INFO] [stdout] 
[INFO] [stdout] warning: use of deprecated method `chrono::TimeZone::ymd`: use `with_ymd_and_hms()` instead
[INFO] [stdout]    --> src/lib_unit_tests.rs:472:40
[INFO] [stdout]     |
[INFO] [stdout] 472 |     let dt = FixedOffset::east(9*3600).ymd(2014, 11, 28).and_hms_nano(21, 45, 59, 12);
[INFO] [stdout]     |                                        ^^^
[INFO] [stdout] 
[INFO] [stdout] 
[INFO] [stdout] warning: use of deprecated method `chrono::Date::<Tz>::and_hms_nano`: Use and_hms_nano_opt() instead
[INFO] [stdout]    --> src/lib_unit_tests.rs:472:58
[INFO] [stdout]     |
[INFO] [stdout] 472 |     let dt = FixedOffset::east(9*3600).ymd(2014, 11, 28).and_hms_nano(21, 45, 59, 12);
[INFO] [stdout]     |                                                          ^^^^^^^^^^^^
[INFO] [stdout] 
[INFO] [stdout] 
[INFO] [stdout] warning: use of deprecated associated function `chrono::FixedOffset::east`: use `east_opt()` instead
[INFO] [stdout]   --> tests/common/mod.rs:79:37
[INFO] [stdout]    |
[INFO] [stdout] 79 |         return chrono::FixedOffset::east(datetime.time.tz_offset_hours * 3600)
[INFO] [stdout]    |                                     ^^^^
[INFO] [stdout]    |
[INFO] [stdout]    = note: `#[warn(deprecated)]` on by default
[INFO] [stdout] 
[INFO] [stdout] 
[INFO] [stdout] warning: use of deprecated method `chrono::TimeZone::ymd`: use `with_ymd_and_hms()` instead
[INFO] [stdout]   --> tests/common/mod.rs:80:14
[INFO] [stdout]    |
[INFO] [stdout] 80 |             .ymd(year, month, day)
[INFO] [stdout]    |              ^^^
[INFO] [stdout] 
[INFO] [stdout] 
[INFO] [stdout] warning: use of deprecated method `chrono::Date::<Tz>::and_hms_milli`: Use and_hms_milli_opt() instead
[INFO] [stdout]   --> tests/common/mod.rs:81:14
[INFO] [stdout]    |
[INFO] [stdout] 81 |             .and_hms_milli(
[INFO] [stdout]    |              ^^^^^^^^^^^^^
[INFO] [stdout] 
[INFO] [stdout] 
[INFO] [stdout] warning: use of deprecated associated function `chrono::FixedOffset::east`: use `east_opt()` instead
[INFO] [stdout]   --> tests/common/mod.rs:79:37
[INFO] [stdout]    |
[INFO] [stdout] 79 |         return chrono::FixedOffset::east(datetime.time.tz_offset_hours * 3600)
[INFO] [stdout]    |                                     ^^^^
[INFO] [stdout]    |
[INFO] [stdout]    = note: `#[warn(deprecated)]` on by default
[INFO] [stdout] 
[INFO] [stdout] 
[INFO] [stdout] warning: use of deprecated method `chrono::TimeZone::ymd`: use `with_ymd_and_hms()` instead
[INFO] [stdout]   --> tests/common/mod.rs:80:14
[INFO] [stdout]    |
[INFO] [stdout] 80 |             .ymd(year, month, day)
[INFO] [stdout]    |              ^^^
[INFO] [stdout] 
[INFO] [stdout] 
[INFO] [stdout] warning: use of deprecated method `chrono::Date::<Tz>::and_hms_milli`: Use and_hms_milli_opt() instead
[INFO] [stdout]   --> tests/common/mod.rs:81:14
[INFO] [stdout]    |
[INFO] [stdout] 81 |             .and_hms_milli(
[INFO] [stdout]    |              ^^^^^^^^^^^^^
[INFO] [stdout] 
[INFO] [stdout] 
[INFO] [stdout] warning: use of deprecated associated function `chrono::FixedOffset::east`: use `east_opt()` instead
[INFO] [stdout]   --> tests/common/mod.rs:79:37
[INFO] [stdout]    |
[INFO] [stdout] 79 |         return chrono::FixedOffset::east(datetime.time.tz_offset_hours * 3600)
[INFO] [stdout]    |                                     ^^^^
[INFO] [stdout]    |
[INFO] [stdout]    = note: `#[warn(deprecated)]` on by default
[INFO] [stdout] 
[INFO] [stdout] 
[INFO] [stdout] warning: use of deprecated method `chrono::TimeZone::ymd`: use `with_ymd_and_hms()` instead
[INFO] [stdout]   --> tests/common/mod.rs:80:14
[INFO] [stdout]    |
[INFO] [stdout] 80 |             .ymd(year, month, day)
[INFO] [stdout]    |              ^^^
[INFO] [stdout] 
[INFO] [stdout] 
[INFO] [stdout] warning: use of deprecated method `chrono::Date::<Tz>::and_hms_milli`: Use and_hms_milli_opt() instead
[INFO] [stdout]   --> tests/common/mod.rs:81:14
[INFO] [stdout]    |
[INFO] [stdout] 81 |             .and_hms_milli(
[INFO] [stdout]    |              ^^^^^^^^^^^^^
[INFO] [stdout] 
[INFO] [stdout] 
[INFO] [stdout] warning: use of deprecated associated function `chrono::FixedOffset::east`: use `east_opt()` instead
[INFO] [stdout]   --> tests/common/mod.rs:79:37
[INFO] [stdout]    |
[INFO] [stdout] 79 |         return chrono::FixedOffset::east(datetime.time.tz_offset_hours * 3600)
[INFO] [stdout]    |                                     ^^^^
[INFO] [stdout]    |
[INFO] [stdout]    = note: `#[warn(deprecated)]` on by default
[INFO] [stdout] 
[INFO] [stdout] 
[INFO] [stdout] warning: use of deprecated method `chrono::TimeZone::ymd`: use `with_ymd_and_hms()` instead
[INFO] [stdout]   --> tests/common/mod.rs:80:14
[INFO] [stdout]    |
[INFO] [stdout] 80 |             .ymd(year, month, day)
[INFO] [stdout]    |              ^^^
[INFO] [stdout] 
[INFO] [stdout] 
[INFO] [stdout] warning: use of deprecated method `chrono::Date::<Tz>::and_hms_milli`: Use and_hms_milli_opt() instead
[INFO] [stdout]   --> tests/common/mod.rs:81:14
[INFO] [stdout]    |
[INFO] [stdout] 81 |             .and_hms_milli(
[INFO] [stdout]    |              ^^^^^^^^^^^^^
[INFO] [stdout] 
[INFO] [stdout] 
[INFO] [stdout] warning: use of deprecated associated function `chrono::FixedOffset::east`: use `east_opt()` instead
[INFO] [stdout]   --> tests/common/mod.rs:79:37
[INFO] [stdout]    |
[INFO] [stdout] 79 |         return chrono::FixedOffset::east(datetime.time.tz_offset_hours * 3600)
[INFO] [stdout]    |                                     ^^^^
[INFO] [stdout]    |
[INFO] [stdout]    = note: `#[warn(deprecated)]` on by default
[INFO] [stdout] 
[INFO] [stdout] 
[INFO] [stdout] warning: use of deprecated method `chrono::TimeZone::ymd`: use `with_ymd_and_hms()` instead
[INFO] [stdout]   --> tests/common/mod.rs:80:14
[INFO] [stdout]    |
[INFO] [stdout] 80 |             .ymd(year, month, day)
[INFO] [stdout]    |              ^^^
[INFO] [stdout] 
[INFO] [stdout] 
[INFO] [stdout] warning: use of deprecated method `chrono::Date::<Tz>::and_hms_milli`: Use and_hms_milli_opt() instead
[INFO] [stdout]   --> tests/common/mod.rs:81:14
[INFO] [stdout]    |
[INFO] [stdout] 81 |             .and_hms_milli(
[INFO] [stdout]    |              ^^^^^^^^^^^^^
[INFO] [stdout] 
[INFO] [stdout] 
[INFO] [stdout] warning: use of deprecated associated function `chrono::FixedOffset::east`: use `east_opt()` instead
[INFO] [stdout]   --> tests/common/mod.rs:79:37
[INFO] [stdout]    |
[INFO] [stdout] 79 |         return chrono::FixedOffset::east(datetime.time.tz_offset_hours * 3600)
[INFO] [stdout]    |                                     ^^^^
[INFO] [stdout]    |
[INFO] [stdout]    = note: `#[warn(deprecated)]` on by default
[INFO] [stdout] 
[INFO] [stdout] 
[INFO] [stdout] warning: use of deprecated method `chrono::TimeZone::ymd`: use `with_ymd_and_hms()` instead
[INFO] [stdout]   --> tests/common/mod.rs:80:14
[INFO] [stdout]    |
[INFO] [stdout] 80 |             .ymd(year, month, day)
[INFO] [stdout]    |              ^^^
[INFO] [stdout] 
[INFO] [stdout] 
[INFO] [stdout] warning: use of deprecated method `chrono::Date::<Tz>::and_hms_milli`: Use and_hms_milli_opt() instead
[INFO] [stdout]   --> tests/common/mod.rs:81:14
[INFO] [stdout]    |
[INFO] [stdout] 81 |             .and_hms_milli(
[INFO] [stdout]    |              ^^^^^^^^^^^^^
[INFO] [stdout] 
[INFO] [stdout] 
[INFO] [stdout] warning: use of deprecated associated function `chrono::FixedOffset::east`: use `east_opt()` instead
[INFO] [stdout]   --> tests/common/mod.rs:79:37
[INFO] [stdout]    |
[INFO] [stdout] 79 |         return chrono::FixedOffset::east(datetime.time.tz_offset_hours * 3600)
[INFO] [stdout]    |                                     ^^^^
[INFO] [stdout]    |
[INFO] [stdout]    = note: `#[warn(deprecated)]` on by default
[INFO] [stdout] 
[INFO] [stdout] 
[INFO] [stdout] warning: use of deprecated method `chrono::TimeZone::ymd`: use `with_ymd_and_hms()` instead
[INFO] [stdout]   --> tests/common/mod.rs:80:14
[INFO] [stdout]    |
[INFO] [stdout] 80 |             .ymd(year, month, day)
[INFO] [stdout]    |              ^^^
[INFO] [stdout] 
[INFO] [stdout] 
[INFO] [stdout] warning: use of deprecated associated function `chrono::FixedOffset::east`: use `east_opt()` instead
[INFO] [stdout]   --> tests/common/mod.rs:79:37
[INFO] [stdout]    |
[INFO] [stdout] 79 |         return chrono::FixedOffset::east(datetime.time.tz_offset_hours * 3600)
[INFO] [stdout]    |                                     ^^^^
[INFO] [stdout]    |
[INFO] [stdout]    = note: `#[warn(deprecated)]` on by default
[INFO] [stdout] 
[INFO] [stdout] 
[INFO] [stdout] warning: use of deprecated method `chrono::Date::<Tz>::and_hms_milli`: Use and_hms_milli_opt() instead
[INFO] [stdout]   --> tests/common/mod.rs:81:14
[INFO] [stdout]    |
[INFO] [stdout] 81 |             .and_hms_milli(
[INFO] [stdout]    |              ^^^^^^^^^^^^^
[INFO] [stdout] 
[INFO] [stdout] 
[INFO] [stdout] warning: use of deprecated method `chrono::TimeZone::ymd`: use `with_ymd_and_hms()` instead
[INFO] [stdout]   --> tests/common/mod.rs:80:14
[INFO] [stdout]    |
[INFO] [stdout] 80 |             .ymd(year, month, day)
[INFO] [stdout]    |              ^^^
[INFO] [stdout] 
[INFO] [stdout] 
[INFO] [stdout] warning: use of deprecated method `chrono::Date::<Tz>::and_hms_milli`: Use and_hms_milli_opt() instead
[INFO] [stdout]   --> tests/common/mod.rs:81:14
[INFO] [stdout]    |
[INFO] [stdout] 81 |             .and_hms_milli(
[INFO] [stdout]    |              ^^^^^^^^^^^^^
[INFO] [stdout] 
[INFO] [stdout] 
[INFO] [stdout] warning: use of deprecated associated function `chrono::FixedOffset::east`: use `east_opt()` instead
[INFO] [stdout]   --> tests/common/mod.rs:79:37
[INFO] [stdout]    |
[INFO] [stdout] 79 |         return chrono::FixedOffset::east(datetime.time.tz_offset_hours * 3600)
[INFO] [stdout]    |                                     ^^^^
[INFO] [stdout]    |
[INFO] [stdout]    = note: `#[warn(deprecated)]` on by default
[INFO] [stdout] 
[INFO] [stdout] 
[INFO] [stdout] warning: use of deprecated method `chrono::TimeZone::ymd`: use `with_ymd_and_hms()` instead
[INFO] [stdout]   --> tests/common/mod.rs:80:14
[INFO] [stdout]    |
[INFO] [stdout] 80 |             .ymd(year, month, day)
[INFO] [stdout]    |              ^^^
[INFO] [stdout] 
[INFO] [stdout] 
[INFO] [stdout] warning: use of deprecated method `chrono::Date::<Tz>::and_hms_milli`: Use and_hms_milli_opt() instead
[INFO] [stdout]   --> tests/common/mod.rs:81:14
[INFO] [stdout]    |
[INFO] [stdout] 81 |             .and_hms_milli(
[INFO] [stdout]    |              ^^^^^^^^^^^^^
[INFO] [stdout] 
[INFO] [stdout] 
[INFO] [stdout] warning: use of deprecated associated function `chrono::FixedOffset::east`: use `east_opt()` instead
[INFO] [stdout]   --> tests/common/mod.rs:79:37
[INFO] [stdout]    |
[INFO] [stdout] 79 |         return chrono::FixedOffset::east(datetime.time.tz_offset_hours * 3600)
[INFO] [stdout]    |                                     ^^^^
[INFO] [stdout]    |
[INFO] [stdout]    = note: `#[warn(deprecated)]` on by default
[INFO] [stdout] 
[INFO] [stdout] 
[INFO] [stdout] warning: use of deprecated associated function `chrono::FixedOffset::east`: use `east_opt()` instead
[INFO] [stdout]   --> tests/common/mod.rs:79:37
[INFO] [stdout]    |
[INFO] [stdout] 79 |         return chrono::FixedOffset::east(datetime.time.tz_offset_hours * 3600)
[INFO] [stdout]    |                                     ^^^^
[INFO] [stdout]    |
[INFO] [stdout]    = note: `#[warn(deprecated)]` on by default
[INFO] [stdout] 
[INFO] [stdout] 
[INFO] [stdout] warning: use of deprecated method `chrono::TimeZone::ymd`: use `with_ymd_and_hms()` instead
[INFO] [stdout]   --> tests/common/mod.rs:80:14
[INFO] [stdout]    |
[INFO] [stdout] 80 |             .ymd(year, month, day)
[INFO] [stdout]    |              ^^^
[INFO] [stdout] 
[INFO] [stdout] 
[INFO] [stdout] warning: use of deprecated associated function `chrono::FixedOffset::east`: use `east_opt()` instead
[INFO] [stdout]   --> tests/common/mod.rs:79:37
[INFO] [stdout]    |
[INFO] [stdout] 79 |         return chrono::FixedOffset::east(datetime.time.tz_offset_hours * 3600)
[INFO] [stdout]    |                                     ^^^^
[INFO] [stdout]    |
[INFO] [stdout]    = note: `#[warn(deprecated)]` on by default
[INFO] [stdout] 
[INFO] [stdout] 
[INFO] [stdout] warning: use of deprecated method `chrono::Date::<Tz>::and_hms_milli`: Use and_hms_milli_opt() instead
[INFO] [stdout]   --> tests/common/mod.rs:81:14
[INFO] [stdout]    |
[INFO] [stdout] 81 |             .and_hms_milli(
[INFO] [stdout]    |              ^^^^^^^^^^^^^
[INFO] [stdout] 
[INFO] [stdout] 
[INFO] [stdout] warning: use of deprecated method `chrono::TimeZone::ymd`: use `with_ymd_and_hms()` instead
[INFO] [stdout]   --> tests/common/mod.rs:80:14
[INFO] [stdout]    |
[INFO] [stdout] 80 |             .ymd(year, month, day)
[INFO] [stdout]    |              ^^^
[INFO] [stdout] 
[INFO] [stdout] 
[INFO] [stdout] warning: use of deprecated method `chrono::Date::<Tz>::and_hms_milli`: Use and_hms_milli_opt() instead
[INFO] [stdout]   --> tests/common/mod.rs:81:14
[INFO] [stdout]    |
[INFO] [stdout] 81 |             .and_hms_milli(
[INFO] [stdout]    |              ^^^^^^^^^^^^^
[INFO] [stdout] 
[INFO] [stdout] 
[INFO] [stdout] warning: use of deprecated method `chrono::TimeZone::ymd`: use `with_ymd_and_hms()` instead
[INFO] [stdout]   --> tests/common/mod.rs:80:14
[INFO] [stdout]    |
[INFO] [stdout] 80 |             .ymd(year, month, day)
[INFO] [stdout]    |              ^^^
[INFO] [stdout] 
[INFO] [stdout] 
[INFO] [stdout] warning: use of deprecated associated function `chrono::FixedOffset::east`: use `east_opt()` instead
[INFO] [stdout]   --> tests/common/mod.rs:79:37
[INFO] [stdout]    |
[INFO] [stdout] 79 |         return chrono::FixedOffset::east(datetime.time.tz_offset_hours * 3600)
[INFO] [stdout]    |                                     ^^^^
[INFO] [stdout]    |
[INFO] [stdout]    = note: `#[warn(deprecated)]` on by default
[INFO] [stdout] 
[INFO] [stdout] 
[INFO] [stdout] warning: use of deprecated method `chrono::Date::<Tz>::and_hms_milli`: Use and_hms_milli_opt() instead
[INFO] [stdout]   --> tests/common/mod.rs:81:14
[INFO] [stdout]    |
[INFO] [stdout] 81 |             .and_hms_milli(
[INFO] [stdout]    |              ^^^^^^^^^^^^^
[INFO] [stdout] 
[INFO] [stdout] 
[INFO] [stdout] warning: use of deprecated method `chrono::TimeZone::ymd`: use `with_ymd_and_hms()` instead
[INFO] [stdout]   --> tests/common/mod.rs:80:14
[INFO] [stdout]    |
[INFO] [stdout] 80 |             .ymd(year, month, day)
[INFO] [stdout]    |              ^^^
[INFO] [stdout] 
[INFO] [stdout] 
[INFO] [stdout] warning: use of deprecated method `chrono::Date::<Tz>::and_hms_milli`: Use and_hms_milli_opt() instead
[INFO] [stdout]   --> tests/common/mod.rs:81:14
[INFO] [stdout]    |
[INFO] [stdout] 81 |             .and_hms_milli(
[INFO] [stdout]    |              ^^^^^^^^^^^^^
[INFO] [stdout] 
[INFO] [stdout] 
[INFO] [stdout] warning: use of deprecated associated function `chrono::FixedOffset::east`: use `east_opt()` instead
[INFO] [stdout]   --> tests/common/mod.rs:79:37
[INFO] [stdout]    |
[INFO] [stdout] 79 |         return chrono::FixedOffset::east(datetime.time.tz_offset_hours * 3600)
[INFO] [stdout]    |                                     ^^^^
[INFO] [stdout]    |
[INFO] [stdout]    = note: `#[warn(deprecated)]` on by default
[INFO] [stdout] 
[INFO] [stdout] 
[INFO] [stdout] warning: use of deprecated method `chrono::TimeZone::ymd`: use `with_ymd_and_hms()` instead
[INFO] [stdout]   --> tests/common/mod.rs:80:14
[INFO] [stdout]    |
[INFO] [stdout] 80 |             .ymd(year, month, day)
[INFO] [stdout]    |              ^^^
[INFO] [stdout] 
[INFO] [stdout] 
[INFO] [stdout] warning: use of deprecated method `chrono::Date::<Tz>::and_hms_milli`: Use and_hms_milli_opt() instead
[INFO] [stdout]   --> tests/common/mod.rs:81:14
[INFO] [stdout]    |
[INFO] [stdout] 81 |             .and_hms_milli(
[INFO] [stdout]    |              ^^^^^^^^^^^^^
[INFO] [stdout] 
[INFO] [stdout] 
[INFO] [stdout] warning: use of deprecated associated function `chrono::FixedOffset::east`: use `east_opt()` instead
[INFO] [stdout]   --> tests/common/mod.rs:79:37
[INFO] [stdout]    |
[INFO] [stdout] 79 |         return chrono::FixedOffset::east(datetime.time.tz_offset_hours * 3600)
[INFO] [stdout]    |                                     ^^^^
[INFO] [stdout]    |
[INFO] [stdout]    = note: `#[warn(deprecated)]` on by default
[INFO] [stdout] 
[INFO] [stdout] 
[INFO] [stdout] warning: use of deprecated method `chrono::TimeZone::ymd`: use `with_ymd_and_hms()` instead
[INFO] [stdout]   --> tests/common/mod.rs:80:14
[INFO] [stdout]    |
[INFO] [stdout] 80 |             .ymd(year, month, day)
[INFO] [stdout]    |              ^^^
[INFO] [stdout] 
[INFO] [stdout] 
[INFO] [stdout] warning: use of deprecated method `chrono::Date::<Tz>::and_hms_milli`: Use and_hms_milli_opt() instead
[INFO] [stdout]   --> tests/common/mod.rs:81:14
[INFO] [stdout]    |
[INFO] [stdout] 81 |             .and_hms_milli(
[INFO] [stdout]    |              ^^^^^^^^^^^^^
[INFO] [stdout] 
[INFO] [stdout] 
[INFO] [stdout] warning: use of deprecated associated function `chrono::FixedOffset::east`: use `east_opt()` instead
[INFO] [stdout]   --> tests/common/mod.rs:79:37
[INFO] [stdout]    |
[INFO] [stdout] 79 |         return chrono::FixedOffset::east(datetime.time.tz_offset_hours * 3600)
[INFO] [stdout]    |                                     ^^^^
[INFO] [stdout]    |
[INFO] [stdout]    = note: `#[warn(deprecated)]` on by default
[INFO] [stdout] 
[INFO] [stdout] 
[INFO] [stdout] warning: use of deprecated method `chrono::TimeZone::ymd`: use `with_ymd_and_hms()` instead
[INFO] [stdout]   --> tests/common/mod.rs:80:14
[INFO] [stdout]    |
[INFO] [stdout] 80 |             .ymd(year, month, day)
[INFO] [stdout]    |              ^^^
[INFO] [stdout] 
[INFO] [stdout] 
[INFO] [stdout] warning: use of deprecated method `chrono::Date::<Tz>::and_hms_milli`: Use and_hms_milli_opt() instead
[INFO] [stdout]   --> tests/common/mod.rs:81:14
[INFO] [stdout]    |
[INFO] [stdout] 81 |             .and_hms_milli(
[INFO] [stdout]    |              ^^^^^^^^^^^^^
[INFO] [stdout] 
[INFO] [stdout] 
[INFO] [stdout] warning: use of deprecated associated function `chrono::FixedOffset::east`: use `east_opt()` instead
[INFO] [stdout]   --> tests/common/mod.rs:79:37
[INFO] [stdout]    |
[INFO] [stdout] 79 |         return chrono::FixedOffset::east(datetime.time.tz_offset_hours * 3600)
[INFO] [stdout]    |                                     ^^^^
[INFO] [stdout]    |
[INFO] [stdout]    = note: `#[warn(deprecated)]` on by default
[INFO] [stdout] 
[INFO] [stdout] 
[INFO] [stdout] warning: use of deprecated method `chrono::TimeZone::ymd`: use `with_ymd_and_hms()` instead
[INFO] [stdout]   --> tests/common/mod.rs:80:14
[INFO] [stdout]    |
[INFO] [stdout] 80 |             .ymd(year, month, day)
[INFO] [stdout]    |              ^^^
[INFO] [stdout] 
[INFO] [stdout] 
[INFO] [stdout] warning: use of deprecated method `chrono::Date::<Tz>::and_hms_milli`: Use and_hms_milli_opt() instead
[INFO] [stdout]   --> tests/common/mod.rs:81:14
[INFO] [stdout]    |
[INFO] [stdout] 81 |             .and_hms_milli(
[INFO] [stdout]    |              ^^^^^^^^^^^^^
[INFO] [stdout] 
[INFO] [stdout] 
[INFO] [stdout] warning: use of deprecated associated function `chrono::FixedOffset::east`: use `east_opt()` instead
[INFO] [stdout]   --> tests/common/mod.rs:79:37
[INFO] [stdout]    |
[INFO] [stdout] 79 |         return chrono::FixedOffset::east(datetime.time.tz_offset_hours * 3600)
[INFO] [stdout]    |                                     ^^^^
[INFO] [stdout]    |
[INFO] [stdout]    = note: `#[warn(deprecated)]` on by default
[INFO] [stdout] 
[INFO] [stdout] 
[INFO] [stdout] warning: use of deprecated method `chrono::TimeZone::ymd`: use `with_ymd_and_hms()` instead
[INFO] [stdout]   --> tests/common/mod.rs:80:14
[INFO] [stdout]    |
[INFO] [stdout] 80 |             .ymd(year, month, day)
[INFO] [stdout]    |              ^^^
[INFO] [stdout] 
[INFO] [stdout] 
[INFO] [stdout] warning: use of deprecated method `chrono::Date::<Tz>::and_hms_milli`: Use and_hms_milli_opt() instead
[INFO] [stdout]   --> tests/common/mod.rs:81:14
[INFO] [stdout]    |
[INFO] [stdout] 81 |             .and_hms_milli(
[INFO] [stdout]    |              ^^^^^^^^^^^^^
[INFO] [stdout] 
[INFO] [stdout] 
[INFO] [stdout] warning: use of deprecated associated function `chrono::FixedOffset::east`: use `east_opt()` instead
[INFO] [stdout]   --> tests/common/mod.rs:79:37
[INFO] [stdout]    |
[INFO] [stdout] 79 |         return chrono::FixedOffset::east(datetime.time.tz_offset_hours * 3600)
[INFO] [stdout]    |                                     ^^^^
[INFO] [stdout]    |
[INFO] [stdout]    = note: `#[warn(deprecated)]` on by default
[INFO] [stdout] 
[INFO] [stdout] 
[INFO] [stdout] warning: use of deprecated method `chrono::TimeZone::ymd`: use `with_ymd_and_hms()` instead
[INFO] [stdout]   --> tests/common/mod.rs:80:14
[INFO] [stdout]    |
[INFO] [stdout] 80 |             .ymd(year, month, day)
[INFO] [stdout]    |              ^^^
[INFO] [stdout] 
[INFO] [stdout] 
[INFO] [stdout] warning: use of deprecated method `chrono::Date::<Tz>::and_hms_milli`: Use and_hms_milli_opt() instead
[INFO] [stdout]   --> tests/common/mod.rs:81:14
[INFO] [stdout]    |
[INFO] [stdout] 81 |             .and_hms_milli(
[INFO] [stdout]    |              ^^^^^^^^^^^^^
[INFO] [stdout] 
[INFO] [stdout] 
[INFO] [stdout] warning: use of deprecated associated function `chrono::FixedOffset::east`: use `east_opt()` instead
[INFO] [stdout]   --> tests/datetime.rs:42:31
[INFO] [stdout]    |
[INFO] [stdout] 42 |         let dt = FixedOffset::east(0)
[INFO] [stdout]    |                               ^^^^
[INFO] [stdout] 
[INFO] [stdout] 
[INFO] [stdout] warning: use of deprecated method `chrono::TimeZone::ymd`: use `with_ymd_and_hms()` instead
[INFO] [stdout]   --> tests/datetime.rs:43:14
[INFO] [stdout]    |
[INFO] [stdout] 43 |             .ymd(1983, 4, 13)
[INFO] [stdout]    |              ^^^
[INFO] [stdout] 
[INFO] [stdout] 
[INFO] [stdout] warning: use of deprecated method `chrono::Date::<Tz>::and_hms_milli`: Use and_hms_milli_opt() instead
[INFO] [stdout]   --> tests/datetime.rs:44:14
[INFO] [stdout]    |
[INFO] [stdout] 44 |             .and_hms_milli(12, 9, 14, 274);
[INFO] [stdout]    |              ^^^^^^^^^^^^^
[INFO] [stdout] 
[INFO] [stdout] 
[INFO] [stdout] warning: use of deprecated associated function `chrono::FixedOffset::east`: use `east_opt()` instead
[INFO] [stdout]   --> tests/datetime.rs:88:27
[INFO] [stdout]    |
[INFO] [stdout] 88 |     let dt = FixedOffset::east(0)
[INFO] [stdout]    |                           ^^^^
[INFO] [stdout] 
[INFO] [stdout] 
[INFO] [stdout] warning: use of deprecated method `chrono::TimeZone::ymd`: use `with_ymd_and_hms()` instead
[INFO] [stdout]   --> tests/datetime.rs:89:10
[INFO] [stdout]    |
[INFO] [stdout] 89 |         .ymd(1983, 4, 13)
[INFO] [stdout]    |          ^^^
[INFO] [stdout] 
[INFO] [stdout] 
[INFO] [stdout] warning: use of deprecated method `chrono::Date::<Tz>::and_hms_nano`: Use and_hms_nano_opt() instead
[INFO] [stdout]   --> tests/datetime.rs:90:10
[INFO] [stdout]    |
[INFO] [stdout] 90 |         .and_hms_nano(12, 9, 14, 1_560_274);
[INFO] [stdout]    |          ^^^^^^^^^^^^
[INFO] [stdout] 
[INFO] [stdout] 
[INFO] [stdout] warning: use of deprecated associated function `chrono::FixedOffset::east`: use `east_opt()` instead
[INFO] [stdout]    --> tests/datetime.rs:114:42
[INFO] [stdout]     |
[INFO] [stdout] 114 |     let high_res_datetime = FixedOffset::east(3600)
[INFO] [stdout]     |                                          ^^^^
[INFO] [stdout] 
[INFO] [stdout] 
[INFO] [stdout] warning: use of deprecated method `chrono::TimeZone::ymd`: use `with_ymd_and_hms()` instead
[INFO] [stdout]    --> tests/datetime.rs:115:10
[INFO] [stdout]     |
[INFO] [stdout] 115 |         .ymd(1985, 7, 3)
[INFO] [stdout]     |          ^^^
[INFO] [stdout] 
[INFO] [stdout] 
[INFO] [stdout] warning: use of deprecated method `chrono::Date::<Tz>::and_hms_nano`: Use and_hms_nano_opt() instead
[INFO] [stdout]    --> tests/datetime.rs:116:10
[INFO] [stdout]     |
[INFO] [stdout] 116 |         .and_hms_nano(12, 9, 14, 1_560_274);
[INFO] [stdout]     |          ^^^^^^^^^^^^
[INFO] [stdout] 
[INFO] [stdout] 
[INFO] [stderr]     Finished `test` profile [unoptimized + debuginfo] target(s) in 44.33s
[INFO] running `Command { std: "docker" "inspect" "6a0075f9e0c836659e6c0799e7b4681346294908f1be99a8f2e2e829bba76109", kill_on_drop: false }`
[INFO] running `Command { std: "docker" "rm" "-f" "6a0075f9e0c836659e6c0799e7b4681346294908f1be99a8f2e2e829bba76109", kill_on_drop: false }`
[INFO] [stdout] 6a0075f9e0c836659e6c0799e7b4681346294908f1be99a8f2e2e829bba76109
[INFO] running `Command { std: "docker" "create" "-v" "/var/lib/crater-agent-workspace/builds/worker-6-tc2/target:/opt/rustwide/target:rw,Z" "-v" "/var/lib/crater-agent-workspace/builds/worker-6-tc2/source:/opt/rustwide/workdir:ro,Z" "-v" "/var/lib/crater-agent-workspace/cargo-home:/opt/rustwide/cargo-home:ro,Z" "-v" "/var/lib/crater-agent-workspace/rustup-home:/opt/rustwide/rustup-home:ro,Z" "-e" "SOURCE_DIR=/opt/rustwide/workdir" "-e" "CARGO_TARGET_DIR=/opt/rustwide/target" "-e" "CARGO_INCREMENTAL=0" "-e" "RUST_BACKTRACE=full" "-e" "RUSTFLAGS=--cap-lints=forbid -Zrandomize-layout" "-e" "RUSTDOCFLAGS=--cap-lints=forbid" "-e" "CARGO_HOME=/opt/rustwide/cargo-home" "-e" "RUSTUP_HOME=/opt/rustwide/rustup-home" "-w" "/opt/rustwide/workdir" "-m" "1610612736" "--user" "0:0" "--network" "none" "ghcr.io/rust-lang/crates-build-env/linux@sha256:4a844ea9eb2546a2d2c7022eacef16ef2e8229c7fbb2c7d4d55a9ceca922f72d" "/opt/rustwide/cargo-home/bin/cargo" "+nightly-2024-10-28" "test" "--frozen", kill_on_drop: false }`
[INFO] [stdout] 44143608fc6fe2f384c21ac7da2b3afc828d2fac70170888fb583c97eacf9b80
[INFO] running `Command { std: "docker" "start" "-a" "44143608fc6fe2f384c21ac7da2b3afc828d2fac70170888fb583c97eacf9b80", kill_on_drop: false }`
[INFO] [stderr] warning: use of deprecated method `chrono::DateTime::<Tz>::date`: Use `date_naive()` instead
[INFO] [stderr]   --> src/metrics/datetime.rs:99:23
[INFO] [stderr]    |
[INFO] [stderr] 99 |         let date = dt.date();
[INFO] [stderr]    |                       ^^^^
[INFO] [stderr]    |
[INFO] [stderr]    = note: `#[warn(deprecated)]` on by default
[INFO] [stderr] 
[INFO] [stderr] warning: use of deprecated associated function `chrono::FixedOffset::east`: use `east_opt()` instead
[INFO] [stderr]    --> src/metrics/datetime.rs:162:49
[INFO] [stderr]     |
[INFO] [stderr] 162 |                 let datetime_obj = FixedOffset::east(dt.offset_seconds)
[INFO] [stderr]     |                                                 ^^^^
[INFO] [stderr] 
[INFO] [stderr] warning: use of deprecated method `chrono::TimeZone::ymd_opt`: use `with_ymd_and_hms()` instead
[INFO] [stderr]    --> src/metrics/datetime.rs:163:22
[INFO] [stderr]     |
[INFO] [stderr] 163 |                     .ymd_opt(dt.year, dt.month, dt.day)
[INFO] [stderr]     |                      ^^^^^^^
[INFO] [stderr] 
[INFO] [stderr] warning: use of deprecated method `chrono::DateTime::<Tz>::date`: Use `date_naive()` instead
[INFO] [stderr]    --> src/metrics/datetime.rs:204:39
[INFO] [stderr]     |
[INFO] [stderr] 204 |             TimeUnit::Nanosecond => d.date().and_hms_nano_opt(
[INFO] [stderr]     |                                       ^^^^
[INFO] [stderr] 
[INFO] [stderr] warning: use of deprecated method `chrono::DateTime::<Tz>::date`: Use `date_naive()` instead
[INFO] [stderr]    --> src/metrics/datetime.rs:216:19
[INFO] [stderr]     |
[INFO] [stderr] 216 |                 d.date().and_hms_nano_opt(
[INFO] [stderr]     |                   ^^^^
[INFO] [stderr] 
[INFO] [stderr] warning: use of deprecated method `chrono::DateTime::<Tz>::date`: Use `date_naive()` instead
[INFO] [stderr]    --> src/metrics/datetime.rs:223:40
[INFO] [stderr]     |
[INFO] [stderr] 223 |             TimeUnit::Millisecond => d.date().and_hms_nano_opt(
[INFO] [stderr]     |                                        ^^^^
[INFO] [stderr] 
[INFO] [stderr] warning: use of deprecated method `chrono::DateTime::<Tz>::date`: Use `date_naive()` instead
[INFO] [stderr]    --> src/metrics/datetime.rs:230:19
[INFO] [stderr]     |
[INFO] [stderr] 230 |                 d.date()
[INFO] [stderr]     |                   ^^^^
[INFO] [stderr] 
[INFO] [stderr] warning: use of deprecated method `chrono::DateTime::<Tz>::date`: Use `date_naive()` instead
[INFO] [stderr]    --> src/metrics/datetime.rs:233:35
[INFO] [stderr]     |
[INFO] [stderr] 233 |             TimeUnit::Minute => d.date().and_hms_nano_opt(time.hour(), time.minute(), 0, 0),
[INFO] [stderr]     |                                   ^^^^
[INFO] [stderr] 
[INFO] [stderr] warning: use of deprecated method `chrono::DateTime::<Tz>::date`: Use `date_naive()` instead
[INFO] [stderr]    --> src/metrics/datetime.rs:234:33
[INFO] [stderr]     |
[INFO] [stderr] 234 |             TimeUnit::Hour => d.date().and_hms_nano_opt(time.hour(), 0, 0, 0),
[INFO] [stderr]     |                                 ^^^^
[INFO] [stderr] 
[INFO] [stderr] warning: use of deprecated method `chrono::DateTime::<Tz>::date`: Use `date_naive()` instead
[INFO] [stderr]    --> src/metrics/datetime.rs:235:32
[INFO] [stderr]     |
[INFO] [stderr] 235 |             TimeUnit::Day => d.date().and_hms_nano_opt(0, 0, 0, 0),
[INFO] [stderr]     |                                ^^^^
[INFO] [stderr] 
[INFO] [stderr] warning: use of deprecated method `chrono::DateTime::<Tz>::date`: Use `date_naive()` instead
[INFO] [stderr]    --> src/scheduler.rs:137:65
[INFO] [stderr]     |
[INFO] [stderr] 137 |     let already_sent_today = last_sent_time.map_or(false, |d| d.date() == now.date());
[INFO] [stderr]     |                                                                 ^^^^
[INFO] [stderr] 
[INFO] [stderr] warning: use of deprecated method `chrono::DateTime::<Tz>::date`: Use `date_naive()` instead
[INFO] [stderr]    --> src/scheduler.rs:137:79
[INFO] [stderr]     |
[INFO] [stderr] 137 |     let already_sent_today = last_sent_time.map_or(false, |d| d.date() == now.date());
[INFO] [stderr]     |                                                                               ^^^^
[INFO] [stderr] 
[INFO] [stderr] warning: use of deprecated method `chrono::DateTime::<Tz>::date`: Use `date_naive()` instead
[INFO] [stderr]    --> src/scheduler.rs:142:25
[INFO] [stderr]     |
[INFO] [stderr] 142 |     } else if now > now.date().and_hms(SCHEDULED_HOUR, 0, 0) {
[INFO] [stderr]     |                         ^^^^
[INFO] [stderr] 
[INFO] [stderr] warning: use of deprecated method `chrono::Date::<Tz>::and_hms`: Use and_hms_opt() instead
[INFO] [stderr]    --> src/scheduler.rs:142:32
[INFO] [stderr]     |
[INFO] [stderr] 142 |     } else if now > now.date().and_hms(SCHEDULED_HOUR, 0, 0) {
[INFO] [stderr]     |                                ^^^^^^^
[INFO] [stderr] 
[INFO] [stderr] warning: use of deprecated method `chrono::DateTime::<Tz>::date`: Use `date_naive()` instead
[INFO] [stderr]    --> src/scheduler.rs:168:32
[INFO] [stderr]     |
[INFO] [stderr] 168 |             Self::Today => now.date().and_hms(SCHEDULED_HOUR, 0, 0),
[INFO] [stderr]     |                                ^^^^
[INFO] [stderr] 
[INFO] [stderr] warning: use of deprecated method `chrono::Date::<Tz>::and_hms`: Use and_hms_opt() instead
[INFO] [stderr]    --> src/scheduler.rs:168:39
[INFO] [stderr]     |
[INFO] [stderr] 168 |             Self::Today => now.date().and_hms(SCHEDULED_HOUR, 0, 0),
[INFO] [stderr]     |                                       ^^^^^^^
[INFO] [stderr] 
[INFO] [stderr] warning: use of deprecated method `chrono::DateTime::<Tz>::date`: Use `date_naive()` instead
[INFO] [stderr]    --> src/scheduler.rs:172:22
[INFO] [stderr]     |
[INFO] [stderr] 172 |                 (now.date() + Duration::days(1)).and_hms(SCHEDULED_HOUR, 0, 0)
[INFO] [stderr]     |                      ^^^^
[INFO] [stderr] 
[INFO] [stderr] warning: use of deprecated method `chrono::Date::<Tz>::and_hms`: Use and_hms_opt() instead
[INFO] [stderr]    --> src/scheduler.rs:172:50
[INFO] [stderr]     |
[INFO] [stderr] 172 |                 (now.date() + Duration::days(1)).and_hms(SCHEDULED_HOUR, 0, 0)
[INFO] [stderr]     |                                                  ^^^^^^^
[INFO] [stderr] 
[INFO] [stderr] warning: use of deprecated associated function `chrono::FixedOffset::east`: use `east_opt()` instead
[INFO] [stderr]    --> src/event_database/mod.rs:981:41
[INFO] [stderr]     |
[INFO] [stderr] 981 |         let startup_date = FixedOffset::east(0)
[INFO] [stderr]     |                                         ^^^^
[INFO] [stderr]     |
[INFO] [stderr]     = note: `#[warn(deprecated)]` on by default
[INFO] [stderr] 
[INFO] [stderr] warning: use of deprecated method `chrono::TimeZone::ymd`: use `with_ymd_and_hms()` instead
[INFO] [stderr]    --> src/event_database/mod.rs:982:14
[INFO] [stderr]     |
[INFO] [stderr] 982 |             .ymd(2022, 11, 24)
[INFO] [stderr]     |              ^^^
[INFO] [stderr] 
[INFO] [stderr] warning: use of deprecated method `chrono::Date::<Tz>::and_hms`: Use and_hms_opt() instead
[INFO] [stderr]    --> src/event_database/mod.rs:983:14
[INFO] [stderr]     |
[INFO] [stderr] 983 |             .and_hms(some_hour, 29, 0); // TimeUnit::Minute -- don't put seconds
[INFO] [stderr]     |              ^^^^^^^
[INFO] [stderr] 
[INFO] [stderr] warning: use of deprecated associated function `chrono::FixedOffset::east`: use `east_opt()` instead
[INFO] [stderr]     --> src/event_database/mod.rs:1106:41
[INFO] [stderr]      |
[INFO] [stderr] 1106 |         let startup_date = FixedOffset::east(0)
[INFO] [stderr]      |                                         ^^^^
[INFO] [stderr] 
[INFO] [stderr] warning: use of deprecated method `chrono::TimeZone::ymd`: use `with_ymd_and_hms()` instead
[INFO] [stderr]     --> src/event_database/mod.rs:1107:14
[INFO] [stderr]      |
[INFO] [stderr] 1107 |             .ymd(2022, 11, 25)
[INFO] [stderr]      |              ^^^
[INFO] [stderr] 
[INFO] [stderr] warning: use of deprecated method `chrono::Date::<Tz>::and_hms`: Use and_hms_opt() instead
[INFO] [stderr]     --> src/event_database/mod.rs:1108:14
[INFO] [stderr]      |
[INFO] [stderr] 1108 |             .and_hms(some_hour, 37, 0); // TimeUnit::Minute -- don't put seconds
[INFO] [stderr]      |              ^^^^^^^
[INFO] [stderr] 
[INFO] [stderr] warning: use of deprecated method `chrono::DateTime::<Tz>::date`: Use `date_naive()` instead
[INFO] [stderr]   --> src/metrics/datetime.rs:99:23
[INFO] [stderr]    |
[INFO] [stderr] 99 |         let date = dt.date();
[INFO] [stderr]    |                       ^^^^
[INFO] [stderr] 
[INFO] [stderr] warning: use of deprecated associated function `chrono::FixedOffset::east`: use `east_opt()` instead
[INFO] [stderr]    --> src/scheduler.rs:341:37
[INFO] [stderr]     |
[INFO] [stderr] 341 |         let fake_now = FixedOffset::east(0)
[INFO] [stderr]     |                                     ^^^^
[INFO] [stderr] 
[INFO] [stderr] warning: use of deprecated method `chrono::TimeZone::ymd`: use `with_ymd_and_hms()` instead
[INFO] [stderr]    --> src/scheduler.rs:342:14
[INFO] [stderr]     |
[INFO] [stderr] 342 |             .ymd(2022, 11, 15)
[INFO] [stderr]     |              ^^^
[INFO] [stderr] 
[INFO] [stderr] warning: use of deprecated method `chrono::Date::<Tz>::and_hms`: Use and_hms_opt() instead
[INFO] [stderr]    --> src/scheduler.rs:343:14
[INFO] [stderr]     |
[INFO] [stderr] 343 |             .and_hms(SCHEDULED_HOUR, 0, 1);
[INFO] [stderr]     |              ^^^^^^^
[INFO] [stderr] 
[INFO] [stderr] warning: use of deprecated associated function `chrono::FixedOffset::east`: use `east_opt()` instead
[INFO] [stderr]    --> src/scheduler.rs:385:37
[INFO] [stderr]     |
[INFO] [stderr] 385 |         let fake_now = FixedOffset::east(0).ymd(2021, 4, 30).and_hms(14, 36, 14);
[INFO] [stderr]     |                                     ^^^^
[INFO] [stderr] 
[INFO] [stderr] warning: use of deprecated method `chrono::TimeZone::ymd`: use `with_ymd_and_hms()` instead
[INFO] [stderr]    --> src/scheduler.rs:385:45
[INFO] [stderr]     |
[INFO] [stderr] 385 |         let fake_now = FixedOffset::east(0).ymd(2021, 4, 30).and_hms(14, 36, 14);
[INFO] [stderr]     |                                             ^^^
[INFO] [stderr] 
[INFO] [stderr] warning: use of deprecated method `chrono::Date::<Tz>::and_hms`: Use and_hms_opt() instead
[INFO] [stderr]    --> src/scheduler.rs:385:62
[INFO] [stderr]     |
[INFO] [stderr] 385 |         let fake_now = FixedOffset::east(0).ymd(2021, 4, 30).and_hms(14, 36, 14);
[INFO] [stderr]     |                                                              ^^^^^^^
[INFO] [stderr] 
[INFO] [stderr] warning: use of deprecated associated function `chrono::FixedOffset::east`: use `east_opt()` instead
[INFO] [stderr]    --> src/scheduler.rs:404:43
[INFO] [stderr]     |
[INFO] [stderr] 404 |         let fake_yesterday = FixedOffset::east(0)
[INFO] [stderr]     |                                           ^^^^
[INFO] [stderr] 
[INFO] [stderr] warning: use of deprecated method `chrono::TimeZone::ymd`: use `with_ymd_and_hms()` instead
[INFO] [stderr]    --> src/scheduler.rs:405:14
[INFO] [stderr]     |
[INFO] [stderr] 405 |             .ymd(2021, 4, 29)
[INFO] [stderr]     |              ^^^
[INFO] [stderr] 
[INFO] [stderr] warning: use of deprecated method `chrono::Date::<Tz>::and_hms`: Use and_hms_opt() instead
[INFO] [stderr]    --> src/scheduler.rs:406:14
[INFO] [stderr]     |
[INFO] [stderr] 406 |             .and_hms(SCHEDULED_HOUR, 0, 1);
[INFO] [stderr]     |              ^^^^^^^
[INFO] [stderr] 
[INFO] [stderr] warning: use of deprecated associated function `chrono::FixedOffset::east`: use `east_opt()` instead
[INFO] [stderr]    --> src/scheduler.rs:427:26
[INFO] [stderr]     |
[INFO] [stderr] 427 |             FixedOffset::east(0)
[INFO] [stderr]     |                          ^^^^
[INFO] [stderr] 
[INFO] [stderr] warning: use of deprecated method `chrono::TimeZone::ymd`: use `with_ymd_and_hms()` instead
[INFO] [stderr]    --> src/scheduler.rs:428:18
[INFO] [stderr]     |
[INFO] [stderr] 428 |                 .ymd(2021, 4, 29)
[INFO] [stderr]     |                  ^^^
[INFO] [stderr] 
[INFO] [stderr] warning: use of deprecated method `chrono::Date::<Tz>::and_hms`: Use and_hms_opt() instead
[INFO] [stderr]    --> src/scheduler.rs:429:18
[INFO] [stderr]     |
[INFO] [stderr] 429 |                 .and_hms(SCHEDULED_HOUR - 1, 0, 1);
[INFO] [stderr]     |                  ^^^^^^^
[INFO] [stderr] 
[INFO] [stderr] warning: use of deprecated associated function `chrono::FixedOffset::east`: use `east_opt()` instead
[INFO] [stderr]    --> src/scheduler.rs:445:32
[INFO] [stderr]     |
[INFO] [stderr] 445 |         let now = FixedOffset::east(0).ymd(2021, 4, 30).and_hms(15, 2, 10);
[INFO] [stderr]     |                                ^^^^
[INFO] [stderr] 
[INFO] [stderr] warning: use of deprecated method `chrono::TimeZone::ymd`: use `with_ymd_and_hms()` instead
[INFO] [stderr]    --> src/scheduler.rs:445:40
[INFO] [stderr]     |
[INFO] [stderr] 445 |         let now = FixedOffset::east(0).ymd(2021, 4, 30).and_hms(15, 2, 10);
[INFO] [stderr]     |                                        ^^^
[INFO] [stderr] 
[INFO] [stderr] warning: use of deprecated method `chrono::Date::<Tz>::and_hms`: Use and_hms_opt() instead
[INFO] [stderr]    --> src/scheduler.rs:445:57
[INFO] [stderr]     |
[INFO] [stderr] 445 |         let now = FixedOffset::east(0).ymd(2021, 4, 30).and_hms(15, 2, 10);
[INFO] [stderr]     |                                                         ^^^^^^^
[INFO] [stderr] 
[INFO] [stderr] warning: use of deprecated method `chrono::DateTime::<Tz>::date`: Use `date_naive()` instead
[INFO] [stderr]    --> src/scheduler.rs:449:27
[INFO] [stderr]     |
[INFO] [stderr] 449 |         let earlier = now.date().and_hms(SCHEDULED_HOUR - 1, 0, 0);
[INFO] [stderr]     |                           ^^^^
[INFO] [stderr] 
[INFO] [stderr] warning: use of deprecated method `chrono::Date::<Tz>::and_hms`: Use and_hms_opt() instead
[INFO] [stderr]    --> src/scheduler.rs:449:34
[INFO] [stderr]     |
[INFO] [stderr] 449 |         let earlier = now.date().and_hms(SCHEDULED_HOUR - 1, 0, 0);
[INFO] [stderr]     |                                  ^^^^^^^
[INFO] [stderr] 
[INFO] [stderr] warning: use of deprecated associated function `chrono::FixedOffset::east`: use `east_opt()` instead
[INFO] [stderr]    --> src/scheduler.rs:486:32
[INFO] [stderr]     |
[INFO] [stderr] 486 |         let now = FixedOffset::east(0)
[INFO] [stderr]     |                                ^^^^
[INFO] [stderr] 
[INFO] [stderr] warning: use of deprecated method `chrono::TimeZone::ymd`: use `with_ymd_and_hms()` instead
[INFO] [stderr]    --> src/scheduler.rs:487:14
[INFO] [stderr]     |
[INFO] [stderr] 487 |             .ymd(2021, 4, 30)
[INFO] [stderr]     |              ^^^
[INFO] [stderr] 
[INFO] [stderr] warning: use of deprecated method `chrono::Date::<Tz>::and_hms`: Use and_hms_opt() instead
[INFO] [stderr]    --> src/scheduler.rs:488:14
[INFO] [stderr]     |
[INFO] [stderr] 488 |             .and_hms(SCHEDULED_HOUR - 2, 0, 0);
[INFO] [stderr]     |              ^^^^^^^
[INFO] [stderr] 
[INFO] [stderr] warning: use of deprecated associated function `chrono::FixedOffset::east`: use `east_opt()` instead
[INFO] [stderr]    --> src/scheduler.rs:544:32
[INFO] [stderr]     |
[INFO] [stderr] 544 |         let now = FixedOffset::east(0).ymd(2021, 4, 20).and_hms(15, 42, 0);
[INFO] [stderr]     |                                ^^^^
[INFO] [stderr] 
[INFO] [stderr] warning: use of deprecated method `chrono::TimeZone::ymd`: use `with_ymd_and_hms()` instead
[INFO] [stderr]    --> src/scheduler.rs:544:40
[INFO] [stderr]     |
[INFO] [stderr] 544 |         let now = FixedOffset::east(0).ymd(2021, 4, 20).and_hms(15, 42, 0);
[INFO] [stderr]     |                                        ^^^
[INFO] [stderr] 
[INFO] [stderr] warning: use of deprecated method `chrono::Date::<Tz>::and_hms`: Use and_hms_opt() instead
[INFO] [stderr]    --> src/scheduler.rs:544:57
[INFO] [stderr]     |
[INFO] [stderr] 544 |         let now = FixedOffset::east(0).ymd(2021, 4, 20).and_hms(15, 42, 0);
[INFO] [stderr]     |                                                         ^^^^^^^
[INFO] [stderr] 
[INFO] [stderr] warning: use of deprecated method `chrono::TimeZone::ymd`: use `with_ymd_and_hms()` instead
[INFO] [stderr]    --> src/upload/request.rs:264:39
[INFO] [stderr]     |
[INFO] [stderr] 264 |         let date: DateTime<Utc> = Utc.ymd(2018, 2, 25).and_hms(11, 10, 37);
[INFO] [stderr]     |                                       ^^^
[INFO] [stderr] 
[INFO] [stderr] warning: use of deprecated method `chrono::Date::<Tz>::and_hms`: Use and_hms_opt() instead
[INFO] [stderr]    --> src/upload/request.rs:264:56
[INFO] [stderr]     |
[INFO] [stderr] 264 |         let date: DateTime<Utc> = Utc.ymd(2018, 2, 25).and_hms(11, 10, 37);
[INFO] [stderr]     |                                                        ^^^^^^^
[INFO] [stderr] 
[INFO] [stderr] warning: use of deprecated associated function `chrono::FixedOffset::east`: use `east_opt()` instead
[INFO] [stderr]    --> src/util.rs:249:31
[INFO] [stderr]     |
[INFO] [stderr] 249 |         let dt = FixedOffset::east(3600)
[INFO] [stderr]     |                               ^^^^
[INFO] [stderr] 
[INFO] [stderr] warning: use of deprecated method `chrono::TimeZone::ymd`: use `with_ymd_and_hms()` instead
[INFO] [stderr]    --> src/util.rs:250:14
[INFO] [stderr]     |
[INFO] [stderr] 250 |             .ymd(1985, 7, 3)
[INFO] [stderr]     |              ^^^
[INFO] [stderr] 
[INFO] [stderr] warning: use of deprecated method `chrono::Date::<Tz>::and_hms_nano`: Use and_hms_nano_opt() instead
[INFO] [stderr]    --> src/util.rs:251:14
[INFO] [stderr]     |
[INFO] [stderr] 251 |             .and_hms_nano(12, 9, 14, 1_560_274);
[INFO] [stderr]     |              ^^^^^^^^^^^^
[INFO] [stderr] 
[INFO] [stderr] warning: use of deprecated associated function `chrono::FixedOffset::east`: use `east_opt()` instead
[INFO] [stderr]    --> src/lib_unit_tests.rs:472:27
[INFO] [stderr]     |
[INFO] [stderr] 472 |     let dt = FixedOffset::east(9*3600).ymd(2014, 11, 28).and_hms_nano(21, 45, 59, 12);
[INFO] [stderr]     |                           ^^^^
[INFO] [stderr] 
[INFO] [stderr] warning: use of deprecated method `chrono::TimeZone::ymd`: use `with_ymd_and_hms()` instead
[INFO] [stderr]    --> src/lib_unit_tests.rs:472:40
[INFO] [stderr]     |
[INFO] [stderr] 472 |     let dt = FixedOffset::east(9*3600).ymd(2014, 11, 28).and_hms_nano(21, 45, 59, 12);
[INFO] [stderr]     |                                        ^^^
[INFO] [stderr] 
[INFO] [stderr] warning: use of deprecated method `chrono::Date::<Tz>::and_hms_nano`: Use and_hms_nano_opt() instead
[INFO] [stderr]    --> src/lib_unit_tests.rs:472:58
[INFO] [stderr]     |
[INFO] [stderr] 472 |     let dt = FixedOffset::east(9*3600).ymd(2014, 11, 28).and_hms_nano(21, 45, 59, 12);
[INFO] [stderr]     |                                                          ^^^^^^^^^^^^
[INFO] [stderr] 
[INFO] [stderr] warning: `glean-core` (lib) generated 18 warnings
[INFO] [stderr] warning: `glean-core` (lib test) generated 55 warnings (17 duplicates)
[INFO] [stderr] warning: use of deprecated associated function `chrono::FixedOffset::east`: use `east_opt()` instead
[INFO] [stderr]   --> tests/common/mod.rs:79:37
[INFO] [stderr]    |
[INFO] [stderr] 79 |         return chrono::FixedOffset::east(datetime.time.tz_offset_hours * 3600)
[INFO] [stderr]    |                                     ^^^^
[INFO] [stderr]    |
[INFO] [stderr]    = note: `#[warn(deprecated)]` on by default
[INFO] [stderr] 
[INFO] [stderr] warning: use of deprecated method `chrono::TimeZone::ymd`: use `with_ymd_and_hms()` instead
[INFO] [stderr]   --> tests/common/mod.rs:80:14
[INFO] [stderr]    |
[INFO] [stderr] 80 |             .ymd(year, month, day)
[INFO] [stderr]    |              ^^^
[INFO] [stderr] 
[INFO] [stderr] warning: use of deprecated method `chrono::Date::<Tz>::and_hms_milli`: Use and_hms_milli_opt() instead
[INFO] [stderr]   --> tests/common/mod.rs:81:14
[INFO] [stderr]    |
[INFO] [stderr] 81 |             .and_hms_milli(
[INFO] [stderr]    |              ^^^^^^^^^^^^^
[INFO] [stderr] 
[INFO] [stderr] warning: use of deprecated associated function `chrono::FixedOffset::east`: use `east_opt()` instead
[INFO] [stderr]   --> tests/datetime.rs:42:31
[INFO] [stderr]    |
[INFO] [stderr] 42 |         let dt = FixedOffset::east(0)
[INFO] [stderr]    |                               ^^^^
[INFO] [stderr] 
[INFO] [stderr] warning: use of deprecated method `chrono::TimeZone::ymd`: use `with_ymd_and_hms()` instead
[INFO] [stderr]   --> tests/datetime.rs:43:14
[INFO] [stderr]    |
[INFO] [stderr] 43 |             .ymd(1983, 4, 13)
[INFO] [stderr]    |              ^^^
[INFO] [stderr] 
[INFO] [stderr] warning: use of deprecated method `chrono::Date::<Tz>::and_hms_milli`: Use and_hms_milli_opt() instead
[INFO] [stderr]   --> tests/datetime.rs:44:14
[INFO] [stderr]    |
[INFO] [stderr] 44 |             .and_hms_milli(12, 9, 14, 274);
[INFO] [stderr]    |              ^^^^^^^^^^^^^
[INFO] [stderr] 
[INFO] [stderr] warning: use of deprecated associated function `chrono::FixedOffset::east`: use `east_opt()` instead
[INFO] [stderr]   --> tests/datetime.rs:88:27
[INFO] [stderr]    |
[INFO] [stderr] 88 |     let dt = FixedOffset::east(0)
[INFO] [stderr]    |                           ^^^^
[INFO] [stderr] 
[INFO] [stderr] warning: use of deprecated method `chrono::TimeZone::ymd`: use `with_ymd_and_hms()` instead
[INFO] [stderr]   --> tests/datetime.rs:89:10
[INFO] [stderr]    |
[INFO] [stderr] 89 |         .ymd(1983, 4, 13)
[INFO] [stderr]    |          ^^^
[INFO] [stderr] 
[INFO] [stderr] warning: use of deprecated method `chrono::Date::<Tz>::and_hms_nano`: Use and_hms_nano_opt() instead
[INFO] [stderr]   --> tests/datetime.rs:90:10
[INFO] [stderr]    |
[INFO] [stderr] 90 |         .and_hms_nano(12, 9, 14, 1_560_274);
[INFO] [stderr]    |          ^^^^^^^^^^^^
[INFO] [stderr] 
[INFO] [stderr] warning: use of deprecated associated function `chrono::FixedOffset::east`: use `east_opt()` instead
[INFO] [stderr]    --> tests/datetime.rs:114:42
[INFO] [stderr]     |
[INFO] [stderr] 114 |     let high_res_datetime = FixedOffset::east(3600)
[INFO] [stderr]     |                                          ^^^^
[INFO] [stderr] 
[INFO] [stderr] warning: use of deprecated method `chrono::TimeZone::ymd`: use `with_ymd_and_hms()` instead
[INFO] [stderr]    --> tests/datetime.rs:115:10
[INFO] [stderr]     |
[INFO] [stderr] 115 |         .ymd(1985, 7, 3)
[INFO] [stderr]     |          ^^^
[INFO] [stderr] 
[INFO] [stderr] warning: use of deprecated method `chrono::Date::<Tz>::and_hms_nano`: Use and_hms_nano_opt() instead
[INFO] [stderr]    --> tests/datetime.rs:116:10
[INFO] [stderr]     |
[INFO] [stderr] 116 |         .and_hms_nano(12, 9, 14, 1_560_274);
[INFO] [stderr]     |          ^^^^^^^^^^^^
[INFO] [stderr] 
[INFO] [stderr] warning: `glean-core` (test "string_list") generated 3 warnings
[INFO] [stderr] warning: `glean-core` (test "rate") generated 3 warnings (3 duplicates)
[INFO] [stderr] warning: `glean-core` (test "ping") generated 3 warnings (3 duplicates)
[INFO] [stderr] warning: `glean-core` (test "storage") generated 3 warnings (3 duplicates)
[INFO] [stderr] warning: `glean-core` (test "ping_maker") generated 3 warnings (3 duplicates)
[INFO] [stderr] warning: `glean-core` (test "memory_distribution") generated 3 warnings (3 duplicates)
[INFO] [stderr] warning: `glean-core` (test "event") generated 3 warnings (3 duplicates)
[INFO] [stderr] warning: `glean-core` (test "counter") generated 3 warnings (3 duplicates)
[INFO] [stderr] warning: `glean-core` (test "datetime") generated 12 warnings (3 duplicates)
[INFO] [stderr] warning: `glean-core` (test "quantity") generated 3 warnings (3 duplicates)
[INFO] [stderr] warning: `glean-core` (test "labeled") generated 3 warnings (3 duplicates)
[INFO] [stderr] warning: `glean-core` (test "boolean") generated 3 warnings (3 duplicates)
[INFO] [stderr] warning: `glean-core` (test "uuid") generated 3 warnings (3 duplicates)
[INFO] [stderr] warning: `glean-core` (test "string") generated 3 warnings (3 duplicates)
[INFO] [stderr] warning: `glean-core` (test "object") generated 3 warnings (3 duplicates)
[INFO] [stderr] warning: `glean-core` (test "timing_distribution") generated 3 warnings (3 duplicates)
[INFO] [stderr] warning: `glean-core` (test "timespan") generated 3 warnings (3 duplicates)
[INFO] [stderr] warning: `glean-core` (test "custom_distribution") generated 3 warnings (3 duplicates)
[INFO] [stderr] warning: `glean-core` (test "text") generated 3 warnings (3 duplicates)
[INFO] [stderr]     Finished `test` profile [unoptimized + debuginfo] target(s) in 0.29s
[INFO] [stderr]      Running unittests src/lib.rs (/opt/rustwide/target/debug/deps/glean_core-12fdce46ad7f558b)
[INFO] [stdout] 
[INFO] [stdout] running 149 tests
[INFO] [stdout] test database::test::safe_mode::corrupted_data_file ... ok
[INFO] [stdout] test database::test::linux_invalid_utf8_panicfree ... ok
[INFO] [stdout] test database::test::safe_mode::empty_data_file ... ok
[INFO] [stdout] test database::test::safe_mode::migration_ignores_broken_database ... ok
[INFO] [stdout] test database::test::test_data_dir_rkv_inits ... ok
[INFO] [stdout] test database::test::test_clear_ping_storage ... ok
[INFO] [stdout] test database::test::safe_mode::migration_ignores_empty_database ... ok
[INFO] [stderr] [2024-11-01T09:40:22Z ERROR glean_core::debug] Invalid value for debug option GLEAN_TEST_2.
[INFO] [stderr] [2024-11-01T09:40:22Z ERROR glean_core::debug] Invalid value for debug option GLEAN_TEST_2.
[INFO] [stderr] [2024-11-01T09:40:22Z ERROR glean_core::debug] A tag must have at least one character.
[INFO] [stderr] [2024-11-01T09:40:22Z ERROR glean_core::debug] A list of tags cannot contain more than 5 elements.
[INFO] [stderr] [2024-11-01T09:40:22Z ERROR glean_core::debug] Invalid character '!' in the tag.
[INFO] [stdout] test debug::test::debug_option_is_correctly_validated_when_necessary ... ok
[INFO] [stderr] [2024-11-01T09:40:22Z ERROR glean_core::debug] Invalid character '_' in the tag.
[INFO] [stdout] test debug::test::debug_option_is_correctly_loaded_from_env ... ok
[INFO] [stderr] [2024-11-01T09:40:22Z ERROR glean_core::debug] Invalid character ' ' in the tag.
[INFO] [stdout] test debug::test::tokenize_string_splits_correctly ... ok
[INFO] [stderr] [2024-11-01T09:40:22Z ERROR glean_core::debug] Invalid character '!' in the tag.
[INFO] [stdout] test dispatcher::global::test::global_fills_up_in_order_and_works ... ignored
[INFO] [stderr] [2024-11-01T09:40:22Z ERROR glean_core::debug] A tag cannot exceed 20 characters.
[INFO] [stdout] test dispatcher::global::test::global_nested_calls ... ignored
[INFO] [stderr] [2024-11-01T09:40:22Z ERROR glean_core::debug] A tag must have at least one character.
[INFO] [stdout] test debug::test::validates_tag_correctly ... ok
[INFO] [stderr] [2024-11-01T09:40:22Z ERROR glean_core::debug] Tags starting with `glean` are reserved and must not be used.
[INFO] [stdout] test debug::test::validates_source_tags_correctly ... ok
[INFO] [stderr] [2024-11-01T09:40:22Z ERROR glean_core::dispatcher] The task producer was disconnected. Worker thread will exit.
[INFO] [stdout] test dispatcher::test::launch_correctly_adds_tasks_to_preinit_queue ... ok
[INFO] [stderr] [2024-11-01T09:40:22Z ERROR glean_core::dispatcher] The task producer was disconnected. Worker thread will exit.
[INFO] [stdout] test dispatcher::test::preinit_tasks_are_processed_after_flush ... ok
[INFO] [stdout] test dispatcher::test::tasks_after_shutdown_are_not_processed ... ok
[INFO] [stderr] [2024-11-01T09:40:22Z ERROR glean_core::dispatcher] The task producer was disconnected. Worker thread will exit.
[INFO] [stdout] test dispatcher::test::tasks_run_off_the_main_thread ... ok
[INFO] [stdout] test database::test::test_user_lifetime_metric_recorded ... ok
[INFO] [stdout] test database::test::test_application_lifetime_metric_recorded ... ok
[INFO] [stderr] [2024-11-01T09:40:22Z ERROR glean_core::dispatcher] The task producer was disconnected. Worker thread will exit.
[INFO] [stdout] test error_recording::test::error_type_i32_mapping ... ok
[INFO] [stdout] test dispatcher::test::preinit_buffer_fills_up ... ok
[INFO] [stdout] test event_database::test::deserialize_existing_data ... ok
[INFO] [stdout] test database::test::test_delayed_ping_lifetime_clear ... ok
[INFO] [stdout] test database::test::test_load_ping_lifetime_data_from_memory ... ok
[INFO] [stdout] test database::test::test_delayed_ping_lifetime_persistence ... ok
[INFO] [stdout] test event_database::test::handle_truncated_events_on_disk ... ok
[INFO] [stdout] test event_database::test::normalize_store_multi_run_client_clocks ... ok
[INFO] [stdout] test histogram::exponential::test::accumulate_large_numbers ... ok
[INFO] [stdout] test event_database::test::normalize_store_of_glean_restarted ... ok
[INFO] [stdout] test database::test::test_remove_single_metric ... ok
[INFO] [stdout] test histogram::exponential::test::can_count ... ok
[INFO] [stdout] test database::test::safe_mode::migration_doesnt_overwrite ... ok
[INFO] [stdout] test database::test::test_ping_lifetime_metric_recorded ... ok
[INFO] [stdout] test event_database::test::normalize_store_multi_run_timestamp_math ... ok
[INFO] [stdout] test event_database::test::normalize_store_of_glean_restarted_on_both_ends ... ok
[INFO] [stdout] test event_database::test::normalize_store_single_run_timestamp_math ... ok
[INFO] [stdout] test database::test::doesnt_record_when_upload_is_disabled ... ok
[INFO] [stdout] test event_database::test::stable_serialization ... ok
[INFO] [stdout] test histogram::exponential::test::default_buckets_correctly_accumulate ... ok
[INFO] [stdout] test histogram::exponential::test::default_exponential_buckets_are_correct ... ok
[INFO] [stdout] test histogram::exponential::test::overflow_values_accumulate_in_the_last_bucket ... ok
[INFO] [stdout] test histogram::exponential::test::short_exponential_buckets_are_correct ... ok
[INFO] [stdout] test histogram::functional::test::can_count ... ok
[INFO] [stdout] test histogram::functional::test::histogram_clears ... ok
[INFO] [stdout] test histogram::functional::test::histogram_merge ... ok
[INFO] [stdout] test event_database::test::normalize_store_non_zero_ec ... ok
[INFO] [stdout] test error_recording::test::recording_of_all_error_types ... ok
[INFO] [stdout] test event_database::test::doesnt_record_when_upload_is_disabled ... ok
[INFO] [stdout] test database::test::safe_mode::migration_works_on_startup ... ok
[INFO] [stdout] test histogram::linear::test::accumulate_large_numbers ... ok
[INFO] [stdout] test histogram::linear::test::default_buckets_correctly_accumulate ... ok
[INFO] [stdout] test histogram::functional::test::sample_to_bucket_minimum_correctly_rounds_down ... ok
[INFO] [stdout] test histogram::linear::test::overflow_values_accumulate_in_the_last_bucket ... ok
[INFO] [stdout] test metrics::experiment::test::deserialize_old_encoding ... ok
[INFO] [stdout] test metrics::experiment::test::stable_serialization ... ok
[INFO] [stdout] test metrics::timing_distribution::test::can_snapshot ... ok
[INFO] [stdout] test scheduler::test::cancellable_tasks_can_be_cancelled ... ok
[INFO] [stdout] test histogram::linear::test::short_linear_buckets_are_correct ... ok
[INFO] [stdout] test histogram::linear::test::long_linear_buckets_are_correct ... ok
[INFO] [stdout] test metrics::timing_distribution::test::can_snapshot_sparse ... ok
[INFO] [stdout] test metrics::url::test::does_not_record_url_exceeding_maximum_length ... ok
[INFO] [stdout] test histogram::linear::test::can_count ... ok
[INFO] [stdout] test scheduler::test::different_app_builds_submit_and_reschedule ... ok
[INFO] [stdout] test metrics::url::test::does_not_record_data_urls ... ok
[INFO] [stdout] test scheduler::test::first_run_last_sent_build ... ok
[INFO] [stdout] test scheduler::test::case_3_no_submit_but_schedule_today ... ok
[INFO] [stdout] test metrics::string::test::setting_a_long_string_records_an_error ... ok
[INFO] [stdout] test metrics::url::test::url_validation_works_and_records_errors ... ok
[INFO] [stdout] test scheduler::test::case_1_no_submit_but_schedule_tomorrow ... ok
[INFO] [stdout] test tests::backwards_compatible_deserialization ... ok
[INFO] [stdout] test scheduler::test::when_gets_at_least_some_date_math_correct ... ok
[INFO] [stdout] test metrics::url::test::payload_is_correct ... ok
[INFO] [stdout] test storage::test::test_experiments_json_serialization ... ok
[INFO] [stdout] test tests::correct_order ... ok
[INFO] [stdout] test scheduler::test::immediate_task_runs_immediately ... ok
[INFO] [stdout] test tests::disabling_when_already_disabled_is_a_noop ... ok
[INFO] [stdout] test storage::test::test_experiments_json_serialization_empty ... ok
[INFO] [stdout] test scheduler::test::case_2_submit_ping_and_reschedule ... ok
[INFO] [stdout] test tests::client_id_is_set_to_known_value_when_uploading_disabled_at_start ... ok
[INFO] [stdout] test tests::experiment_id_and_branch_get_truncated_if_too_long ... ok
[INFO] [stdout] test tests::client_id_is_set_to_random_value_when_uploading_enabled_at_start ... ok
[INFO] [stdout] test tests::experimentation_id_is_set_correctly ... ok
[INFO] [stdout] test tests::enabling_when_already_enabled_is_a_noop ... ok
[INFO] [stdout] test tests::client_id_and_first_run_date_must_be_regenerated ... ok
[INFO] [stdout] test tests::experiments_status_is_correctly_toggled ... ok
[INFO] [stdout] test ping::test::sequence_numbers_should_be_reset_when_toggling_uploading ... ok
[INFO] [stdout] test tests::basic_metrics_should_be_cleared_when_uploading_is_disabled ... ok
[INFO] [stdout] test tests::disabled_pings_are_not_submitted ... ok
[INFO] [stdout] test tests::client_id_is_managed_correctly_when_toggling_uploading ... ok
[INFO] [stdout] test tests::path_is_constructed_from_data ... ok
[INFO] [stdout] test tests::test_change_metric_type_runtime ... ok
[INFO] [stdout] test tests::internal_pings_can_be_disabled ... ok
[INFO] [stdout] test tests::test_remote_settings_epoch ... ok
[INFO] [stdout] test tests::first_run_date_is_managed_correctly_when_toggling_uploading ... ok
[INFO] [stdout] test tests::test_first_run ... ok
[INFO] [stderr] [2024-11-01T09:40:22Z ERROR glean_core::debug] Invalid character ' ' in the tag.
[INFO] [stdout] test tests::test_dirty_bit ... ok
[INFO] [stderr] [2024-11-01T09:40:22Z ERROR glean_core::debug] Invalid value for debug option GLEAN_DEBUG_VIEW_TAG.
[INFO] [stdout] test tests::test_remote_settings_epoch_updates_in_metric ... ok
[INFO] [stdout] test tests::test_setting_log_pings ... ok
[INFO] [stdout] test tests::test_setting_debug_view_tag ... ok
[INFO] [stdout] test upload::directory::test::doesnt_panic_if_no_pending_pings_directory ... ok
[INFO] [stdout] test tests::test_set_remote_metric_configuration ... ok
[INFO] [stdout] test tests::records_database_file_size ... ok
[INFO] [stdout] test upload::request::test::correctly_builds_ping_request ... ok
[INFO] [stdout] test database::test::test_panicks_if_fails_dir_creation ... FAILED
[INFO] [stdout] test upload::request::test::date_header_resolution ... ok
[INFO] [stdout] test upload::request::test::x_telemetry_agent_header_resolution ... ok
[INFO] [stdout] test upload::directory::test::gets_correct_data_from_valid_ping_file ... ok
[INFO] [stdout] test tests::pings_are_controllable_from_remote_settings_config ... ok
[INFO] [stdout] test upload::request::test::errors_when_request_body_exceeds_max_size ... ok
[INFO] [stdout] test upload::directory::test::non_uuid_files_are_deleted_and_ignored ... ok
[INFO] [stdout] test tests::test_activity_api ... ok
[INFO] [stdout] test upload::directory::test::takes_deletion_request_pings_into_account_while_processing ... ok
[INFO] [stdout] test upload::test::cannot_enqueue_ping_while_its_being_processed ... ok
[INFO] [stdout] test tests::test_empty_application_id - should panic ... ok
[INFO] [stdout] test histogram::functional::test::histogram_merge_different_buckets - should panic ... ok
[INFO] [stdout] test tests::timing_distribution_truncation ... ok
[INFO] [stdout] test upload::directory::test::wrongly_formatted_files_are_deleted_and_ignored ... ok
[INFO] [stdout] test upload::test::doesnt_error_when_there_are_no_pending_pings ... ok
[INFO] [stdout] test upload::test::duplicates_are_not_enqueued ... ok
[INFO] [stdout] test tests::timing_distribution_truncation_accumulate ... ok
[INFO] [stdout] test tests::records_io_errors ... FAILED
[INFO] [stdout] test upload::test::adds_debug_view_header_to_requests_when_tag_is_set ... ok
[INFO] [stdout] test upload::test::processes_correctly_client_error_upload_response ... ok
[INFO] [stdout] test tests::limits_on_experiments_extras_are_applied_correctly ... ok
[INFO] [stdout] test upload::test::clearing_the_queue_works_correctly ... ok
[INFO] [stdout] test upload::test::processes_correctly_server_error_upload_response ... ok
[INFO] [stdout] test upload::test::processes_correctly_unrecoverable_upload_response ... ok
[INFO] [stdout] test upload::test::new_pings_are_added_while_upload_in_progress ... ok
[INFO] [stdout] test util::test::local_now_gets_the_time ... ok
[INFO] [stdout] test util::test::test_get_iso_time_string ... ok
[INFO] [stdout] test util::test::test_sanitize_application_id ... ok
[INFO] [stdout] test upload::test::processes_correctly_success_upload_response ... ok
[INFO] [stdout] test upload::test::wait_task_contains_expected_wait_time_when_pending_pings_dir_not_processed_yet ... ok
[INFO] [stdout] test upload::test::returns_ping_request_when_there_is_one ... ok
[INFO] [stdout] test util::test::truncate_safely_test ... ok
[INFO] [stdout] test util::test::truncate_naive - should panic ... ok
[INFO] [stdout] test upload::test::returns_as_many_ping_requests_as_there_are ... ok
[INFO] [stdout] test metrics::text::test::setting_a_long_string_records_an_error ... ok
[INFO] [stdout] test upload::test::quota_is_enforced_when_enqueueing_cached_pings ... ok
[INFO] [stdout] test upload::test::clearing_the_queue_doesnt_clear_deletion_request_pings ... ok
[INFO] [stdout] test upload::test::maximum_of_recoverable_errors_is_enforced_for_uploading_window ... ok
[INFO] [stdout] test upload::test::size_and_count_quota_work_together_count_first ... ok
[INFO] [stdout] test upload::test::number_quota_is_enforced_when_enqueueing_cached_pings ... ok
[INFO] [stdout] test upload::test::fills_up_queue_successfully_from_disk ... ok
[INFO] [stdout] test upload::test::size_and_count_quota_work_together_size_first ... ok
[INFO] [stdout] test dispatcher::test::normal_queue_is_unbounded ... ok
[INFO] [stdout] test upload::test::limits_the_number_of_pings_when_there_is_rate_limiting ... ok
[INFO] [stdout] test upload::test::maximum_wait_attemps_is_enforced ... ok
[INFO] [stdout] 
[INFO] [stdout] failures:
[INFO] [stdout] 
[INFO] [stdout] ---- database::test::test_panicks_if_fails_dir_creation stdout ----
[INFO] [stdout] thread 'database::test::test_panicks_if_fails_dir_creation' panicked at src/database/mod.rs:953:9:
[INFO] [stdout] assertion failed: Database::new(path, false, 0, Duration::ZERO).is_err()
[INFO] [stdout] stack backtrace:
[INFO] [stdout]    0:     0x5c72aba4f09a - std::backtrace_rs::backtrace::libunwind::trace::h207520d6e9873551
[INFO] [stdout]                                at /rustc/df4ca44d3fbc9301ee17f30f4d474e6ae4b05252/library/std/src/../../backtrace/src/backtrace/libunwind.rs:116:5
[INFO] [stdout]    1:     0x5c72aba4f09a - std::backtrace_rs::backtrace::trace_unsynchronized::h2ed7433f370e3eca
[INFO] [stdout]                                at /rustc/df4ca44d3fbc9301ee17f30f4d474e6ae4b05252/library/std/src/../../backtrace/src/backtrace/mod.rs:66:5
[INFO] [stdout]    2:     0x5c72aba4f09a - std::sys::backtrace::_print_fmt::h916fac51166b18d7
[INFO] [stdout]                                at /rustc/df4ca44d3fbc9301ee17f30f4d474e6ae4b05252/library/std/src/sys/backtrace.rs:66:9
[INFO] [stdout]    3:     0x5c72aba4f09a - <std::sys::backtrace::BacktraceLock::print::DisplayBacktrace as core::fmt::Display>::fmt::ha0a4c9b8ce3802e6
[INFO] [stdout]                                at /rustc/df4ca44d3fbc9301ee17f30f4d474e6ae4b05252/library/std/src/sys/backtrace.rs:39:26
[INFO] [stdout]    4:     0x5c72aba77ed3 - core::fmt::rt::Argument::fmt::h4cfc8587d52b3eb5
[INFO] [stdout]                                at /rustc/df4ca44d3fbc9301ee17f30f4d474e6ae4b05252/library/core/src/fmt/rt.rs:177:76
[INFO] [stdout]    5:     0x5c72aba77ed3 - core::fmt::write::h522cc39e5b36ae9f
[INFO] [stdout]                                at /rustc/df4ca44d3fbc9301ee17f30f4d474e6ae4b05252/library/core/src/fmt/mod.rs:1190:21
[INFO] [stdout]    6:     0x5c72aba4b283 - std::io::Write::write_fmt::h7d3c26752da97734
[INFO] [stdout]                                at /rustc/df4ca44d3fbc9301ee17f30f4d474e6ae4b05252/library/std/src/io/mod.rs:1839:15
[INFO] [stdout]    7:     0x5c72aba4eee2 - std::sys::backtrace::BacktraceLock::print::h4b9e00b29e9c0942
[INFO] [stdout]                                at /rustc/df4ca44d3fbc9301ee17f30f4d474e6ae4b05252/library/std/src/sys/backtrace.rs:42:9
[INFO] [stdout]    8:     0x5c72aba5052a - std::panicking::default_hook::{{closure}}::hb59b88280d0324d9
[INFO] [stdout]                                at /rustc/df4ca44d3fbc9301ee17f30f4d474e6ae4b05252/library/std/src/panicking.rs:268:22
[INFO] [stdout]    9:     0x5c72aba50334 - std::panicking::default_hook::he1dd496665be4a29
[INFO] [stdout]                                at /rustc/df4ca44d3fbc9301ee17f30f4d474e6ae4b05252/library/std/src/panicking.rs:292:9
[INFO] [stdout]   10:     0x5c72ab8c97d9 - <alloc::boxed::Box<F,A> as core::ops::function::Fn<Args>>::call::h4ff71de18744e1dc
[INFO] [stdout]                                at /rustc/df4ca44d3fbc9301ee17f30f4d474e6ae4b05252/library/alloc/src/boxed.rs:2468:9
[INFO] [stdout]   11:     0x5c72ab8c97d9 - test::test_main::{{closure}}::hcf7c055ce117aa81
[INFO] [stdout]                                at /rustc/df4ca44d3fbc9301ee17f30f4d474e6ae4b05252/library/test/src/lib.rs:133:21
[INFO] [stdout]   12:     0x5c72aba50c28 - <alloc::boxed::Box<F,A> as core::ops::function::Fn<Args>>::call::h1d66c6bbd60c9692
[INFO] [stdout]                                at /rustc/df4ca44d3fbc9301ee17f30f4d474e6ae4b05252/library/alloc/src/boxed.rs:2468:9
[INFO] [stdout]   13:     0x5c72aba50c28 - std::panicking::rust_panic_with_hook::h2ff17fe8f26dfcf8
[INFO] [stdout]                                at /rustc/df4ca44d3fbc9301ee17f30f4d474e6ae4b05252/library/std/src/panicking.rs:809:13
[INFO] [stdout]   14:     0x5c72aba509b6 - std::panicking::begin_panic_handler::{{closure}}::h4fad77951c07e101
[INFO] [stdout]                                at /rustc/df4ca44d3fbc9301ee17f30f4d474e6ae4b05252/library/std/src/panicking.rs:667:13
[INFO] [stdout]   15:     0x5c72aba4f579 - std::sys::backtrace::__rust_end_short_backtrace::hb1a25b3da5d0ea08
[INFO] [stdout]                                at /rustc/df4ca44d3fbc9301ee17f30f4d474e6ae4b05252/library/std/src/sys/backtrace.rs:170:18
[INFO] [stdout]   16:     0x5c72aba5067c - rust_begin_unwind
[INFO] [stdout]                                at /rustc/df4ca44d3fbc9301ee17f30f4d474e6ae4b05252/library/std/src/panicking.rs:665:5
[INFO] [stdout]   17:     0x5c72aba76220 - core::panicking::panic_fmt::ha9db07b529f9b256
[INFO] [stdout]                                at /rustc/df4ca44d3fbc9301ee17f30f4d474e6ae4b05252/library/core/src/panicking.rs:75:14
[INFO] [stdout]   18:     0x5c72aba762ac - core::panicking::panic::h993086813d94accc
[INFO] [stdout]                                at /rustc/df4ca44d3fbc9301ee17f30f4d474e6ae4b05252/library/core/src/panicking.rs:152:5
[INFO] [stdout]   19:     0x5c72ab844bdd - glean_core::database::test::test_panicks_if_fails_dir_creation::h65fc0c556a8a83bb
[INFO] [stdout]                                at /opt/rustwide/workdir/src/database/mod.rs:953:9
[INFO] [stdout]   20:     0x5c72ab844b17 - glean_core::database::test::test_panicks_if_fails_dir_creation::{{closure}}::hd1654866a7fa87a0
[INFO] [stdout]                                at /opt/rustwide/workdir/src/database/mod.rs:951:44
[INFO] [stdout]   21:     0x5c72ab7c4476 - core::ops::function::FnOnce::call_once::hc3338308091b6a6c
[INFO] [stdout]                                at /rustc/df4ca44d3fbc9301ee17f30f4d474e6ae4b05252/library/core/src/ops/function.rs:250:5
[INFO] [stdout]   22:     0x5c72ab8ce0ab - core::ops::function::FnOnce::call_once::h22c3ba5715e93f05
[INFO] [stdout]                                at /rustc/df4ca44d3fbc9301ee17f30f4d474e6ae4b05252/library/core/src/ops/function.rs:250:5
[INFO] [stdout]   23:     0x5c72ab8ce0ab - test::__rust_begin_short_backtrace::h8e82d8113d0da17f
[INFO] [stdout]                                at /rustc/df4ca44d3fbc9301ee17f30f4d474e6ae4b05252/library/test/src/lib.rs:621:18
[INFO] [stdout]   24:     0x5c72ab8cda27 - test::run_test_in_process::{{closure}}::h33235f4f20b7b7c7
[INFO] [stdout]                                at /rustc/df4ca44d3fbc9301ee17f30f4d474e6ae4b05252/library/test/src/lib.rs:644:60
[INFO] [stdout]   25:     0x5c72ab8cda27 - <core::panic::unwind_safe::AssertUnwindSafe<F> as core::ops::function::FnOnce<()>>::call_once::hb5043206310c586f
[INFO] [stdout]                                at /rustc/df4ca44d3fbc9301ee17f30f4d474e6ae4b05252/library/core/src/panic/unwind_safe.rs:272:9
[INFO] [stdout]   26:     0x5c72ab8cda27 - std::panicking::try::do_call::h9ad4731a60ab23e2
[INFO] [stdout]                                at /rustc/df4ca44d3fbc9301ee17f30f4d474e6ae4b05252/library/std/src/panicking.rs:557:40
[INFO] [stdout]   27:     0x5c72ab8cda27 - std::panicking::try::h3824d23db772a716
[INFO] [stdout]                                at /rustc/df4ca44d3fbc9301ee17f30f4d474e6ae4b05252/library/std/src/panicking.rs:520:19
[INFO] [stdout]   28:     0x5c72ab8cda27 - std::panic::catch_unwind::h5afd514605fde46b
[INFO] [stdout]                                at /rustc/df4ca44d3fbc9301ee17f30f4d474e6ae4b05252/library/std/src/panic.rs:358:14
[INFO] [stdout]   29:     0x5c72ab8cda27 - test::run_test_in_process::h0d5cbfa7067d1720
[INFO] [stdout]                                at /rustc/df4ca44d3fbc9301ee17f30f4d474e6ae4b05252/library/test/src/lib.rs:644:27
[INFO] [stdout]   30:     0x5c72ab8cda27 - test::run_test::{{closure}}::h708eb8872708115d
[INFO] [stdout]                                at /rustc/df4ca44d3fbc9301ee17f30f4d474e6ae4b05252/library/test/src/lib.rs:565:43
[INFO] [stdout]   31:     0x5c72ab891144 - test::run_test::{{closure}}::h392c51cee94713ab
[INFO] [stdout]                                at /rustc/df4ca44d3fbc9301ee17f30f4d474e6ae4b05252/library/test/src/lib.rs:595:41
[INFO] [stdout]   32:     0x5c72ab891144 - std::sys::backtrace::__rust_begin_short_backtrace::h2f40290710935a8b
[INFO] [stdout]                                at /rustc/df4ca44d3fbc9301ee17f30f4d474e6ae4b05252/library/std/src/sys/backtrace.rs:154:18
[INFO] [stdout]   33:     0x5c72ab8948ee - std::thread::Builder::spawn_unchecked_::{{closure}}::{{closure}}::h3fd968d89053a903
[INFO] [stdout]                                at /rustc/df4ca44d3fbc9301ee17f30f4d474e6ae4b05252/library/std/src/thread/mod.rs:541:17
[INFO] [stdout]   34:     0x5c72ab8948ee - <core::panic::unwind_safe::AssertUnwindSafe<F> as core::ops::function::FnOnce<()>>::call_once::h743f637ba4229880
[INFO] [stdout]                                at /rustc/df4ca44d3fbc9301ee17f30f4d474e6ae4b05252/library/core/src/panic/unwind_safe.rs:272:9
[INFO] [stdout]   35:     0x5c72ab8948ee - std::panicking::try::do_call::h07440897322525a6
[INFO] [stdout]                                at /rustc/df4ca44d3fbc9301ee17f30f4d474e6ae4b05252/library/std/src/panicking.rs:557:40
[INFO] [stdout]   36:     0x5c72ab8948ee - std::panicking::try::he5a2e00188156637
[INFO] [stdout]                                at /rustc/df4ca44d3fbc9301ee17f30f4d474e6ae4b05252/library/std/src/panicking.rs:520:19
[INFO] [stdout]   37:     0x5c72ab8948ee - std::panic::catch_unwind::hbaf3cae49b3c6433
[INFO] [stdout]                                at /rustc/df4ca44d3fbc9301ee17f30f4d474e6ae4b05252/library/std/src/panic.rs:358:14
[INFO] [stdout]   38:     0x5c72ab8948ee - std::thread::Builder::spawn_unchecked_::{{closure}}::h8e141ea224820bce
[INFO] [stdout]                                at /rustc/df4ca44d3fbc9301ee17f30f4d474e6ae4b05252/library/std/src/thread/mod.rs:540:30
[INFO] [stdout]   39:     0x5c72ab8948ee - core::ops::function::FnOnce::call_once{{vtable.shim}}::h90d312fedd7b8ea8
[INFO] [stdout]                                at /rustc/df4ca44d3fbc9301ee17f30f4d474e6ae4b05252/library/core/src/ops/function.rs:250:5
[INFO] [stdout]   40:     0x5c72aba55f5b - <alloc::boxed::Box<F,A> as core::ops::function::FnOnce<Args>>::call_once::h69aa08ddb6adb8b6
[INFO] [stdout]                                at /rustc/df4ca44d3fbc9301ee17f30f4d474e6ae4b05252/library/alloc/src/boxed.rs:2454:9
[INFO] [stdout]   41:     0x5c72aba55f5b - <alloc::boxed::Box<F,A> as core::ops::function::FnOnce<Args>>::call_once::h5aa36efdb79c806f
[INFO] [stdout]                                at /rustc/df4ca44d3fbc9301ee17f30f4d474e6ae4b05252/library/alloc/src/boxed.rs:2454:9
[INFO] [stdout]   42:     0x5c72aba55f5b - std::sys::pal::unix::thread::Thread::new::thread_start::h6cd80a1b4be5158d
[INFO] [stdout]                                at /rustc/df4ca44d3fbc9301ee17f30f4d474e6ae4b05252/library/std/src/sys/pal/unix/thread.rs:105:17
[INFO] [stdout]   43:     0x75db813a6ac3 - <unknown>
[INFO] [stdout]   44:     0x75db81437a04 - clone
[INFO] [stdout]   45:                0x0 - <unknown>
[INFO] [stdout] 
[INFO] [stdout] ---- tests::records_io_errors stdout ----
[INFO] [stdout] thread 'tests::records_io_errors' panicked at src/lib_unit_tests.rs:1142:51:
[INFO] [stdout] called `Option::unwrap()` on a `None` value
[INFO] [stdout] stack backtrace:
[INFO] [stdout]    0:     0x5c72aba4f09a - std::backtrace_rs::backtrace::libunwind::trace::h207520d6e9873551
[INFO] [stdout]                                at /rustc/df4ca44d3fbc9301ee17f30f4d474e6ae4b05252/library/std/src/../../backtrace/src/backtrace/libunwind.rs:116:5
[INFO] [stdout]    1:     0x5c72aba4f09a - std::backtrace_rs::backtrace::trace_unsynchronized::h2ed7433f370e3eca
[INFO] [stdout]                                at /rustc/df4ca44d3fbc9301ee17f30f4d474e6ae4b05252/library/std/src/../../backtrace/src/backtrace/mod.rs:66:5
[INFO] [stdout]    2:     0x5c72aba4f09a - std::sys::backtrace::_print_fmt::h916fac51166b18d7
[INFO] [stdout]                                at /rustc/df4ca44d3fbc9301ee17f30f4d474e6ae4b05252/library/std/src/sys/backtrace.rs:66:9
[INFO] [stdout]    3:     0x5c72aba4f09a - <std::sys::backtrace::BacktraceLock::print::DisplayBacktrace as core::fmt::Display>::fmt::ha0a4c9b8ce3802e6
[INFO] [stdout]                                at /rustc/df4ca44d3fbc9301ee17f30f4d474e6ae4b05252/library/std/src/sys/backtrace.rs:39:26
[INFO] [stdout]    4:     0x5c72aba77ed3 - core::fmt::rt::Argument::fmt::h4cfc8587d52b3eb5
[INFO] [stdout]                                at /rustc/df4ca44d3fbc9301ee17f30f4d474e6ae4b05252/library/core/src/fmt/rt.rs:177:76
[INFO] [stdout]    5:     0x5c72aba77ed3 - core::fmt::write::h522cc39e5b36ae9f
[INFO] [stdout]                                at /rustc/df4ca44d3fbc9301ee17f30f4d474e6ae4b05252/library/core/src/fmt/mod.rs:1190:21
[INFO] [stdout]    6:     0x5c72aba4b283 - std::io::Write::write_fmt::h7d3c26752da97734
[INFO] [stdout]                                at /rustc/df4ca44d3fbc9301ee17f30f4d474e6ae4b05252/library/std/src/io/mod.rs:1839:15
[INFO] [stdout]    7:     0x5c72aba4eee2 - std::sys::backtrace::BacktraceLock::print::h4b9e00b29e9c0942
[INFO] [stdout]                                at /rustc/df4ca44d3fbc9301ee17f30f4d474e6ae4b05252/library/std/src/sys/backtrace.rs:42:9
[INFO] [stdout]    8:     0x5c72aba5052a - std::panicking::default_hook::{{closure}}::hb59b88280d0324d9
[INFO] [stdout]                                at /rustc/df4ca44d3fbc9301ee17f30f4d474e6ae4b05252/library/std/src/panicking.rs:268:22
[INFO] [stdout]    9:     0x5c72aba50334 - std::panicking::default_hook::he1dd496665be4a29
[INFO] [stdout]                                at /rustc/df4ca44d3fbc9301ee17f30f4d474e6ae4b05252/library/std/src/panicking.rs:292:9
[INFO] [stdout]   10:     0x5c72ab8c97d9 - <alloc::boxed::Box<F,A> as core::ops::function::Fn<Args>>::call::h4ff71de18744e1dc
[INFO] [stdout]                                at /rustc/df4ca44d3fbc9301ee17f30f4d474e6ae4b05252/library/alloc/src/boxed.rs:2468:9
[INFO] [stdout]   11:     0x5c72ab8c97d9 - test::test_main::{{closure}}::hcf7c055ce117aa81
[INFO] [stdout]                                at /rustc/df4ca44d3fbc9301ee17f30f4d474e6ae4b05252/library/test/src/lib.rs:133:21
[INFO] [stdout]   12:     0x5c72aba50c28 - <alloc::boxed::Box<F,A> as core::ops::function::Fn<Args>>::call::h1d66c6bbd60c9692
[INFO] [stdout]                                at /rustc/df4ca44d3fbc9301ee17f30f4d474e6ae4b05252/library/alloc/src/boxed.rs:2468:9
[INFO] [stdout]   13:     0x5c72aba50c28 - std::panicking::rust_panic_with_hook::h2ff17fe8f26dfcf8
[INFO] [stdout]                                at /rustc/df4ca44d3fbc9301ee17f30f4d474e6ae4b05252/library/std/src/panicking.rs:809:13
[INFO] [stdout]   14:     0x5c72aba509b6 - std::panicking::begin_panic_handler::{{closure}}::h4fad77951c07e101
[INFO] [stdout]                                at /rustc/df4ca44d3fbc9301ee17f30f4d474e6ae4b05252/library/std/src/panicking.rs:667:13
[INFO] [stdout]   15:     0x5c72aba4f579 - std::sys::backtrace::__rust_end_short_backtrace::hb1a25b3da5d0ea08
[INFO] [stdout]                                at /rustc/df4ca44d3fbc9301ee17f30f4d474e6ae4b05252/library/std/src/sys/backtrace.rs:170:18
[INFO] [stdout]   16:     0x5c72aba5067c - rust_begin_unwind
[INFO] [stdout]                                at /rustc/df4ca44d3fbc9301ee17f30f4d474e6ae4b05252/library/std/src/panicking.rs:665:5
[INFO] [stdout]   17:     0x5c72aba76220 - core::panicking::panic_fmt::ha9db07b529f9b256
[INFO] [stdout]                                at /rustc/df4ca44d3fbc9301ee17f30f4d474e6ae4b05252/library/core/src/panicking.rs:75:14
[INFO] [stdout]   18:     0x5c72aba762ac - core::panicking::panic::h993086813d94accc
[INFO] [stdout]                                at /rustc/df4ca44d3fbc9301ee17f30f4d474e6ae4b05252/library/core/src/panicking.rs:152:5
[INFO] [stdout]   19:     0x5c72aba76199 - core::option::unwrap_failed::h7d84639b8a1a5da9
[INFO] [stdout]                                at /rustc/df4ca44d3fbc9301ee17f30f4d474e6ae4b05252/library/core/src/option.rs:2008:5
[INFO] [stdout]   20:     0x5c72ab86f188 - core::option::Option<T>::unwrap::h14bf0d9c7ffa9d3e
[INFO] [stdout]                                at /rustc/df4ca44d3fbc9301ee17f30f4d474e6ae4b05252/library/core/src/option.rs:971:21
[INFO] [stdout]   21:     0x5c72ab86f188 - glean_core::tests::records_io_errors::h7b122d3d7da921b3
[INFO] [stdout]                                at /opt/rustwide/workdir/src/lib_unit_tests.rs:1142:9
[INFO] [stdout]   22:     0x5c72ab86ebc7 - glean_core::tests::records_io_errors::{{closure}}::h6b18cbf752c441f5
[INFO] [stdout]                                at /opt/rustwide/workdir/src/lib_unit_tests.rs:1119:23
[INFO] [stdout]   23:     0x5c72ab7c1466 - core::ops::function::FnOnce::call_once::h07124e6e99986d06
[INFO] [stdout]                                at /rustc/df4ca44d3fbc9301ee17f30f4d474e6ae4b05252/library/core/src/ops/function.rs:250:5
[INFO] [stdout]   24:     0x5c72ab8ce0ab - core::ops::function::FnOnce::call_once::h22c3ba5715e93f05
[INFO] [stdout]                                at /rustc/df4ca44d3fbc9301ee17f30f4d474e6ae4b05252/library/core/src/ops/function.rs:250:5
[INFO] [stdout]   25:     0x5c72ab8ce0ab - test::__rust_begin_short_backtrace::h8e82d8113d0da17f
[INFO] [stdout]                                at /rustc/df4ca44d3fbc9301ee17f30f4d474e6ae4b05252/library/test/src/lib.rs:621:18
[INFO] [stdout]   26:     0x5c72ab8cda27 - test::run_test_in_process::{{closure}}::h33235f4f20b7b7c7
[INFO] [stdout]                                at /rustc/df4ca44d3fbc9301ee17f30f4d474e6ae4b05252/library/test/src/lib.rs:644:60
[INFO] [stdout]   27:     0x5c72ab8cda27 - <core::panic::unwind_safe::AssertUnwindSafe<F> as core::ops::function::FnOnce<()>>::call_once::hb5043206310c586f
[INFO] [stdout]                                at /rustc/df4ca44d3fbc9301ee17f30f4d474e6ae4b05252/library/core/src/panic/unwind_safe.rs:272:9
[INFO] [stdout]   28:     0x5c72ab8cda27 - std::panicking::try::do_call::h9ad4731a60ab23e2
[INFO] [stdout]                                at /rustc/df4ca44d3fbc9301ee17f30f4d474e6ae4b05252/library/std/src/panicking.rs:557:40
[INFO] [stdout]   29:     0x5c72ab8cda27 - std::panicking::try::h3824d23db772a716
[INFO] [stdout]                                at /rustc/df4ca44d3fbc9301ee17f30f4d474e6ae4b05252/library/std/src/panicking.rs:520:19
[INFO] [stdout]   30:     0x5c72ab8cda27 - std::panic::catch_unwind::h5afd514605fde46b
[INFO] [stdout]                                at /rustc/df4ca44d3fbc9301ee17f30f4d474e6ae4b05252/library/std/src/panic.rs:358:14
[INFO] [stdout]   31:     0x5c72ab8cda27 - test::run_test_in_process::h0d5cbfa7067d1720
[INFO] [stdout]                                at /rustc/df4ca44d3fbc9301ee17f30f4d474e6ae4b05252/library/test/src/lib.rs:644:27
[INFO] [stdout]   32:     0x5c72ab8cda27 - test::run_test::{{closure}}::h708eb8872708115d
[INFO] [stdout]                                at /rustc/df4ca44d3fbc9301ee17f30f4d474e6ae4b05252/library/test/src/lib.rs:565:43
[INFO] [stdout]   33:     0x5c72ab891144 - test::run_test::{{closure}}::h392c51cee94713ab
[INFO] [stdout]                                at /rustc/df4ca44d3fbc9301ee17f30f4d474e6ae4b05252/library/test/src/lib.rs:595:41
[INFO] [stdout]   34:     0x5c72ab891144 - std::sys::backtrace::__rust_begin_short_backtrace::h2f40290710935a8b
[INFO] [stdout]                                at /rustc/df4ca44d3fbc9301ee17f30f4d474e6ae4b05252/library/std/src/sys/backtrace.rs:154:18
[INFO] [stdout]   35:     0x5c72ab8948ee - std::thread::Builder::spawn_unchecked_::{{closure}}::{{closure}}::h3fd968d89053a903
[INFO] [stdout]                                at /rustc/df4ca44d3fbc9301ee17f30f4d474e6ae4b05252/library/std/src/thread/mod.rs:541:17
[INFO] [stdout]   36:     0x5c72ab8948ee - <core::panic::unwind_safe::AssertUnwindSafe<F> as core::ops::function::FnOnce<()>>::call_once::h743f637ba4229880
[INFO] [stdout]                                at /rustc/df4ca44d3fbc9301ee17f30f4d474e6ae4b05252/library/core/src/panic/unwind_safe.rs:272:9
[INFO] [stdout]   37:     0x5c72ab8948ee - std::panicking::try::do_call::h07440897322525a6
[INFO] [stdout]                                at /rustc/df4ca44d3fbc9301ee17f30f4d474e6ae4b05252/library/std/src/panicking.rs:557:40
[INFO] [stdout]   38:     0x5c72ab8948ee - std::panicking::try::he5a2e00188156637
[INFO] [stdout]                                at /rustc/df4ca44d3fbc9301ee17f30f4d474e6ae4b05252/library/std/src/panicking.rs:520:19
[INFO] [stdout]   39:     0x5c72ab8948ee - std::panic::catch_unwind::hbaf3cae49b3c6433
[INFO] [stdout]                                at /rustc/df4ca44d3fbc9301ee17f30f4d474e6ae4b05252/library/std/src/panic.rs:358:14
[INFO] [stdout]   40:     0x5c72ab8948ee - std::thread::Builder::spawn_unchecked_::{{closure}}::h8e141ea224820bce
[INFO] [stdout]                                at /rustc/df4ca44d3fbc9301ee17f30f4d474e6ae4b05252/library/std/src/thread/mod.rs:540:30
[INFO] [stdout]   41:     0x5c72ab8948ee - core::ops::function::FnOnce::call_once{{vtable.shim}}::h90d312fedd7b8ea8
[INFO] [stdout]                                at /rustc/df4ca44d3fbc9301ee17f30f4d474e6ae4b05252/library/core/src/ops/function.rs:250:5
[INFO] [stdout]   42:     0x5c72aba55f5b - <alloc::boxed::Box<F,A> as core::ops::function::FnOnce<Args>>::call_once::h69aa08ddb6adb8b6
[INFO] [stdout]                                at /rustc/df4ca44d3fbc9301ee17f30f4d474e6ae4b05252/library/alloc/src/boxed.rs:2454:9
[INFO] [stdout]   43:     0x5c72aba55f5b - <alloc::boxed::Box<F,A> as core::ops::function::FnOnce<Args>>::call_once::h5aa36efdb79c806f
[INFO] [stdout]                                at /rustc/df4ca44d3fbc9301ee17f30f4d474e6ae4b05252/library/alloc/src/boxed.rs:2454:9
[INFO] [stdout]   44:     0x5c72aba55f5b - std::sys::pal::unix::thread::Thread::new::thread_start::h6cd80a1b4be5158d
[INFO] [stdout]                                at /rustc/df4ca44d3fbc9301ee17f30f4d474e6ae4b05252/library/std/src/sys/pal/unix/thread.rs:105:17
[INFO] [stdout]   45:     0x75db813a6ac3 - <unknown>
[INFO] [stdout]   46:     0x75db81437a04 - clone
[INFO] [stdout]   47:                0x0 - <unknown>
[INFO] [stdout] 
[INFO] [stdout] 
[INFO] [stdout] failures:
[INFO] [stdout]     database::test::test_panicks_if_fails_dir_creation
[INFO] [stdout]     tests::records_io_errors
[INFO] [stdout] 
[INFO] [stdout] test result: FAILED. 145 passed; 2 failed; 2 ignored; 0 measured; 0 filtered out; finished in 5.20s
[INFO] [stdout] 
[INFO] [stderr] error: test failed, to rerun pass `--lib`
[INFO] running `Command { std: "docker" "inspect" "44143608fc6fe2f384c21ac7da2b3afc828d2fac70170888fb583c97eacf9b80", kill_on_drop: false }`
[INFO] running `Command { std: "docker" "rm" "-f" "44143608fc6fe2f384c21ac7da2b3afc828d2fac70170888fb583c97eacf9b80", kill_on_drop: false }`
[INFO] [stdout] 44143608fc6fe2f384c21ac7da2b3afc828d2fac70170888fb583c97eacf9b80
