[INFO] fetching crate gitql-core 0.5.0...
[INFO] testing gitql-core-0.5.0 against nightly-2024-10-28+rustflags=-Zrandomize-layout for randomize-layout
[INFO] extracting crate gitql-core 0.5.0 into /workspace/builds/worker-7-tc2/source
[INFO] validating manifest of crates.io crate gitql-core 0.5.0 on toolchain nightly-2024-10-28
[INFO] running `Command { std: CARGO_HOME="/workspace/cargo-home" RUSTUP_HOME="/workspace/rustup-home" "/workspace/cargo-home/bin/cargo" "+nightly-2024-10-28" "metadata" "--manifest-path" "Cargo.toml" "--no-deps", kill_on_drop: false }`
[INFO] started tweaking crates.io crate gitql-core 0.5.0
[INFO] finished tweaking crates.io crate gitql-core 0.5.0
[INFO] tweaked toml for crates.io crate gitql-core 0.5.0 written to /workspace/builds/worker-7-tc2/source/Cargo.toml
[INFO] running `Command { std: CARGO_HOME="/workspace/cargo-home" RUSTUP_HOME="/workspace/rustup-home" "/workspace/cargo-home/bin/cargo" "+nightly-2024-10-28" "generate-lockfile" "--manifest-path" "Cargo.toml", kill_on_drop: false }`
[INFO] [stderr]     Updating crates.io index
[INFO] [stderr]      Locking 43 packages to latest compatible versions
[INFO] running `Command { std: CARGO_HOME="/workspace/cargo-home" RUSTUP_HOME="/workspace/rustup-home" "/workspace/cargo-home/bin/cargo" "+nightly-2024-10-28" "fetch" "--manifest-path" "Cargo.toml", kill_on_drop: false }`
[INFO] running `Command { std: "docker" "create" "-v" "/var/lib/crater-agent-workspace/builds/worker-7-tc2/target:/opt/rustwide/target:rw,Z" "-v" "/var/lib/crater-agent-workspace/builds/worker-7-tc2/source:/opt/rustwide/workdir:ro,Z" "-v" "/var/lib/crater-agent-workspace/cargo-home:/opt/rustwide/cargo-home:ro,Z" "-v" "/var/lib/crater-agent-workspace/rustup-home:/opt/rustwide/rustup-home:ro,Z" "-e" "SOURCE_DIR=/opt/rustwide/workdir" "-e" "CARGO_TARGET_DIR=/opt/rustwide/target" "-e" "CARGO_HOME=/opt/rustwide/cargo-home" "-e" "RUSTUP_HOME=/opt/rustwide/rustup-home" "-w" "/opt/rustwide/workdir" "-m" "1610612736" "--user" "0:0" "--network" "none" "ghcr.io/rust-lang/crates-build-env/linux@sha256:4a844ea9eb2546a2d2c7022eacef16ef2e8229c7fbb2c7d4d55a9ceca922f72d" "/opt/rustwide/cargo-home/bin/cargo" "+nightly-2024-10-28" "metadata" "--no-deps" "--format-version=1", kill_on_drop: false }`
[INFO] [stdout] 5f9a0b9084baf1d0e27befac56000b3567fdca71dd17911e5be50c6573376da1
[INFO] running `Command { std: "docker" "start" "-a" "5f9a0b9084baf1d0e27befac56000b3567fdca71dd17911e5be50c6573376da1", kill_on_drop: false }`
[INFO] running `Command { std: "docker" "inspect" "5f9a0b9084baf1d0e27befac56000b3567fdca71dd17911e5be50c6573376da1", kill_on_drop: false }`
[INFO] running `Command { std: "docker" "rm" "-f" "5f9a0b9084baf1d0e27befac56000b3567fdca71dd17911e5be50c6573376da1", kill_on_drop: false }`
[INFO] [stdout] 5f9a0b9084baf1d0e27befac56000b3567fdca71dd17911e5be50c6573376da1
[INFO] running `Command { std: "docker" "create" "-v" "/var/lib/crater-agent-workspace/builds/worker-7-tc2/target:/opt/rustwide/target:rw,Z" "-v" "/var/lib/crater-agent-workspace/builds/worker-7-tc2/source:/opt/rustwide/workdir:ro,Z" "-v" "/var/lib/crater-agent-workspace/cargo-home:/opt/rustwide/cargo-home:ro,Z" "-v" "/var/lib/crater-agent-workspace/rustup-home:/opt/rustwide/rustup-home:ro,Z" "-e" "SOURCE_DIR=/opt/rustwide/workdir" "-e" "CARGO_TARGET_DIR=/opt/rustwide/target" "-e" "CARGO_INCREMENTAL=0" "-e" "RUST_BACKTRACE=full" "-e" "RUSTFLAGS=--cap-lints=forbid -Zrandomize-layout" "-e" "RUSTDOCFLAGS=--cap-lints=forbid" "-e" "CARGO_HOME=/opt/rustwide/cargo-home" "-e" "RUSTUP_HOME=/opt/rustwide/rustup-home" "-w" "/opt/rustwide/workdir" "-m" "1610612736" "--user" "0:0" "--network" "none" "ghcr.io/rust-lang/crates-build-env/linux@sha256:4a844ea9eb2546a2d2c7022eacef16ef2e8229c7fbb2c7d4d55a9ceca922f72d" "/opt/rustwide/cargo-home/bin/cargo" "+nightly-2024-10-28" "build" "--frozen" "--message-format=json", kill_on_drop: false }`
[INFO] [stdout] 34288b23fa4ca9e23a5d6a0fb38c2f8b303f7984efafb3d0c0f98a2fcdf736f7
[INFO] running `Command { std: "docker" "start" "-a" "34288b23fa4ca9e23a5d6a0fb38c2f8b303f7984efafb3d0c0f98a2fcdf736f7", kill_on_drop: false }`
[INFO] [stderr]    Compiling autocfg v1.4.0
[INFO] [stderr]    Compiling serde v1.0.214
[INFO] [stderr]    Compiling itoa v1.0.11
[INFO] [stderr]    Compiling serde_json v1.0.132
[INFO] [stderr]    Compiling ryu v1.0.18
[INFO] [stderr]    Compiling iana-time-zone v0.1.61
[INFO] [stderr]    Compiling csv-core v0.1.11
[INFO] [stderr]    Compiling num-traits v0.2.19
[INFO] [stderr]    Compiling chrono v0.4.38
[INFO] [stderr]    Compiling csv v1.3.0
[INFO] [stderr]    Compiling gitql-core v0.5.0 (/opt/rustwide/workdir)
[INFO] [stderr]     Finished `dev` profile [unoptimized + debuginfo] target(s) in 8.94s
[INFO] running `Command { std: "docker" "inspect" "34288b23fa4ca9e23a5d6a0fb38c2f8b303f7984efafb3d0c0f98a2fcdf736f7", kill_on_drop: false }`
[INFO] running `Command { std: "docker" "rm" "-f" "34288b23fa4ca9e23a5d6a0fb38c2f8b303f7984efafb3d0c0f98a2fcdf736f7", kill_on_drop: false }`
[INFO] [stdout] 34288b23fa4ca9e23a5d6a0fb38c2f8b303f7984efafb3d0c0f98a2fcdf736f7
[INFO] running `Command { std: "docker" "create" "-v" "/var/lib/crater-agent-workspace/builds/worker-7-tc2/target:/opt/rustwide/target:rw,Z" "-v" "/var/lib/crater-agent-workspace/builds/worker-7-tc2/source:/opt/rustwide/workdir:ro,Z" "-v" "/var/lib/crater-agent-workspace/cargo-home:/opt/rustwide/cargo-home:ro,Z" "-v" "/var/lib/crater-agent-workspace/rustup-home:/opt/rustwide/rustup-home:ro,Z" "-e" "SOURCE_DIR=/opt/rustwide/workdir" "-e" "CARGO_TARGET_DIR=/opt/rustwide/target" "-e" "CARGO_INCREMENTAL=0" "-e" "RUST_BACKTRACE=full" "-e" "RUSTFLAGS=--cap-lints=forbid -Zrandomize-layout" "-e" "RUSTDOCFLAGS=--cap-lints=forbid" "-e" "CARGO_HOME=/opt/rustwide/cargo-home" "-e" "RUSTUP_HOME=/opt/rustwide/rustup-home" "-w" "/opt/rustwide/workdir" "-m" "1610612736" "--user" "0:0" "--network" "none" "ghcr.io/rust-lang/crates-build-env/linux@sha256:4a844ea9eb2546a2d2c7022eacef16ef2e8229c7fbb2c7d4d55a9ceca922f72d" "/opt/rustwide/cargo-home/bin/cargo" "+nightly-2024-10-28" "test" "--frozen" "--no-run" "--message-format=json", kill_on_drop: false }`
[INFO] [stdout] b9d49e4235b5a97ce021c84cca706ddaccf1521b6bb416246d805be09f7f6cc8
[INFO] running `Command { std: "docker" "start" "-a" "b9d49e4235b5a97ce021c84cca706ddaccf1521b6bb416246d805be09f7f6cc8", kill_on_drop: false }`
[INFO] [stderr]    Compiling gitql-core v0.5.0 (/opt/rustwide/workdir)
[INFO] [stderr]     Finished `test` profile [unoptimized + debuginfo] target(s) in 0.47s
[INFO] running `Command { std: "docker" "inspect" "b9d49e4235b5a97ce021c84cca706ddaccf1521b6bb416246d805be09f7f6cc8", kill_on_drop: false }`
[INFO] running `Command { std: "docker" "rm" "-f" "b9d49e4235b5a97ce021c84cca706ddaccf1521b6bb416246d805be09f7f6cc8", kill_on_drop: false }`
[INFO] [stdout] b9d49e4235b5a97ce021c84cca706ddaccf1521b6bb416246d805be09f7f6cc8
[INFO] running `Command { std: "docker" "create" "-v" "/var/lib/crater-agent-workspace/builds/worker-7-tc2/target:/opt/rustwide/target:rw,Z" "-v" "/var/lib/crater-agent-workspace/builds/worker-7-tc2/source:/opt/rustwide/workdir:ro,Z" "-v" "/var/lib/crater-agent-workspace/cargo-home:/opt/rustwide/cargo-home:ro,Z" "-v" "/var/lib/crater-agent-workspace/rustup-home:/opt/rustwide/rustup-home:ro,Z" "-e" "SOURCE_DIR=/opt/rustwide/workdir" "-e" "CARGO_TARGET_DIR=/opt/rustwide/target" "-e" "CARGO_INCREMENTAL=0" "-e" "RUST_BACKTRACE=full" "-e" "RUSTFLAGS=--cap-lints=forbid -Zrandomize-layout" "-e" "RUSTDOCFLAGS=--cap-lints=forbid" "-e" "CARGO_HOME=/opt/rustwide/cargo-home" "-e" "RUSTUP_HOME=/opt/rustwide/rustup-home" "-w" "/opt/rustwide/workdir" "-m" "1610612736" "--user" "0:0" "--network" "none" "ghcr.io/rust-lang/crates-build-env/linux@sha256:4a844ea9eb2546a2d2c7022eacef16ef2e8229c7fbb2c7d4d55a9ceca922f72d" "/opt/rustwide/cargo-home/bin/cargo" "+nightly-2024-10-28" "test" "--frozen", kill_on_drop: false }`
[INFO] [stdout] 0f818a6c1672b3f35df3c84018cf51ca3e4fc8ca6343ec0d554c4a141af21423
[INFO] running `Command { std: "docker" "start" "-a" "0f818a6c1672b3f35df3c84018cf51ca3e4fc8ca6343ec0d554c4a141af21423", kill_on_drop: false }`
[INFO] [stderr]     Finished `test` profile [unoptimized + debuginfo] target(s) in 0.03s
[INFO] [stderr]      Running unittests src/lib.rs (/opt/rustwide/target/debug/deps/gitql_core-4dee93bf9a1d8f10)
[INFO] [stdout] 
[INFO] [stderr]    Doc-tests gitql_core
[INFO] [stdout] running 0 tests
[INFO] [stdout] 
[INFO] [stdout] test result: ok. 0 passed; 0 failed; 0 ignored; 0 measured; 0 filtered out; finished in 0.00s
[INFO] [stdout] 
[INFO] [stdout] 
[INFO] [stdout] running 2 tests
[INFO] [stdout] test src/schema.rs - schema::Schema (line 11) ... FAILED
[INFO] [stdout] test src/schema.rs - schema::Schema (line 24) ... FAILED
[INFO] [stdout] 
[INFO] [stdout] failures:
[INFO] [stdout] 
[INFO] [stdout] ---- src/schema.rs - schema::Schema (line 11) stdout ----
[INFO] [stdout] error: expected identifier, found keyword `ref`
[INFO] [stdout]  --> src/schema.rs:13:12
[INFO] [stdout]   |
[INFO] [stdout] 4 | pub static ref TABLES_FIELDS_NAMES: HashMap<&'static str, Vec<&'static str>> = {
[INFO] [stdout]   |            ^^^ expected identifier, found keyword
[INFO] [stdout] 
[INFO] [stdout] error: expected one of `:`, `;`, or `=`, found `TABLES_FIELDS_NAMES`
[INFO] [stdout]  --> src/schema.rs:13:16
[INFO] [stdout]   |
[INFO] [stdout] 4 | pub static ref TABLES_FIELDS_NAMES: HashMap<&'static str, Vec<&'static str>> = {
[INFO] [stdout]   |                ^^^^^^^^^^^^^^^^^^^ expected one of `:`, `;`, or `=`
[INFO] [stdout] 
[INFO] [stdout] error: missing type for `static` item
[INFO] [stdout]  --> src/schema.rs:13:15
[INFO] [stdout]   |
[INFO] [stdout] 4 | pub static ref TABLES_FIELDS_NAMES: HashMap<&'static str, Vec<&'static str>> = {
[INFO] [stdout]   |               ^
[INFO] [stdout]   |
[INFO] [stdout] help: provide a type for the item
[INFO] [stdout]   |
[INFO] [stdout] 4 | pub static ref: <type> TABLES_FIELDS_NAMES: HashMap<&'static str, Vec<&'static str>> = {
[INFO] [stdout]   |               ++++++++
[INFO] [stdout] 
[INFO] [stdout] error: aborting due to 3 previous errors
[INFO] [stdout] 
[INFO] [stdout] Couldn't compile the test.
[INFO] [stdout] ---- src/schema.rs - schema::Schema (line 24) stdout ----
[INFO] [stdout] error: expected identifier, found keyword `ref`
[INFO] [stdout]  --> src/schema.rs:25:12
[INFO] [stdout]   |
[INFO] [stdout] 3 | pub static ref TABLES_FIELDS_TYPES: HashMap<&'static str, DataType> = {
[INFO] [stdout]   |            ^^^ expected identifier, found keyword
[INFO] [stdout] 
[INFO] [stdout] error: expected one of `:`, `;`, or `=`, found `TABLES_FIELDS_TYPES`
[INFO] [stdout]  --> src/schema.rs:25:16
[INFO] [stdout]   |
[INFO] [stdout] 3 | pub static ref TABLES_FIELDS_TYPES: HashMap<&'static str, DataType> = {
[INFO] [stdout]   |                ^^^^^^^^^^^^^^^^^^^ expected one of `:`, `;`, or `=`
[INFO] [stdout] 
[INFO] [stdout] error: missing type for `static` item
[INFO] [stdout]  --> src/schema.rs:25:15
[INFO] [stdout]   |
[INFO] [stdout] 3 | pub static ref TABLES_FIELDS_TYPES: HashMap<&'static str, DataType> = {
[INFO] [stdout]   |               ^
[INFO] [stdout]   |
[INFO] [stdout] help: provide a type for the item
[INFO] [stdout]   |
[INFO] [stdout] 3 | pub static ref: <type> TABLES_FIELDS_TYPES: HashMap<&'static str, DataType> = {
[INFO] [stdout]   |               ++++++++
[INFO] [stdout] 
[INFO] [stdout] error: aborting due to 3 previous errors
[INFO] [stdout] 
[INFO] [stdout] Couldn't compile the test.
[INFO] [stdout] 
[INFO] [stdout] failures:
[INFO] [stdout]     src/schema.rs - schema::Schema (line 11)
[INFO] [stdout]     src/schema.rs - schema::Schema (line 24)
[INFO] [stdout] 
[INFO] [stdout] test result: FAILED. 0 passed; 2 failed; 0 ignored; 0 measured; 0 filtered out; finished in 0.08s
[INFO] [stdout] 
[INFO] [stderr] error: doctest failed, to rerun pass `--doc`
[INFO] running `Command { std: "docker" "inspect" "0f818a6c1672b3f35df3c84018cf51ca3e4fc8ca6343ec0d554c4a141af21423", kill_on_drop: false }`
[INFO] running `Command { std: "docker" "rm" "-f" "0f818a6c1672b3f35df3c84018cf51ca3e4fc8ca6343ec0d554c4a141af21423", kill_on_drop: false }`
[INFO] [stdout] 0f818a6c1672b3f35df3c84018cf51ca3e4fc8ca6343ec0d554c4a141af21423
