[INFO] fetching crate gitbox 2.1.0...
[INFO] testing gitbox-2.1.0 against nightly-2024-10-28+rustflags=-Zrandomize-layout for randomize-layout
[INFO] extracting crate gitbox 2.1.0 into /workspace/builds/worker-4-tc2/source
[INFO] validating manifest of crates.io crate gitbox 2.1.0 on toolchain nightly-2024-10-28
[INFO] running `Command { std: CARGO_HOME="/workspace/cargo-home" RUSTUP_HOME="/workspace/rustup-home" "/workspace/cargo-home/bin/cargo" "+nightly-2024-10-28" "metadata" "--manifest-path" "Cargo.toml" "--no-deps", kill_on_drop: false }`
[INFO] started tweaking crates.io crate gitbox 2.1.0
[INFO] finished tweaking crates.io crate gitbox 2.1.0
[INFO] tweaked toml for crates.io crate gitbox 2.1.0 written to /workspace/builds/worker-4-tc2/source/Cargo.toml
[INFO] crate crates.io crate gitbox 2.1.0 already has a lockfile, it will not be regenerated
[INFO] running `Command { std: CARGO_HOME="/workspace/cargo-home" RUSTUP_HOME="/workspace/rustup-home" "/workspace/cargo-home/bin/cargo" "+nightly-2024-10-28" "fetch" "--manifest-path" "Cargo.toml", kill_on_drop: false }`
[INFO] running `Command { std: "docker" "create" "-v" "/var/lib/crater-agent-workspace/builds/worker-4-tc2/target:/opt/rustwide/target:rw,Z" "-v" "/var/lib/crater-agent-workspace/builds/worker-4-tc2/source:/opt/rustwide/workdir:ro,Z" "-v" "/var/lib/crater-agent-workspace/cargo-home:/opt/rustwide/cargo-home:ro,Z" "-v" "/var/lib/crater-agent-workspace/rustup-home:/opt/rustwide/rustup-home:ro,Z" "-e" "SOURCE_DIR=/opt/rustwide/workdir" "-e" "CARGO_TARGET_DIR=/opt/rustwide/target" "-e" "CARGO_HOME=/opt/rustwide/cargo-home" "-e" "RUSTUP_HOME=/opt/rustwide/rustup-home" "-w" "/opt/rustwide/workdir" "-m" "1610612736" "--user" "0:0" "--network" "none" "ghcr.io/rust-lang/crates-build-env/linux@sha256:4a844ea9eb2546a2d2c7022eacef16ef2e8229c7fbb2c7d4d55a9ceca922f72d" "/opt/rustwide/cargo-home/bin/cargo" "+nightly-2024-10-28" "metadata" "--no-deps" "--format-version=1", kill_on_drop: false }`
[INFO] [stdout] 2adc30a728acbb646104ebd30970894166dca7cd2c92af99587ac79fd319da4c
[INFO] running `Command { std: "docker" "start" "-a" "2adc30a728acbb646104ebd30970894166dca7cd2c92af99587ac79fd319da4c", kill_on_drop: false }`
[INFO] running `Command { std: "docker" "inspect" "2adc30a728acbb646104ebd30970894166dca7cd2c92af99587ac79fd319da4c", kill_on_drop: false }`
[INFO] running `Command { std: "docker" "rm" "-f" "2adc30a728acbb646104ebd30970894166dca7cd2c92af99587ac79fd319da4c", kill_on_drop: false }`
[INFO] [stdout] 2adc30a728acbb646104ebd30970894166dca7cd2c92af99587ac79fd319da4c
[INFO] running `Command { std: "docker" "create" "-v" "/var/lib/crater-agent-workspace/builds/worker-4-tc2/target:/opt/rustwide/target:rw,Z" "-v" "/var/lib/crater-agent-workspace/builds/worker-4-tc2/source:/opt/rustwide/workdir:ro,Z" "-v" "/var/lib/crater-agent-workspace/cargo-home:/opt/rustwide/cargo-home:ro,Z" "-v" "/var/lib/crater-agent-workspace/rustup-home:/opt/rustwide/rustup-home:ro,Z" "-e" "SOURCE_DIR=/opt/rustwide/workdir" "-e" "CARGO_TARGET_DIR=/opt/rustwide/target" "-e" "CARGO_INCREMENTAL=0" "-e" "RUST_BACKTRACE=full" "-e" "RUSTFLAGS=--cap-lints=forbid -Zrandomize-layout" "-e" "RUSTDOCFLAGS=--cap-lints=forbid" "-e" "CARGO_HOME=/opt/rustwide/cargo-home" "-e" "RUSTUP_HOME=/opt/rustwide/rustup-home" "-w" "/opt/rustwide/workdir" "-m" "1610612736" "--user" "0:0" "--network" "none" "ghcr.io/rust-lang/crates-build-env/linux@sha256:4a844ea9eb2546a2d2c7022eacef16ef2e8229c7fbb2c7d4d55a9ceca922f72d" "/opt/rustwide/cargo-home/bin/cargo" "+nightly-2024-10-28" "build" "--frozen" "--message-format=json", kill_on_drop: false }`
[INFO] [stdout] faee827d47f8c1b948ea2fb4cc4f86252ed2e83dc3cafbd76910a98004e9f851
[INFO] running `Command { std: "docker" "start" "-a" "faee827d47f8c1b948ea2fb4cc4f86252ed2e83dc3cafbd76910a98004e9f851", kill_on_drop: false }`
[INFO] [stderr]    Compiling libc v0.2.155
[INFO] [stderr]    Compiling cfg-if v1.0.0
[INFO] [stderr]    Compiling proc-macro2 v1.0.86
[INFO] [stderr]    Compiling unicode-ident v1.0.12
[INFO] [stderr]    Compiling autocfg v1.3.0
[INFO] [stderr]    Compiling once_cell v1.19.0
[INFO] [stderr]    Compiling log v0.4.22
[INFO] [stderr]    Compiling cc v1.1.7
[INFO] [stderr]    Compiling memchr v2.7.4
[INFO] [stderr]    Compiling signal-hook v0.3.17
[INFO] [stderr]    Compiling parking_lot_core v0.9.10
[INFO] [stderr]    Compiling thiserror v1.0.63
[INFO] [stderr]    Compiling tinyvec_macros v0.1.1
[INFO] [stderr]    Compiling smallvec v1.13.2
[INFO] [stderr]    Compiling utf8parse v0.2.2
[INFO] [stderr]    Compiling scopeguard v1.2.0
[INFO] [stderr]    Compiling anstyle-query v1.1.1
[INFO] [stderr]    Compiling anstyle-parse v0.2.5
[INFO] [stderr]    Compiling tinyvec v1.8.0
[INFO] [stderr]    Compiling untrusted v0.9.0
[INFO] [stderr]    Compiling colorchoice v1.0.2
[INFO] [stderr]    Compiling is_terminal_polyfill v1.70.1
[INFO] [stderr]    Compiling anstyle v1.0.8
[INFO] [stderr]    Compiling rustix v0.38.34
[INFO] [stderr]    Compiling rustls-pki-types v1.7.0
[INFO] [stderr]    Compiling ucd-trie v0.1.6
[INFO] [stderr]    Compiling spin v0.9.8
[INFO] [stderr]    Compiling unicode-linebreak v0.1.5
[INFO] [stderr]    Compiling version_check v0.9.5
[INFO] [stderr]    Compiling bitflags v2.6.0
[INFO] [stderr]    Compiling adler v1.0.2
[INFO] [stderr]    Compiling percent-encoding v2.3.1
[INFO] [stderr]    Compiling anstream v0.6.15
[INFO] [stderr]    Compiling strsim v0.11.1
[INFO] [stderr]    Compiling clap_lex v0.7.2
[INFO] [stderr]    Compiling lock_api v0.4.12
[INFO] [stderr]    Compiling num-traits v0.2.19
[INFO] [stderr]    Compiling smawk v0.3.2
[INFO] [stderr]    Compiling heck v0.5.0
[INFO] [stderr]    Compiling rustls v0.23.12
[INFO] [stderr]    Compiling bitflags v1.3.2
[INFO] [stderr]    Compiling unicode-bidi v0.3.15
[INFO] [stderr]    Compiling linux-raw-sys v0.4.14
[INFO] [stderr]    Compiling unicode-width v0.1.13
[INFO] [stderr]    Compiling clap_builder v4.5.13
[INFO] [stderr]    Compiling aho-corasick v1.1.3
[INFO] [stderr]    Compiling ahash v0.8.11
[INFO] [stderr]    Compiling textwrap v0.15.2
[INFO] [stderr]    Compiling form_urlencoded v1.2.1
[INFO] [stderr]    Compiling miniz_oxide v0.7.4
[INFO] [stderr]    Compiling quote v1.0.36
[INFO] [stderr]    Compiling crc32fast v1.4.2
[INFO] [stderr]    Compiling regex-syntax v0.8.4
[INFO] [stderr]    Compiling unicode-segmentation v1.11.0
[INFO] [stderr]    Compiling fastrand v2.1.0
[INFO] [stderr]    Compiling unicode-normalization v0.1.23
[INFO] [stderr]    Compiling syn v2.0.72
[INFO] [stderr]    Compiling signal-hook-registry v1.4.2
[INFO] [stderr]    Compiling getrandom v0.2.15
[INFO] [stderr]    Compiling mio v0.8.11
[INFO] [stderr]    Compiling zeroize v1.8.1
[INFO] [stderr]    Compiling subtle v2.6.1
[INFO] [stderr]    Compiling parking_lot v0.12.3
[INFO] [stderr]    Compiling flate2 v1.0.31
[INFO] [stderr]    Compiling webpki-roots v0.26.3
[INFO] [stderr]    Compiling lazy_static v1.5.0
[INFO] [stderr]    Compiling signal-hook-mio v0.2.4
[INFO] [stderr]    Compiling idna v0.5.0
[INFO] [stderr]    Compiling ring v0.17.8
[INFO] [stderr]    Compiling base64 v0.22.1
[INFO] [stderr]    Compiling crossterm v0.25.0
[INFO] [stderr]    Compiling zerocopy v0.7.35
[INFO] [stderr]    Compiling shell-words v1.1.0
[INFO] [stderr]    Compiling iana-time-zone v0.1.60
[INFO] [stderr]    Compiling colored v2.1.0
[INFO] [stderr]    Compiling url v2.5.2
[INFO] [stderr]    Compiling requestty-ui v0.5.0
[INFO] [stderr]    Compiling chrono v0.4.38
[INFO] [stderr]    Compiling regex-automata v0.4.7
[INFO] [stderr]    Compiling tempfile v3.11.0
[INFO] [stderr]    Compiling requestty v0.5.0
[INFO] [stderr]    Compiling thiserror-impl v1.0.63
[INFO] [stderr]    Compiling clap_derive v4.5.13
[INFO] [stderr]    Compiling pest v2.7.11
[INFO] [stderr]    Compiling regex v1.10.6
[INFO] [stderr]    Compiling clap v4.5.13
[INFO] [stderr]    Compiling clap_complete v4.5.12
[INFO] [stderr]    Compiling rustls-webpki v0.102.6
[INFO] [stderr]    Compiling pest_meta v2.7.11
[INFO] [stderr]    Compiling pest_generator v2.7.11
[INFO] [stderr]    Compiling pest_derive v2.7.11
[INFO] [stderr]    Compiling ureq v2.10.0
[INFO] [stderr]    Compiling gitbox v2.1.0 (/opt/rustwide/workdir)
[INFO] [stdout] warning: elided lifetime has a name
[INFO] [stdout]   --> src/lib/usecase/usecases/create_conventional_commit.rs:21:10
[INFO] [stdout]    |
[INFO] [stdout] 17 | impl<'a, 'b: 'a> CreateConventionalCommitUseCase<'a> {
[INFO] [stdout]    |          -- lifetime `'b` declared here
[INFO] [stdout] ...
[INFO] [stdout] 21 |     ) -> CreateConventionalCommitUseCase {
[INFO] [stdout]    |          ^^^^^^^^^^^^^^^^^^^^^^^^^^^^^^^ this elided lifetime gets resolved as `'b`
[INFO] [stdout]    |
[INFO] [stdout]    = note: `#[warn(elided_named_lifetimes)]` on by default
[INFO] [stdout] 
[INFO] [stdout] 
[INFO] [stderr]     Finished `dev` profile [unoptimized + debuginfo] target(s) in 14.29s
[INFO] running `Command { std: "docker" "inspect" "faee827d47f8c1b948ea2fb4cc4f86252ed2e83dc3cafbd76910a98004e9f851", kill_on_drop: false }`
[INFO] running `Command { std: "docker" "rm" "-f" "faee827d47f8c1b948ea2fb4cc4f86252ed2e83dc3cafbd76910a98004e9f851", kill_on_drop: false }`
[INFO] [stdout] faee827d47f8c1b948ea2fb4cc4f86252ed2e83dc3cafbd76910a98004e9f851
[INFO] running `Command { std: "docker" "create" "-v" "/var/lib/crater-agent-workspace/builds/worker-4-tc2/target:/opt/rustwide/target:rw,Z" "-v" "/var/lib/crater-agent-workspace/builds/worker-4-tc2/source:/opt/rustwide/workdir:ro,Z" "-v" "/var/lib/crater-agent-workspace/cargo-home:/opt/rustwide/cargo-home:ro,Z" "-v" "/var/lib/crater-agent-workspace/rustup-home:/opt/rustwide/rustup-home:ro,Z" "-e" "SOURCE_DIR=/opt/rustwide/workdir" "-e" "CARGO_TARGET_DIR=/opt/rustwide/target" "-e" "CARGO_INCREMENTAL=0" "-e" "RUST_BACKTRACE=full" "-e" "RUSTFLAGS=--cap-lints=forbid -Zrandomize-layout" "-e" "RUSTDOCFLAGS=--cap-lints=forbid" "-e" "CARGO_HOME=/opt/rustwide/cargo-home" "-e" "RUSTUP_HOME=/opt/rustwide/rustup-home" "-w" "/opt/rustwide/workdir" "-m" "1610612736" "--user" "0:0" "--network" "none" "ghcr.io/rust-lang/crates-build-env/linux@sha256:4a844ea9eb2546a2d2c7022eacef16ef2e8229c7fbb2c7d4d55a9ceca922f72d" "/opt/rustwide/cargo-home/bin/cargo" "+nightly-2024-10-28" "test" "--frozen" "--no-run" "--message-format=json", kill_on_drop: false }`
[INFO] [stdout] 593d460e4a96160460ffb736c99313406134084ff4539df438fc7c6d49ae2043
[INFO] running `Command { std: "docker" "start" "-a" "593d460e4a96160460ffb736c99313406134084ff4539df438fc7c6d49ae2043", kill_on_drop: false }`
[INFO] [stderr]    Compiling gitbox v2.1.0 (/opt/rustwide/workdir)
[INFO] [stdout] warning: elided lifetime has a name
[INFO] [stdout]   --> src/lib/usecase/usecases/create_conventional_commit.rs:21:10
[INFO] [stdout]    |
[INFO] [stdout] 17 | impl<'a, 'b: 'a> CreateConventionalCommitUseCase<'a> {
[INFO] [stdout]    |          -- lifetime `'b` declared here
[INFO] [stdout] ...
[INFO] [stdout] 21 |     ) -> CreateConventionalCommitUseCase {
[INFO] [stdout]    |          ^^^^^^^^^^^^^^^^^^^^^^^^^^^^^^^ this elided lifetime gets resolved as `'b`
[INFO] [stdout]    |
[INFO] [stdout]    = note: `#[warn(elided_named_lifetimes)]` on by default
[INFO] [stdout] 
[INFO] [stdout] 
[INFO] [stdout] warning: elided lifetime has a name
[INFO] [stdout]   --> src/lib/usecase/usecases/create_conventional_commit.rs:21:10
[INFO] [stdout]    |
[INFO] [stdout] 17 | impl<'a, 'b: 'a> CreateConventionalCommitUseCase<'a> {
[INFO] [stdout]    |          -- lifetime `'b` declared here
[INFO] [stdout] ...
[INFO] [stdout] 21 |     ) -> CreateConventionalCommitUseCase {
[INFO] [stdout]    |          ^^^^^^^^^^^^^^^^^^^^^^^^^^^^^^^ this elided lifetime gets resolved as `'b`
[INFO] [stdout]    |
[INFO] [stdout]    = note: `#[warn(elided_named_lifetimes)]` on by default
[INFO] [stdout] 
[INFO] [stdout] 
[INFO] [stderr]     Finished `test` profile [unoptimized + debuginfo] target(s) in 1.79s
[INFO] running `Command { std: "docker" "inspect" "593d460e4a96160460ffb736c99313406134084ff4539df438fc7c6d49ae2043", kill_on_drop: false }`
[INFO] running `Command { std: "docker" "rm" "-f" "593d460e4a96160460ffb736c99313406134084ff4539df438fc7c6d49ae2043", kill_on_drop: false }`
[INFO] [stdout] 593d460e4a96160460ffb736c99313406134084ff4539df438fc7c6d49ae2043
[INFO] running `Command { std: "docker" "create" "-v" "/var/lib/crater-agent-workspace/builds/worker-4-tc2/target:/opt/rustwide/target:rw,Z" "-v" "/var/lib/crater-agent-workspace/builds/worker-4-tc2/source:/opt/rustwide/workdir:ro,Z" "-v" "/var/lib/crater-agent-workspace/cargo-home:/opt/rustwide/cargo-home:ro,Z" "-v" "/var/lib/crater-agent-workspace/rustup-home:/opt/rustwide/rustup-home:ro,Z" "-e" "SOURCE_DIR=/opt/rustwide/workdir" "-e" "CARGO_TARGET_DIR=/opt/rustwide/target" "-e" "CARGO_INCREMENTAL=0" "-e" "RUST_BACKTRACE=full" "-e" "RUSTFLAGS=--cap-lints=forbid -Zrandomize-layout" "-e" "RUSTDOCFLAGS=--cap-lints=forbid" "-e" "CARGO_HOME=/opt/rustwide/cargo-home" "-e" "RUSTUP_HOME=/opt/rustwide/rustup-home" "-w" "/opt/rustwide/workdir" "-m" "1610612736" "--user" "0:0" "--network" "none" "ghcr.io/rust-lang/crates-build-env/linux@sha256:4a844ea9eb2546a2d2c7022eacef16ef2e8229c7fbb2c7d4d55a9ceca922f72d" "/opt/rustwide/cargo-home/bin/cargo" "+nightly-2024-10-28" "test" "--frozen", kill_on_drop: false }`
[INFO] [stdout] f6cd323e4c09199f7b48f20f0e6160f0264f65d91c9567bba3cd4410d2734101
[INFO] running `Command { std: "docker" "start" "-a" "f6cd323e4c09199f7b48f20f0e6160f0264f65d91c9567bba3cd4410d2734101", kill_on_drop: false }`
[INFO] [stderr] warning: elided lifetime has a name
[INFO] [stderr]   --> src/lib/usecase/usecases/create_conventional_commit.rs:21:10
[INFO] [stderr]    |
[INFO] [stderr] 17 | impl<'a, 'b: 'a> CreateConventionalCommitUseCase<'a> {
[INFO] [stderr]    |          -- lifetime `'b` declared here
[INFO] [stderr] ...
[INFO] [stderr] 21 |     ) -> CreateConventionalCommitUseCase {
[INFO] [stderr]    |          ^^^^^^^^^^^^^^^^^^^^^^^^^^^^^^^ this elided lifetime gets resolved as `'b`
[INFO] [stderr]    |
[INFO] [stderr]    = note: `#[warn(elided_named_lifetimes)]` on by default
[INFO] [stderr] 
[INFO] [stderr] warning: `gitbox` (lib) generated 1 warning
[INFO] [stderr] warning: `gitbox` (lib test) generated 1 warning (1 duplicate)
[INFO] [stderr]     Finished `test` profile [unoptimized + debuginfo] target(s) in 0.08s
[INFO] [stderr]      Running unittests src/lib/lib.rs (/opt/rustwide/target/debug/deps/gitbox_lib-e978dd5bc1ad4701)
[INFO] [stdout] 
[INFO] [stdout] running 173 tests
[INFO] [stdout] test application::controller::changelog::tests::failed_execution_of_usecase ... ok
[INFO] [stdout] test application::controller::commit::tests::commit_error ... ok
[INFO] [stdout] test application::controller::changelog::tests::wrong_trigger_exits_with_error ... ok
[INFO] [stdout] test application::controller::commit::tests::commit_ok ... ok
[INFO] [stdout] test application::controller::init::tests::correct_init_empty ... ok
[INFO] [stdout] test application::controller::init::tests::failed_commit ... ok
[INFO] [stdout] test application::controller::describe::tests::basic_usage ... ok
[INFO] [stdout] test application::controller::describe::tests::tag_enabled ... ok
[INFO] [stdout] test application::controller::describe::tests::diff_enabled ... ok
[INFO] [stdout] test application::controller::init::tests::full_init ... ok
[INFO] [stdout] test application::controller::init::tests::failed_init ... ok
[INFO] [stdout] test application::controller::license::tests::license_controller ... ok
[INFO] [stdout] test application::options::changelog::tests::ensure_format_has_placeholder_correct ... ok
[INFO] [stdout] test application::options::changelog::tests::ensure_format_has_placeholder_wrong ... ok
[INFO] [stdout] test application::presenter::commit_presenter::tests::breaking_and_scoped_commit_format ... ok
[INFO] [stdout] test application::presenter::commit_presenter::tests::breaking_commit_format ... ok
[INFO] [stdout] test application::presenter::commit_presenter::tests::full_conventional_commit_with_message ... ok
[INFO] [stdout] test application::presenter::commit_presenter::tests::full_conventional_commit_without_message ... ok
[INFO] [stdout] test application::presenter::semantic_version_presenter::tests::prerelease_version_format ... ok
[INFO] [stdout] test application::presenter::commit_presenter::tests::simple_commit_format ... ok
[INFO] [stdout] test application::presenter::semantic_version_presenter::tests::prerelease_version_with_metadata_format ... ok
[INFO] [stdout] test application::presenter::commit_presenter::tests::scoped_commit_format ... ok
[INFO] [stdout] test application::presenter::semantic_version_presenter::tests::version_with_metadata_format ... ok
[INFO] [stdout] test application::presenter::trigger_presenter::tests::trigger_from_str_correct ... ok
[INFO] [stdout] test application::presenter::trigger_presenter::tests::trigger_from_str_wrong ... ok
[INFO] [stdout] test application::presenter::semantic_version_presenter::tests::simple_version_format ... ok
[INFO] [stdout] test application::repository_impl::commit_metadata_ingress_repository_impl::tests::get_metadata_err ... ok
[INFO] [stdout] test application::repository_impl::commit_metadata_ingress_repository_impl::tests::get_metadata_ok ... ok
[INFO] [stdout] test application::presenter::semantic_version_presenter::tests::parse_simple_semantic_version ... ok
[INFO] [stdout] test application::repository_impl::conventional_commit_egress_repository_impl::tests::create_commit_error ... ok
[INFO] [stdout] test application::repository_impl::conventional_commit_egress_repository_impl::tests::create_empty_commit_error ... ok
[INFO] [stdout] test application::presenter::semantic_version_presenter::tests::parse_semantic_version_with_metadata ... ok
[INFO] [stdout] test application::repository_impl::conventional_commit_egress_repository_impl::tests::create_commit_ok ... ok
[INFO] [stdout] test application::presenter::semantic_version_presenter::tests::parse_semantic_prerelease ... ok
[INFO] [stdout] test application::presenter::semantic_version_presenter::tests::parse_semantic_prerelease_with_metadata ... ok
[INFO] [stdout] test application::repository_impl::conventional_commit_egress_repository_impl::tests::create_empty_commit_ok ... ok
[INFO] [stdout] test application::presenter::semantic_version_presenter::tests::try_parse_non_semantic_version ... ok
[INFO] [stdout] test application::repository_impl::gitextra_egress_repository_impl::tests::update_scopes_err ... ok
[INFO] [stdout] test application::repository_impl::gitextra_egress_repository_impl::tests::update_scopes_ok ... ok
[INFO] [stdout] test application::repository_impl::license_list_ingress_repository_impl::tests::license_list_ok ... ok
[INFO] [stdout] test application::repository_impl::gitextra_egress_repository_impl::tests::update_types_err ... ok
[INFO] [stdout] test application::repository_impl::gitextra_egress_repository_impl::tests::update_types_ok ... ok
[INFO] [stdout] test application::repository_impl::license_choice_ingress_repository_impl::tests::ask_license_ok ... ok
[INFO] [stdout] test application::repository_impl::license_text_ingress_repository_impl::tests::license_text ... ok
[INFO] [stdout] test application::repository_impl::license_text_egress_repository_impl::tests::consume_forwards_filepath_and_text ... ok
[INFO] [stdout] test application::repository_impl::semantic_version_ingress_repository_impl::tests::last_stable_version_empty ... ok
[INFO] [stdout] test application::repository_impl::semantic_version_ingress_repository_impl::tests::last_version_empty ... ok
[INFO] [stdout] test application::repository_impl::tag_egress_repository_impl::tests::received_label_is_version_string ... ok
[INFO] [stdout] test application::repository_impl::treegraphline_ingress_repository_impl::tests::correct_deserialization_of_tree_lines ... ok
[INFO] [stdout] test application::repository_impl::treegraphline_ingress_repository_impl::tests::wrong_lines ... ok
[INFO] [stdout] test domain::conventional_commit_summary::tests::flag_disabled ... ok
[INFO] [stdout] test domain::conventional_commit_summary::tests::flag_enabled ... ok
[INFO] [stdout] test application::repository_impl::semantic_version_ingress_repository_impl::tests::last_stable_version_wrong ... ok
[INFO] [stdout] test domain::conventional_commit_summary::tests::scope_wrong_invariants ... ok
[INFO] [stdout] test application::repository_impl::semantic_version_ingress_repository_impl::tests::last_version_wrong ... ok
[INFO] [stdout] test domain::conventional_commit_summary::tests::summary_wrong_invariants ... ok
[INFO] [stdout] test application::repository_impl::semantic_version_ingress_repository_impl::tests::last_version_present ... ok
[INFO] [stdout] test application::repository_impl::semantic_version_ingress_repository_impl::tests::last_stable_version_present ... ok
[INFO] [stdout] test domain::conventional_commit_summary::tests::type_correct_invariants ... ok
[INFO] [stdout] test domain::conventional_commit_summary::tests::scope_correct_invariants ... ok
[INFO] [stdout] test domain::conventional_commit_summary::tests::summary_correct_invariants ... ok
[INFO] [stdout] test domain::conventional_commit_summary::tests::type_wrong_invariants ... ok
[INFO] [stdout] test domain::semantic_version::tests::greater_or_equal_versions_ordering ... ok
[INFO] [stdout] test domain::semantic_version::tests::equal_versions_ordering ... ok
[INFO] [stdout] test domain::semantic_version::tests::greater_versions_ordering ... ok
[INFO] [stdout] test domain::semantic_version::tests::less_or_equal_versions_ordering ... ok
[INFO] [stdout] test domain::semantic_version::tests::metadata_invariant_correct ... ok
[INFO] [stdout] test domain::semantic_version::tests::less_versions_ordering ... ok
[INFO] [stdout] test domain::semantic_version::tests::metadata_invariant_if_empty ... ok
[INFO] [stdout] test domain::semantic_version::tests::prerelease_invariant_if_empty ... ok
[INFO] [stdout] test domain::semantic_version::tests::prerelease_invariant_with_wrong_char ... ok
[INFO] [stdout] test domain::semantic_version::tests::metadata_invariant_with_wrong_char ... ok
[INFO] [stdout] test domain::semantic_version::tests::prerelease_invariant_correct ... ok
[INFO] [stdout] test domain::semantic_version::tests::prerelease_is_less_than_version ... ok
[INFO] [stdout] test domain::semantic_version::tests::prereleases_are_ordered_lexicographically ... ok
[INFO] [stdout] test domain::trigger::tests::and_statement ... ok
[INFO] [stdout] test domain::trigger::tests::array_node ... ok
[INFO] [stdout] test domain::trigger::tests::basic_statement_breaking_node ... ok
[INFO] [stdout] test domain::trigger::tests::basic_statement_in_node ... ok
[INFO] [stdout] test domain::trigger::tests::first_and_value_priority ... ok
[INFO] [stdout] test domain::trigger::tests::first_and_value_basic ... ok
[INFO] [stdout] test domain::trigger::tests::first_or_value_and ... ok
[INFO] [stdout] test domain::trigger::tests::breaking_node ... ok
[INFO] [stdout] test domain::trigger::tests::in_node_contains_type ... ok
[INFO] [stdout] test domain::trigger::tests::in_node_empty_scope ... ok
[INFO] [stdout] test domain::trigger::tests::first_or_value_basic ... ok
[INFO] [stdout] test domain::trigger::tests::in_node_not_contains_scope ... ok
[INFO] [stdout] test domain::trigger::tests::in_node_contains_scope ... ok
[INFO] [stdout] test domain::trigger::tests::in_node_not_contains_type ... ok
[INFO] [stdout] test domain::trigger::tests::literal_node ... ok
[INFO] [stdout] test domain::trigger::tests::not_breaking_node ... ok
[INFO] [stdout] test domain::trigger::tests::or_statement ... ok
[INFO] [stdout] test domain::trigger::tests::priority_statement ... ok
[INFO] [stdout] test domain::trigger::tests::scope_node ... ok
[INFO] [stdout] test domain::trigger::tests::scope_node_empty ... ok
[INFO] [stdout] test domain::trigger::tests::second_and_value_and ... ok
[INFO] [stdout] test domain::trigger::tests::second_and_value_basic ... ok
[INFO] [stdout] test domain::trigger::tests::second_and_value_priority ... ok
[INFO] [stdout] test domain::trigger::tests::second_or_value_and ... ok
[INFO] [stdout] test domain::trigger::tests::second_or_value_basic ... ok
[INFO] [stdout] test domain::trigger::tests::second_or_value_or ... ok
[INFO] [stdout] test domain::trigger::tests::start_and ... ok
[INFO] [stdout] test domain::trigger::tests::start_basic ... ok
[INFO] [stdout] test usecase::configuration::commit::tests::message_invariants_ok ... ok
[INFO] [stdout] test usecase::configuration::commit::tests::message_invariants_wrong ... ok
[INFO] [stdout] test usecase::configuration::commit::tests::scope_invariants_ok ... ok
[INFO] [stdout] test usecase::configuration::commit::tests::scope_invariants_wrong ... ok
[INFO] [stdout] test domain::trigger::tests::start_or ... ok
[INFO] [stdout] test usecase::configuration::commit::tests::summary_invariants_ok ... ok
[INFO] [stdout] test domain::trigger::tests::type_node ... ok
[INFO] [stdout] test usecase::configuration::commit::tests::summary_invariants_wrong ... ok
[INFO] [stdout] test usecase::configuration::commit::tests::type_invariants_ok ... ok
[INFO] [stdout] test usecase::configuration::commit::tests::type_invariants_wrong ... ok
[INFO] [stdout] test usecase::configuration::tag::tests::invariant_correct ... ok
[INFO] [stdout] test usecase::configuration::tag::tests::invariant_correct_with_no_message ... ok
[INFO] [stdout] test usecase::configuration::tag::tests::invariant_wrong ... ok
[INFO] [stdout] test usecase::usecases::create_changelog::tests::categorize_commit_list_basic ... ok
[INFO] [stdout] test usecase::usecases::create_changelog::tests::categorize_commit_list_with_exclude_trigger ... ok
[INFO] [stdout] test usecase::usecases::create_changelog::tests::execute_basic ... ok
[INFO] [stdout] test usecase::usecases::create_changelog::tests::execute_from_latest_version ... ok
[INFO] [stdout] test usecase::usecases::create_changelog::tests::execute_from_latest_version_with_trigger ... ok
[INFO] [stdout] test usecase::usecases::create_changelog::tests::execute_with_trigger ... ok
[INFO] [stdout] test usecase::usecases::create_changelog::tests::format_details_breaking ... ok
[INFO] [stdout] test usecase::usecases::create_changelog::tests::format_details_not_breaking ... ok
[INFO] [stdout] test usecase::usecases::create_changelog::tests::format_item_basic ... ok
[INFO] [stdout] test usecase::usecases::create_changelog::tests::format_list_empty ... ok
[INFO] [stdout] test usecase::usecases::create_changelog::tests::format_title_basic ... ok
[INFO] [stdout] test usecase::usecases::create_changelog::tests::format_list_basic ... ok
[INFO] [stdout] test usecase::usecases::create_changelog::tests::scope_or_general_empty ... ok
[INFO] [stdout] test usecase::usecases::create_changelog::tests::scope_or_general_some ... ok
[INFO] [stdout] test usecase::usecases::create_changelog::tests::format_types_basic ... ok
[INFO] [stdout] test usecase::usecases::create_conventional_commit::tests::execute_usecase_correct ... ok
[INFO] [stdout] test usecase::usecases::create_changelog::tests::format_title_empty_version ... ok
[INFO] [stdout] test usecase::usecases::create_changelog::tests::format_scopes_basic ... ok
[INFO] [stdout] test usecase::usecases::create_conventional_commit::tests::execute_usecase_error ... ok
[INFO] [stdout] test usecase::usecases::create_license::tests::create_license_usecase ... ok
[INFO] [stdout] test usecase::usecases::create_tag::tests::usecase_propagate_configuration ... ok
[INFO] [stdout] test usecase::usecases::describe_new_version::tests::commit_to_change_freeform ... ok
[INFO] [stdout] test usecase::usecases::describe_new_version::tests::commit_to_change_major ... ok
[INFO] [stdout] test usecase::usecases::describe_new_version::tests::commit_to_change_minor ... ok
[INFO] [stdout] test usecase::usecases::describe_new_version::tests::commit_to_change_none ... ok
[INFO] [stdout] test usecase::usecases::describe_new_version::tests::commit_to_change_patch ... ok
[INFO] [stdout] test usecase::usecases::describe_new_version::tests::describe_prerelease_error_without_relevant_changes_from_stable_version ... ok
[INFO] [stdout] test usecase::usecases::describe_new_version::tests::empty_metadata ... ok
[INFO] [stdout] test usecase::usecases::describe_new_version::tests::first_stable_version_is_first_release ... ok
[INFO] [stdout] test usecase::usecases::describe_new_version::tests::first_unstable_version_is_first_release_and_first_prerelease ... ok
[INFO] [stdout] test usecase::usecases::describe_new_version::tests::greatest_change_from_empty_list ... ok
[INFO] [stdout] test usecase::usecases::describe_new_version::tests::greatest_change_from_list ... ok
[INFO] [stdout] test usecase::usecases::describe_new_version::tests::major_trigger_proc_major_number_increase ... ok
[INFO] [stdout] test usecase::usecases::describe_new_version::tests::minor_trigger_proc_minor_number_increase ... ok
[INFO] [stdout] test usecase::usecases::describe_new_version::tests::multiple_metadata ... ok
[INFO] [stdout] test usecase::usecases::describe_new_version::tests::prerelease_number_increase ... ok
[INFO] [stdout] test usecase::usecases::describe_new_version::tests::patch_trigger_proc_patch_number_increase ... ok
[INFO] [stdout] test usecase::usecases::describe_new_version::tests::prerelease_number_reset_on_stable_update ... ok
[INFO] [stdout] test usecase::usecases::describe_new_version::tests::return_error_with_no_relevant_changes_when_describing_stable ... ok
[INFO] [stdout] test usecase::usecases::describe_new_version::tests::single_metadata ... ok
[INFO] [stdout] test usecase::usecases::format_tree_graph::tests::execute_empty ... ok
[INFO] [stdout] test usecase::usecases::refresh_types_and_scopes::tests::refresh_adds_only_distinct_values ... ok
[INFO] [stdout] test usecase::usecases::describe_new_version::tests::prerelease_number_reset_on_pattern_change ... ok
[INFO] [stdout] test application::presenter::commit_presenter::tests::conventional_commit_breaking ... ok
[INFO] [stdout] test application::presenter::commit_presenter::tests::conventional_commit_scoped ... ok
[INFO] [stdout] test application::presenter::commit_presenter::tests::freeform_commit_empty ... ok
[INFO] [stdout] test application::presenter::commit_presenter::tests::conventional_commit_scoped_and_breaking ... ok
[INFO] [stdout] test application::presenter::commit_presenter::tests::freeform_commit_correct ... ok
[INFO] [stdout] test application::presenter::commit_presenter::tests::conventional_commit_basic ... ok
[INFO] [stdout] test application::repository_impl::bounded_commit_summary_ingress_repository_impl::tests::get_commits_from_basic ... ok
[INFO] [stdout] test application::repository_impl::full_commit_summary_history_repository_impl::tests::get_all_commits_basic ... ok
[INFO] [stdout] test application::controller::changelog::tests::correct_usecase_execution ... ok
[INFO] [stdout] test application::controller::tree::tests::basic_usage ... FAILED
[INFO] [stdout] test usecase::usecases::format_tree_graph::tests::format_header_line ... FAILED
[INFO] [stdout] test usecase::usecases::format_tree_graph::tests::execute_complete ... FAILED
[INFO] [stdout] test usecase::usecases::format_tree_graph::tests::format_message_line ... FAILED
[INFO] [stdout] test application::controller::refresh::tests::refresh_controller ... ok
[INFO] [stdout] 
[INFO] [stdout] failures:
[INFO] [stdout] 
[INFO] [stdout] ---- application::controller::tree::tests::basic_usage stdout ----
[INFO] [stdout] thread 'application::controller::tree::tests::basic_usage' panicked at src/lib/application/controller/tree.rs:127:9:
[INFO] [stdout] assertion `left == right` failed
[INFO] [stdout]   left: "       ( some time ago ) * abcdef0 ( HEAD -> main )\n                         |     asperan: first test message\n  ( some more time ago ) * 0fedcba \n                         |     asperan: stub test"
[INFO] [stdout]  right: "\u{1b}[2m       ( some time ago )\u{1b}[0m * \u{1b}[34mabcdef0\u{1b}[0m \u{1b}[33m( HEAD -> main )\u{1b}[0m\n                         |     \u{1b}[1;37masperan:\u{1b}[0m first test message\n\u{1b}[2m  ( some more time ago )\u{1b}[0m * \u{1b}[34m0fedcba\u{1b}[0m \u{1b}[33m\u{1b}[0m\n                         |     \u{1b}[1;37masperan:\u{1b}[0m stub test"
[INFO] [stdout] stack backtrace:
[INFO] [stdout]    0:     0x5c241e7c11fa - std::backtrace_rs::backtrace::libunwind::trace::h207520d6e9873551
[INFO] [stdout]                                at /rustc/df4ca44d3fbc9301ee17f30f4d474e6ae4b05252/library/std/src/../../backtrace/src/backtrace/libunwind.rs:116:5
[INFO] [stdout]    1:     0x5c241e7c11fa - std::backtrace_rs::backtrace::trace_unsynchronized::h2ed7433f370e3eca
[INFO] [stdout]                                at /rustc/df4ca44d3fbc9301ee17f30f4d474e6ae4b05252/library/std/src/../../backtrace/src/backtrace/mod.rs:66:5
[INFO] [stdout]    2:     0x5c241e7c11fa - std::sys::backtrace::_print_fmt::h916fac51166b18d7
[INFO] [stdout]                                at /rustc/df4ca44d3fbc9301ee17f30f4d474e6ae4b05252/library/std/src/sys/backtrace.rs:66:9
[INFO] [stdout]    3:     0x5c241e7c11fa - <std::sys::backtrace::BacktraceLock::print::DisplayBacktrace as core::fmt::Display>::fmt::ha0a4c9b8ce3802e6
[INFO] [stdout]                                at /rustc/df4ca44d3fbc9301ee17f30f4d474e6ae4b05252/library/std/src/sys/backtrace.rs:39:26
[INFO] [stdout]    4:     0x5c241e7e8603 - core::fmt::rt::Argument::fmt::h4cfc8587d52b3eb5
[INFO] [stdout]                                at /rustc/df4ca44d3fbc9301ee17f30f4d474e6ae4b05252/library/core/src/fmt/rt.rs:177:76
[INFO] [stdout]    5:     0x5c241e7e8603 - core::fmt::write::h522cc39e5b36ae9f
[INFO] [stdout]                                at /rustc/df4ca44d3fbc9301ee17f30f4d474e6ae4b05252/library/core/src/fmt/mod.rs:1190:21
[INFO] [stdout]    6:     0x5c241e7bde63 - std::io::Write::write_fmt::h7d3c26752da97734
[INFO] [stdout]                                at /rustc/df4ca44d3fbc9301ee17f30f4d474e6ae4b05252/library/std/src/io/mod.rs:1839:15
[INFO] [stdout]    7:     0x5c241e7c1042 - std::sys::backtrace::BacktraceLock::print::h4b9e00b29e9c0942
[INFO] [stdout]                                at /rustc/df4ca44d3fbc9301ee17f30f4d474e6ae4b05252/library/std/src/sys/backtrace.rs:42:9
[INFO] [stdout]    8:     0x5c241e7c268a - std::panicking::default_hook::{{closure}}::hb59b88280d0324d9
[INFO] [stdout]                                at /rustc/df4ca44d3fbc9301ee17f30f4d474e6ae4b05252/library/std/src/panicking.rs:268:22
[INFO] [stdout]    9:     0x5c241e7c2494 - std::panicking::default_hook::he1dd496665be4a29
[INFO] [stdout]                                at /rustc/df4ca44d3fbc9301ee17f30f4d474e6ae4b05252/library/std/src/panicking.rs:292:9
[INFO] [stdout]   10:     0x5c241e4d9fc9 - <alloc::boxed::Box<F,A> as core::ops::function::Fn<Args>>::call::h4ff71de18744e1dc
[INFO] [stdout]                                at /rustc/df4ca44d3fbc9301ee17f30f4d474e6ae4b05252/library/alloc/src/boxed.rs:2468:9
[INFO] [stdout]   11:     0x5c241e4d9fc9 - test::test_main::{{closure}}::hcf7c055ce117aa81
[INFO] [stdout]                                at /rustc/df4ca44d3fbc9301ee17f30f4d474e6ae4b05252/library/test/src/lib.rs:133:21
[INFO] [stdout]   12:     0x5c241e7c2d88 - <alloc::boxed::Box<F,A> as core::ops::function::Fn<Args>>::call::h1d66c6bbd60c9692
[INFO] [stdout]                                at /rustc/df4ca44d3fbc9301ee17f30f4d474e6ae4b05252/library/alloc/src/boxed.rs:2468:9
[INFO] [stdout]   13:     0x5c241e7c2d88 - std::panicking::rust_panic_with_hook::h2ff17fe8f26dfcf8
[INFO] [stdout]                                at /rustc/df4ca44d3fbc9301ee17f30f4d474e6ae4b05252/library/std/src/panicking.rs:809:13
[INFO] [stdout]   14:     0x5c241e7c2b4a - std::panicking::begin_panic_handler::{{closure}}::h4fad77951c07e101
[INFO] [stdout]                                at /rustc/df4ca44d3fbc9301ee17f30f4d474e6ae4b05252/library/std/src/panicking.rs:674:13
[INFO] [stdout]   15:     0x5c241e7c16d9 - std::sys::backtrace::__rust_end_short_backtrace::hb1a25b3da5d0ea08
[INFO] [stdout]                                at /rustc/df4ca44d3fbc9301ee17f30f4d474e6ae4b05252/library/std/src/sys/backtrace.rs:170:18
[INFO] [stdout]   16:     0x5c241e7c27dc - rust_begin_unwind
[INFO] [stdout]                                at /rustc/df4ca44d3fbc9301ee17f30f4d474e6ae4b05252/library/std/src/panicking.rs:665:5
[INFO] [stdout]   17:     0x5c241e7e6c30 - core::panicking::panic_fmt::ha9db07b529f9b256
[INFO] [stdout]                                at /rustc/df4ca44d3fbc9301ee17f30f4d474e6ae4b05252/library/core/src/panicking.rs:75:14
[INFO] [stdout]   18:     0x5c241e7e7034 - core::panicking::assert_failed_inner::h04f38944d74a80a8
[INFO] [stdout]   19:     0x5c241e42ec27 - core::panicking::assert_failed::h9ad8e04665cf6fdd
[INFO] [stdout]                                at /rustc/df4ca44d3fbc9301ee17f30f4d474e6ae4b05252/library/core/src/panicking.rs:377:5
[INFO] [stdout]   20:     0x5c241e45ab70 - gitbox_lib::application::controller::tree::tests::basic_usage::h60d1eb7e13ede174
[INFO] [stdout]                                at /opt/rustwide/workdir/src/lib/application/controller/tree.rs:127:9
[INFO] [stdout]   21:     0x5c241e45a917 - gitbox_lib::application::controller::tree::tests::basic_usage::{{closure}}::h6cfe446f0667f825
[INFO] [stdout]                                at /opt/rustwide/workdir/src/lib/application/controller/tree.rs:115:21
[INFO] [stdout]   22:     0x5c241e4351c6 - core::ops::function::FnOnce::call_once::h9d89459bcd4730ff
[INFO] [stdout]                                at /rustc/df4ca44d3fbc9301ee17f30f4d474e6ae4b05252/library/core/src/ops/function.rs:250:5
[INFO] [stdout]   23:     0x5c241e4de89b - core::ops::function::FnOnce::call_once::h22c3ba5715e93f05
[INFO] [stdout]                                at /rustc/df4ca44d3fbc9301ee17f30f4d474e6ae4b05252/library/core/src/ops/function.rs:250:5
[INFO] [stdout]   24:     0x5c241e4de89b - test::__rust_begin_short_backtrace::h8e82d8113d0da17f
[INFO] [stdout]                                at /rustc/df4ca44d3fbc9301ee17f30f4d474e6ae4b05252/library/test/src/lib.rs:621:18
[INFO] [stdout]   25:     0x5c241e4de217 - test::run_test_in_process::{{closure}}::h33235f4f20b7b7c7
[INFO] [stdout]                                at /rustc/df4ca44d3fbc9301ee17f30f4d474e6ae4b05252/library/test/src/lib.rs:644:60
[INFO] [stdout]   26:     0x5c241e4de217 - <core::panic::unwind_safe::AssertUnwindSafe<F> as core::ops::function::FnOnce<()>>::call_once::hb5043206310c586f
[INFO] [stdout]                                at /rustc/df4ca44d3fbc9301ee17f30f4d474e6ae4b05252/library/core/src/panic/unwind_safe.rs:272:9
[INFO] [stdout]   27:     0x5c241e4de217 - std::panicking::try::do_call::h9ad4731a60ab23e2
[INFO] [stdout]                                at /rustc/df4ca44d3fbc9301ee17f30f4d474e6ae4b05252/library/std/src/panicking.rs:557:40
[INFO] [stdout]   28:     0x5c241e4de217 - std::panicking::try::h3824d23db772a716
[INFO] [stdout]                                at /rustc/df4ca44d3fbc9301ee17f30f4d474e6ae4b05252/library/std/src/panicking.rs:520:19
[INFO] [stdout]   29:     0x5c241e4de217 - std::panic::catch_unwind::h5afd514605fde46b
[INFO] [stdout]                                at /rustc/df4ca44d3fbc9301ee17f30f4d474e6ae4b05252/library/std/src/panic.rs:358:14
[INFO] [stdout]   30:     0x5c241e4de217 - test::run_test_in_process::h0d5cbfa7067d1720
[INFO] [stdout]                                at /rustc/df4ca44d3fbc9301ee17f30f4d474e6ae4b05252/library/test/src/lib.rs:644:27
[INFO] [stdout]   31:     0x5c241e4de217 - test::run_test::{{closure}}::h708eb8872708115d
[INFO] [stdout]                                at /rustc/df4ca44d3fbc9301ee17f30f4d474e6ae4b05252/library/test/src/lib.rs:565:43
[INFO] [stdout]   32:     0x5c241e4a1934 - test::run_test::{{closure}}::h392c51cee94713ab
[INFO] [stdout]                                at /rustc/df4ca44d3fbc9301ee17f30f4d474e6ae4b05252/library/test/src/lib.rs:595:41
[INFO] [stdout]   33:     0x5c241e4a1934 - std::sys::backtrace::__rust_begin_short_backtrace::h2f40290710935a8b
[INFO] [stdout]                                at /rustc/df4ca44d3fbc9301ee17f30f4d474e6ae4b05252/library/std/src/sys/backtrace.rs:154:18
[INFO] [stdout]   34:     0x5c241e4a50de - std::thread::Builder::spawn_unchecked_::{{closure}}::{{closure}}::h3fd968d89053a903
[INFO] [stdout]                                at /rustc/df4ca44d3fbc9301ee17f30f4d474e6ae4b05252/library/std/src/thread/mod.rs:541:17
[INFO] [stdout]   35:     0x5c241e4a50de - <core::panic::unwind_safe::AssertUnwindSafe<F> as core::ops::function::FnOnce<()>>::call_once::h743f637ba4229880
[INFO] [stdout]                                at /rustc/df4ca44d3fbc9301ee17f30f4d474e6ae4b05252/library/core/src/panic/unwind_safe.rs:272:9
[INFO] [stdout]   36:     0x5c241e4a50de - std::panicking::try::do_call::h07440897322525a6
[INFO] [stdout]                                at /rustc/df4ca44d3fbc9301ee17f30f4d474e6ae4b05252/library/std/src/panicking.rs:557:40
[INFO] [stdout]   37:     0x5c241e4a50de - std::panicking::try::he5a2e00188156637
[INFO] [stdout]                                at /rustc/df4ca44d3fbc9301ee17f30f4d474e6ae4b05252/library/std/src/panicking.rs:520:19
[INFO] [stdout]   38:     0x5c241e4a50de - std::panic::catch_unwind::hbaf3cae49b3c6433
[INFO] [stdout]                                at /rustc/df4ca44d3fbc9301ee17f30f4d474e6ae4b05252/library/std/src/panic.rs:358:14
[INFO] [stdout]   39:     0x5c241e4a50de - std::thread::Builder::spawn_unchecked_::{{closure}}::h8e141ea224820bce
[INFO] [stdout]                                at /rustc/df4ca44d3fbc9301ee17f30f4d474e6ae4b05252/library/std/src/thread/mod.rs:540:30
[INFO] [stdout]   40:     0x5c241e4a50de - core::ops::function::FnOnce::call_once{{vtable.shim}}::h90d312fedd7b8ea8
[INFO] [stdout]                                at /rustc/df4ca44d3fbc9301ee17f30f4d474e6ae4b05252/library/core/src/ops/function.rs:250:5
[INFO] [stdout]   41:     0x5c241e7c6b7b - <alloc::boxed::Box<F,A> as core::ops::function::FnOnce<Args>>::call_once::h69aa08ddb6adb8b6
[INFO] [stdout]                                at /rustc/df4ca44d3fbc9301ee17f30f4d474e6ae4b05252/library/alloc/src/boxed.rs:2454:9
[INFO] [stdout]   42:     0x5c241e7c6b7b - <alloc::boxed::Box<F,A> as core::ops::function::FnOnce<Args>>::call_once::h5aa36efdb79c806f
[INFO] [stdout]                                at /rustc/df4ca44d3fbc9301ee17f30f4d474e6ae4b05252/library/alloc/src/boxed.rs:2454:9
[INFO] [stdout]   43:     0x5c241e7c6b7b - std::sys::pal::unix::thread::Thread::new::thread_start::h6cd80a1b4be5158d
[INFO] [stdout]                                at /rustc/df4ca44d3fbc9301ee17f30f4d474e6ae4b05252/library/std/src/sys/pal/unix/thread.rs:105:17
[INFO] [stdout]   44:     0x78ff528c0ac3 - <unknown>
[INFO] [stdout]   45:     0x78ff52951a04 - clone
[INFO] [stdout]   46:                0x0 - <unknown>
[INFO] [stdout] 
[INFO] [stdout] ---- usecase::usecases::format_tree_graph::tests::format_header_line stdout ----
[INFO] [stdout] thread 'usecase::usecases::format_tree_graph::tests::format_header_line' panicked at src/lib/usecase/usecases/format_tree_graph.rs:151:9:
[INFO] [stdout] assertion `left == right` failed
[INFO] [stdout]   left: " ( sample date ) * abcdef0 ( HEAD -> main )"
[INFO] [stdout]  right: "\u{1b}[2m ( sample date )\u{1b}[0m * \u{1b}[34mabcdef0\u{1b}[0m \u{1b}[33m( HEAD -> main )\u{1b}[0m"
[INFO] [stdout] stack backtrace:
[INFO] [stdout]    0:     0x5c241e7c11fa - std::backtrace_rs::backtrace::libunwind::trace::h207520d6e9873551
[INFO] [stdout]                                at /rustc/df4ca44d3fbc9301ee17f30f4d474e6ae4b05252/library/std/src/../../backtrace/src/backtrace/libunwind.rs:116:5
[INFO] [stdout]    1:     0x5c241e7c11fa - std::backtrace_rs::backtrace::trace_unsynchronized::h2ed7433f370e3eca
[INFO] [stdout]                                at /rustc/df4ca44d3fbc9301ee17f30f4d474e6ae4b05252/library/std/src/../../backtrace/src/backtrace/mod.rs:66:5
[INFO] [stdout]    2:     0x5c241e7c11fa - std::sys::backtrace::_print_fmt::h916fac51166b18d7
[INFO] [stdout]                                at /rustc/df4ca44d3fbc9301ee17f30f4d474e6ae4b05252/library/std/src/sys/backtrace.rs:66:9
[INFO] [stdout]    3:     0x5c241e7c11fa - <std::sys::backtrace::BacktraceLock::print::DisplayBacktrace as core::fmt::Display>::fmt::ha0a4c9b8ce3802e6
[INFO] [stdout]                                at /rustc/df4ca44d3fbc9301ee17f30f4d474e6ae4b05252/library/std/src/sys/backtrace.rs:39:26
[INFO] [stdout]    4:     0x5c241e7e8603 - core::fmt::rt::Argument::fmt::h4cfc8587d52b3eb5
[INFO] [stdout]                                at /rustc/df4ca44d3fbc9301ee17f30f4d474e6ae4b05252/library/core/src/fmt/rt.rs:177:76
[INFO] [stdout]    5:     0x5c241e7e8603 - core::fmt::write::h522cc39e5b36ae9f
[INFO] [stdout]                                at /rustc/df4ca44d3fbc9301ee17f30f4d474e6ae4b05252/library/core/src/fmt/mod.rs:1190:21
[INFO] [stdout]    6:     0x5c241e7bde63 - std::io::Write::write_fmt::h7d3c26752da97734
[INFO] [stdout]                                at /rustc/df4ca44d3fbc9301ee17f30f4d474e6ae4b05252/library/std/src/io/mod.rs:1839:15
[INFO] [stdout]    7:     0x5c241e7c1042 - std::sys::backtrace::BacktraceLock::print::h4b9e00b29e9c0942
[INFO] [stdout]                                at /rustc/df4ca44d3fbc9301ee17f30f4d474e6ae4b05252/library/std/src/sys/backtrace.rs:42:9
[INFO] [stdout]    8:     0x5c241e7c268a - std::panicking::default_hook::{{closure}}::hb59b88280d0324d9
[INFO] [stdout]                                at /rustc/df4ca44d3fbc9301ee17f30f4d474e6ae4b05252/library/std/src/panicking.rs:268:22
[INFO] [stdout]    9:     0x5c241e7c2494 - std::panicking::default_hook::he1dd496665be4a29
[INFO] [stdout]                                at /rustc/df4ca44d3fbc9301ee17f30f4d474e6ae4b05252/library/std/src/panicking.rs:292:9
[INFO] [stdout]   10:     0x5c241e4d9fc9 - <alloc::boxed::Box<F,A> as core::ops::function::Fn<Args>>::call::h4ff71de18744e1dc
[INFO] [stdout]                                at /rustc/df4ca44d3fbc9301ee17f30f4d474e6ae4b05252/library/alloc/src/boxed.rs:2468:9
[INFO] [stdout]   11:     0x5c241e4d9fc9 - test::test_main::{{closure}}::hcf7c055ce117aa81
[INFO] [stdout]                                at /rustc/df4ca44d3fbc9301ee17f30f4d474e6ae4b05252/library/test/src/lib.rs:133:21
[INFO] [stdout]   12:     0x5c241e7c2d88 - <alloc::boxed::Box<F,A> as core::ops::function::Fn<Args>>::call::h1d66c6bbd60c9692
[INFO] [stdout]                                at /rustc/df4ca44d3fbc9301ee17f30f4d474e6ae4b05252/library/alloc/src/boxed.rs:2468:9
[INFO] [stdout]   13:     0x5c241e7c2d88 - std::panicking::rust_panic_with_hook::h2ff17fe8f26dfcf8
[INFO] [stdout]                                at /rustc/df4ca44d3fbc9301ee17f30f4d474e6ae4b05252/library/std/src/panicking.rs:809:13
[INFO] [stdout]   14:     0x5c241e7c2b4a - std::panicking::begin_panic_handler::{{closure}}::h4fad77951c07e101
[INFO] [stdout]                                at /rustc/df4ca44d3fbc9301ee17f30f4d474e6ae4b05252/library/std/src/panicking.rs:674:13
[INFO] [stdout]   15:     0x5c241e7c16d9 - std::sys::backtrace::__rust_end_short_backtrace::hb1a25b3da5d0ea08
[INFO] [stdout]                                at /rustc/df4ca44d3fbc9301ee17f30f4d474e6ae4b05252/library/std/src/sys/backtrace.rs:170:18
[INFO] [stdout]   16:     0x5c241e7c27dc - rust_begin_unwind
[INFO] [stdout]                                at /rustc/df4ca44d3fbc9301ee17f30f4d474e6ae4b05252/library/std/src/panicking.rs:665:5
[INFO] [stdout]   17:     0x5c241e7e6c30 - core::panicking::panic_fmt::ha9db07b529f9b256
[INFO] [stdout]                                at /rustc/df4ca44d3fbc9301ee17f30f4d474e6ae4b05252/library/core/src/panicking.rs:75:14
[INFO] [stdout]   18:     0x5c241e7e7034 - core::panicking::assert_failed_inner::h04f38944d74a80a8
[INFO] [stdout]   19:     0x5c241e42ed5d - core::panicking::assert_failed::hf14e82358d330d41
[INFO] [stdout]                                at /rustc/df4ca44d3fbc9301ee17f30f4d474e6ae4b05252/library/core/src/panicking.rs:377:5
[INFO] [stdout]   20:     0x5c241e45e715 - gitbox_lib::usecase::usecases::format_tree_graph::tests::format_header_line::h4ec098a99ac82172
[INFO] [stdout]                                at /opt/rustwide/workdir/src/lib/usecase/usecases/format_tree_graph.rs:151:9
[INFO] [stdout]   21:     0x5c241e45d1f7 - gitbox_lib::usecase::usecases::format_tree_graph::tests::format_header_line::{{closure}}::h320ec3b347af1182
[INFO] [stdout]                                at /opt/rustwide/workdir/src/lib/usecase/usecases/format_tree_graph.rs:139:28
[INFO] [stdout]   22:     0x5c241e433b36 - core::ops::function::FnOnce::call_once::h35fa9e7c6720b338
[INFO] [stdout]                                at /rustc/df4ca44d3fbc9301ee17f30f4d474e6ae4b05252/library/core/src/ops/function.rs:250:5
[INFO] [stdout]   23:     0x5c241e4de89b - core::ops::function::FnOnce::call_once::h22c3ba5715e93f05
[INFO] [stdout]                                at /rustc/df4ca44d3fbc9301ee17f30f4d474e6ae4b05252/library/core/src/ops/function.rs:250:5
[INFO] [stdout]   24:     0x5c241e4de89b - test::__rust_begin_short_backtrace::h8e82d8113d0da17f
[INFO] [stdout]                                at /rustc/df4ca44d3fbc9301ee17f30f4d474e6ae4b05252/library/test/src/lib.rs:621:18
[INFO] [stdout]   25:     0x5c241e4de217 - test::run_test_in_process::{{closure}}::h33235f4f20b7b7c7
[INFO] [stdout]                                at /rustc/df4ca44d3fbc9301ee17f30f4d474e6ae4b05252/library/test/src/lib.rs:644:60
[INFO] [stdout]   26:     0x5c241e4de217 - <core::panic::unwind_safe::AssertUnwindSafe<F> as core::ops::function::FnOnce<()>>::call_once::hb5043206310c586f
[INFO] [stdout]                                at /rustc/df4ca44d3fbc9301ee17f30f4d474e6ae4b05252/library/core/src/panic/unwind_safe.rs:272:9
[INFO] [stdout]   27:     0x5c241e4de217 - std::panicking::try::do_call::h9ad4731a60ab23e2
[INFO] [stdout]                                at /rustc/df4ca44d3fbc9301ee17f30f4d474e6ae4b05252/library/std/src/panicking.rs:557:40
[INFO] [stdout]   28:     0x5c241e4de217 - std::panicking::try::h3824d23db772a716
[INFO] [stdout]                                at /rustc/df4ca44d3fbc9301ee17f30f4d474e6ae4b05252/library/std/src/panicking.rs:520:19
[INFO] [stdout]   29:     0x5c241e4de217 - std::panic::catch_unwind::h5afd514605fde46b
[INFO] [stdout]                                at /rustc/df4ca44d3fbc9301ee17f30f4d474e6ae4b05252/library/std/src/panic.rs:358:14
[INFO] [stdout]   30:     0x5c241e4de217 - test::run_test_in_process::h0d5cbfa7067d1720
[INFO] [stdout]                                at /rustc/df4ca44d3fbc9301ee17f30f4d474e6ae4b05252/library/test/src/lib.rs:644:27
[INFO] [stdout]   31:     0x5c241e4de217 - test::run_test::{{closure}}::h708eb8872708115d
[INFO] [stdout]                                at /rustc/df4ca44d3fbc9301ee17f30f4d474e6ae4b05252/library/test/src/lib.rs:565:43
[INFO] [stdout]   32:     0x5c241e4a1934 - test::run_test::{{closure}}::h392c51cee94713ab
[INFO] [stdout]                                at /rustc/df4ca44d3fbc9301ee17f30f4d474e6ae4b05252/library/test/src/lib.rs:595:41
[INFO] [stdout]   33:     0x5c241e4a1934 - std::sys::backtrace::__rust_begin_short_backtrace::h2f40290710935a8b
[INFO] [stdout]                                at /rustc/df4ca44d3fbc9301ee17f30f4d474e6ae4b05252/library/std/src/sys/backtrace.rs:154:18
[INFO] [stdout]   34:     0x5c241e4a50de - std::thread::Builder::spawn_unchecked_::{{closure}}::{{closure}}::h3fd968d89053a903
[INFO] [stdout]                                at /rustc/df4ca44d3fbc9301ee17f30f4d474e6ae4b05252/library/std/src/thread/mod.rs:541:17
[INFO] [stdout]   35:     0x5c241e4a50de - <core::panic::unwind_safe::AssertUnwindSafe<F> as core::ops::function::FnOnce<()>>::call_once::h743f637ba4229880
[INFO] [stdout]                                at /rustc/df4ca44d3fbc9301ee17f30f4d474e6ae4b05252/library/core/src/panic/unwind_safe.rs:272:9
[INFO] [stdout]   36:     0x5c241e4a50de - std::panicking::try::do_call::h07440897322525a6
[INFO] [stdout]                                at /rustc/df4ca44d3fbc9301ee17f30f4d474e6ae4b05252/library/std/src/panicking.rs:557:40
[INFO] [stdout]   37:     0x5c241e4a50de - std::panicking::try::he5a2e00188156637
[INFO] [stdout]                                at /rustc/df4ca44d3fbc9301ee17f30f4d474e6ae4b05252/library/std/src/panicking.rs:520:19
[INFO] [stdout]   38:     0x5c241e4a50de - std::panic::catch_unwind::hbaf3cae49b3c6433
[INFO] [stdout]                                at /rustc/df4ca44d3fbc9301ee17f30f4d474e6ae4b05252/library/std/src/panic.rs:358:14
[INFO] [stdout]   39:     0x5c241e4a50de - std::thread::Builder::spawn_unchecked_::{{closure}}::h8e141ea224820bce
[INFO] [stdout]                                at /rustc/df4ca44d3fbc9301ee17f30f4d474e6ae4b05252/library/std/src/thread/mod.rs:540:30
[INFO] [stdout]   40:     0x5c241e4a50de - core::ops::function::FnOnce::call_once{{vtable.shim}}::h90d312fedd7b8ea8
[INFO] [stdout]                                at /rustc/df4ca44d3fbc9301ee17f30f4d474e6ae4b05252/library/core/src/ops/function.rs:250:5
[INFO] [stdout]   41:     0x5c241e7c6b7b - <alloc::boxed::Box<F,A> as core::ops::function::FnOnce<Args>>::call_once::h69aa08ddb6adb8b6
[INFO] [stdout]                                at /rustc/df4ca44d3fbc9301ee17f30f4d474e6ae4b05252/library/alloc/src/boxed.rs:2454:9
[INFO] [stdout]   42:     0x5c241e7c6b7b - <alloc::boxed::Box<F,A> as core::ops::function::FnOnce<Args>>::call_once::h5aa36efdb79c806f
[INFO] [stdout]                                at /rustc/df4ca44d3fbc9301ee17f30f4d474e6ae4b05252/library/alloc/src/boxed.rs:2454:9
[INFO] [stdout]   43:     0x5c241e7c6b7b - std::sys::pal::unix::thread::Thread::new::thread_start::h6cd80a1b4be5158d
[INFO] [stdout]                                at /rustc/df4ca44d3fbc9301ee17f30f4d474e6ae4b05252/library/std/src/sys/pal/unix/thread.rs:105:17
[INFO] [stdout]   44:     0x78ff528c0ac3 - <unknown>
[INFO] [stdout]   45:     0x78ff52951a04 - clone
[INFO] [stdout]   46:                0x0 - <unknown>
[INFO] [stdout] 
[INFO] [stdout] ---- usecase::usecases::format_tree_graph::tests::execute_complete stdout ----
[INFO] [stdout]   ( sample date 1 ) * abcdef0 ( HEAD -> main )
[INFO] [stdout]                     |     asperan: test message
[INFO] [stdout]   ( sample date 2 ) * 0fedcba 
[INFO] [stdout]                     |     asperan: another test message
[INFO] [stdout] thread 'usecase::usecases::format_tree_graph::tests::execute_complete' panicked at src/lib/usecase/usecases/format_tree_graph.rs:183:9:
[INFO] [stdout] assertion `left == right` failed
[INFO] [stdout]   left: "  ( sample date 1 ) * abcdef0 ( HEAD -> main )\n                    |     asperan: test message\n  ( sample date 2 ) * 0fedcba \n                    |     asperan: another test message"
[INFO] [stdout]  right: "\u{1b}[2m  ( sample date 1 )\u{1b}[0m * \u{1b}[34mabcdef0\u{1b}[0m \u{1b}[33m( HEAD -> main )\u{1b}[0m\n                    |     \u{1b}[1;37masperan:\u{1b}[0m test message\n\u{1b}[2m  ( sample date 2 )\u{1b}[0m * \u{1b}[34m0fedcba\u{1b}[0m \u{1b}[33m\u{1b}[0m\n                    |     \u{1b}[1;37masperan:\u{1b}[0m another test message"
[INFO] [stdout] stack backtrace:
[INFO] [stdout]    0:     0x5c241e7c11fa - std::backtrace_rs::backtrace::libunwind::trace::h207520d6e9873551
[INFO] [stdout]                                at /rustc/df4ca44d3fbc9301ee17f30f4d474e6ae4b05252/library/std/src/../../backtrace/src/backtrace/libunwind.rs:116:5
[INFO] [stdout]    1:     0x5c241e7c11fa - std::backtrace_rs::backtrace::trace_unsynchronized::h2ed7433f370e3eca
[INFO] [stdout]                                at /rustc/df4ca44d3fbc9301ee17f30f4d474e6ae4b05252/library/std/src/../../backtrace/src/backtrace/mod.rs:66:5
[INFO] [stdout]    2:     0x5c241e7c11fa - std::sys::backtrace::_print_fmt::h916fac51166b18d7
[INFO] [stdout]                                at /rustc/df4ca44d3fbc9301ee17f30f4d474e6ae4b05252/library/std/src/sys/backtrace.rs:66:9
[INFO] [stdout]    3:     0x5c241e7c11fa - <std::sys::backtrace::BacktraceLock::print::DisplayBacktrace as core::fmt::Display>::fmt::ha0a4c9b8ce3802e6
[INFO] [stdout]                                at /rustc/df4ca44d3fbc9301ee17f30f4d474e6ae4b05252/library/std/src/sys/backtrace.rs:39:26
[INFO] [stdout]    4:     0x5c241e7e8603 - core::fmt::rt::Argument::fmt::h4cfc8587d52b3eb5
[INFO] [stdout]                                at /rustc/df4ca44d3fbc9301ee17f30f4d474e6ae4b05252/library/core/src/fmt/rt.rs:177:76
[INFO] [stdout]    5:     0x5c241e7e8603 - core::fmt::write::h522cc39e5b36ae9f
[INFO] [stdout]                                at /rustc/df4ca44d3fbc9301ee17f30f4d474e6ae4b05252/library/core/src/fmt/mod.rs:1190:21
[INFO] [stdout]    6:     0x5c241e7bde63 - std::io::Write::write_fmt::h7d3c26752da97734
[INFO] [stdout]                                at /rustc/df4ca44d3fbc9301ee17f30f4d474e6ae4b05252/library/std/src/io/mod.rs:1839:15
[INFO] [stdout]    7:     0x5c241e7c1042 - std::sys::backtrace::BacktraceLock::print::h4b9e00b29e9c0942
[INFO] [stdout]                                at /rustc/df4ca44d3fbc9301ee17f30f4d474e6ae4b05252/library/std/src/sys/backtrace.rs:42:9
[INFO] [stdout]    8:     0x5c241e7c268a - std::panicking::default_hook::{{closure}}::hb59b88280d0324d9
[INFO] [stdout]                                at /rustc/df4ca44d3fbc9301ee17f30f4d474e6ae4b05252/library/std/src/panicking.rs:268:22
[INFO] [stdout]    9:     0x5c241e7c2494 - std::panicking::default_hook::he1dd496665be4a29
[INFO] [stdout]                                at /rustc/df4ca44d3fbc9301ee17f30f4d474e6ae4b05252/library/std/src/panicking.rs:292:9
[INFO] [stdout]   10:     0x5c241e4d9fc9 - <alloc::boxed::Box<F,A> as core::ops::function::Fn<Args>>::call::h4ff71de18744e1dc
[INFO] [stdout]                                at /rustc/df4ca44d3fbc9301ee17f30f4d474e6ae4b05252/library/alloc/src/boxed.rs:2468:9
[INFO] [stdout]   11:     0x5c241e4d9fc9 - test::test_main::{{closure}}::hcf7c055ce117aa81
[INFO] [stdout]                                at /rustc/df4ca44d3fbc9301ee17f30f4d474e6ae4b05252/library/test/src/lib.rs:133:21
[INFO] [stdout]   12:     0x5c241e7c2d88 - <alloc::boxed::Box<F,A> as core::ops::function::Fn<Args>>::call::h1d66c6bbd60c9692
[INFO] [stdout]                                at /rustc/df4ca44d3fbc9301ee17f30f4d474e6ae4b05252/library/alloc/src/boxed.rs:2468:9
[INFO] [stdout]   13:     0x5c241e7c2d88 - std::panicking::rust_panic_with_hook::h2ff17fe8f26dfcf8
[INFO] [stdout]                                at /rustc/df4ca44d3fbc9301ee17f30f4d474e6ae4b05252/library/std/src/panicking.rs:809:13
[INFO] [stdout]   14:     0x5c241e7c2b4a - std::panicking::begin_panic_handler::{{closure}}::h4fad77951c07e101
[INFO] [stdout]                                at /rustc/df4ca44d3fbc9301ee17f30f4d474e6ae4b05252/library/std/src/panicking.rs:674:13
[INFO] [stdout]   15:     0x5c241e7c16d9 - std::sys::backtrace::__rust_end_short_backtrace::hb1a25b3da5d0ea08
[INFO] [stdout]                                at /rustc/df4ca44d3fbc9301ee17f30f4d474e6ae4b05252/library/std/src/sys/backtrace.rs:170:18
[INFO] [stdout]   16:     0x5c241e7c27dc - rust_begin_unwind
[INFO] [stdout]                                at /rustc/df4ca44d3fbc9301ee17f30f4d474e6ae4b05252/library/std/src/panicking.rs:665:5
[INFO] [stdout]   17:     0x5c241e7e6c30 - core::panicking::panic_fmt::ha9db07b529f9b256
[INFO] [stdout]                                at /rustc/df4ca44d3fbc9301ee17f30f4d474e6ae4b05252/library/core/src/panicking.rs:75:14
[INFO] [stdout]   18:     0x5c241e7e7034 - core::panicking::assert_failed_inner::h04f38944d74a80a8
[INFO] [stdout]   19:     0x5c241e42ed5d - core::panicking::assert_failed::hf14e82358d330d41
[INFO] [stdout]                                at /rustc/df4ca44d3fbc9301ee17f30f4d474e6ae4b05252/library/core/src/panicking.rs:377:5
[INFO] [stdout]   20:     0x5c241e45ff35 - gitbox_lib::usecase::usecases::format_tree_graph::tests::execute_complete::hfe5509ed7f1018bd
[INFO] [stdout]                                at /opt/rustwide/workdir/src/lib/usecase/usecases/format_tree_graph.rs:183:9
[INFO] [stdout]   21:     0x5c241e45fce7 - gitbox_lib::usecase::usecases::format_tree_graph::tests::execute_complete::{{closure}}::h779c85517799c720
[INFO] [stdout]                                at /opt/rustwide/workdir/src/lib/usecase/usecases/format_tree_graph.rs:171:26
[INFO] [stdout]   22:     0x5c241e4341c6 - core::ops::function::FnOnce::call_once::h55becbd81407c752
[INFO] [stdout]                                at /rustc/df4ca44d3fbc9301ee17f30f4d474e6ae4b05252/library/core/src/ops/function.rs:250:5
[INFO] [stdout]   23:     0x5c241e4de89b - core::ops::function::FnOnce::call_once::h22c3ba5715e93f05
[INFO] [stdout]                                at /rustc/df4ca44d3fbc9301ee17f30f4d474e6ae4b05252/library/core/src/ops/function.rs:250:5
[INFO] [stdout]   24:     0x5c241e4de89b - test::__rust_begin_short_backtrace::h8e82d8113d0da17f
[INFO] [stdout]                                at /rustc/df4ca44d3fbc9301ee17f30f4d474e6ae4b05252/library/test/src/lib.rs:621:18
[INFO] [stdout]   25:     0x5c241e4de217 - test::run_test_in_process::{{closure}}::h33235f4f20b7b7c7
[INFO] [stdout]                                at /rustc/df4ca44d3fbc9301ee17f30f4d474e6ae4b05252/library/test/src/lib.rs:644:60
[INFO] [stdout]   26:     0x5c241e4de217 - <core::panic::unwind_safe::AssertUnwindSafe<F> as core::ops::function::FnOnce<()>>::call_once::hb5043206310c586f
[INFO] [stdout]                                at /rustc/df4ca44d3fbc9301ee17f30f4d474e6ae4b05252/library/core/src/panic/unwind_safe.rs:272:9
[INFO] [stdout]   27:     0x5c241e4de217 - std::panicking::try::do_call::h9ad4731a60ab23e2
[INFO] [stdout]                                at /rustc/df4ca44d3fbc9301ee17f30f4d474e6ae4b05252/library/std/src/panicking.rs:557:40
[INFO] [stdout]   28:     0x5c241e4de217 - std::panicking::try::h3824d23db772a716
[INFO] [stdout]                                at /rustc/df4ca44d3fbc9301ee17f30f4d474e6ae4b05252/library/std/src/panicking.rs:520:19
[INFO] [stdout]   29:     0x5c241e4de217 - std::panic::catch_unwind::h5afd514605fde46b
[INFO] [stdout]                                at /rustc/df4ca44d3fbc9301ee17f30f4d474e6ae4b05252/library/std/src/panic.rs:358:14
[INFO] [stdout]   30:     0x5c241e4de217 - test::run_test_in_process::h0d5cbfa7067d1720
[INFO] [stdout]                                at /rustc/df4ca44d3fbc9301ee17f30f4d474e6ae4b05252/library/test/src/lib.rs:644:27
[INFO] [stdout]   31:     0x5c241e4de217 - test::run_test::{{closure}}::h708eb8872708115d
[INFO] [stdout]                                at /rustc/df4ca44d3fbc9301ee17f30f4d474e6ae4b05252/library/test/src/lib.rs:565:43
[INFO] [stdout]   32:     0x5c241e4a1934 - test::run_test::{{closure}}::h392c51cee94713ab
[INFO] [stdout]                                at /rustc/df4ca44d3fbc9301ee17f30f4d474e6ae4b05252/library/test/src/lib.rs:595:41
[INFO] [stdout]   33:     0x5c241e4a1934 - std::sys::backtrace::__rust_begin_short_backtrace::h2f40290710935a8b
[INFO] [stdout]                                at /rustc/df4ca44d3fbc9301ee17f30f4d474e6ae4b05252/library/std/src/sys/backtrace.rs:154:18
[INFO] [stdout]   34:     0x5c241e4a50de - std::thread::Builder::spawn_unchecked_::{{closure}}::{{closure}}::h3fd968d89053a903
[INFO] [stdout]                                at /rustc/df4ca44d3fbc9301ee17f30f4d474e6ae4b05252/library/std/src/thread/mod.rs:541:17
[INFO] [stdout]   35:     0x5c241e4a50de - <core::panic::unwind_safe::AssertUnwindSafe<F> as core::ops::function::FnOnce<()>>::call_once::h743f637ba4229880
[INFO] [stdout]                                at /rustc/df4ca44d3fbc9301ee17f30f4d474e6ae4b05252/library/core/src/panic/unwind_safe.rs:272:9
[INFO] [stdout]   36:     0x5c241e4a50de - std::panicking::try::do_call::h07440897322525a6
[INFO] [stdout]                                at /rustc/df4ca44d3fbc9301ee17f30f4d474e6ae4b05252/library/std/src/panicking.rs:557:40
[INFO] [stdout]   37:     0x5c241e4a50de - std::panicking::try::he5a2e00188156637
[INFO] [stdout]                                at /rustc/df4ca44d3fbc9301ee17f30f4d474e6ae4b05252/library/std/src/panicking.rs:520:19
[INFO] [stdout]   38:     0x5c241e4a50de - std::panic::catch_unwind::hbaf3cae49b3c6433
[INFO] [stdout]                                at /rustc/df4ca44d3fbc9301ee17f30f4d474e6ae4b05252/library/std/src/panic.rs:358:14
[INFO] [stdout]   39:     0x5c241e4a50de - std::thread::Builder::spawn_unchecked_::{{closure}}::h8e141ea224820bce
[INFO] [stdout]                                at /rustc/df4ca44d3fbc9301ee17f30f4d474e6ae4b05252/library/std/src/thread/mod.rs:540:30
[INFO] [stdout]   40:     0x5c241e4a50de - core::ops::function::FnOnce::call_once{{vtable.shim}}::h90d312fedd7b8ea8
[INFO] [stdout]                                at /rustc/df4ca44d3fbc9301ee17f30f4d474e6ae4b05252/library/core/src/ops/function.rs:250:5
[INFO] [stdout]   41:     0x5c241e7c6b7b - <alloc::boxed::Box<F,A> as core::ops::function::FnOnce<Args>>::call_once::h69aa08ddb6adb8b6
[INFO] [stdout]                                at /rustc/df4ca44d3fbc9301ee17f30f4d474e6ae4b05252/library/alloc/src/boxed.rs:2454:9
[INFO] [stdout]   42:     0x5c241e7c6b7b - <alloc::boxed::Box<F,A> as core::ops::function::FnOnce<Args>>::call_once::h5aa36efdb79c806f
[INFO] [stdout]                                at /rustc/df4ca44d3fbc9301ee17f30f4d474e6ae4b05252/library/alloc/src/boxed.rs:2454:9
[INFO] [stdout]   43:     0x5c241e7c6b7b - std::sys::pal::unix::thread::Thread::new::thread_start::h6cd80a1b4be5158d
[INFO] [stdout]                                at /rustc/df4ca44d3fbc9301ee17f30f4d474e6ae4b05252/library/std/src/sys/pal/unix/thread.rs:105:17
[INFO] [stdout]   44:     0x78ff528c0ac3 - <unknown>
[INFO] [stdout]   45:     0x78ff52951a04 - clone
[INFO] [stdout]   46:                0x0 - <unknown>
[INFO] [stdout] 
[INFO] [stdout] ---- usecase::usecases::format_tree_graph::tests::format_message_line stdout ----
[INFO] [stdout] thread 'usecase::usecases::format_tree_graph::tests::format_message_line' panicked at src/lib/usecase/usecases/format_tree_graph.rs:167:9:
[INFO] [stdout] assertion `left == right` failed
[INFO] [stdout]   left: "                 |     asperan: test message"
[INFO] [stdout]  right: "                 |     \u{1b}[1;37masperan:\u{1b}[0m test message"
[INFO] [stdout] stack backtrace:
[INFO] [stdout]    0:     0x5c241e7c11fa - std::backtrace_rs::backtrace::libunwind::trace::h207520d6e9873551
[INFO] [stdout]                                at /rustc/df4ca44d3fbc9301ee17f30f4d474e6ae4b05252/library/std/src/../../backtrace/src/backtrace/libunwind.rs:116:5
[INFO] [stdout]    1:     0x5c241e7c11fa - std::backtrace_rs::backtrace::trace_unsynchronized::h2ed7433f370e3eca
[INFO] [stdout]                                at /rustc/df4ca44d3fbc9301ee17f30f4d474e6ae4b05252/library/std/src/../../backtrace/src/backtrace/mod.rs:66:5
[INFO] [stdout]    2:     0x5c241e7c11fa - std::sys::backtrace::_print_fmt::h916fac51166b18d7
[INFO] [stdout]                                at /rustc/df4ca44d3fbc9301ee17f30f4d474e6ae4b05252/library/std/src/sys/backtrace.rs:66:9
[INFO] [stdout]    3:     0x5c241e7c11fa - <std::sys::backtrace::BacktraceLock::print::DisplayBacktrace as core::fmt::Display>::fmt::ha0a4c9b8ce3802e6
[INFO] [stdout]                                at /rustc/df4ca44d3fbc9301ee17f30f4d474e6ae4b05252/library/std/src/sys/backtrace.rs:39:26
[INFO] [stdout]    4:     0x5c241e7e8603 - core::fmt::rt::Argument::fmt::h4cfc8587d52b3eb5
[INFO] [stdout]                                at /rustc/df4ca44d3fbc9301ee17f30f4d474e6ae4b05252/library/core/src/fmt/rt.rs:177:76
[INFO] [stdout]    5:     0x5c241e7e8603 - core::fmt::write::h522cc39e5b36ae9f
[INFO] [stdout]                                at /rustc/df4ca44d3fbc9301ee17f30f4d474e6ae4b05252/library/core/src/fmt/mod.rs:1190:21
[INFO] [stdout]    6:     0x5c241e7bde63 - std::io::Write::write_fmt::h7d3c26752da97734
[INFO] [stdout]                                at /rustc/df4ca44d3fbc9301ee17f30f4d474e6ae4b05252/library/std/src/io/mod.rs:1839:15
[INFO] [stdout]    7:     0x5c241e7c1042 - std::sys::backtrace::BacktraceLock::print::h4b9e00b29e9c0942
[INFO] [stdout]                                at /rustc/df4ca44d3fbc9301ee17f30f4d474e6ae4b05252/library/std/src/sys/backtrace.rs:42:9
[INFO] [stdout]    8:     0x5c241e7c268a - std::panicking::default_hook::{{closure}}::hb59b88280d0324d9
[INFO] [stdout]                                at /rustc/df4ca44d3fbc9301ee17f30f4d474e6ae4b05252/library/std/src/panicking.rs:268:22
[INFO] [stdout]    9:     0x5c241e7c2494 - std::panicking::default_hook::he1dd496665be4a29
[INFO] [stdout]                                at /rustc/df4ca44d3fbc9301ee17f30f4d474e6ae4b05252/library/std/src/panicking.rs:292:9
[INFO] [stdout]   10:     0x5c241e4d9fc9 - <alloc::boxed::Box<F,A> as core::ops::function::Fn<Args>>::call::h4ff71de18744e1dc
[INFO] [stdout]                                at /rustc/df4ca44d3fbc9301ee17f30f4d474e6ae4b05252/library/alloc/src/boxed.rs:2468:9
[INFO] [stdout]   11:     0x5c241e4d9fc9 - test::test_main::{{closure}}::hcf7c055ce117aa81
[INFO] [stdout]                                at /rustc/df4ca44d3fbc9301ee17f30f4d474e6ae4b05252/library/test/src/lib.rs:133:21
[INFO] [stdout]   12:     0x5c241e7c2d88 - <alloc::boxed::Box<F,A> as core::ops::function::Fn<Args>>::call::h1d66c6bbd60c9692
[INFO] [stdout]                                at /rustc/df4ca44d3fbc9301ee17f30f4d474e6ae4b05252/library/alloc/src/boxed.rs:2468:9
[INFO] [stdout]   13:     0x5c241e7c2d88 - std::panicking::rust_panic_with_hook::h2ff17fe8f26dfcf8
[INFO] [stdout]                                at /rustc/df4ca44d3fbc9301ee17f30f4d474e6ae4b05252/library/std/src/panicking.rs:809:13
[INFO] [stdout]   14:     0x5c241e7c2b4a - std::panicking::begin_panic_handler::{{closure}}::h4fad77951c07e101
[INFO] [stdout]                                at /rustc/df4ca44d3fbc9301ee17f30f4d474e6ae4b05252/library/std/src/panicking.rs:674:13
[INFO] [stdout]   15:     0x5c241e7c16d9 - std::sys::backtrace::__rust_end_short_backtrace::hb1a25b3da5d0ea08
[INFO] [stdout]                                at /rustc/df4ca44d3fbc9301ee17f30f4d474e6ae4b05252/library/std/src/sys/backtrace.rs:170:18
[INFO] [stdout]   16:     0x5c241e7c27dc - rust_begin_unwind
[INFO] [stdout]                                at /rustc/df4ca44d3fbc9301ee17f30f4d474e6ae4b05252/library/std/src/panicking.rs:665:5
[INFO] [stdout]   17:     0x5c241e7e6c30 - core::panicking::panic_fmt::ha9db07b529f9b256
[INFO] [stdout]                                at /rustc/df4ca44d3fbc9301ee17f30f4d474e6ae4b05252/library/core/src/panicking.rs:75:14
[INFO] [stdout]   18:     0x5c241e7e7034 - core::panicking::assert_failed_inner::h04f38944d74a80a8
[INFO] [stdout]   19:     0x5c241e42ed5d - core::panicking::assert_failed::hf14e82358d330d41
[INFO] [stdout]                                at /rustc/df4ca44d3fbc9301ee17f30f4d474e6ae4b05252/library/core/src/panicking.rs:377:5
[INFO] [stdout]   20:     0x5c241e45fc7b - gitbox_lib::usecase::usecases::format_tree_graph::tests::format_message_line::h41d38473ee77e82d
[INFO] [stdout]                                at /opt/rustwide/workdir/src/lib/usecase/usecases/format_tree_graph.rs:167:9
[INFO] [stdout]   21:     0x5c241e45e787 - gitbox_lib::usecase::usecases::format_tree_graph::tests::format_message_line::{{closure}}::h8cf1fb4576860fec
[INFO] [stdout]                                at /opt/rustwide/workdir/src/lib/usecase/usecases/format_tree_graph.rs:155:29
[INFO] [stdout]   22:     0x5c241e434956 - core::ops::function::FnOnce::call_once::h6f7218179f6fd9c5
[INFO] [stdout]                                at /rustc/df4ca44d3fbc9301ee17f30f4d474e6ae4b05252/library/core/src/ops/function.rs:250:5
[INFO] [stdout]   23:     0x5c241e4de89b - core::ops::function::FnOnce::call_once::h22c3ba5715e93f05
[INFO] [stdout]                                at /rustc/df4ca44d3fbc9301ee17f30f4d474e6ae4b05252/library/core/src/ops/function.rs:250:5
[INFO] [stdout]   24:     0x5c241e4de89b - test::__rust_begin_short_backtrace::h8e82d8113d0da17f
[INFO] [stdout]                                at /rustc/df4ca44d3fbc9301ee17f30f4d474e6ae4b05252/library/test/src/lib.rs:621:18
[INFO] [stdout]   25:     0x5c241e4de217 - test::run_test_in_process::{{closure}}::h33235f4f20b7b7c7
[INFO] [stdout]                                at /rustc/df4ca44d3fbc9301ee17f30f4d474e6ae4b05252/library/test/src/lib.rs:644:60
[INFO] [stdout]   26:     0x5c241e4de217 - <core::panic::unwind_safe::AssertUnwindSafe<F> as core::ops::function::FnOnce<()>>::call_once::hb5043206310c586f
[INFO] [stdout]                                at /rustc/df4ca44d3fbc9301ee17f30f4d474e6ae4b05252/library/core/src/panic/unwind_safe.rs:272:9
[INFO] [stdout]   27:     0x5c241e4de217 - std::panicking::try::do_call::h9ad4731a60ab23e2
[INFO] [stdout]                                at /rustc/df4ca44d3fbc9301ee17f30f4d474e6ae4b05252/library/std/src/panicking.rs:557:40
[INFO] [stdout]   28:     0x5c241e4de217 - std::panicking::try::h3824d23db772a716
[INFO] [stdout]                                at /rustc/df4ca44d3fbc9301ee17f30f4d474e6ae4b05252/library/std/src/panicking.rs:520:19
[INFO] [stdout]   29:     0x5c241e4de217 - std::panic::catch_unwind::h5afd514605fde46b
[INFO] [stdout]                                at /rustc/df4ca44d3fbc9301ee17f30f4d474e6ae4b05252/library/std/src/panic.rs:358:14
[INFO] [stdout]   30:     0x5c241e4de217 - test::run_test_in_process::h0d5cbfa7067d1720
[INFO] [stdout]                                at /rustc/df4ca44d3fbc9301ee17f30f4d474e6ae4b05252/library/test/src/lib.rs:644:27
[INFO] [stdout]   31:     0x5c241e4de217 - test::run_test::{{closure}}::h708eb8872708115d
[INFO] [stdout]                                at /rustc/df4ca44d3fbc9301ee17f30f4d474e6ae4b05252/library/test/src/lib.rs:565:43
[INFO] [stdout]   32:     0x5c241e4a1934 - test::run_test::{{closure}}::h392c51cee94713ab
[INFO] [stdout]                                at /rustc/df4ca44d3fbc9301ee17f30f4d474e6ae4b05252/library/test/src/lib.rs:595:41
[INFO] [stdout]   33:     0x5c241e4a1934 - std::sys::backtrace::__rust_begin_short_backtrace::h2f40290710935a8b
[INFO] [stdout]                                at /rustc/df4ca44d3fbc9301ee17f30f4d474e6ae4b05252/library/std/src/sys/backtrace.rs:154:18
[INFO] [stdout]   34:     0x5c241e4a50de - std::thread::Builder::spawn_unchecked_::{{closure}}::{{closure}}::h3fd968d89053a903
[INFO] [stdout]                                at /rustc/df4ca44d3fbc9301ee17f30f4d474e6ae4b05252/library/std/src/thread/mod.rs:541:17
[INFO] [stdout]   35:     0x5c241e4a50de - <core::panic::unwind_safe::AssertUnwindSafe<F> as core::ops::function::FnOnce<()>>::call_once::h743f637ba4229880
[INFO] [stdout]                                at /rustc/df4ca44d3fbc9301ee17f30f4d474e6ae4b05252/library/core/src/panic/unwind_safe.rs:272:9
[INFO] [stdout]   36:     0x5c241e4a50de - std::panicking::try::do_call::h07440897322525a6
[INFO] [stdout]                                at /rustc/df4ca44d3fbc9301ee17f30f4d474e6ae4b05252/library/std/src/panicking.rs:557:40
[INFO] [stdout]   37:     0x5c241e4a50de - std::panicking::try::he5a2e00188156637
[INFO] [stdout]                                at /rustc/df4ca44d3fbc9301ee17f30f4d474e6ae4b05252/library/std/src/panicking.rs:520:19
[INFO] [stdout]   38:     0x5c241e4a50de - std::panic::catch_unwind::hbaf3cae49b3c6433
[INFO] [stdout]                                at /rustc/df4ca44d3fbc9301ee17f30f4d474e6ae4b05252/library/std/src/panic.rs:358:14
[INFO] [stdout]   39:     0x5c241e4a50de - std::thread::Builder::spawn_unchecked_::{{closure}}::h8e141ea224820bce
[INFO] [stdout]                                at /rustc/df4ca44d3fbc9301ee17f30f4d474e6ae4b05252/library/std/src/thread/mod.rs:540:30
[INFO] [stdout]   40:     0x5c241e4a50de - core::ops::function::FnOnce::call_once{{vtable.shim}}::h90d312fedd7b8ea8
[INFO] [stdout]                                at /rustc/df4ca44d3fbc9301ee17f30f4d474e6ae4b05252/library/core/src/ops/function.rs:250:5
[INFO] [stdout]   41:     0x5c241e7c6b7b - <alloc::boxed::Box<F,A> as core::ops::function::FnOnce<Args>>::call_once::h69aa08ddb6adb8b6
[INFO] [stdout]                                at /rustc/df4ca44d3fbc9301ee17f30f4d474e6ae4b05252/library/alloc/src/boxed.rs:2454:9
[INFO] [stdout]   42:     0x5c241e7c6b7b - <alloc::boxed::Box<F,A> as core::ops::function::FnOnce<Args>>::call_once::h5aa36efdb79c806f
[INFO] [stdout]                                at /rustc/df4ca44d3fbc9301ee17f30f4d474e6ae4b05252/library/alloc/src/boxed.rs:2454:9
[INFO] [stdout]   43:     0x5c241e7c6b7b - std::sys::pal::unix::thread::Thread::new::thread_start::h6cd80a1b4be5158d
[INFO] [stdout]                                at /rustc/df4ca44d3fbc9301ee17f30f4d474e6ae4b05252/library/std/src/sys/pal/unix/thread.rs:105:17
[INFO] [stdout]   44:     0x78ff528c0ac3 - <unknown>
[INFO] [stdout]   45:     0x78ff52951a04 - clone
[INFO] [stdout]   46:                0x0 - <unknown>
[INFO] [stdout] 
[INFO] [stdout] 
[INFO] [stdout] failures:
[INFO] [stdout]     application::controller::tree::tests::basic_usage
[INFO] [stdout]     usecase::usecases::format_tree_graph::tests::execute_complete
[INFO] [stdout]     usecase::usecases::format_tree_graph::tests::format_header_line
[INFO] [stdout]     usecase::usecases::format_tree_graph::tests::format_message_line
[INFO] [stdout] 
[INFO] [stdout] test result: FAILED. 169 passed; 4 failed; 0 ignored; 0 measured; 0 filtered out; finished in 0.08s
[INFO] [stdout] 
[INFO] [stderr] error: test failed, to rerun pass `--lib`
[INFO] running `Command { std: "docker" "inspect" "f6cd323e4c09199f7b48f20f0e6160f0264f65d91c9567bba3cd4410d2734101", kill_on_drop: false }`
[INFO] running `Command { std: "docker" "rm" "-f" "f6cd323e4c09199f7b48f20f0e6160f0264f65d91c9567bba3cd4410d2734101", kill_on_drop: false }`
[INFO] [stdout] f6cd323e4c09199f7b48f20f0e6160f0264f65d91c9567bba3cd4410d2734101
