[INFO] fetching crate git-z 0.2.1...
[INFO] testing git-z-0.2.1 against nightly-2024-10-28 for randomize-layout
[INFO] extracting crate git-z 0.2.1 into /workspace/builds/worker-0-tc1/source
[INFO] validating manifest of crates.io crate git-z 0.2.1 on toolchain nightly-2024-10-28
[INFO] running `Command { std: CARGO_HOME="/workspace/cargo-home" RUSTUP_HOME="/workspace/rustup-home" "/workspace/cargo-home/bin/cargo" "+nightly-2024-10-28" "metadata" "--manifest-path" "Cargo.toml" "--no-deps", kill_on_drop: false }`
[INFO] started tweaking crates.io crate git-z 0.2.1
[INFO] removed 0 missing tests
[INFO] finished tweaking crates.io crate git-z 0.2.1
[INFO] tweaked toml for crates.io crate git-z 0.2.1 written to /workspace/builds/worker-0-tc1/source/Cargo.toml
[INFO] crate crates.io crate git-z 0.2.1 already has a lockfile, it will not be regenerated
[INFO] running `Command { std: CARGO_HOME="/workspace/cargo-home" RUSTUP_HOME="/workspace/rustup-home" "/workspace/cargo-home/bin/cargo" "+nightly-2024-10-28" "fetch" "--manifest-path" "Cargo.toml", kill_on_drop: false }`
[INFO] [stderr]     Updating crates.io index
[INFO] [stderr]  Downloading crates ...
[INFO] [stderr]   Downloaded assert_cmd v2.0.16
[INFO] [stderr]   Downloaded assert_fs v1.1.2
[INFO] [stderr]   Downloaded rexpect v0.5.0
[INFO] [stderr]   Downloaded redox_syscall v0.5.5
[INFO] [stderr]   Downloaded is_executable v1.0.3
[INFO] [stderr]   Downloaded winnow v0.6.19
[INFO] [stderr]   Downloaded exitcode v1.1.2
[INFO] [stderr]   Downloaded comma v1.0.0
[INFO] running `Command { std: "docker" "create" "-v" "/var/lib/crater-agent-workspace/builds/worker-0-tc1/target:/opt/rustwide/target:rw,Z" "-v" "/var/lib/crater-agent-workspace/builds/worker-0-tc1/source:/opt/rustwide/workdir:ro,Z" "-v" "/var/lib/crater-agent-workspace/cargo-home:/opt/rustwide/cargo-home:ro,Z" "-v" "/var/lib/crater-agent-workspace/rustup-home:/opt/rustwide/rustup-home:ro,Z" "-e" "SOURCE_DIR=/opt/rustwide/workdir" "-e" "CARGO_TARGET_DIR=/opt/rustwide/target" "-e" "CARGO_HOME=/opt/rustwide/cargo-home" "-e" "RUSTUP_HOME=/opt/rustwide/rustup-home" "-w" "/opt/rustwide/workdir" "-m" "1610612736" "--user" "0:0" "--network" "none" "ghcr.io/rust-lang/crates-build-env/linux@sha256:4a844ea9eb2546a2d2c7022eacef16ef2e8229c7fbb2c7d4d55a9ceca922f72d" "/opt/rustwide/cargo-home/bin/cargo" "+nightly-2024-10-28" "metadata" "--no-deps" "--format-version=1", kill_on_drop: false }`
[INFO] [stdout] 2a7e5b23355c958e5d188767944bd705425a7ecf5555a33908e7187365f225f2
[INFO] running `Command { std: "docker" "start" "-a" "2a7e5b23355c958e5d188767944bd705425a7ecf5555a33908e7187365f225f2", kill_on_drop: false }`
[INFO] running `Command { std: "docker" "inspect" "2a7e5b23355c958e5d188767944bd705425a7ecf5555a33908e7187365f225f2", kill_on_drop: false }`
[INFO] running `Command { std: "docker" "rm" "-f" "2a7e5b23355c958e5d188767944bd705425a7ecf5555a33908e7187365f225f2", kill_on_drop: false }`
[INFO] [stdout] 2a7e5b23355c958e5d188767944bd705425a7ecf5555a33908e7187365f225f2
[INFO] running `Command { std: "docker" "create" "-v" "/var/lib/crater-agent-workspace/builds/worker-0-tc1/target:/opt/rustwide/target:rw,Z" "-v" "/var/lib/crater-agent-workspace/builds/worker-0-tc1/source:/opt/rustwide/workdir:ro,Z" "-v" "/var/lib/crater-agent-workspace/cargo-home:/opt/rustwide/cargo-home:ro,Z" "-v" "/var/lib/crater-agent-workspace/rustup-home:/opt/rustwide/rustup-home:ro,Z" "-e" "SOURCE_DIR=/opt/rustwide/workdir" "-e" "CARGO_TARGET_DIR=/opt/rustwide/target" "-e" "CARGO_INCREMENTAL=0" "-e" "RUST_BACKTRACE=full" "-e" "RUSTFLAGS=--cap-lints=forbid" "-e" "RUSTDOCFLAGS=--cap-lints=forbid" "-e" "CARGO_HOME=/opt/rustwide/cargo-home" "-e" "RUSTUP_HOME=/opt/rustwide/rustup-home" "-w" "/opt/rustwide/workdir" "-m" "1610612736" "--user" "0:0" "--network" "none" "ghcr.io/rust-lang/crates-build-env/linux@sha256:4a844ea9eb2546a2d2c7022eacef16ef2e8229c7fbb2c7d4d55a9ceca922f72d" "/opt/rustwide/cargo-home/bin/cargo" "+nightly-2024-10-28" "build" "--frozen" "--message-format=json", kill_on_drop: false }`
[INFO] [stdout] 4a80d8c8e4e3f7ddf6b4a3d93692eb2a85c1bf372e6e6b24e0c67ba28974dc31
[INFO] running `Command { std: "docker" "start" "-a" "4a80d8c8e4e3f7ddf6b4a3d93692eb2a85c1bf372e6e6b24e0c67ba28974dc31", kill_on_drop: false }`
[INFO] [stderr]    Compiling proc-macro2 v1.0.86
[INFO] [stderr]    Compiling memchr v2.7.4
[INFO] [stderr]    Compiling libc v0.2.159
[INFO] [stderr]    Compiling cfg-if v1.0.0
[INFO] [stderr]    Compiling once_cell v1.19.0
[INFO] [stderr]    Compiling serde v1.0.210
[INFO] [stderr]    Compiling log v0.4.22
[INFO] [stderr]    Compiling autocfg v1.3.0
[INFO] [stderr]    Compiling siphasher v0.3.11
[INFO] [stderr]    Compiling regex-syntax v0.8.4
[INFO] [stderr]    Compiling rand_core v0.6.4
[INFO] [stderr]    Compiling smallvec v1.13.2
[INFO] [stderr]    Compiling bitflags v2.6.0
[INFO] [stderr]    Compiling unicase v2.7.0
[INFO] [stderr]    Compiling crossbeam-utils v0.8.20
[INFO] [stderr]    Compiling lazy_static v1.5.0
[INFO] [stderr]    Compiling byteorder v1.5.0
[INFO] [stderr]    Compiling phf_shared v0.11.2
[INFO] [stderr]    Compiling rand v0.8.5
[INFO] [stderr]    Compiling thiserror v1.0.64
[INFO] [stderr]    Compiling tracing-core v0.1.32
[INFO] [stderr]    Compiling thread_local v1.1.8
[INFO] [stderr]    Compiling regex-syntax v0.6.29
[INFO] [stderr]    Compiling phf v0.11.2
[INFO] [stderr]    Compiling signal-hook v0.3.17
[INFO] [stderr]    Compiling rustix v0.38.37
[INFO] [stderr]    Compiling pin-project-lite v0.2.14
[INFO] [stderr]    Compiling num-traits v0.2.19
[INFO] [stderr]    Compiling lock_api v0.4.12
[INFO] [stderr]    Compiling libm v0.2.8
[INFO] [stderr]    Compiling ucd-trie v0.1.6
[INFO] [stderr]    Compiling overload v0.1.1
[INFO] [stderr]    Compiling serde_json v1.0.128
[INFO] [stderr]    Compiling parking_lot_core v0.9.10
[INFO] [stderr]    Compiling shlex v1.3.0
[INFO] [stderr]    Compiling quote v1.0.37
[INFO] [stderr]    Compiling phf_generator v0.11.2
[INFO] [stderr]    Compiling crossbeam-epoch v0.9.18
[INFO] [stderr]    Compiling nu-ansi-term v0.46.0
[INFO] [stderr]    Compiling phf_codegen v0.11.2
[INFO] [stderr]    Compiling cc v1.1.21
[INFO] [stderr]    Compiling tracing-log v0.2.0
[INFO] [stderr]    Compiling syn v2.0.77
[INFO] [stderr]    Compiling mime_guess v2.0.5
[INFO] [stderr]    Compiling sharded-slab v0.1.7
[INFO] [stderr]    Compiling itoa v1.0.11
[INFO] [stderr]    Compiling aho-corasick v1.1.3
[INFO] [stderr]    Compiling signal-hook-registry v1.4.2
[INFO] [stderr]    Compiling getrandom v0.2.15
[INFO] [stderr]    Compiling bstr v1.10.0
[INFO] [stderr]    Compiling minimal-lexical v0.2.1
[INFO] [stderr]    Compiling scopeguard v1.2.0
[INFO] [stderr]    Compiling unic-char-range v0.9.0
[INFO] [stderr]    Compiling linux-raw-sys v0.4.14
[INFO] [stderr]    Compiling ryu v1.0.18
[INFO] [stderr]    Compiling same-file v1.0.6
[INFO] [stderr]    Compiling unic-common v0.9.0
[INFO] [stderr]    Compiling utf8parse v0.2.2
[INFO] [stderr]    Compiling anstyle-parse v0.2.5
[INFO] [stderr]    Compiling unic-ucd-version v0.9.0
[INFO] [stderr]    Compiling walkdir v2.5.0
[INFO] [stderr]    Compiling unic-char-property v0.9.0
[INFO] [stderr]    Compiling nom v7.1.3
[INFO] [stderr]    Compiling crossbeam-deque v0.8.5
[INFO] [stderr]    Compiling mio v0.8.11
[INFO] [stderr]    Compiling regex-automata v0.4.7
[INFO] [stderr]    Compiling anstyle v1.0.8
[INFO] [stderr]    Compiling eyre v0.6.12
[INFO] [stderr]    Compiling is_terminal_polyfill v1.70.1
[INFO] [stderr]    Compiling anstyle-query v1.1.1
[INFO] [stderr]    Compiling hashbrown v0.14.5
[INFO] [stderr]    Compiling iana-time-zone v0.1.61
[INFO] [stderr]    Compiling mime v0.3.17
[INFO] [stderr]    Compiling adler v1.0.2
[INFO] [stderr]    Compiling colorchoice v1.0.2
[INFO] [stderr]    Compiling equivalent v1.0.1
[INFO] [stderr]    Compiling gimli v0.28.1
[INFO] [stderr]    Compiling terminal_size v0.3.0
[INFO] [stderr]    Compiling humansize v2.1.3
[INFO] [stderr]    Compiling miniz_oxide v0.7.4
[INFO] [stderr]    Compiling backtrace v0.3.71
[INFO] [stderr]    Compiling regex-automata v0.1.10
[INFO] [stderr]    Compiling anstream v0.6.15
[INFO] [stderr]    Compiling chrono v0.4.38
[INFO] [stderr]    Compiling signal-hook-mio v0.2.4
[INFO] [stderr]    Compiling parking_lot v0.12.3
[INFO] [stderr]    Compiling unic-ucd-segment v0.9.0
[INFO] [stderr]    Compiling object v0.32.2
[INFO] [stderr]    Compiling clap_lex v0.7.2
[INFO] [stderr]    Compiling unicode-segmentation v1.12.0
[INFO] [stderr]    Compiling bitflags v1.3.2
[INFO] [stderr]    Compiling indenter v0.3.3
[INFO] [stderr]    Compiling strsim v0.11.1
[INFO] [stderr]    Compiling percent-encoding v2.3.1
[INFO] [stderr]    Compiling winnow v0.6.19
[INFO] [stderr]    Compiling deunicode v1.6.0
[INFO] [stderr]    Compiling rustc-demangle v0.1.24
[INFO] [stderr]    Compiling heck v0.5.0
[INFO] [stderr]    Compiling owo-colors v3.5.0
[INFO] [stderr]    Compiling slug v0.1.6
[INFO] [stderr]    Compiling newline-converter v0.3.0
[INFO] [stderr]    Compiling clap_builder v4.5.18
[INFO] [stderr]    Compiling regex v1.10.6
[INFO] [stderr]    Compiling matchers v0.1.0
[INFO] [stderr]    Compiling askama_parser v0.2.1
[INFO] [stderr]    Compiling crossterm v0.25.0
[INFO] [stderr]    Compiling unic-segment v0.9.0
[INFO] [stderr]    Compiling fuzzy-matcher v0.3.7
[INFO] [stderr]    Compiling fxhash v0.2.1
[INFO] [stderr]    Compiling askama_escape v0.10.3
[INFO] [stderr]    Compiling dyn-clone v1.0.17
[INFO] [stderr]    Compiling parse-zoneinfo v0.3.1
[INFO] [stderr]    Compiling either v1.13.0
[INFO] [stderr]    Compiling unicode-width v0.1.14
[INFO] [stderr]    Compiling colored v2.1.0
[INFO] [stderr]    Compiling globset v0.4.15
[INFO] [stderr]    Compiling itertools v0.13.0
[INFO] [stderr]    Compiling indoc v2.0.5
[INFO] [stderr]    Compiling chrono-tz-build v0.3.0
[INFO] [stderr]    Compiling inquire v0.7.5
[INFO] [stderr]    Compiling exitcode v1.1.2
[INFO] [stderr]    Compiling ignore v0.4.23
[INFO] [stderr]    Compiling chrono-tz v0.9.0
[INFO] [stderr]    Compiling addr2line v0.21.0
[INFO] [stderr]    Compiling globwalk v0.9.1
[INFO] [stderr]    Compiling serde_derive v1.0.210
[INFO] [stderr]    Compiling thiserror-impl v1.0.64
[INFO] [stderr]    Compiling tracing-attributes v0.1.27
[INFO] [stderr]    Compiling zerocopy-derive v0.7.35
[INFO] [stderr]    Compiling clap_derive v4.5.18
[INFO] [stderr]    Compiling zerocopy v0.7.35
[INFO] [stderr]    Compiling pest v2.7.13
[INFO] [stderr]    Compiling tracing v0.1.40
[INFO] [stderr]    Compiling ppv-lite86 v0.2.20
[INFO] [stderr]    Compiling tracing-subscriber v0.3.18
[INFO] [stderr]    Compiling rand_chacha v0.3.1
[INFO] [stderr]    Compiling clap v4.5.18
[INFO] [stderr]    Compiling pest_meta v2.7.13
[INFO] [stderr]    Compiling tracing-error v0.2.0
[INFO] [stderr]    Compiling color-spantrace v0.2.1
[INFO] [stderr]    Compiling color-eyre v0.6.3
[INFO] [stderr]    Compiling pest_generator v2.7.13
[INFO] [stderr]    Compiling pest_derive v2.7.13
[INFO] [stderr]    Compiling basic-toml v0.1.9
[INFO] [stderr]    Compiling indexmap v2.5.0
[INFO] [stderr]    Compiling serde_spanned v0.6.7
[INFO] [stderr]    Compiling toml_datetime v0.6.8
[INFO] [stderr]    Compiling askama_derive v0.12.5
[INFO] [stderr]    Compiling toml_edit v0.22.22
[INFO] [stderr]    Compiling tera v1.20.0
[INFO] [stderr]    Compiling git-z v0.2.1 (/opt/rustwide/workdir)
[INFO] [stderr]    Compiling askama v0.12.1
[INFO] [stderr]    Compiling toml v0.8.19
[INFO] [stderr]     Finished `dev` profile [unoptimized + debuginfo] target(s) in 41.44s
[INFO] running `Command { std: "docker" "inspect" "4a80d8c8e4e3f7ddf6b4a3d93692eb2a85c1bf372e6e6b24e0c67ba28974dc31", kill_on_drop: false }`
[INFO] running `Command { std: "docker" "rm" "-f" "4a80d8c8e4e3f7ddf6b4a3d93692eb2a85c1bf372e6e6b24e0c67ba28974dc31", kill_on_drop: false }`
[INFO] [stdout] 4a80d8c8e4e3f7ddf6b4a3d93692eb2a85c1bf372e6e6b24e0c67ba28974dc31
[INFO] running `Command { std: "docker" "create" "-v" "/var/lib/crater-agent-workspace/builds/worker-0-tc1/target:/opt/rustwide/target:rw,Z" "-v" "/var/lib/crater-agent-workspace/builds/worker-0-tc1/source:/opt/rustwide/workdir:ro,Z" "-v" "/var/lib/crater-agent-workspace/cargo-home:/opt/rustwide/cargo-home:ro,Z" "-v" "/var/lib/crater-agent-workspace/rustup-home:/opt/rustwide/rustup-home:ro,Z" "-e" "SOURCE_DIR=/opt/rustwide/workdir" "-e" "CARGO_TARGET_DIR=/opt/rustwide/target" "-e" "CARGO_INCREMENTAL=0" "-e" "RUST_BACKTRACE=full" "-e" "RUSTFLAGS=--cap-lints=forbid" "-e" "RUSTDOCFLAGS=--cap-lints=forbid" "-e" "CARGO_HOME=/opt/rustwide/cargo-home" "-e" "RUSTUP_HOME=/opt/rustwide/rustup-home" "-w" "/opt/rustwide/workdir" "-m" "1610612736" "--user" "0:0" "--network" "none" "ghcr.io/rust-lang/crates-build-env/linux@sha256:4a844ea9eb2546a2d2c7022eacef16ef2e8229c7fbb2c7d4d55a9ceca922f72d" "/opt/rustwide/cargo-home/bin/cargo" "+nightly-2024-10-28" "test" "--frozen" "--no-run" "--message-format=json", kill_on_drop: false }`
[INFO] [stdout] b7fffc5ed7ac85f4d203746f59b3a3d87b882ae59b87b8df4a6e29883a30faed
[INFO] running `Command { std: "docker" "start" "-a" "b7fffc5ed7ac85f4d203746f59b3a3d87b882ae59b87b8df4a6e29883a30faed", kill_on_drop: false }`
[INFO] [stderr]    Compiling libc v0.2.159
[INFO] [stderr]    Compiling rustix v0.38.37
[INFO] [stderr]    Compiling regex-automata v0.4.7
[INFO] [stderr]    Compiling memoffset v0.6.5
[INFO] [stderr]    Compiling doc-comment v0.3.3
[INFO] [stderr]    Compiling predicates-core v1.0.8
[INFO] [stderr]    Compiling float-cmp v0.9.0
[INFO] [stderr]    Compiling normalize-line-endings v0.3.0
[INFO] [stderr]    Compiling difflib v0.4.0
[INFO] [stderr]    Compiling termtree v0.4.1
[INFO] [stderr]    Compiling fastrand v2.1.1
[INFO] [stderr]    Compiling pin-utils v0.1.0
[INFO] [stderr]    Compiling assert_cmd v2.0.16
[INFO] [stderr]    Compiling comma v1.0.0
[INFO] [stderr]    Compiling predicates-tree v1.0.11
[INFO] [stderr]    Compiling signal-hook-registry v1.4.2
[INFO] [stderr]    Compiling getrandom v0.2.15
[INFO] [stderr]    Compiling mio v0.8.11
[INFO] [stderr]    Compiling parking_lot_core v0.9.10
[INFO] [stderr]    Compiling backtrace v0.3.71
[INFO] [stderr]    Compiling nix v0.25.1
[INFO] [stderr]    Compiling wait-timeout v0.2.0
[INFO] [stderr]    Compiling rand_core v0.6.4
[INFO] [stderr]    Compiling signal-hook v0.3.17
[INFO] [stderr]    Compiling parking_lot v0.12.3
[INFO] [stderr]    Compiling rand_chacha v0.3.1
[INFO] [stderr]    Compiling signal-hook-mio v0.2.4
[INFO] [stderr]    Compiling crossterm v0.25.0
[INFO] [stderr]    Compiling rand v0.8.5
[INFO] [stderr]    Compiling terminal_size v0.3.0
[INFO] [stderr]    Compiling tempfile v3.12.0
[INFO] [stderr]    Compiling clap_builder v4.5.18
[INFO] [stderr]    Compiling inquire v0.7.5
[INFO] [stderr]    Compiling regex v1.10.6
[INFO] [stderr]    Compiling bstr v1.10.0
[INFO] [stderr]    Compiling tracing-subscriber v0.3.18
[INFO] [stderr]    Compiling predicates v3.1.2
[INFO] [stderr]    Compiling globset v0.4.15
[INFO] [stderr]    Compiling ignore v0.4.23
[INFO] [stderr]    Compiling globwalk v0.9.1
[INFO] [stderr]    Compiling tera v1.20.0
[INFO] [stderr]    Compiling assert_fs v1.1.2
[INFO] [stderr]    Compiling tracing-error v0.2.0
[INFO] [stderr]    Compiling rexpect v0.5.0
[INFO] [stderr]    Compiling color-spantrace v0.2.1
[INFO] [stderr]    Compiling clap v4.5.18
[INFO] [stderr]    Compiling color-eyre v0.6.3
[INFO] [stderr]    Compiling git-z v0.2.1 (/opt/rustwide/workdir)
[INFO] [stderr]     Finished `test` profile [unoptimized + debuginfo] target(s) in 12.17s
[INFO] running `Command { std: "docker" "inspect" "b7fffc5ed7ac85f4d203746f59b3a3d87b882ae59b87b8df4a6e29883a30faed", kill_on_drop: false }`
[INFO] running `Command { std: "docker" "rm" "-f" "b7fffc5ed7ac85f4d203746f59b3a3d87b882ae59b87b8df4a6e29883a30faed", kill_on_drop: false }`
[INFO] [stdout] b7fffc5ed7ac85f4d203746f59b3a3d87b882ae59b87b8df4a6e29883a30faed
[INFO] running `Command { std: "docker" "create" "-v" "/var/lib/crater-agent-workspace/builds/worker-0-tc1/target:/opt/rustwide/target:rw,Z" "-v" "/var/lib/crater-agent-workspace/builds/worker-0-tc1/source:/opt/rustwide/workdir:ro,Z" "-v" "/var/lib/crater-agent-workspace/cargo-home:/opt/rustwide/cargo-home:ro,Z" "-v" "/var/lib/crater-agent-workspace/rustup-home:/opt/rustwide/rustup-home:ro,Z" "-e" "SOURCE_DIR=/opt/rustwide/workdir" "-e" "CARGO_TARGET_DIR=/opt/rustwide/target" "-e" "CARGO_INCREMENTAL=0" "-e" "RUST_BACKTRACE=full" "-e" "RUSTFLAGS=--cap-lints=forbid" "-e" "RUSTDOCFLAGS=--cap-lints=forbid" "-e" "CARGO_HOME=/opt/rustwide/cargo-home" "-e" "RUSTUP_HOME=/opt/rustwide/rustup-home" "-w" "/opt/rustwide/workdir" "-m" "1610612736" "--user" "0:0" "--network" "none" "ghcr.io/rust-lang/crates-build-env/linux@sha256:4a844ea9eb2546a2d2c7022eacef16ef2e8229c7fbb2c7d4d55a9ceca922f72d" "/opt/rustwide/cargo-home/bin/cargo" "+nightly-2024-10-28" "test" "--frozen", kill_on_drop: false }`
[INFO] [stdout] b2e6c8e6d12efb8405fe18b83e3126913ec9502e30b73d911d9848f1259059c0
[INFO] running `Command { std: "docker" "start" "-a" "b2e6c8e6d12efb8405fe18b83e3126913ec9502e30b73d911d9848f1259059c0", kill_on_drop: false }`
[INFO] [stderr]     Finished `test` profile [unoptimized + debuginfo] target(s) in 0.11s
[INFO] [stderr]      Running unittests src/lib.rs (/opt/rustwide/target/debug/deps/git_z-cc61641f2f8eabe1)
[INFO] [stdout] 
[INFO] [stdout] running 11 tests
[INFO] [stdout] test commit_cache::test::toml_representation_for_completed ... ok
[INFO] [stdout] test commit_cache::test::toml_representation_for_default ... ok
[INFO] [stdout] test commit_cache::test::toml_representation_for_ongoing ... ok
[INFO] [stdout] test config::updater::from_v0_1::tests::add_ticket_condition_makes_reference_conditional_on_refs_footer ... ok
[INFO] [stdout] test config::updater::from_v0_1::tests::update_can_skip_updating_an_empty_ticket_prefix_to_hash ... ok
[INFO] [stdout] test config::updater::from_v0_1::tests::update_can_switch_scopes_to_any ... ok
[INFO] [stdout] test config::updater::from_v0_1::tests::update_can_ask_for_ticket_without_requiring_it ... ok
[INFO] [stdout] test config::updater::from_v0_1::tests::update_can_omit_to_ask_for_a_ticket ... ok
[INFO] [stdout] test config::updater::from_v0_1::tests::update_preserves_user_comments ... ok
[INFO] [stdout] test config::updater::from_v0_1::tests::update_works_with_standard_config ... ok
[INFO] [stdout] test config::updater::from_v0_1::tests::update_updates_default_doc_when_mixed_with_user_comments ... ok
[INFO] [stdout] 
[INFO] [stdout] test result: ok. 11 passed; 0 failed; 0 ignored; 0 measured; 0 filtered out; finished in 0.00s
[INFO] [stdout] 
[INFO] [stderr]      Running unittests src/main.rs (/opt/rustwide/target/debug/deps/git_z-4d4b7106d438b466)
[INFO] [stdout] 
[INFO] [stdout] running 0 tests
[INFO] [stdout] 
[INFO] [stdout] test result: ok. 0 passed; 0 failed; 0 ignored; 0 measured; 0 filtered out; finished in 0.00s
[INFO] [stdout] 
[INFO] [stderr]      Running tests/commit.rs (/opt/rustwide/target/debug/deps/commit-8cee372aa1931572)
[INFO] [stdout] 
[INFO] [stdout] running 73 tests
[INFO] [stdout] test commit::calls_git_commit_with_extra_args ... FAILED
[INFO] [stdout] test commit::calls_git_commit_with_message_from_template ... FAILED
[INFO] [stdout] test commit_cache::asks_whether_to_prefill_answers_if_a_cache_exists ... FAILED
[INFO] [stdout] test commit::does_not_call_git_when_print_only ... FAILED
[INFO] [stdout] test commit::prints_commit_message_when_print_only ... FAILED
[INFO] [stdout] test commit_cache::asks_whether_to_prefill_answers_if_wizard_is_complete_but_message_empty ... FAILED
[INFO] [stdout] test commit_cache::asks_whether_to_reuse_message_if_wizard_is_complete_and_message_exists ... FAILED
[INFO] [stdout] test commit_cache::calls_git_commit_with_previous_message_when_reusing_it ... FAILED
[INFO] [stdout] test commit_cache::deletes_the_commit_cache_if_its_version_mismatches ... FAILED
[INFO] [stdout] test commit_cache::deletes_the_commit_cache_if_the_user_declines ... FAILED
[INFO] [stdout] test commit_cache::deletes_the_commit_cache_if_it_is_invalid ... FAILED
[INFO] [stdout] test commit_cache::deletes_the_commit_cache_on_commit_success ... FAILED
[INFO] [stdout] test commit_cache::deletes_the_commit_cache_if_the_user_declines_previous_message ... FAILED
[INFO] [stdout] test commit_cache::does_not_ask_anything_if_there_is_no_commit_cache ... FAILED
[INFO] [stdout] test commit_cache::ignores_the_commit_cache_if_its_version_mismatches ... FAILED
[INFO] [stdout] test commit_cache::ignores_the_commit_cache_if_it_is_invalid ... FAILED
[INFO] [stdout] test commit_cache::does_not_run_the_wizard_when_reusing_previous_message ... FAILED
[INFO] [stdout] test commit_cache::asks_whether_to_prefill_answers_if_wizard_is_complete_but_message_missing ... FAILED
[INFO] [stdout] test commit_cache::prefills_answers_with_commit_cache_by_default ... FAILED
[INFO] [stdout] test commit::replaces_variables_from_the_template_with_entered_values ... FAILED
[INFO] [stdout] test commit_cache::prefills_the_scope_with_commit_cache_when_any ... FAILED
[INFO] [stdout] test commit_cache::runs_the_wizard_when_not_reusing_previous_message ... FAILED
[INFO] [stdout] test commit_cache::prefills_the_scope_with_commit_cache_when_list ... FAILED
[INFO] [stdout] test commit_cache::does_not_prefill_answers_if_the_user_declines ... FAILED
[INFO] [stdout] test usage_errors::does_not_print_an_error_when_aborting_with_control_c ... FAILED
[INFO] [stdout] test commit_cache::reuses_the_previous_message_by_default ... FAILED
[INFO] [stdout] test usage_errors::does_not_print_an_error_if_git_commit_fails ... FAILED
[INFO] [stdout] test usage_errors::does_not_print_an_error_when_aborting_with_esc ... FAILED
[INFO] [stdout] test usage_errors::prints_an_error_if_not_run_in_git_repo ... FAILED
[INFO] [stdout] test commit_cache::saves_each_answer_along_the_way ... FAILED
[INFO] [stdout] test commit_cache::prefills_answers_with_commit_cache_if_the_user_accepts ... FAILED
[INFO] [stdout] test usage_errors::prints_an_error_if_git_is_not_available ... FAILED
[INFO] [stdout] test usage_errors::prints_an_error_if_not_run_in_git_worktree ... FAILED
[INFO] [stdout] test usage_errors::prints_an_error_if_the_config_has_no_version ... FAILED
[INFO] [stdout] test usage_errors::prints_an_error_if_the_config_version_is_unsupported ... FAILED
[INFO] [stdout] test usage_errors::prints_an_error_if_the_config_is_an_old_development_one ... FAILED
[INFO] [stdout] test wizard::aborts_if_description_is_skipped_with_esc ... FAILED
[INFO] [stdout] test usage_errors::prints_an_error_if_the_config_is_invalid ... FAILED
[INFO] [stdout] test usage_errors::propagates_the_status_code_if_git_commit_fails ... FAILED
[INFO] [stdout] test wizard::aborts_if_type_is_skipped_with_esc ... FAILED
[INFO] [stdout] test commit_cache::saves_the_wizard_completion ... FAILED
[INFO] [stdout] test usage_errors::prints_an_error_if_the_config_is_not_toml ... FAILED
[INFO] [stdout] test wizard::accepts_a_description_between_5_and_50_characters ... FAILED
[INFO] [stdout] test usage_errors::prints_an_error_if_the_template_is_invalid ... FAILED
[INFO] [stdout] test wizard::aborts_if_ticket_is_skipped_with_esc_when_required ... FAILED
[INFO] [stdout] test wizard::accepts_a_scope_from_the_list_when_using_list ... FAILED
[INFO] [stdout] test wizard::accepts_a_ticket_with_proper_format ... FAILED
[INFO] [stdout] test usage_errors::prints_an_error_if_the_template_contains_an_unknown_variable ... FAILED
[INFO] [stdout] test wizard::allows_breaking_change_to_be_empty_when_using_any ... FAILED
[INFO] [stdout] test wizard::accepts_a_type_from_the_list ... FAILED
[INFO] [stdout] test wizard::accepts_a_ticket_with_proper_format2 ... FAILED
[INFO] [stdout] test wizard::asks_for_a_breaking_change ... FAILED
[INFO] [stdout] test wizard::allows_breaking_change_to_be_skipped_with_esc ... FAILED
[INFO] [stdout] test wizard::allows_scope_to_be_skipped_with_esc_when_using_any ... FAILED
[INFO] [stdout] test wizard::asks_for_a_scope ... FAILED
[INFO] [stdout] test wizard::allows_scope_to_be_skipped_with_esc_when_using_list ... FAILED
[INFO] [stdout] test wizard::asks_for_a_description ... FAILED
[INFO] [stdout] test wizard::allows_scope_to_be_empty_when_using_any ... FAILED
[INFO] [stdout] test wizard::enforces_types_from_the_list ... FAILED
[INFO] [stdout] test wizard::enforces_scopes_from_the_list_when_using_list ... FAILED
[INFO] [stdout] test wizard::refuses_a_description_longer_than_50_characters ... FAILED
[INFO] [stdout] test wizard::asks_for_a_ticket_when_specified_in_config ... FAILED
[INFO] [stdout] test wizard::refuses_a_description_shorter_than_5_characters ... FAILED
[INFO] [stdout] test wizard::gets_the_ticket_number_from_branch ... FAILED
[INFO] [stdout] test wizard::gets_the_ticket_number_from_branch_when_hash ... FAILED
[INFO] [stdout] test wizard::refuses_a_description_starting_in_lowercase ... FAILED
[INFO] [stdout] test wizard::does_not_ask_for_a_ticket_when_not_specified_in_config ... FAILED
[INFO] [stdout] test wizard::allows_ticket_to_be_skipped_with_esc_when_not_required ... FAILED
[INFO] [stdout] test wizard::uses_default_config ... FAILED
[INFO] [stdout] test wizard::uses_list_of_scopes_from_config_file ... FAILED
[INFO] [stdout] test wizard::refuses_a_ticket_with_improper_format ... FAILED
[INFO] [stdout] test wizard::asks_for_a_type ... FAILED
[INFO] [stdout] test wizard::uses_types_from_config_file ... FAILED
[INFO] [stdout] 
[INFO] [stdout] failures:
[INFO] [stdout] 
[INFO] [stdout] ---- commit::calls_git_commit_with_extra_args stdout ----
[INFO] [stdout] Error: environment variable not found
[INFO] [stdout] 
[INFO] [stdout] Location:
[INFO] [stdout]     tests/commit.rs:134:21
[INFO] [stdout] 
[INFO] [stdout] ---- commit::calls_git_commit_with_message_from_template stdout ----
[INFO] [stdout] Error: environment variable not found
[INFO] [stdout] 
[INFO] [stdout] Location:
[INFO] [stdout]     tests/commit.rs:134:21
[INFO] [stdout] 
[INFO] [stdout] ---- commit_cache::asks_whether_to_prefill_answers_if_a_cache_exists stdout ----
[INFO] [stdout] Error: environment variable not found
[INFO] [stdout] 
[INFO] [stdout] Location:
[INFO] [stdout]     tests/commit.rs:134:21
[INFO] [stdout] 
[INFO] [stdout] ---- commit::does_not_call_git_when_print_only stdout ----
[INFO] [stdout] Error: environment variable not found
[INFO] [stdout] 
[INFO] [stdout] Location:
[INFO] [stdout]     tests/commit.rs:134:21
[INFO] [stdout] 
[INFO] [stdout] ---- commit::prints_commit_message_when_print_only stdout ----
[INFO] [stdout] Error: environment variable not found
[INFO] [stdout] 
[INFO] [stdout] Location:
[INFO] [stdout]     tests/commit.rs:134:21
[INFO] [stdout] 
[INFO] [stdout] ---- commit_cache::asks_whether_to_prefill_answers_if_wizard_is_complete_but_message_empty stdout ----
[INFO] [stdout] Error: environment variable not found
[INFO] [stdout] 
[INFO] [stdout] Location:
[INFO] [stdout]     tests/commit.rs:134:21
[INFO] [stdout] 
[INFO] [stdout] ---- commit_cache::asks_whether_to_reuse_message_if_wizard_is_complete_and_message_exists stdout ----
[INFO] [stdout] Error: environment variable not found
[INFO] [stdout] 
[INFO] [stdout] Location:
[INFO] [stdout]     tests/commit.rs:134:21
[INFO] [stdout] 
[INFO] [stdout] ---- commit_cache::calls_git_commit_with_previous_message_when_reusing_it stdout ----
[INFO] [stdout] Error: environment variable not found
[INFO] [stdout] 
[INFO] [stdout] Location:
[INFO] [stdout]     tests/commit.rs:134:21
[INFO] [stdout] 
[INFO] [stdout] ---- commit_cache::deletes_the_commit_cache_if_its_version_mismatches stdout ----
[INFO] [stdout] Error: environment variable not found
[INFO] [stdout] 
[INFO] [stdout] Location:
[INFO] [stdout]     tests/commit.rs:134:21
[INFO] [stdout] 
[INFO] [stdout] ---- commit_cache::deletes_the_commit_cache_if_the_user_declines stdout ----
[INFO] [stdout] Error: environment variable not found
[INFO] [stdout] 
[INFO] [stdout] Location:
[INFO] [stdout]     tests/commit.rs:134:21
[INFO] [stdout] 
[INFO] [stdout] ---- commit_cache::deletes_the_commit_cache_if_it_is_invalid stdout ----
[INFO] [stdout] Error: environment variable not found
[INFO] [stdout] 
[INFO] [stdout] Location:
[INFO] [stdout]     tests/commit.rs:134:21
[INFO] [stdout] 
[INFO] [stdout] ---- commit_cache::deletes_the_commit_cache_on_commit_success stdout ----
[INFO] [stdout] Error: environment variable not found
[INFO] [stdout] 
[INFO] [stdout] Location:
[INFO] [stdout]     tests/commit.rs:134:21
[INFO] [stdout] 
[INFO] [stdout] ---- commit_cache::deletes_the_commit_cache_if_the_user_declines_previous_message stdout ----
[INFO] [stdout] Error: environment variable not found
[INFO] [stdout] 
[INFO] [stdout] Location:
[INFO] [stdout]     tests/commit.rs:134:21
[INFO] [stdout] 
[INFO] [stdout] ---- commit_cache::does_not_ask_anything_if_there_is_no_commit_cache stdout ----
[INFO] [stdout] Error: environment variable not found
[INFO] [stdout] 
[INFO] [stdout] Location:
[INFO] [stdout]     tests/commit.rs:134:21
[INFO] [stdout] 
[INFO] [stdout] ---- commit_cache::ignores_the_commit_cache_if_its_version_mismatches stdout ----
[INFO] [stdout] Error: environment variable not found
[INFO] [stdout] 
[INFO] [stdout] Location:
[INFO] [stdout]     tests/commit.rs:134:21
[INFO] [stdout] 
[INFO] [stdout] ---- commit_cache::ignores_the_commit_cache_if_it_is_invalid stdout ----
[INFO] [stdout] Error: environment variable not found
[INFO] [stdout] 
[INFO] [stdout] Location:
[INFO] [stdout]     tests/commit.rs:134:21
[INFO] [stdout] 
[INFO] [stdout] ---- commit_cache::does_not_run_the_wizard_when_reusing_previous_message stdout ----
[INFO] [stdout] Error: environment variable not found
[INFO] [stdout] 
[INFO] [stdout] Location:
[INFO] [stdout]     tests/commit.rs:134:21
[INFO] [stdout] 
[INFO] [stdout] ---- commit_cache::asks_whether_to_prefill_answers_if_wizard_is_complete_but_message_missing stdout ----
[INFO] [stdout] Error: environment variable not found
[INFO] [stdout] 
[INFO] [stdout] Location:
[INFO] [stdout]     tests/commit.rs:134:21
[INFO] [stdout] 
[INFO] [stdout] ---- commit_cache::prefills_answers_with_commit_cache_by_default stdout ----
[INFO] [stdout] Error: environment variable not found
[INFO] [stdout] 
[INFO] [stdout] Location:
[INFO] [stdout]     tests/commit.rs:134:21
[INFO] [stdout] 
[INFO] [stdout] ---- commit::replaces_variables_from_the_template_with_entered_values stdout ----
[INFO] [stdout] Error: environment variable not found
[INFO] [stdout] 
[INFO] [stdout] Location:
[INFO] [stdout]     tests/commit.rs:134:21
[INFO] [stdout] 
[INFO] [stdout] ---- commit_cache::prefills_the_scope_with_commit_cache_when_any stdout ----
[INFO] [stdout] Error: environment variable not found
[INFO] [stdout] 
[INFO] [stdout] Location:
[INFO] [stdout]     tests/commit.rs:134:21
[INFO] [stdout] 
[INFO] [stdout] ---- commit_cache::runs_the_wizard_when_not_reusing_previous_message stdout ----
[INFO] [stdout] Error: environment variable not found
[INFO] [stdout] 
[INFO] [stdout] Location:
[INFO] [stdout]     tests/commit.rs:134:21
[INFO] [stdout] 
[INFO] [stdout] ---- commit_cache::prefills_the_scope_with_commit_cache_when_list stdout ----
[INFO] [stdout] Error: environment variable not found
[INFO] [stdout] 
[INFO] [stdout] Location:
[INFO] [stdout]     tests/commit.rs:134:21
[INFO] [stdout] 
[INFO] [stdout] ---- commit_cache::does_not_prefill_answers_if_the_user_declines stdout ----
[INFO] [stdout] Error: environment variable not found
[INFO] [stdout] 
[INFO] [stdout] Location:
[INFO] [stdout]     tests/commit.rs:134:21
[INFO] [stdout] 
[INFO] [stdout] ---- usage_errors::does_not_print_an_error_when_aborting_with_control_c stdout ----
[INFO] [stdout] Error: environment variable not found
[INFO] [stdout] 
[INFO] [stdout] Location:
[INFO] [stdout]     tests/commit.rs:134:21
[INFO] [stdout] 
[INFO] [stdout] ---- commit_cache::reuses_the_previous_message_by_default stdout ----
[INFO] [stdout] Error: environment variable not found
[INFO] [stdout] 
[INFO] [stdout] Location:
[INFO] [stdout]     tests/commit.rs:134:21
[INFO] [stdout] 
[INFO] [stdout] ---- usage_errors::does_not_print_an_error_if_git_commit_fails stdout ----
[INFO] [stdout] Error: environment variable not found
[INFO] [stdout] 
[INFO] [stdout] Location:
[INFO] [stdout]     tests/commit.rs:134:21
[INFO] [stdout] 
[INFO] [stdout] ---- usage_errors::does_not_print_an_error_when_aborting_with_esc stdout ----
[INFO] [stdout] Error: environment variable not found
[INFO] [stdout] 
[INFO] [stdout] Location:
[INFO] [stdout]     tests/commit.rs:134:21
[INFO] [stdout] 
[INFO] [stdout] ---- usage_errors::prints_an_error_if_not_run_in_git_repo stdout ----
[INFO] [stdout] Error: environment variable not found
[INFO] [stdout] 
[INFO] [stdout] Location:
[INFO] [stdout]     tests/commit.rs:134:21
[INFO] [stdout] 
[INFO] [stdout] ---- commit_cache::saves_each_answer_along_the_way stdout ----
[INFO] [stdout] Error: environment variable not found
[INFO] [stdout] 
[INFO] [stdout] Location:
[INFO] [stdout]     tests/commit.rs:134:21
[INFO] [stdout] 
[INFO] [stdout] ---- commit_cache::prefills_answers_with_commit_cache_if_the_user_accepts stdout ----
[INFO] [stdout] Error: environment variable not found
[INFO] [stdout] 
[INFO] [stdout] Location:
[INFO] [stdout]     tests/commit.rs:134:21
[INFO] [stdout] 
[INFO] [stdout] ---- usage_errors::prints_an_error_if_git_is_not_available stdout ----
[INFO] [stdout] Error: environment variable not found
[INFO] [stdout] 
[INFO] [stdout] Location:
[INFO] [stdout]     tests/commit.rs:134:21
[INFO] [stdout] 
[INFO] [stdout] ---- usage_errors::prints_an_error_if_not_run_in_git_worktree stdout ----
[INFO] [stdout] Error: environment variable not found
[INFO] [stdout] 
[INFO] [stdout] Location:
[INFO] [stdout]     tests/commit.rs:134:21
[INFO] [stdout] 
[INFO] [stdout] ---- usage_errors::prints_an_error_if_the_config_has_no_version stdout ----
[INFO] [stdout] Error: environment variable not found
[INFO] [stdout] 
[INFO] [stdout] Location:
[INFO] [stdout]     tests/commit.rs:134:21
[INFO] [stdout] 
[INFO] [stdout] ---- usage_errors::prints_an_error_if_the_config_version_is_unsupported stdout ----
[INFO] [stdout] Error: environment variable not found
[INFO] [stdout] 
[INFO] [stdout] Location:
[INFO] [stdout]     tests/commit.rs:134:21
[INFO] [stdout] 
[INFO] [stdout] ---- usage_errors::prints_an_error_if_the_config_is_an_old_development_one stdout ----
[INFO] [stdout] Error: environment variable not found
[INFO] [stdout] 
[INFO] [stdout] Location:
[INFO] [stdout]     tests/commit.rs:134:21
[INFO] [stdout] 
[INFO] [stdout] ---- wizard::aborts_if_description_is_skipped_with_esc stdout ----
[INFO] [stdout] Error: environment variable not found
[INFO] [stdout] 
[INFO] [stdout] Location:
[INFO] [stdout]     tests/commit.rs:134:21
[INFO] [stdout] 
[INFO] [stdout] ---- usage_errors::prints_an_error_if_the_config_is_invalid stdout ----
[INFO] [stdout] Error: environment variable not found
[INFO] [stdout] 
[INFO] [stdout] Location:
[INFO] [stdout]     tests/commit.rs:134:21
[INFO] [stdout] 
[INFO] [stdout] ---- usage_errors::propagates_the_status_code_if_git_commit_fails stdout ----
[INFO] [stdout] Error: environment variable not found
[INFO] [stdout] 
[INFO] [stdout] Location:
[INFO] [stdout]     tests/commit.rs:134:21
[INFO] [stdout] 
[INFO] [stdout] ---- wizard::aborts_if_type_is_skipped_with_esc stdout ----
[INFO] [stdout] Error: environment variable not found
[INFO] [stdout] 
[INFO] [stdout] Location:
[INFO] [stdout]     tests/commit.rs:134:21
[INFO] [stdout] 
[INFO] [stdout] ---- commit_cache::saves_the_wizard_completion stdout ----
[INFO] [stdout] Error: environment variable not found
[INFO] [stdout] 
[INFO] [stdout] Location:
[INFO] [stdout]     tests/commit.rs:134:21
[INFO] [stdout] 
[INFO] [stdout] ---- usage_errors::prints_an_error_if_the_config_is_not_toml stdout ----
[INFO] [stdout] Error: environment variable not found
[INFO] [stdout] 
[INFO] [stdout] Location:
[INFO] [stdout]     tests/commit.rs:134:21
[INFO] [stdout] 
[INFO] [stdout] ---- wizard::accepts_a_description_between_5_and_50_characters stdout ----
[INFO] [stdout] Error: environment variable not found
[INFO] [stdout] 
[INFO] [stdout] Location:
[INFO] [stdout]     tests/commit.rs:134:21
[INFO] [stdout] 
[INFO] [stdout] ---- usage_errors::prints_an_error_if_the_template_is_invalid stdout ----
[INFO] [stdout] Error: environment variable not found
[INFO] [stdout] 
[INFO] [stdout] Location:
[INFO] [stdout]     tests/commit.rs:134:21
[INFO] [stdout] 
[INFO] [stdout] ---- wizard::aborts_if_ticket_is_skipped_with_esc_when_required stdout ----
[INFO] [stdout] Error: environment variable not found
[INFO] [stdout] 
[INFO] [stdout] Location:
[INFO] [stdout]     tests/commit.rs:134:21
[INFO] [stdout] 
[INFO] [stdout] ---- wizard::accepts_a_scope_from_the_list_when_using_list stdout ----
[INFO] [stdout] Error: environment variable not found
[INFO] [stdout] 
[INFO] [stdout] Location:
[INFO] [stdout]     tests/commit.rs:134:21
[INFO] [stdout] 
[INFO] [stdout] ---- wizard::accepts_a_ticket_with_proper_format stdout ----
[INFO] [stdout] Error: environment variable not found
[INFO] [stdout] 
[INFO] [stdout] Location:
[INFO] [stdout]     tests/commit.rs:134:21
[INFO] [stdout] 
[INFO] [stdout] ---- usage_errors::prints_an_error_if_the_template_contains_an_unknown_variable stdout ----
[INFO] [stdout] Error: environment variable not found
[INFO] [stdout] 
[INFO] [stdout] Location:
[INFO] [stdout]     tests/commit.rs:134:21
[INFO] [stdout] 
[INFO] [stdout] ---- wizard::allows_breaking_change_to_be_empty_when_using_any stdout ----
[INFO] [stdout] Error: environment variable not found
[INFO] [stdout] 
[INFO] [stdout] Location:
[INFO] [stdout]     tests/commit.rs:134:21
[INFO] [stdout] 
[INFO] [stdout] ---- wizard::accepts_a_type_from_the_list stdout ----
[INFO] [stdout] Error: environment variable not found
[INFO] [stdout] 
[INFO] [stdout] Location:
[INFO] [stdout]     tests/commit.rs:134:21
[INFO] [stdout] 
[INFO] [stdout] ---- wizard::accepts_a_ticket_with_proper_format2 stdout ----
[INFO] [stdout] Error: environment variable not found
[INFO] [stdout] 
[INFO] [stdout] Location:
[INFO] [stdout]     tests/commit.rs:134:21
[INFO] [stdout] 
[INFO] [stdout] ---- wizard::asks_for_a_breaking_change stdout ----
[INFO] [stdout] Error: environment variable not found
[INFO] [stdout] 
[INFO] [stdout] Location:
[INFO] [stdout]     tests/commit.rs:134:21
[INFO] [stdout] 
[INFO] [stdout] ---- wizard::allows_breaking_change_to_be_skipped_with_esc stdout ----
[INFO] [stdout] Error: environment variable not found
[INFO] [stdout] 
[INFO] [stdout] Location:
[INFO] [stdout]     tests/commit.rs:134:21
[INFO] [stdout] 
[INFO] [stdout] ---- wizard::allows_scope_to_be_skipped_with_esc_when_using_any stdout ----
[INFO] [stdout] Error: environment variable not found
[INFO] [stdout] 
[INFO] [stdout] Location:
[INFO] [stdout]     tests/commit.rs:134:21
[INFO] [stderr] error: test failed, to rerun pass `--test commit`
[INFO] [stdout] 
[INFO] [stdout] ---- wizard::asks_for_a_scope stdout ----
[INFO] [stdout] Error: environment variable not found
[INFO] [stdout] 
[INFO] [stdout] Location:
[INFO] [stdout]     tests/commit.rs:134:21
[INFO] [stdout] 
[INFO] [stdout] ---- wizard::allows_scope_to_be_skipped_with_esc_when_using_list stdout ----
[INFO] [stdout] Error: environment variable not found
[INFO] [stdout] 
[INFO] [stdout] Location:
[INFO] [stdout]     tests/commit.rs:134:21
[INFO] [stdout] 
[INFO] [stdout] ---- wizard::asks_for_a_description stdout ----
[INFO] [stdout] Error: environment variable not found
[INFO] [stdout] 
[INFO] [stdout] Location:
[INFO] [stdout]     tests/commit.rs:134:21
[INFO] [stdout] 
[INFO] [stdout] ---- wizard::allows_scope_to_be_empty_when_using_any stdout ----
[INFO] [stdout] Error: environment variable not found
[INFO] [stdout] 
[INFO] [stdout] Location:
[INFO] [stdout]     tests/commit.rs:134:21
[INFO] [stdout] 
[INFO] [stdout] ---- wizard::enforces_types_from_the_list stdout ----
[INFO] [stdout] Error: environment variable not found
[INFO] [stdout] 
[INFO] [stdout] Location:
[INFO] [stdout]     tests/commit.rs:134:21
[INFO] [stdout] 
[INFO] [stdout] ---- wizard::enforces_scopes_from_the_list_when_using_list stdout ----
[INFO] [stdout] Error: environment variable not found
[INFO] [stdout] 
[INFO] [stdout] Location:
[INFO] [stdout]     tests/commit.rs:134:21
[INFO] [stdout] 
[INFO] [stdout] ---- wizard::refuses_a_description_longer_than_50_characters stdout ----
[INFO] [stdout] Error: environment variable not found
[INFO] [stdout] 
[INFO] [stdout] Location:
[INFO] [stdout]     tests/commit.rs:134:21
[INFO] [stdout] 
[INFO] [stdout] ---- wizard::asks_for_a_ticket_when_specified_in_config stdout ----
[INFO] [stdout] Error: environment variable not found
[INFO] [stdout] 
[INFO] [stdout] Location:
[INFO] [stdout]     tests/commit.rs:134:21
[INFO] [stdout] 
[INFO] [stdout] ---- wizard::refuses_a_description_shorter_than_5_characters stdout ----
[INFO] [stdout] Error: environment variable not found
[INFO] [stdout] 
[INFO] [stdout] Location:
[INFO] [stdout]     tests/commit.rs:134:21
[INFO] [stdout] 
[INFO] [stdout] ---- wizard::gets_the_ticket_number_from_branch stdout ----
[INFO] [stdout] Error: environment variable not found
[INFO] [stdout] 
[INFO] [stdout] Location:
[INFO] [stdout]     tests/commit.rs:134:21
[INFO] [stdout] 
[INFO] [stdout] ---- wizard::gets_the_ticket_number_from_branch_when_hash stdout ----
[INFO] [stdout] Error: environment variable not found
[INFO] [stdout] 
[INFO] [stdout] Location:
[INFO] [stdout]     tests/commit.rs:134:21
[INFO] [stdout] 
[INFO] [stdout] ---- wizard::refuses_a_description_starting_in_lowercase stdout ----
[INFO] [stdout] Error: environment variable not found
[INFO] [stdout] 
[INFO] [stdout] Location:
[INFO] [stdout]     tests/commit.rs:134:21
[INFO] [stdout] 
[INFO] [stdout] ---- wizard::does_not_ask_for_a_ticket_when_not_specified_in_config stdout ----
[INFO] [stdout] Error: environment variable not found
[INFO] [stdout] 
[INFO] [stdout] Location:
[INFO] [stdout]     tests/commit.rs:134:21
[INFO] [stdout] 
[INFO] [stdout] ---- wizard::allows_ticket_to_be_skipped_with_esc_when_not_required stdout ----
[INFO] [stdout] Error: environment variable not found
[INFO] [stdout] 
[INFO] [stdout] Location:
[INFO] [stdout]     tests/commit.rs:134:21
[INFO] [stdout] 
[INFO] [stdout] ---- wizard::uses_default_config stdout ----
[INFO] [stdout] Error: environment variable not found
[INFO] [stdout] 
[INFO] [stdout] Location:
[INFO] [stdout]     tests/commit.rs:134:21
[INFO] [stdout] 
[INFO] [stdout] ---- wizard::uses_list_of_scopes_from_config_file stdout ----
[INFO] [stdout] Error: environment variable not found
[INFO] [stdout] 
[INFO] [stdout] Location:
[INFO] [stdout]     tests/commit.rs:134:21
[INFO] [stdout] 
[INFO] [stdout] ---- wizard::refuses_a_ticket_with_improper_format stdout ----
[INFO] [stdout] Error: environment variable not found
[INFO] [stdout] 
[INFO] [stdout] Location:
[INFO] [stdout]     tests/commit.rs:134:21
[INFO] [stdout] 
[INFO] [stdout] ---- wizard::asks_for_a_type stdout ----
[INFO] [stdout] Error: environment variable not found
[INFO] [stdout] 
[INFO] [stdout] Location:
[INFO] [stdout]     tests/commit.rs:134:21
[INFO] [stdout] 
[INFO] [stdout] ---- wizard::uses_types_from_config_file stdout ----
[INFO] [stdout] Error: environment variable not found
[INFO] [stdout] 
[INFO] [stdout] Location:
[INFO] [stdout]     tests/commit.rs:134:21
[INFO] [stdout] 
[INFO] [stdout] 
[INFO] [stdout] failures:
[INFO] [stdout]     commit::calls_git_commit_with_extra_args
[INFO] [stdout]     commit::calls_git_commit_with_message_from_template
[INFO] [stdout]     commit::does_not_call_git_when_print_only
[INFO] [stdout]     commit::prints_commit_message_when_print_only
[INFO] [stdout]     commit::replaces_variables_from_the_template_with_entered_values
[INFO] [stdout]     commit_cache::asks_whether_to_prefill_answers_if_a_cache_exists
[INFO] [stdout]     commit_cache::asks_whether_to_prefill_answers_if_wizard_is_complete_but_message_empty
[INFO] [stdout]     commit_cache::asks_whether_to_prefill_answers_if_wizard_is_complete_but_message_missing
[INFO] [stdout]     commit_cache::asks_whether_to_reuse_message_if_wizard_is_complete_and_message_exists
[INFO] [stdout]     commit_cache::calls_git_commit_with_previous_message_when_reusing_it
[INFO] [stdout]     commit_cache::deletes_the_commit_cache_if_it_is_invalid
[INFO] [stdout]     commit_cache::deletes_the_commit_cache_if_its_version_mismatches
[INFO] [stdout]     commit_cache::deletes_the_commit_cache_if_the_user_declines
[INFO] [stdout]     commit_cache::deletes_the_commit_cache_if_the_user_declines_previous_message
[INFO] [stdout]     commit_cache::deletes_the_commit_cache_on_commit_success
[INFO] [stdout]     commit_cache::does_not_ask_anything_if_there_is_no_commit_cache
[INFO] [stdout]     commit_cache::does_not_prefill_answers_if_the_user_declines
[INFO] [stdout]     commit_cache::does_not_run_the_wizard_when_reusing_previous_message
[INFO] [stdout]     commit_cache::ignores_the_commit_cache_if_it_is_invalid
[INFO] [stdout]     commit_cache::ignores_the_commit_cache_if_its_version_mismatches
[INFO] [stdout]     commit_cache::prefills_answers_with_commit_cache_by_default
[INFO] [stdout]     commit_cache::prefills_answers_with_commit_cache_if_the_user_accepts
[INFO] [stdout]     commit_cache::prefills_the_scope_with_commit_cache_when_any
[INFO] [stdout]     commit_cache::prefills_the_scope_with_commit_cache_when_list
[INFO] [stdout]     commit_cache::reuses_the_previous_message_by_default
[INFO] [stdout]     commit_cache::runs_the_wizard_when_not_reusing_previous_message
[INFO] [stdout]     commit_cache::saves_each_answer_along_the_way
[INFO] [stdout]     commit_cache::saves_the_wizard_completion
[INFO] [stdout]     usage_errors::does_not_print_an_error_if_git_commit_fails
[INFO] [stdout]     usage_errors::does_not_print_an_error_when_aborting_with_control_c
[INFO] [stdout]     usage_errors::does_not_print_an_error_when_aborting_with_esc
[INFO] [stdout]     usage_errors::prints_an_error_if_git_is_not_available
[INFO] [stdout]     usage_errors::prints_an_error_if_not_run_in_git_repo
[INFO] [stdout]     usage_errors::prints_an_error_if_not_run_in_git_worktree
[INFO] [stdout]     usage_errors::prints_an_error_if_the_config_has_no_version
[INFO] [stdout]     usage_errors::prints_an_error_if_the_config_is_an_old_development_one
[INFO] [stdout]     usage_errors::prints_an_error_if_the_config_is_invalid
[INFO] [stdout]     usage_errors::prints_an_error_if_the_config_is_not_toml
[INFO] [stdout]     usage_errors::prints_an_error_if_the_config_version_is_unsupported
[INFO] [stdout]     usage_errors::prints_an_error_if_the_template_contains_an_unknown_variable
[INFO] [stdout]     usage_errors::prints_an_error_if_the_template_is_invalid
[INFO] [stdout]     usage_errors::propagates_the_status_code_if_git_commit_fails
[INFO] [stdout]     wizard::aborts_if_description_is_skipped_with_esc
[INFO] [stdout]     wizard::aborts_if_ticket_is_skipped_with_esc_when_required
[INFO] [stdout]     wizard::aborts_if_type_is_skipped_with_esc
[INFO] [stdout]     wizard::accepts_a_description_between_5_and_50_characters
[INFO] [stdout]     wizard::accepts_a_scope_from_the_list_when_using_list
[INFO] [stdout]     wizard::accepts_a_ticket_with_proper_format
[INFO] [stdout]     wizard::accepts_a_ticket_with_proper_format2
[INFO] [stdout]     wizard::accepts_a_type_from_the_list
[INFO] [stdout]     wizard::allows_breaking_change_to_be_empty_when_using_any
[INFO] [stdout]     wizard::allows_breaking_change_to_be_skipped_with_esc
[INFO] [stdout]     wizard::allows_scope_to_be_empty_when_using_any
[INFO] [stdout]     wizard::allows_scope_to_be_skipped_with_esc_when_using_any
[INFO] [stdout]     wizard::allows_scope_to_be_skipped_with_esc_when_using_list
[INFO] [stdout]     wizard::allows_ticket_to_be_skipped_with_esc_when_not_required
[INFO] [stdout]     wizard::asks_for_a_breaking_change
[INFO] [stdout]     wizard::asks_for_a_description
[INFO] [stdout]     wizard::asks_for_a_scope
[INFO] [stdout]     wizard::asks_for_a_ticket_when_specified_in_config
[INFO] [stdout]     wizard::asks_for_a_type
[INFO] [stdout]     wizard::does_not_ask_for_a_ticket_when_not_specified_in_config
[INFO] [stdout]     wizard::enforces_scopes_from_the_list_when_using_list
[INFO] [stdout]     wizard::enforces_types_from_the_list
[INFO] [stdout]     wizard::gets_the_ticket_number_from_branch
[INFO] [stdout]     wizard::gets_the_ticket_number_from_branch_when_hash
[INFO] [stdout]     wizard::refuses_a_description_longer_than_50_characters
[INFO] [stdout]     wizard::refuses_a_description_shorter_than_5_characters
[INFO] [stdout]     wizard::refuses_a_description_starting_in_lowercase
[INFO] [stdout]     wizard::refuses_a_ticket_with_improper_format
[INFO] [stdout]     wizard::uses_default_config
[INFO] [stdout]     wizard::uses_list_of_scopes_from_config_file
[INFO] [stdout]     wizard::uses_types_from_config_file
[INFO] [stdout] 
[INFO] [stdout] test result: FAILED. 0 passed; 73 failed; 0 ignored; 0 measured; 0 filtered out; finished in 0.01s
[INFO] [stdout] 
[INFO] running `Command { std: "docker" "inspect" "b2e6c8e6d12efb8405fe18b83e3126913ec9502e30b73d911d9848f1259059c0", kill_on_drop: false }`
[INFO] running `Command { std: "docker" "rm" "-f" "b2e6c8e6d12efb8405fe18b83e3126913ec9502e30b73d911d9848f1259059c0", kill_on_drop: false }`
[INFO] [stdout] b2e6c8e6d12efb8405fe18b83e3126913ec9502e30b73d911d9848f1259059c0
