[INFO] fetching crate git-warp-time 0.8.3...
[INFO] testing git-warp-time-0.8.3 against nightly-2024-10-28+rustflags=-Zrandomize-layout for randomize-layout
[INFO] extracting crate git-warp-time 0.8.3 into /workspace/builds/worker-5-tc2/source
[INFO] validating manifest of crates.io crate git-warp-time 0.8.3 on toolchain nightly-2024-10-28
[INFO] running `Command { std: CARGO_HOME="/workspace/cargo-home" RUSTUP_HOME="/workspace/rustup-home" "/workspace/cargo-home/bin/cargo" "+nightly-2024-10-28" "metadata" "--manifest-path" "Cargo.toml" "--no-deps", kill_on_drop: false }`
[INFO] started tweaking crates.io crate git-warp-time 0.8.3
[INFO] finished tweaking crates.io crate git-warp-time 0.8.3
[INFO] tweaked toml for crates.io crate git-warp-time 0.8.3 written to /workspace/builds/worker-5-tc2/source/Cargo.toml
[INFO] crate crates.io crate git-warp-time 0.8.3 already has a lockfile, it will not be regenerated
[INFO] running `Command { std: CARGO_HOME="/workspace/cargo-home" RUSTUP_HOME="/workspace/rustup-home" "/workspace/cargo-home/bin/cargo" "+nightly-2024-10-28" "fetch" "--manifest-path" "Cargo.toml", kill_on_drop: false }`
[INFO] running `Command { std: "docker" "create" "-v" "/var/lib/crater-agent-workspace/builds/worker-5-tc2/target:/opt/rustwide/target:rw,Z" "-v" "/var/lib/crater-agent-workspace/builds/worker-5-tc2/source:/opt/rustwide/workdir:ro,Z" "-v" "/var/lib/crater-agent-workspace/cargo-home:/opt/rustwide/cargo-home:ro,Z" "-v" "/var/lib/crater-agent-workspace/rustup-home:/opt/rustwide/rustup-home:ro,Z" "-e" "SOURCE_DIR=/opt/rustwide/workdir" "-e" "CARGO_TARGET_DIR=/opt/rustwide/target" "-e" "CARGO_HOME=/opt/rustwide/cargo-home" "-e" "RUSTUP_HOME=/opt/rustwide/rustup-home" "-w" "/opt/rustwide/workdir" "-m" "1610612736" "--user" "0:0" "--network" "none" "ghcr.io/rust-lang/crates-build-env/linux@sha256:4a844ea9eb2546a2d2c7022eacef16ef2e8229c7fbb2c7d4d55a9ceca922f72d" "/opt/rustwide/cargo-home/bin/cargo" "+nightly-2024-10-28" "metadata" "--no-deps" "--format-version=1", kill_on_drop: false }`
[INFO] [stdout] 27b077bf927c9a094167a7b6f25488e44c3b4665d8831f4f7dc6648929c6b2de
[INFO] running `Command { std: "docker" "start" "-a" "27b077bf927c9a094167a7b6f25488e44c3b4665d8831f4f7dc6648929c6b2de", kill_on_drop: false }`
[INFO] running `Command { std: "docker" "inspect" "27b077bf927c9a094167a7b6f25488e44c3b4665d8831f4f7dc6648929c6b2de", kill_on_drop: false }`
[INFO] running `Command { std: "docker" "rm" "-f" "27b077bf927c9a094167a7b6f25488e44c3b4665d8831f4f7dc6648929c6b2de", kill_on_drop: false }`
[INFO] [stdout] 27b077bf927c9a094167a7b6f25488e44c3b4665d8831f4f7dc6648929c6b2de
[INFO] running `Command { std: "docker" "create" "-v" "/var/lib/crater-agent-workspace/builds/worker-5-tc2/target:/opt/rustwide/target:rw,Z" "-v" "/var/lib/crater-agent-workspace/builds/worker-5-tc2/source:/opt/rustwide/workdir:ro,Z" "-v" "/var/lib/crater-agent-workspace/cargo-home:/opt/rustwide/cargo-home:ro,Z" "-v" "/var/lib/crater-agent-workspace/rustup-home:/opt/rustwide/rustup-home:ro,Z" "-e" "SOURCE_DIR=/opt/rustwide/workdir" "-e" "CARGO_TARGET_DIR=/opt/rustwide/target" "-e" "CARGO_INCREMENTAL=0" "-e" "RUST_BACKTRACE=full" "-e" "RUSTFLAGS=--cap-lints=forbid -Zrandomize-layout" "-e" "RUSTDOCFLAGS=--cap-lints=forbid" "-e" "CARGO_HOME=/opt/rustwide/cargo-home" "-e" "RUSTUP_HOME=/opt/rustwide/rustup-home" "-w" "/opt/rustwide/workdir" "-m" "1610612736" "--user" "0:0" "--network" "none" "ghcr.io/rust-lang/crates-build-env/linux@sha256:4a844ea9eb2546a2d2c7022eacef16ef2e8229c7fbb2c7d4d55a9ceca922f72d" "/opt/rustwide/cargo-home/bin/cargo" "+nightly-2024-10-28" "build" "--frozen" "--message-format=json", kill_on_drop: false }`
[INFO] [stdout] 24cbb5785e9fb98f827c6ebf747c09c6e581d7e5d39ebf79de0d2c7332b95bdf
[INFO] running `Command { std: "docker" "start" "-a" "24cbb5785e9fb98f827c6ebf747c09c6e581d7e5d39ebf79de0d2c7332b95bdf", kill_on_drop: false }`
[INFO] [stderr]    Compiling libc v0.2.155
[INFO] [stderr]    Compiling memchr v2.7.4
[INFO] [stderr]    Compiling regex-syntax v0.8.4
[INFO] [stderr]    Compiling thiserror v1.0.63
[INFO] [stderr]    Compiling once_cell v1.19.0
[INFO] [stderr]    Compiling fastrand v2.1.0
[INFO] [stderr]    Compiling quote v1.0.36
[INFO] [stderr]    Compiling adler v1.0.2
[INFO] [stderr]    Compiling gix-trace v0.1.9
[INFO] [stderr]    Compiling version_check v0.9.4
[INFO] [stderr]    Compiling faster-hex v0.9.0
[INFO] [stderr]    Compiling miniz_oxide v0.7.4
[INFO] [stderr]    Compiling syn v2.0.72
[INFO] [stderr]    Compiling gix-utils v0.1.12
[INFO] [stderr]    Compiling crc32fast v1.4.2
[INFO] [stderr]    Compiling same-file v1.0.6
[INFO] [stderr]    Compiling aho-corasick v1.1.3
[INFO] [stderr]    Compiling walkdir v2.5.0
[INFO] [stderr]    Compiling prodash v28.0.0
[INFO] [stderr]    Compiling flate2 v1.0.30
[INFO] [stderr]    Compiling bitflags v2.6.0
[INFO] [stderr]    Compiling sha1_smol v1.0.1
[INFO] [stderr]    Compiling itoa v1.0.11
[INFO] [stderr]    Compiling powerfmt v0.2.0
[INFO] [stderr]    Compiling smallvec v1.13.2
[INFO] [stderr]    Compiling time-core v0.1.2
[INFO] [stderr]    Compiling num-conv v0.1.0
[INFO] [stderr]    Compiling deranged v0.3.11
[INFO] [stderr]    Compiling lock_api v0.4.12
[INFO] [stderr]    Compiling num_threads v0.1.7
[INFO] [stderr]    Compiling time-macros v0.2.18
[INFO] [stderr]    Compiling parking_lot_core v0.9.10
[INFO] [stderr]    Compiling scopeguard v1.2.0
[INFO] [stderr]    Compiling linux-raw-sys v0.4.14
[INFO] [stderr]    Compiling winnow v0.6.15
[INFO] [stderr]    Compiling parking_lot v0.12.3
[INFO] [stderr]    Compiling memmap2 v0.9.4
[INFO] [stderr]    Compiling ahash v0.8.11
[INFO] [stderr]    Compiling rustix v0.38.34
[INFO] [stderr]    Compiling zerocopy v0.7.35
[INFO] [stderr]    Compiling regex-automata v0.4.7
[INFO] [stderr]    Compiling signal-hook v0.3.17
[INFO] [stderr]    Compiling signal-hook-registry v1.4.2
[INFO] [stderr]    Compiling home v0.5.9
[INFO] [stderr]    Compiling fnv v1.0.7
[INFO] [stderr]    Compiling rustversion v1.0.17
[INFO] [stderr]    Compiling allocator-api2 v0.2.18
[INFO] [stderr]    Compiling time v0.3.36
[INFO] [stderr]    Compiling hashbrown v0.14.5
[INFO] [stderr]    Compiling serde v1.0.204
[INFO] [stderr]    Compiling ident_case v1.0.1
[INFO] [stderr]    Compiling anstyle-parse v0.2.4
[INFO] [stderr]    Compiling darling_core v0.20.10
[INFO] [stderr]    Compiling proc-macro-error-attr v1.0.4
[INFO] [stderr]    Compiling is_terminal_polyfill v1.70.0
[INFO] [stderr]    Compiling anstyle-query v1.1.0
[INFO] [stderr]    Compiling colorchoice v1.0.1
[INFO] [stderr]    Compiling anstyle v1.0.7
[INFO] [stderr]    Compiling jobserver v0.1.31
[INFO] [stderr]    Compiling tempfile v3.10.1
[INFO] [stderr]    Compiling bstr v1.9.1
[INFO] [stderr]    Compiling anstream v0.6.14
[INFO] [stderr]    Compiling proc-macro-error v1.0.4
[INFO] [stderr]    Compiling clap_lex v0.7.1
[INFO] [stderr]    Compiling semver v1.0.23
[INFO] [stderr]    Compiling cc v1.1.6
[INFO] [stderr]    Compiling syn v1.0.109
[INFO] [stderr]    Compiling camino v1.1.7
[INFO] [stderr]    Compiling serde_json v1.0.120
[INFO] [stderr]    Compiling anyhow v1.0.86
[INFO] [stderr]    Compiling url v2.5.2
[INFO] [stderr]    Compiling vergen-lib v0.1.3
[INFO] [stderr]    Compiling gix-sec v0.10.6
[INFO] [stderr]    Compiling clru v0.6.2
[INFO] [stderr]    Compiling ryu v1.0.18
[INFO] [stderr]    Compiling clap_builder v4.5.9
[INFO] [stderr]    Compiling vergen v9.0.0
[INFO] [stderr]    Compiling filetime v0.2.23
[INFO] [stderr]    Compiling arc-swap v1.7.1
[INFO] [stderr]    Compiling unicode-bom v2.0.3
[INFO] [stderr]    Compiling regex v1.10.5
[INFO] [stderr]    Compiling vergen-gix v1.0.0
[INFO] [stderr]    Compiling thiserror-impl v1.0.63
[INFO] [stderr]    Compiling serde_derive v1.0.204
[INFO] [stderr]    Compiling clap_derive v4.5.8
[INFO] [stderr]    Compiling libz-sys v1.1.18
[INFO] [stderr]    Compiling gix-macros v0.1.5
[INFO] [stderr]    Compiling darling_macro v0.20.10
[INFO] [stderr]    Compiling libgit2-sys v0.17.0+1.8.1
[INFO] [stderr]    Compiling darling v0.20.10
[INFO] [stderr]    Compiling derive_builder_core v0.20.0
[INFO] [stderr]    Compiling roff v0.2.1
[INFO] [stderr]    Compiling gix-hash v0.14.2
[INFO] [stderr]    Compiling gix-date v0.8.7
[INFO] [stderr]    Compiling gix-features v0.38.2
[INFO] [stderr]    Compiling gix-actor v0.31.4
[INFO] [stderr]    Compiling gix-validate v0.8.5
[INFO] [stderr]    Compiling gix-fs v0.11.1
[INFO] [stderr]    Compiling gix-object v0.42.3
[INFO] [stderr]    Compiling gix-path v0.10.9
[INFO] [stderr]    Compiling gix-chunk v0.4.8
[INFO] [stderr]    Compiling gix-tempfile v14.0.0
[INFO] [stderr]    Compiling gix-hashtable v0.5.2
[INFO] [stderr]    Compiling gix-commitgraph v0.24.2
[INFO] [stderr]    Compiling gix-lock v14.0.0
[INFO] [stderr]    Compiling derive_builder_macro v0.20.0
[INFO] [stderr]    Compiling gix-glob v0.16.3
[INFO] [stderr]    Compiling gix-config-value v0.14.6
[INFO] [stderr]    Compiling derive_builder v0.20.0
[INFO] [stderr]    Compiling getset v0.1.2
[INFO] [stderr]    Compiling gix-quote v0.4.12
[INFO] [stderr]    Compiling gix-bitmap v0.2.11
[INFO] [stderr]    Compiling gix-revwalk v0.13.1
[INFO] [stderr]    Compiling gix-ref v0.44.1
[INFO] [stderr]    Compiling gix-pack v0.51.0
[INFO] [stderr]    Compiling gix-revision v0.27.1
[INFO] [stderr]    Compiling gix-traverse v0.39.1
[INFO] [stderr]    Compiling gix-index v0.33.0
[INFO] [stderr]    Compiling gix-refspec v0.23.0
[INFO] [stderr]    Compiling gix-diff v0.44.0
[INFO] [stderr]    Compiling gix-config v0.37.0
[INFO] [stderr]    Compiling gix-discover v0.32.0
[INFO] [stderr]    Compiling gix-odb v0.61.0
[INFO] [stderr]    Compiling clap v4.5.9
[INFO] [stderr]    Compiling gix-url v0.27.3
[INFO] [stderr]    Compiling clap_complete v4.5.8
[INFO] [stderr]    Compiling clap_mangen v0.2.22
[INFO] [stderr]    Compiling terminal_size v0.3.0
[INFO] [stderr]    Compiling snafu-derive v0.8.4
[INFO] [stderr]    Compiling log v0.4.22
[INFO] [stderr]    Compiling gix v0.63.0
[INFO] [stderr]    Compiling cargo-platform v0.1.8
[INFO] [stderr]    Compiling rustc_version v0.4.0
[INFO] [stderr]    Compiling snafu v0.8.4
[INFO] [stderr]    Compiling cargo_metadata v0.18.1
[INFO] [stderr]    Compiling git-warp-time v0.8.3 (/opt/rustwide/workdir)
[INFO] [stderr] warning: git-warp-time@0.8.3: Could not find a git repository in '/opt/rustwide/workdir' or in any of its parents within device limits below '/opt/rustwide'
[INFO] [stderr] warning: git-warp-time@0.8.3: VERGEN_GIT_BRANCH set to default
[INFO] [stderr] warning: git-warp-time@0.8.3: VERGEN_GIT_COMMIT_AUTHOR_EMAIL set to default
[INFO] [stderr] warning: git-warp-time@0.8.3: VERGEN_GIT_COMMIT_AUTHOR_NAME set to default
[INFO] [stderr] warning: git-warp-time@0.8.3: VERGEN_GIT_COMMIT_COUNT set to default
[INFO] [stderr] warning: git-warp-time@0.8.3: VERGEN_GIT_COMMIT_DATE set to default
[INFO] [stderr] warning: git-warp-time@0.8.3: VERGEN_GIT_COMMIT_MESSAGE set to default
[INFO] [stderr] warning: git-warp-time@0.8.3: VERGEN_GIT_COMMIT_TIMESTAMP set to default
[INFO] [stderr] warning: git-warp-time@0.8.3: VERGEN_GIT_DESCRIBE set to default
[INFO] [stderr] warning: git-warp-time@0.8.3: VERGEN_GIT_SHA set to default
[INFO] [stderr]    Compiling git2 v0.19.0
[INFO] [stderr]     Finished `dev` profile [unoptimized + debuginfo] target(s) in 53.01s
[INFO] running `Command { std: "docker" "inspect" "24cbb5785e9fb98f827c6ebf747c09c6e581d7e5d39ebf79de0d2c7332b95bdf", kill_on_drop: false }`
[INFO] running `Command { std: "docker" "rm" "-f" "24cbb5785e9fb98f827c6ebf747c09c6e581d7e5d39ebf79de0d2c7332b95bdf", kill_on_drop: false }`
[INFO] [stdout] 24cbb5785e9fb98f827c6ebf747c09c6e581d7e5d39ebf79de0d2c7332b95bdf
[INFO] running `Command { std: "docker" "create" "-v" "/var/lib/crater-agent-workspace/builds/worker-5-tc2/target:/opt/rustwide/target:rw,Z" "-v" "/var/lib/crater-agent-workspace/builds/worker-5-tc2/source:/opt/rustwide/workdir:ro,Z" "-v" "/var/lib/crater-agent-workspace/cargo-home:/opt/rustwide/cargo-home:ro,Z" "-v" "/var/lib/crater-agent-workspace/rustup-home:/opt/rustwide/rustup-home:ro,Z" "-e" "SOURCE_DIR=/opt/rustwide/workdir" "-e" "CARGO_TARGET_DIR=/opt/rustwide/target" "-e" "CARGO_INCREMENTAL=0" "-e" "RUST_BACKTRACE=full" "-e" "RUSTFLAGS=--cap-lints=forbid -Zrandomize-layout" "-e" "RUSTDOCFLAGS=--cap-lints=forbid" "-e" "CARGO_HOME=/opt/rustwide/cargo-home" "-e" "RUSTUP_HOME=/opt/rustwide/rustup-home" "-w" "/opt/rustwide/workdir" "-m" "1610612736" "--user" "0:0" "--network" "none" "ghcr.io/rust-lang/crates-build-env/linux@sha256:4a844ea9eb2546a2d2c7022eacef16ef2e8229c7fbb2c7d4d55a9ceca922f72d" "/opt/rustwide/cargo-home/bin/cargo" "+nightly-2024-10-28" "test" "--frozen" "--no-run" "--message-format=json", kill_on_drop: false }`
[INFO] [stdout] 34b37f8832b13739d84a0a55115ed1535b373707eb855bdabfd1079bd6e3930c
[INFO] running `Command { std: "docker" "start" "-a" "34b37f8832b13739d84a0a55115ed1535b373707eb855bdabfd1079bd6e3930c", kill_on_drop: false }`
[INFO] [stderr]    Compiling git-warp-time v0.8.3 (/opt/rustwide/workdir)
[INFO] [stderr] warning: git-warp-time@0.8.3: Could not find a git repository in '/opt/rustwide/workdir' or in any of its parents within device limits below '/opt/rustwide'
[INFO] [stderr] warning: git-warp-time@0.8.3: VERGEN_GIT_BRANCH set to default
[INFO] [stderr] warning: git-warp-time@0.8.3: VERGEN_GIT_COMMIT_AUTHOR_EMAIL set to default
[INFO] [stderr] warning: git-warp-time@0.8.3: VERGEN_GIT_COMMIT_AUTHOR_NAME set to default
[INFO] [stderr] warning: git-warp-time@0.8.3: VERGEN_GIT_COMMIT_COUNT set to default
[INFO] [stderr] warning: git-warp-time@0.8.3: VERGEN_GIT_COMMIT_DATE set to default
[INFO] [stderr] warning: git-warp-time@0.8.3: VERGEN_GIT_COMMIT_MESSAGE set to default
[INFO] [stderr] warning: git-warp-time@0.8.3: VERGEN_GIT_COMMIT_TIMESTAMP set to default
[INFO] [stderr] warning: git-warp-time@0.8.3: VERGEN_GIT_DESCRIBE set to default
[INFO] [stderr] warning: git-warp-time@0.8.3: VERGEN_GIT_SHA set to default
[INFO] [stderr]     Finished `test` profile [unoptimized + debuginfo] target(s) in 1.31s
[INFO] running `Command { std: "docker" "inspect" "34b37f8832b13739d84a0a55115ed1535b373707eb855bdabfd1079bd6e3930c", kill_on_drop: false }`
[INFO] running `Command { std: "docker" "rm" "-f" "34b37f8832b13739d84a0a55115ed1535b373707eb855bdabfd1079bd6e3930c", kill_on_drop: false }`
[INFO] [stdout] 34b37f8832b13739d84a0a55115ed1535b373707eb855bdabfd1079bd6e3930c
[INFO] running `Command { std: "docker" "create" "-v" "/var/lib/crater-agent-workspace/builds/worker-5-tc2/target:/opt/rustwide/target:rw,Z" "-v" "/var/lib/crater-agent-workspace/builds/worker-5-tc2/source:/opt/rustwide/workdir:ro,Z" "-v" "/var/lib/crater-agent-workspace/cargo-home:/opt/rustwide/cargo-home:ro,Z" "-v" "/var/lib/crater-agent-workspace/rustup-home:/opt/rustwide/rustup-home:ro,Z" "-e" "SOURCE_DIR=/opt/rustwide/workdir" "-e" "CARGO_TARGET_DIR=/opt/rustwide/target" "-e" "CARGO_INCREMENTAL=0" "-e" "RUST_BACKTRACE=full" "-e" "RUSTFLAGS=--cap-lints=forbid -Zrandomize-layout" "-e" "RUSTDOCFLAGS=--cap-lints=forbid" "-e" "CARGO_HOME=/opt/rustwide/cargo-home" "-e" "RUSTUP_HOME=/opt/rustwide/rustup-home" "-w" "/opt/rustwide/workdir" "-m" "1610612736" "--user" "0:0" "--network" "none" "ghcr.io/rust-lang/crates-build-env/linux@sha256:4a844ea9eb2546a2d2c7022eacef16ef2e8229c7fbb2c7d4d55a9ceca922f72d" "/opt/rustwide/cargo-home/bin/cargo" "+nightly-2024-10-28" "test" "--frozen", kill_on_drop: false }`
[INFO] [stdout] 0ebc37788e20b7a67d37161e514d798007935dcffdda843fdc427cc0345d2ebc
[INFO] running `Command { std: "docker" "start" "-a" "0ebc37788e20b7a67d37161e514d798007935dcffdda843fdc427cc0345d2ebc", kill_on_drop: false }`
[INFO] [stderr]    Compiling git-warp-time v0.8.3 (/opt/rustwide/workdir)
[INFO] [stderr] warning: git-warp-time@0.8.3: Could not find a git repository in '/opt/rustwide/workdir' or in any of its parents within device limits below '/opt/rustwide'
[INFO] [stderr] warning: git-warp-time@0.8.3: VERGEN_GIT_BRANCH set to default
[INFO] [stderr] warning: git-warp-time@0.8.3: VERGEN_GIT_COMMIT_AUTHOR_EMAIL set to default
[INFO] [stderr] warning: git-warp-time@0.8.3: VERGEN_GIT_COMMIT_AUTHOR_NAME set to default
[INFO] [stderr] warning: git-warp-time@0.8.3: VERGEN_GIT_COMMIT_COUNT set to default
[INFO] [stderr] warning: git-warp-time@0.8.3: VERGEN_GIT_COMMIT_DATE set to default
[INFO] [stderr] warning: git-warp-time@0.8.3: VERGEN_GIT_COMMIT_MESSAGE set to default
[INFO] [stderr] warning: git-warp-time@0.8.3: VERGEN_GIT_COMMIT_TIMESTAMP set to default
[INFO] [stderr] warning: git-warp-time@0.8.3: VERGEN_GIT_DESCRIBE set to default
[INFO] [stderr] warning: git-warp-time@0.8.3: VERGEN_GIT_SHA set to default
[INFO] [stderr]     Finished `test` profile [unoptimized + debuginfo] target(s) in 1.42s
[INFO] [stderr]      Running unittests src/lib.rs (/opt/rustwide/target/debug/deps/git_warp_time-705879f64933233c)
[INFO] [stdout] 
[INFO] [stdout] running 0 tests
[INFO] [stdout] 
[INFO] [stderr]      Running unittests src/bin/git-warp-time.rs (/opt/rustwide/target/debug/deps/git_warp_time-f861f812bed55fae)
[INFO] [stdout] test result: ok. 0 passed; 0 failed; 0 ignored; 0 measured; 0 filtered out; finished in 0.00s
[INFO] [stdout] 
[INFO] [stdout] 
[INFO] [stdout] running 0 tests
[INFO] [stdout] 
[INFO] [stdout] test result: ok. 0 passed; 0 failed; 0 ignored; 0 measured; 0 filtered out; finished in 0.00s
[INFO] [stdout] 
[INFO] [stderr]    Doc-tests git_warp_time
[INFO] [stdout] 
[INFO] [stdout] running 1 test
[INFO] [stdout] test src/../README.md - (line 60) ... FAILED
[INFO] [stdout] 
[INFO] [stdout] failures:
[INFO] [stdout] 
[INFO] [stdout] ---- src/../README.md - (line 60) stdout ----
[INFO] [stdout] Test executable failed (exit status: 101).
[INFO] [stdout] 
[INFO] [stdout] stderr:
[INFO] [stdout] thread 'main' panicked at src/../README.md:8:23:
[INFO] [stdout] called `Result::unwrap()` on an `Err` value: git2::Error could not find repository at '.'; class=Repository (6); code=NotFound (-3)
[INFO] [stdout] stack backtrace:
[INFO] [stdout]    0:     0x62dd714170da - std::backtrace_rs::backtrace::libunwind::trace::h207520d6e9873551
[INFO] [stdout]                                at /rustc/df4ca44d3fbc9301ee17f30f4d474e6ae4b05252/library/std/src/../../backtrace/src/backtrace/libunwind.rs:116:5
[INFO] [stdout]    1:     0x62dd714170da - std::backtrace_rs::backtrace::trace_unsynchronized::h2ed7433f370e3eca
[INFO] [stdout]                                at /rustc/df4ca44d3fbc9301ee17f30f4d474e6ae4b05252/library/std/src/../../backtrace/src/backtrace/mod.rs:66:5
[INFO] [stdout]    2:     0x62dd714170da - std::sys::backtrace::_print_fmt::h916fac51166b18d7
[INFO] [stdout]                                at /rustc/df4ca44d3fbc9301ee17f30f4d474e6ae4b05252/library/std/src/sys/backtrace.rs:66:9
[INFO] [stdout]    3:     0x62dd714170da - <std::sys::backtrace::BacktraceLock::print::DisplayBacktrace as core::fmt::Display>::fmt::ha0a4c9b8ce3802e6
[INFO] [stdout]                                at /rustc/df4ca44d3fbc9301ee17f30f4d474e6ae4b05252/library/std/src/sys/backtrace.rs:39:26
[INFO] [stdout]    4:     0x62dd714343d3 - core::fmt::rt::Argument::fmt::h4cfc8587d52b3eb5
[INFO] [stdout]                                at /rustc/df4ca44d3fbc9301ee17f30f4d474e6ae4b05252/library/core/src/fmt/rt.rs:177:76
[INFO] [stdout]    5:     0x62dd714343d3 - core::fmt::write::h522cc39e5b36ae9f
[INFO] [stdout]                                at /rustc/df4ca44d3fbc9301ee17f30f4d474e6ae4b05252/library/core/src/fmt/mod.rs:1190:21
[INFO] [stdout]    6:     0x62dd71414873 - std::io::Write::write_fmt::hf1c1dcc8cc1287f0
[INFO] [stdout]                                at /rustc/df4ca44d3fbc9301ee17f30f4d474e6ae4b05252/library/std/src/io/mod.rs:1839:15
[INFO] [stdout]    7:     0x62dd71416f22 - std::sys::backtrace::BacktraceLock::print::h4b9e00b29e9c0942
[INFO] [stdout]                                at /rustc/df4ca44d3fbc9301ee17f30f4d474e6ae4b05252/library/std/src/sys/backtrace.rs:42:9
[INFO] [stdout]    8:     0x62dd71417eec - std::panicking::default_hook::{{closure}}::hb59b88280d0324d9
[INFO] [stdout]                                at /rustc/df4ca44d3fbc9301ee17f30f4d474e6ae4b05252/library/std/src/panicking.rs:268:22
[INFO] [stdout]    9:     0x62dd71417d32 - std::panicking::default_hook::he1dd496665be4a29
[INFO] [stdout]                                at /rustc/df4ca44d3fbc9301ee17f30f4d474e6ae4b05252/library/std/src/panicking.rs:295:9
[INFO] [stdout]   10:     0x62dd71418527 - std::panicking::rust_panic_with_hook::h2ff17fe8f26dfcf8
[INFO] [stdout]                                at /rustc/df4ca44d3fbc9301ee17f30f4d474e6ae4b05252/library/std/src/panicking.rs:801:13
[INFO] [stdout]   11:     0x62dd714183ba - std::panicking::begin_panic_handler::{{closure}}::h4fad77951c07e101
[INFO] [stdout]                                at /rustc/df4ca44d3fbc9301ee17f30f4d474e6ae4b05252/library/std/src/panicking.rs:674:13
[INFO] [stdout]   12:     0x62dd714175b9 - std::sys::backtrace::__rust_end_short_backtrace::hb1a25b3da5d0ea08
[INFO] [stdout]                                at /rustc/df4ca44d3fbc9301ee17f30f4d474e6ae4b05252/library/std/src/sys/backtrace.rs:170:18
[INFO] [stdout]   13:     0x62dd7141804c - rust_begin_unwind
[INFO] [stdout]                                at /rustc/df4ca44d3fbc9301ee17f30f4d474e6ae4b05252/library/std/src/panicking.rs:665:5
[INFO] [stdout]   14:     0x62dd71433490 - core::panicking::panic_fmt::ha9db07b529f9b256
[INFO] [stdout]                                at /rustc/df4ca44d3fbc9301ee17f30f4d474e6ae4b05252/library/core/src/panicking.rs:75:14
[INFO] [stdout]   15:     0x62dd714338a6 - core::result::unwrap_failed::h5e8218e4d4338b8a
[INFO] [stdout]                                at /rustc/df4ca44d3fbc9301ee17f30f4d474e6ae4b05252/library/core/src/result.rs:1698:5
[INFO] [stdout]   16:     0x62dd713210cd - rust_out::main::_doctest_main_src____README_md_60_0::hec21f3e684d5c7f1
[INFO] [stdout]   17:     0x62dd71321036 - rust_out::main::ha213a30daa5df4da
[INFO] [stdout]   18:     0x62dd71320f63 - core::ops::function::FnOnce::call_once::hf7edf7132571051c
[INFO] [stdout]   19:     0x62dd71320e36 - std::sys::backtrace::__rust_begin_short_backtrace::h32fd822fd2ba4079
[INFO] [stdout]   20:     0x62dd71320e19 - std::rt::lang_start::{{closure}}::h4039a1c394ed4f7c
[INFO] [stdout]   21:     0x62dd71412077 - core::ops::function::impls::<impl core::ops::function::FnOnce<A> for &F>::call_once::hd87d66b906e0ccaf
[INFO] [stdout]                                at /rustc/df4ca44d3fbc9301ee17f30f4d474e6ae4b05252/library/core/src/ops/function.rs:284:13
[INFO] [stdout]   22:     0x62dd71412077 - std::panicking::try::do_call::hae3703de71fc9e3a
[INFO] [stdout]                                at /rustc/df4ca44d3fbc9301ee17f30f4d474e6ae4b05252/library/std/src/panicking.rs:557:40
[INFO] [stdout]   23:     0x62dd71412077 - std::panicking::try::h1178330e9a2b2645
[INFO] [stdout]                                at /rustc/df4ca44d3fbc9301ee17f30f4d474e6ae4b05252/library/std/src/panicking.rs:520:19
[INFO] [stdout]   24:     0x62dd71412077 - std::panic::catch_unwind::h0acf49d2305d32ad
[INFO] [stdout]                                at /rustc/df4ca44d3fbc9301ee17f30f4d474e6ae4b05252/library/std/src/panic.rs:358:14
[INFO] [stdout]   25:     0x62dd71412077 - std::rt::lang_start_internal::{{closure}}::h2d95182d798177be
[INFO] [stdout]                                at /rustc/df4ca44d3fbc9301ee17f30f4d474e6ae4b05252/library/std/src/rt.rs:174:48
[INFO] [stdout]   26:     0x62dd71412077 - std::panicking::try::do_call::hb506f5bfe11fd30c
[INFO] [stdout]                                at /rustc/df4ca44d3fbc9301ee17f30f4d474e6ae4b05252/library/std/src/panicking.rs:557:40
[INFO] [stdout]   27:     0x62dd71412077 - std::panicking::try::h54d825c46bd0fa95
[INFO] [stdout]                                at /rustc/df4ca44d3fbc9301ee17f30f4d474e6ae4b05252/library/std/src/panicking.rs:520:19
[INFO] [stdout]   28:     0x62dd71412077 - std::panic::catch_unwind::hffbb0ad20c4e9fac
[INFO] [stdout]                                at /rustc/df4ca44d3fbc9301ee17f30f4d474e6ae4b05252/library/std/src/panic.rs:358:14
[INFO] [stdout]   29:     0x62dd71412077 - std::rt::lang_start_internal::h52c291ef1962c925
[INFO] [stdout]                                at /rustc/df4ca44d3fbc9301ee17f30f4d474e6ae4b05252/library/std/src/rt.rs:174:20
[INFO] [stdout]   30:     0x62dd71320df7 - std::rt::lang_start::h8c6075cd6f225ba1
[INFO] [stdout]   31:     0x62dd713215c5 - main
[INFO] [stdout]   32:     0x7453d255bd90 - <unknown>
[INFO] [stdout]   33:     0x7453d255be40 - __libc_start_main
[INFO] [stdout]   34:     0x62dd71320cb5 - _start
[INFO] [stdout]   35:                0x0 - <unknown>
[INFO] [stdout] 
[INFO] [stdout] 
[INFO] [stdout] 
[INFO] [stdout] failures:
[INFO] [stdout]     src/../README.md - (line 60)
[INFO] [stdout] 
[INFO] [stdout] test result: FAILED. 0 passed; 1 failed; 0 ignored; 0 measured; 0 filtered out; finished in 0.41s
[INFO] [stdout] 
[INFO] [stderr] error: doctest failed, to rerun pass `--doc`
[INFO] running `Command { std: "docker" "inspect" "0ebc37788e20b7a67d37161e514d798007935dcffdda843fdc427cc0345d2ebc", kill_on_drop: false }`
[INFO] running `Command { std: "docker" "rm" "-f" "0ebc37788e20b7a67d37161e514d798007935dcffdda843fdc427cc0345d2ebc", kill_on_drop: false }`
[INFO] [stdout] 0ebc37788e20b7a67d37161e514d798007935dcffdda843fdc427cc0345d2ebc
