[INFO] fetching crate git-turbine 0.0.4...
[INFO] testing git-turbine-0.0.4 against nightly-2024-10-28+rustflags=-Zrandomize-layout for randomize-layout
[INFO] extracting crate git-turbine 0.0.4 into /workspace/builds/worker-6-tc2/source
[INFO] validating manifest of crates.io crate git-turbine 0.0.4 on toolchain nightly-2024-10-28
[INFO] running `Command { std: CARGO_HOME="/workspace/cargo-home" RUSTUP_HOME="/workspace/rustup-home" "/workspace/cargo-home/bin/cargo" "+nightly-2024-10-28" "metadata" "--manifest-path" "Cargo.toml" "--no-deps", kill_on_drop: false }`
[INFO] started tweaking crates.io crate git-turbine 0.0.4
[INFO] finished tweaking crates.io crate git-turbine 0.0.4
[INFO] tweaked toml for crates.io crate git-turbine 0.0.4 written to /workspace/builds/worker-6-tc2/source/Cargo.toml
[INFO] crate crates.io crate git-turbine 0.0.4 already has a lockfile, it will not be regenerated
[INFO] running `Command { std: CARGO_HOME="/workspace/cargo-home" RUSTUP_HOME="/workspace/rustup-home" "/workspace/cargo-home/bin/cargo" "+nightly-2024-10-28" "fetch" "--manifest-path" "Cargo.toml", kill_on_drop: false }`
[INFO] running `Command { std: "docker" "create" "-v" "/var/lib/crater-agent-workspace/builds/worker-6-tc2/target:/opt/rustwide/target:rw,Z" "-v" "/var/lib/crater-agent-workspace/builds/worker-6-tc2/source:/opt/rustwide/workdir:ro,Z" "-v" "/var/lib/crater-agent-workspace/cargo-home:/opt/rustwide/cargo-home:ro,Z" "-v" "/var/lib/crater-agent-workspace/rustup-home:/opt/rustwide/rustup-home:ro,Z" "-e" "SOURCE_DIR=/opt/rustwide/workdir" "-e" "CARGO_TARGET_DIR=/opt/rustwide/target" "-e" "CARGO_HOME=/opt/rustwide/cargo-home" "-e" "RUSTUP_HOME=/opt/rustwide/rustup-home" "-w" "/opt/rustwide/workdir" "-m" "1610612736" "--user" "0:0" "--network" "none" "ghcr.io/rust-lang/crates-build-env/linux@sha256:4a844ea9eb2546a2d2c7022eacef16ef2e8229c7fbb2c7d4d55a9ceca922f72d" "/opt/rustwide/cargo-home/bin/cargo" "+nightly-2024-10-28" "metadata" "--no-deps" "--format-version=1", kill_on_drop: false }`
[INFO] [stdout] 15bd5de86292f0d92bc7c572723ba3279f8fc3c70283fa1b47e9afc3f8d1f3b1
[INFO] running `Command { std: "docker" "start" "-a" "15bd5de86292f0d92bc7c572723ba3279f8fc3c70283fa1b47e9afc3f8d1f3b1", kill_on_drop: false }`
[INFO] running `Command { std: "docker" "inspect" "15bd5de86292f0d92bc7c572723ba3279f8fc3c70283fa1b47e9afc3f8d1f3b1", kill_on_drop: false }`
[INFO] running `Command { std: "docker" "rm" "-f" "15bd5de86292f0d92bc7c572723ba3279f8fc3c70283fa1b47e9afc3f8d1f3b1", kill_on_drop: false }`
[INFO] [stdout] 15bd5de86292f0d92bc7c572723ba3279f8fc3c70283fa1b47e9afc3f8d1f3b1
[INFO] running `Command { std: "docker" "create" "-v" "/var/lib/crater-agent-workspace/builds/worker-6-tc2/target:/opt/rustwide/target:rw,Z" "-v" "/var/lib/crater-agent-workspace/builds/worker-6-tc2/source:/opt/rustwide/workdir:ro,Z" "-v" "/var/lib/crater-agent-workspace/cargo-home:/opt/rustwide/cargo-home:ro,Z" "-v" "/var/lib/crater-agent-workspace/rustup-home:/opt/rustwide/rustup-home:ro,Z" "-e" "SOURCE_DIR=/opt/rustwide/workdir" "-e" "CARGO_TARGET_DIR=/opt/rustwide/target" "-e" "CARGO_INCREMENTAL=0" "-e" "RUST_BACKTRACE=full" "-e" "RUSTFLAGS=--cap-lints=forbid -Zrandomize-layout" "-e" "RUSTDOCFLAGS=--cap-lints=forbid" "-e" "CARGO_HOME=/opt/rustwide/cargo-home" "-e" "RUSTUP_HOME=/opt/rustwide/rustup-home" "-w" "/opt/rustwide/workdir" "-m" "1610612736" "--user" "0:0" "--network" "none" "ghcr.io/rust-lang/crates-build-env/linux@sha256:4a844ea9eb2546a2d2c7022eacef16ef2e8229c7fbb2c7d4d55a9ceca922f72d" "/opt/rustwide/cargo-home/bin/cargo" "+nightly-2024-10-28" "build" "--frozen" "--message-format=json", kill_on_drop: false }`
[INFO] [stdout] a7a69c40f9562a0ff0293293d8069d9c7be1a8d207b11c6e044fc919905949d6
[INFO] running `Command { std: "docker" "start" "-a" "a7a69c40f9562a0ff0293293d8069d9c7be1a8d207b11c6e044fc919905949d6", kill_on_drop: false }`
[INFO] [stderr]    Compiling proc-macro2 v1.0.86
[INFO] [stderr]    Compiling unicode-ident v1.0.12
[INFO] [stderr]    Compiling libc v0.2.155
[INFO] [stderr]    Compiling once_cell v1.19.0
[INFO] [stderr]    Compiling cfg-if v1.0.0
[INFO] [stderr]    Compiling version_check v0.9.4
[INFO] [stderr]    Compiling autocfg v1.3.0
[INFO] [stderr]    Compiling pkg-config v0.3.30
[INFO] [stderr]    Compiling pin-project-lite v0.2.14
[INFO] [stderr]    Compiling bytes v1.6.0
[INFO] [stderr]    Compiling vcpkg v0.2.15
[INFO] [stderr]    Compiling fnv v1.0.7
[INFO] [stderr]    Compiling lock_api v0.4.12
[INFO] [stderr]    Compiling futures-sink v0.3.30
[INFO] [stderr]    Compiling futures-core v0.3.30
[INFO] [stderr]    Compiling parking_lot_core v0.9.10
[INFO] [stderr]    Compiling log v0.4.22
[INFO] [stderr]    Compiling itoa v1.0.11
[INFO] [stderr]    Compiling serde v1.0.203
[INFO] [stderr]    Compiling smallvec v1.13.2
[INFO] [stderr]    Compiling scopeguard v1.2.0
[INFO] [stderr]    Compiling memchr v2.7.4
[INFO] [stderr]    Compiling tracing-core v0.1.32
[INFO] [stderr]    Compiling futures-task v0.3.30
[INFO] [stderr]    Compiling quote v1.0.36
[INFO] [stderr]    Compiling pin-utils v0.1.0
[INFO] [stderr]    Compiling futures-util v0.3.30
[INFO] [stderr]    Compiling ahash v0.8.11
[INFO] [stderr]    Compiling syn v2.0.68
[INFO] [stderr]    Compiling http v1.1.0
[INFO] [stderr]    Compiling thiserror v1.0.61
[INFO] [stderr]    Compiling typenum v1.17.0
[INFO] [stderr]    Compiling jobserver v0.1.31
[INFO] [stderr]    Compiling cc v1.0.102
[INFO] [stderr]    Compiling parking_lot v0.12.3
[INFO] [stderr]    Compiling mio v0.8.11
[INFO] [stderr]    Compiling num_cpus v1.16.0
[INFO] [stderr]    Compiling signal-hook-registry v1.4.2
[INFO] [stderr]    Compiling socket2 v0.5.7
[INFO] [stderr]    Compiling zerocopy v0.7.34
[INFO] [stderr]    Compiling getrandom v0.2.15
[INFO] [stderr]    Compiling generic-array v0.14.7
[INFO] [stderr]    Compiling rustversion v1.0.17
[INFO] [stderr]    Compiling allocator-api2 v0.2.18
[INFO] [stderr]    Compiling http-body v1.0.0
[INFO] [stderr]    Compiling slab v0.4.9
[INFO] [stderr]    Compiling percent-encoding v2.3.1
[INFO] [stderr]    Compiling futures-channel v0.3.30
[INFO] [stderr]    Compiling unicase v2.7.0
[INFO] [stderr]    Compiling equivalent v1.0.1
[INFO] [stderr]    Compiling hashbrown v0.14.5
[INFO] [stderr]    Compiling bitflags v2.6.0
[INFO] [stderr]    Compiling tower-service v0.3.2
[INFO] [stderr]    Compiling tower-layer v0.3.2
[INFO] [stderr]    Compiling mime v0.3.17
[INFO] [stderr]    Compiling httparse v1.9.4
[INFO] [stderr]    Compiling try-lock v0.2.5
[INFO] [stderr]    Compiling atomic-waker v1.1.2
[INFO] [stderr]    Compiling cpufeatures v0.2.12
[INFO] [stderr]    Compiling strsim v0.11.1
[INFO] [stderr]    Compiling semver v1.0.23
[INFO] [stderr]    Compiling want v0.3.1
[INFO] [stderr]    Compiling openssl-sys v0.9.102
[INFO] [stderr]    Compiling libz-sys v1.1.18
[INFO] [stderr]    Compiling indexmap v2.2.6
[INFO] [stderr]    Compiling http-body-util v0.1.2
[INFO] [stderr]    Compiling block-buffer v0.10.4
[INFO] [stderr]    Compiling crypto-common v0.1.6
[INFO] [stderr]    Compiling form_urlencoded v1.2.1
[INFO] [stderr]    Compiling ahash v0.7.8
[INFO] [stderr]    Compiling num-traits v0.2.19
[INFO] [stderr]    Compiling tinyvec_macros v0.1.1
[INFO] [stderr]    Compiling foreign-types-shared v0.1.1
[INFO] [stderr]    Compiling ucd-trie v0.1.6
[INFO] [stderr]    Compiling httpdate v1.0.3
[INFO] [stderr]    Compiling openssl v0.10.64
[INFO] [stderr]    Compiling serde_json v1.0.118
[INFO] [stderr]    Compiling ryu v1.0.18
[INFO] [stderr]    Compiling foreign-types v0.3.2
[INFO] [stderr]    Compiling mime_guess v2.0.5
[INFO] [stderr]    Compiling tinyvec v1.6.1
[INFO] [stderr]    Compiling digest v0.10.7
[INFO] [stderr]    Compiling libssh2-sys v0.3.0
[INFO] [stderr]    Compiling axum-core v0.4.3
[INFO] [stderr]    Compiling native-tls v0.2.12
[INFO] [stderr]    Compiling ident_case v1.0.1
[INFO] [stderr]    Compiling minimal-lexical v0.2.1
[INFO] [stderr]    Compiling libm v0.2.8
[INFO] [stderr]    Compiling openssl-probe v0.1.5
[INFO] [stderr]    Compiling same-file v1.0.6
[INFO] [stderr]    Compiling rustc_version v0.4.0
[INFO] [stderr]    Compiling nom v7.1.3
[INFO] [stderr]    Compiling walkdir v2.5.0
[INFO] [stderr]    Compiling darling_core v0.20.9
[INFO] [stderr]    Compiling sha2 v0.10.8
[INFO] [stderr]    Compiling unicode-normalization v0.1.23
[INFO] [stderr]    Compiling rand_core v0.6.4
[INFO] [stderr]    Compiling sync_wrapper v0.1.2
[INFO] [stderr]    Compiling crunchy v0.2.2
[INFO] [stderr]    Compiling utf8parse v0.2.2
[INFO] [stderr]    Compiling unicode-bidi v0.3.15
[INFO] [stderr]    Compiling ppv-lite86 v0.2.17
[INFO] [stderr]    Compiling anstyle-parse v0.2.4
[INFO] [stderr]    Compiling hashbrown v0.12.3
[INFO] [stderr]    Compiling rand_chacha v0.3.1
[INFO] [stderr]    Compiling idna v0.5.0
[INFO] [stderr]    Compiling serde_derive v1.0.203
[INFO] [stderr]    Compiling tokio-macros v2.3.0
[INFO] [stderr]    Compiling tracing-attributes v0.1.27
[INFO] [stderr]    Compiling thiserror-impl v1.0.61
[INFO] [stderr]    Compiling pin-project-internal v1.1.5
[INFO] [stderr]    Compiling tokio v1.38.0
[INFO] [stderr]    Compiling async-trait v0.1.80
[INFO] [stderr]    Compiling pest v2.7.10
[INFO] [stderr]    Compiling pin-project v1.1.5
[INFO] [stderr]    Compiling tracing v0.1.40
[INFO] [stderr]    Compiling openssl-macros v0.1.1
[INFO] [stderr]    Compiling darling_macro v0.20.9
[INFO] [stderr]    Compiling askama_parser v0.2.1
[INFO] [stderr]    Compiling curve25519-dalek v4.1.3
[INFO] [stderr]    Compiling pest_meta v2.7.10
[INFO] [stderr]    Compiling libgit2-sys v0.16.2+1.7.2
[INFO] [stderr]    Compiling axum v0.7.5
[INFO] [stderr]    Compiling pest_generator v2.7.10
[INFO] [stderr]    Compiling heck v0.4.1
[INFO] [stderr]    Compiling sync_wrapper v1.0.1
[INFO] [stderr]    Compiling anstyle-query v1.1.0
[INFO] [stderr]    Compiling regex-syntax v0.8.4
[INFO] [stderr]    Compiling lazy_static v1.5.0
[INFO] [stderr]    Compiling regex-syntax v0.6.29
[INFO] [stderr]    Compiling tiny-keccak v2.0.2
[INFO] [stderr]    Compiling is_terminal_polyfill v1.70.0
[INFO] [stderr]    Compiling rustix v0.38.34
[INFO] [stderr]    Compiling anstyle v1.0.7
[INFO] [stderr]    Compiling dlv-list v0.3.0
[INFO] [stderr]    Compiling colorchoice v1.0.1
[INFO] [stderr]    Compiling anstream v0.6.14
[INFO] [stderr]    Compiling ordered-multimap v0.4.3
[INFO] [stderr]    Compiling tokio-util v0.7.11
[INFO] [stderr]    Compiling tower v0.4.13
[INFO] [stderr]    Compiling h2 v0.4.5
[INFO] [stderr]    Compiling regex-automata v0.4.7
[INFO] [stderr]    Compiling regex-automata v0.1.10
[INFO] [stderr]    Compiling basic-toml v0.1.9
[INFO] [stderr]    Compiling serde_urlencoded v0.7.1
[INFO] [stderr]    Compiling serde_path_to_error v0.1.16
[INFO] [stderr]    Compiling tokio-native-tls v0.3.1
[INFO] [stderr]    Compiling pest_derive v2.7.10
[INFO] [stderr]    Compiling askama_derive v0.12.5
[INFO] [stderr]    Compiling humansize v2.1.3
[INFO] [stderr]    Compiling darling v0.20.9
[INFO] [stderr]    Compiling url v2.5.2
[INFO] [stderr]    Compiling curve25519-dalek-derive v0.1.1
[INFO] [stderr]    Compiling rand v0.8.5
[INFO] [stderr]    Compiling rust-embed-utils v8.4.0
[INFO] [stderr]    Compiling futures-io v0.3.30
[INFO] [stderr]    Compiling rustls-pki-types v1.7.0
[INFO] [stderr]    Compiling bitflags v1.3.2
[INFO] [stderr]    Compiling heck v0.5.0
[INFO] [stderr]    Compiling hyper v1.3.1
[INFO] [stderr]    Compiling linux-raw-sys v0.4.14
[INFO] [stderr]    Compiling linked-hash-map v0.5.6
[INFO] [stderr]    Compiling clap_lex v0.7.1
[INFO] [stderr]    Compiling askama_escape v0.10.3
[INFO] [stderr]    Compiling overload v0.1.1
[INFO] [stderr]    Compiling rustc-hex v2.1.0
[INFO] [stderr]    Compiling static_assertions v1.1.0
[INFO] [stderr]    Compiling zeroize v1.8.1
[INFO] [stderr]    Compiling base64 v0.22.1
[INFO] [stderr]    Compiling anyhow v1.0.86
[INFO] [stderr]    Compiling byteorder v1.5.0
[INFO] [stderr]    Compiling matchit v0.7.3
[INFO] [stderr]    Compiling iana-time-zone v0.1.60
[INFO] [stderr]    Compiling subtle v2.6.1
[INFO] [stderr]    Compiling base64 v0.13.1
[INFO] [stderr]    Compiling askama v0.12.1
[INFO] [stderr]    Compiling fixed-hash v0.8.0
[INFO] [stderr]    Compiling chrono v0.4.38
[INFO] [stderr]    Compiling ron v0.7.1
[INFO] [stderr]    Compiling rustls-pemfile v2.1.2
[INFO] [stderr]    Compiling hyper-util v0.1.5
[INFO] [stderr]    Compiling clap_builder v4.5.8
[INFO] [stderr]    Compiling nu-ansi-term v0.46.0
[INFO] [stderr]    Compiling yaml-rust v0.4.5
[INFO] [stderr]    Compiling clap_derive v4.5.8
[INFO] [stderr]    Compiling hyper-tls v0.6.0
[INFO] [stderr]    Compiling rust-embed-impl v8.4.0
[INFO] [stderr]    Compiling futures v0.3.30
[INFO] [stderr]    Compiling cached_proc_macro v0.21.0
[INFO] [stderr]    Compiling json5 v0.4.1
[INFO] [stderr]    Compiling regex v1.10.5
[INFO] [stderr]    Compiling matchers v0.1.0
[INFO] [stderr]    Compiling toml v0.5.11
[INFO] [stderr]    Compiling rust-ini v0.18.0
[INFO] [stderr]    Compiling sharded-slab v0.1.7
[INFO] [stderr]    Compiling sealed v0.5.0
[INFO] [stderr]    Compiling base58-monero v2.0.0
[INFO] [stderr]    Compiling tracing-log v0.2.0
[INFO] [stderr]    Compiling thread_local v1.1.8
[INFO] [stderr]    Compiling encoding_rs v0.8.34
[INFO] [stderr]    Compiling instant v0.1.13
[INFO] [stderr]    Compiling hex-literal v0.4.1
[INFO] [stderr]    Compiling pathdiff v0.2.1
[INFO] [stderr]    Compiling fastrand v2.1.0
[INFO] [stderr]    Compiling hex v0.4.3
[INFO] [stderr]    Compiling ipnet v2.9.0
[INFO] [stderr]    Compiling cached_proc_macro_types v0.1.1
[INFO] [stderr]    Compiling monero v0.21.0
[INFO] [stderr]    Compiling cached v0.51.4
[INFO] [stderr]    Compiling tempfile v3.10.1
[INFO] [stderr]    Compiling config v0.13.4
[INFO] [stderr]    Compiling tracing-subscriber v0.3.18
[INFO] [stderr]    Compiling reqwest v0.12.5
[INFO] [stderr]    Compiling rust-embed v8.4.0
[INFO] [stderr]    Compiling clap v4.5.8
[INFO] [stderr]    Compiling tokio_schedule v0.3.2
[INFO] [stderr]    Compiling askama_axum v0.4.0
[INFO] [stderr]    Compiling axum-macros v0.4.1
[INFO] [stderr]    Compiling float-pretty-print v0.1.1
[INFO] [stderr]    Compiling git2 v0.18.3
[INFO] [stderr]    Compiling git-turbine v0.0.4 (/opt/rustwide/workdir)
[INFO] [stdout] warning: unused import: `float_pretty_print::PrettyPrintFloat`
[INFO] [stdout]   --> src/api/mod.rs:11:5
[INFO] [stdout]    |
[INFO] [stdout] 11 | use float_pretty_print::PrettyPrintFloat;
[INFO] [stdout]    |     ^^^^^^^^^^^^^^^^^^^^^^^^^^^^^^^^^^^^
[INFO] [stdout]    |
[INFO] [stdout]    = note: `#[warn(unused_imports)]` on by default
[INFO] [stdout] 
[INFO] [stdout] 
[INFO] [stdout] warning: unused import: `tracing::debug`
[INFO] [stdout]   --> src/api/mod.rs:13:5
[INFO] [stdout]    |
[INFO] [stdout] 13 | use tracing::debug;
[INFO] [stdout]    |     ^^^^^^^^^^^^^^
[INFO] [stdout] 
[INFO] [stdout] 
[INFO] [stdout] warning: unused variable: `key_id`
[INFO] [stdout]    --> src/repo.rs:197:27
[INFO] [stdout]     |
[INFO] [stdout] 197 |                 if let Ok(key_id) = self.verify_signature(&commit) {
[INFO] [stdout]     |                           ^^^^^^ help: if this is intentional, prefix it with an underscore: `_key_id`
[INFO] [stdout]     |
[INFO] [stdout]     = note: `#[warn(unused_variables)]` on by default
[INFO] [stdout] 
[INFO] [stdout] 
[INFO] [stdout] warning: unused variable: `message`
[INFO] [stdout]    --> src/repo.rs:198:33
[INFO] [stdout]     |
[INFO] [stdout] 198 |                     if let Some(message) = commit.message() {
[INFO] [stdout]     |                                 ^^^^^^^ help: if this is intentional, prefix it with an underscore: `_message`
[INFO] [stdout] 
[INFO] [stdout] 
[INFO] [stdout] warning: associated function `load` is never used
[INFO] [stdout]   --> src/config.rs:17:12
[INFO] [stdout]    |
[INFO] [stdout] 16 | impl AppConfig {
[INFO] [stdout]    | -------------- associated function in this implementation
[INFO] [stdout] 17 |     pub fn load() -> Result<Self> {
[INFO] [stdout]    |            ^^^^
[INFO] [stdout]    |
[INFO] [stdout]    = note: `#[warn(dead_code)]` on by default
[INFO] [stdout] 
[INFO] [stdout] 
[INFO] [stdout] warning: variant `BTC` is never constructed
[INFO] [stdout]   --> src/currency/mod.rs:11:5
[INFO] [stdout]    |
[INFO] [stdout] 10 | pub enum Address {
[INFO] [stdout]    |          ------- variant in this enum
[INFO] [stdout] 11 |     BTC(String),
[INFO] [stdout]    |     ^^^
[INFO] [stdout]    |
[INFO] [stdout]    = note: `Address` has derived impls for the traits `Debug` and `Clone`, but these are intentionally ignored during dead code analysis
[INFO] [stdout] 
[INFO] [stdout] 
[INFO] [stdout] warning: associated function `try_parse` is never used
[INFO] [stdout]   --> src/currency/mod.rs:17:12
[INFO] [stdout]    |
[INFO] [stdout] 16 | impl Address {
[INFO] [stdout]    | ------------ associated function in this implementation
[INFO] [stdout] 17 |     pub fn try_parse(currency: &str, address: &str) -> Option<Self> {
[INFO] [stdout]    |            ^^^^^^^^^
[INFO] [stdout] 
[INFO] [stdout] 
[INFO] [stdout] warning: fields `last_payout` and `name` are never read
[INFO] [stdout]   --> src/repo.rs:18:9
[INFO] [stdout]    |
[INFO] [stdout] 11 | pub struct Contributor {
[INFO] [stdout]    |            ----------- fields in this struct
[INFO] [stdout] ...
[INFO] [stdout] 18 |     pub last_payout: Option<DateTime<Utc>>,
[INFO] [stdout]    |         ^^^^^^^^^^^
[INFO] [stdout] ...
[INFO] [stdout] 21 |     pub name: String,
[INFO] [stdout]    |         ^^^^
[INFO] [stdout]    |
[INFO] [stdout]    = note: `Contributor` has a derived impl for the trait `Debug`, but this is intentionally ignored during dead code analysis
[INFO] [stdout] 
[INFO] [stdout] 
[INFO] [stdout] warning: fields `timestamp` and `contributor_name` are never read
[INFO] [stdout]   --> src/repo.rs:35:9
[INFO] [stdout]    |
[INFO] [stdout] 33 | pub struct Transaction {
[INFO] [stdout]    |            ----------- fields in this struct
[INFO] [stdout] 34 |     pub amount: String,
[INFO] [stdout] 35 |     pub timestamp: u64,
[INFO] [stdout]    |         ^^^^^^^^^
[INFO] [stdout] 36 |     pub contributor_name: String,
[INFO] [stdout]    |         ^^^^^^^^^^^^^^^^
[INFO] [stdout]    |
[INFO] [stdout]    = note: `Transaction` has derived impls for the traits `Clone` and `Debug`, but these are intentionally ignored during dead code analysis
[INFO] [stdout] 
[INFO] [stdout] 
[INFO] [stderr]     Finished `dev` profile [unoptimized + debuginfo] target(s) in 1m 42s
[INFO] running `Command { std: "docker" "inspect" "a7a69c40f9562a0ff0293293d8069d9c7be1a8d207b11c6e044fc919905949d6", kill_on_drop: false }`
[INFO] running `Command { std: "docker" "rm" "-f" "a7a69c40f9562a0ff0293293d8069d9c7be1a8d207b11c6e044fc919905949d6", kill_on_drop: false }`
[INFO] [stdout] a7a69c40f9562a0ff0293293d8069d9c7be1a8d207b11c6e044fc919905949d6
[INFO] running `Command { std: "docker" "create" "-v" "/var/lib/crater-agent-workspace/builds/worker-6-tc2/target:/opt/rustwide/target:rw,Z" "-v" "/var/lib/crater-agent-workspace/builds/worker-6-tc2/source:/opt/rustwide/workdir:ro,Z" "-v" "/var/lib/crater-agent-workspace/cargo-home:/opt/rustwide/cargo-home:ro,Z" "-v" "/var/lib/crater-agent-workspace/rustup-home:/opt/rustwide/rustup-home:ro,Z" "-e" "SOURCE_DIR=/opt/rustwide/workdir" "-e" "CARGO_TARGET_DIR=/opt/rustwide/target" "-e" "CARGO_INCREMENTAL=0" "-e" "RUST_BACKTRACE=full" "-e" "RUSTFLAGS=--cap-lints=forbid -Zrandomize-layout" "-e" "RUSTDOCFLAGS=--cap-lints=forbid" "-e" "CARGO_HOME=/opt/rustwide/cargo-home" "-e" "RUSTUP_HOME=/opt/rustwide/rustup-home" "-w" "/opt/rustwide/workdir" "-m" "1610612736" "--user" "0:0" "--network" "none" "ghcr.io/rust-lang/crates-build-env/linux@sha256:4a844ea9eb2546a2d2c7022eacef16ef2e8229c7fbb2c7d4d55a9ceca922f72d" "/opt/rustwide/cargo-home/bin/cargo" "+nightly-2024-10-28" "test" "--frozen" "--no-run" "--message-format=json", kill_on_drop: false }`
[INFO] [stdout] 247246d0449a3dd668d1ed8e535d600cf3f94262494d98d1ed76a4b2c9a9f46e
[INFO] running `Command { std: "docker" "start" "-a" "247246d0449a3dd668d1ed8e535d600cf3f94262494d98d1ed76a4b2c9a9f46e", kill_on_drop: false }`
[INFO] [stderr]    Compiling git-turbine v0.0.4 (/opt/rustwide/workdir)
[INFO] [stdout] warning: unused import: `float_pretty_print::PrettyPrintFloat`
[INFO] [stdout]   --> src/api/mod.rs:11:5
[INFO] [stdout]    |
[INFO] [stdout] 11 | use float_pretty_print::PrettyPrintFloat;
[INFO] [stdout]    |     ^^^^^^^^^^^^^^^^^^^^^^^^^^^^^^^^^^^^
[INFO] [stdout]    |
[INFO] [stdout]    = note: `#[warn(unused_imports)]` on by default
[INFO] [stdout] 
[INFO] [stdout] 
[INFO] [stdout] warning: unused import: `tracing::debug`
[INFO] [stdout]   --> src/api/mod.rs:13:5
[INFO] [stdout]    |
[INFO] [stdout] 13 | use tracing::debug;
[INFO] [stdout]    |     ^^^^^^^^^^^^^^
[INFO] [stdout] 
[INFO] [stdout] 
[INFO] [stdout] warning: unused variable: `key_id`
[INFO] [stdout]    --> src/repo.rs:197:27
[INFO] [stdout]     |
[INFO] [stdout] 197 |                 if let Ok(key_id) = self.verify_signature(&commit) {
[INFO] [stdout]     |                           ^^^^^^ help: if this is intentional, prefix it with an underscore: `_key_id`
[INFO] [stdout]     |
[INFO] [stdout]     = note: `#[warn(unused_variables)]` on by default
[INFO] [stdout] 
[INFO] [stdout] 
[INFO] [stdout] warning: unused variable: `message`
[INFO] [stdout]    --> src/repo.rs:198:33
[INFO] [stdout]     |
[INFO] [stdout] 198 |                     if let Some(message) = commit.message() {
[INFO] [stdout]     |                                 ^^^^^^^ help: if this is intentional, prefix it with an underscore: `_message`
[INFO] [stdout] 
[INFO] [stdout] 
[INFO] [stdout] warning: associated function `load` is never used
[INFO] [stdout]   --> src/config.rs:17:12
[INFO] [stdout]    |
[INFO] [stdout] 16 | impl AppConfig {
[INFO] [stdout]    | -------------- associated function in this implementation
[INFO] [stdout] 17 |     pub fn load() -> Result<Self> {
[INFO] [stdout]    |            ^^^^
[INFO] [stdout]    |
[INFO] [stdout]    = note: `#[warn(dead_code)]` on by default
[INFO] [stdout] 
[INFO] [stdout] 
[INFO] [stdout] warning: variant `BTC` is never constructed
[INFO] [stdout]   --> src/currency/mod.rs:11:5
[INFO] [stdout]    |
[INFO] [stdout] 10 | pub enum Address {
[INFO] [stdout]    |          ------- variant in this enum
[INFO] [stdout] 11 |     BTC(String),
[INFO] [stdout]    |     ^^^
[INFO] [stdout]    |
[INFO] [stdout]    = note: `Address` has derived impls for the traits `Debug` and `Clone`, but these are intentionally ignored during dead code analysis
[INFO] [stdout] 
[INFO] [stdout] 
[INFO] [stdout] warning: associated function `try_parse` is never used
[INFO] [stdout]   --> src/currency/mod.rs:17:12
[INFO] [stdout]    |
[INFO] [stdout] 16 | impl Address {
[INFO] [stdout]    | ------------ associated function in this implementation
[INFO] [stdout] 17 |     pub fn try_parse(currency: &str, address: &str) -> Option<Self> {
[INFO] [stdout]    |            ^^^^^^^^^
[INFO] [stdout] 
[INFO] [stdout] 
[INFO] [stdout] warning: fields `last_payout` and `name` are never read
[INFO] [stdout]   --> src/repo.rs:18:9
[INFO] [stdout]    |
[INFO] [stdout] 11 | pub struct Contributor {
[INFO] [stdout]    |            ----------- fields in this struct
[INFO] [stdout] ...
[INFO] [stdout] 18 |     pub last_payout: Option<DateTime<Utc>>,
[INFO] [stdout]    |         ^^^^^^^^^^^
[INFO] [stdout] ...
[INFO] [stdout] 21 |     pub name: String,
[INFO] [stdout]    |         ^^^^
[INFO] [stdout]    |
[INFO] [stdout]    = note: `Contributor` has a derived impl for the trait `Debug`, but this is intentionally ignored during dead code analysis
[INFO] [stdout] 
[INFO] [stdout] 
[INFO] [stdout] warning: fields `timestamp` and `contributor_name` are never read
[INFO] [stdout]   --> src/repo.rs:35:9
[INFO] [stdout]    |
[INFO] [stdout] 33 | pub struct Transaction {
[INFO] [stdout]    |            ----------- fields in this struct
[INFO] [stdout] 34 |     pub amount: String,
[INFO] [stdout] 35 |     pub timestamp: u64,
[INFO] [stdout]    |         ^^^^^^^^^
[INFO] [stdout] 36 |     pub contributor_name: String,
[INFO] [stdout]    |         ^^^^^^^^^^^^^^^^
[INFO] [stdout]    |
[INFO] [stdout]    = note: `Transaction` has derived impls for the traits `Clone` and `Debug`, but these are intentionally ignored during dead code analysis
[INFO] [stdout] 
[INFO] [stdout] 
[INFO] [stderr]     Finished `test` profile [unoptimized + debuginfo] target(s) in 1.86s
[INFO] running `Command { std: "docker" "inspect" "247246d0449a3dd668d1ed8e535d600cf3f94262494d98d1ed76a4b2c9a9f46e", kill_on_drop: false }`
[INFO] running `Command { std: "docker" "rm" "-f" "247246d0449a3dd668d1ed8e535d600cf3f94262494d98d1ed76a4b2c9a9f46e", kill_on_drop: false }`
[INFO] [stdout] 247246d0449a3dd668d1ed8e535d600cf3f94262494d98d1ed76a4b2c9a9f46e
[INFO] running `Command { std: "docker" "create" "-v" "/var/lib/crater-agent-workspace/builds/worker-6-tc2/target:/opt/rustwide/target:rw,Z" "-v" "/var/lib/crater-agent-workspace/builds/worker-6-tc2/source:/opt/rustwide/workdir:ro,Z" "-v" "/var/lib/crater-agent-workspace/cargo-home:/opt/rustwide/cargo-home:ro,Z" "-v" "/var/lib/crater-agent-workspace/rustup-home:/opt/rustwide/rustup-home:ro,Z" "-e" "SOURCE_DIR=/opt/rustwide/workdir" "-e" "CARGO_TARGET_DIR=/opt/rustwide/target" "-e" "CARGO_INCREMENTAL=0" "-e" "RUST_BACKTRACE=full" "-e" "RUSTFLAGS=--cap-lints=forbid -Zrandomize-layout" "-e" "RUSTDOCFLAGS=--cap-lints=forbid" "-e" "CARGO_HOME=/opt/rustwide/cargo-home" "-e" "RUSTUP_HOME=/opt/rustwide/rustup-home" "-w" "/opt/rustwide/workdir" "-m" "1610612736" "--user" "0:0" "--network" "none" "ghcr.io/rust-lang/crates-build-env/linux@sha256:4a844ea9eb2546a2d2c7022eacef16ef2e8229c7fbb2c7d4d55a9ceca922f72d" "/opt/rustwide/cargo-home/bin/cargo" "+nightly-2024-10-28" "test" "--frozen", kill_on_drop: false }`
[INFO] [stdout] 43cd06e66e938ad550027a6f56dbcdb4ead11519df99b4c3f5b4e1969ea5d7fc
[INFO] running `Command { std: "docker" "start" "-a" "43cd06e66e938ad550027a6f56dbcdb4ead11519df99b4c3f5b4e1969ea5d7fc", kill_on_drop: false }`
[INFO] [stderr] warning: unused import: `float_pretty_print::PrettyPrintFloat`
[INFO] [stderr]   --> src/api/mod.rs:11:5
[INFO] [stderr]    |
[INFO] [stderr] 11 | use float_pretty_print::PrettyPrintFloat;
[INFO] [stderr]    |     ^^^^^^^^^^^^^^^^^^^^^^^^^^^^^^^^^^^^
[INFO] [stderr]    |
[INFO] [stderr]    = note: `#[warn(unused_imports)]` on by default
[INFO] [stderr] 
[INFO] [stderr] warning: unused import: `tracing::debug`
[INFO] [stderr]   --> src/api/mod.rs:13:5
[INFO] [stderr]    |
[INFO] [stderr] 13 | use tracing::debug;
[INFO] [stderr]    |     ^^^^^^^^^^^^^^
[INFO] [stderr] 
[INFO] [stderr] warning: unused variable: `key_id`
[INFO] [stderr]    --> src/repo.rs:197:27
[INFO] [stderr]     |
[INFO] [stderr] 197 |                 if let Ok(key_id) = self.verify_signature(&commit) {
[INFO] [stderr]     |                           ^^^^^^ help: if this is intentional, prefix it with an underscore: `_key_id`
[INFO] [stderr]     |
[INFO] [stderr]     = note: `#[warn(unused_variables)]` on by default
[INFO] [stderr] 
[INFO] [stderr] warning: unused variable: `message`
[INFO] [stderr]    --> src/repo.rs:198:33
[INFO] [stderr]     |
[INFO] [stderr] 198 |                     if let Some(message) = commit.message() {
[INFO] [stderr]     |                                 ^^^^^^^ help: if this is intentional, prefix it with an underscore: `_message`
[INFO] [stderr] 
[INFO] [stderr] warning: associated function `load` is never used
[INFO] [stderr]   --> src/config.rs:17:12
[INFO] [stderr]    |
[INFO] [stderr] 16 | impl AppConfig {
[INFO] [stderr]    | -------------- associated function in this implementation
[INFO] [stderr] 17 |     pub fn load() -> Result<Self> {
[INFO] [stderr]    |            ^^^^
[INFO] [stderr]    |
[INFO] [stderr]    = note: `#[warn(dead_code)]` on by default
[INFO] [stderr] 
[INFO] [stderr] warning: variant `BTC` is never constructed
[INFO] [stderr]   --> src/currency/mod.rs:11:5
[INFO] [stderr]    |
[INFO] [stderr] 10 | pub enum Address {
[INFO] [stderr]    |          ------- variant in this enum
[INFO] [stderr] 11 |     BTC(String),
[INFO] [stderr]    |     ^^^
[INFO] [stderr]    |
[INFO] [stderr]    = note: `Address` has derived impls for the traits `Debug` and `Clone`, but these are intentionally ignored during dead code analysis
[INFO] [stderr] 
[INFO] [stderr] warning: associated function `try_parse` is never used
[INFO] [stderr]   --> src/currency/mod.rs:17:12
[INFO] [stderr]    |
[INFO] [stderr] 16 | impl Address {
[INFO] [stderr]    | ------------ associated function in this implementation
[INFO] [stderr] 17 |     pub fn try_parse(currency: &str, address: &str) -> Option<Self> {
[INFO] [stderr]    |            ^^^^^^^^^
[INFO] [stderr] 
[INFO] [stderr] warning: fields `last_payout` and `name` are never read
[INFO] [stderr]   --> src/repo.rs:18:9
[INFO] [stderr]    |
[INFO] [stderr] 11 | pub struct Contributor {
[INFO] [stderr]    |            ----------- fields in this struct
[INFO] [stderr] ...
[INFO] [stderr] 18 |     pub last_payout: Option<DateTime<Utc>>,
[INFO] [stderr]    |         ^^^^^^^^^^^
[INFO] [stderr] ...
[INFO] [stderr] 21 |     pub name: String,
[INFO] [stderr]    |         ^^^^
[INFO] [stderr]    |
[INFO] [stderr]    = note: `Contributor` has a derived impl for the trait `Debug`, but this is intentionally ignored during dead code analysis
[INFO] [stderr] 
[INFO] [stderr] warning: fields `timestamp` and `contributor_name` are never read
[INFO] [stderr]   --> src/repo.rs:35:9
[INFO] [stderr]    |
[INFO] [stderr] 33 | pub struct Transaction {
[INFO] [stderr]    |            ----------- fields in this struct
[INFO] [stderr] 34 |     pub amount: String,
[INFO] [stderr] 35 |     pub timestamp: u64,
[INFO] [stderr]    |         ^^^^^^^^^
[INFO] [stderr] 36 |     pub contributor_name: String,
[INFO] [stderr]    |         ^^^^^^^^^^^^^^^^
[INFO] [stderr]    |
[INFO] [stderr]    = note: `Transaction` has derived impls for the traits `Clone` and `Debug`, but these are intentionally ignored during dead code analysis
[INFO] [stderr] 
[INFO] [stderr] warning: `git-turbine` (bin "turbine" test) generated 9 warnings (run `cargo fix --bin "turbine" --tests` to apply 2 suggestions)
[INFO] [stderr]     Finished `test` profile [unoptimized + debuginfo] target(s) in 0.24s
[INFO] [stderr]      Running unittests src/main.rs (/opt/rustwide/target/debug/deps/turbine-f91b278ed68b2d4f)
[INFO] [stdout] 
[INFO] [stdout] running 1 test
[INFO] [stdout] test badge::test::test_generate ... FAILED
[INFO] [stdout] 
[INFO] [stdout] failures:
[INFO] [stdout] 
[INFO] [stdout] ---- badge::test::test_generate stdout ----
[INFO] [stdout] thread 'badge::test::test_generate' panicked at src/badge.rs:55:58:
[INFO] [stdout] called `Result::unwrap()` on an `Err` value: error sending request for url (https://img.shields.io/badge/test-value-green)
[INFO] [stdout] 
[INFO] [stdout] Caused by:
[INFO] [stdout]     0: client error (Connect)
[INFO] [stdout]     1: dns error: failed to lookup address information: Temporary failure in name resolution
[INFO] [stdout]     2: failed to lookup address information: Temporary failure in name resolution
[INFO] [stdout] 
[INFO] [stdout] Stack backtrace:
[INFO] [stdout]    0: anyhow::error::<impl core::convert::From<E> for anyhow::Error>::from
[INFO] [stdout]              at /opt/rustwide/cargo-home/registry/src/index.crates.io-6f17d22bba15001f/anyhow-1.0.86/src/backtrace.rs:27:14
[INFO] [stdout]    1: <core::result::Result<T,F> as core::ops::try_trait::FromResidual<core::result::Result<core::convert::Infallible,E>>>::from_residual
[INFO] [stdout]              at /rustc/df4ca44d3fbc9301ee17f30f4d474e6ae4b05252/library/core/src/result.rs:2008:27
[INFO] [stdout]    2: turbine::badge::generate::{{closure}}::inner::{{closure}}
[INFO] [stdout]              at ./src/badge.rs:42:8
[INFO] [stdout]    3: turbine::badge::generate::{{closure}}
[INFO] [stdout]              at ./src/badge.rs:40:1
[INFO] [stdout]    4: turbine::badge::test::test_generate::{{closure}}
[INFO] [stdout]              at ./src/badge.rs:55:52
[INFO] [stdout]    5: <core::pin::Pin<P> as core::future::future::Future>::poll
[INFO] [stdout]              at /rustc/df4ca44d3fbc9301ee17f30f4d474e6ae4b05252/library/core/src/future/future.rs:123:9
[INFO] [stdout]    6: <core::pin::Pin<P> as core::future::future::Future>::poll
[INFO] [stdout]              at /rustc/df4ca44d3fbc9301ee17f30f4d474e6ae4b05252/library/core/src/future/future.rs:123:9
[INFO] [stdout]    7: tokio::runtime::scheduler::current_thread::CoreGuard::block_on::{{closure}}::{{closure}}::{{closure}}
[INFO] [stdout]              at /opt/rustwide/cargo-home/registry/src/index.crates.io-6f17d22bba15001f/tokio-1.38.0/src/runtime/scheduler/current_thread/mod.rs:659:57
[INFO] [stdout]    8: tokio::runtime::coop::with_budget
[INFO] [stdout]              at /opt/rustwide/cargo-home/registry/src/index.crates.io-6f17d22bba15001f/tokio-1.38.0/src/runtime/coop.rs:107:5
[INFO] [stdout]    9: tokio::runtime::coop::budget
[INFO] [stdout]              at /opt/rustwide/cargo-home/registry/src/index.crates.io-6f17d22bba15001f/tokio-1.38.0/src/runtime/coop.rs:73:5
[INFO] [stdout]   10: tokio::runtime::scheduler::current_thread::CoreGuard::block_on::{{closure}}::{{closure}}
[INFO] [stdout]              at /opt/rustwide/cargo-home/registry/src/index.crates.io-6f17d22bba15001f/tokio-1.38.0/src/runtime/scheduler/current_thread/mod.rs:659:25
[INFO] [stdout]   11: tokio::runtime::scheduler::current_thread::Context::enter
[INFO] [stdout]              at /opt/rustwide/cargo-home/registry/src/index.crates.io-6f17d22bba15001f/tokio-1.38.0/src/runtime/scheduler/current_thread/mod.rs:404:19
[INFO] [stdout]   12: tokio::runtime::scheduler::current_thread::CoreGuard::block_on::{{closure}}
[INFO] [stdout]              at /opt/rustwide/cargo-home/registry/src/index.crates.io-6f17d22bba15001f/tokio-1.38.0/src/runtime/scheduler/current_thread/mod.rs:658:36
[INFO] [stdout]   13: tokio::runtime::scheduler::current_thread::CoreGuard::enter::{{closure}}
[INFO] [stdout]              at /opt/rustwide/cargo-home/registry/src/index.crates.io-6f17d22bba15001f/tokio-1.38.0/src/runtime/scheduler/current_thread/mod.rs:737:68
[INFO] [stdout]   14: tokio::runtime::context::scoped::Scoped<T>::set
[INFO] [stdout]              at /opt/rustwide/cargo-home/registry/src/index.crates.io-6f17d22bba15001f/tokio-1.38.0/src/runtime/context/scoped.rs:40:9
[INFO] [stdout]   15: tokio::runtime::context::set_scheduler::{{closure}}
[INFO] [stdout]              at /opt/rustwide/cargo-home/registry/src/index.crates.io-6f17d22bba15001f/tokio-1.38.0/src/runtime/context.rs:180:26
[INFO] [stdout]   16: std::thread::local::LocalKey<T>::try_with
[INFO] [stdout]              at /rustc/df4ca44d3fbc9301ee17f30f4d474e6ae4b05252/library/std/src/thread/local.rs:283:12
[INFO] [stdout]   17: std::thread::local::LocalKey<T>::with
[INFO] [stdout]              at /rustc/df4ca44d3fbc9301ee17f30f4d474e6ae4b05252/library/std/src/thread/local.rs:260:9
[INFO] [stdout]   18: tokio::runtime::context::set_scheduler
[INFO] [stdout]              at /opt/rustwide/cargo-home/registry/src/index.crates.io-6f17d22bba15001f/tokio-1.38.0/src/runtime/context.rs:180:9
[INFO] [stdout]   19: tokio::runtime::scheduler::current_thread::CoreGuard::enter
[INFO] [stdout]              at /opt/rustwide/cargo-home/registry/src/index.crates.io-6f17d22bba15001f/tokio-1.38.0/src/runtime/scheduler/current_thread/mod.rs:737:27
[INFO] [stdout]   20: tokio::runtime::scheduler::current_thread::CoreGuard::block_on
[INFO] [stdout]              at /opt/rustwide/cargo-home/registry/src/index.crates.io-6f17d22bba15001f/tokio-1.38.0/src/runtime/scheduler/current_thread/mod.rs:646:19
[INFO] [stdout]   21: tokio::runtime::scheduler::current_thread::CurrentThread::block_on::{{closure}}
[INFO] [stdout]              at /opt/rustwide/cargo-home/registry/src/index.crates.io-6f17d22bba15001f/tokio-1.38.0/src/runtime/scheduler/current_thread/mod.rs:175:28
[INFO] [stdout]   22: tokio::runtime::context::runtime::enter_runtime
[INFO] [stdout]              at /opt/rustwide/cargo-home/registry/src/index.crates.io-6f17d22bba15001f/tokio-1.38.0/src/runtime/context/runtime.rs:65:16
[INFO] [stdout]   23: tokio::runtime::scheduler::current_thread::CurrentThread::block_on
[INFO] [stdout]              at /opt/rustwide/cargo-home/registry/src/index.crates.io-6f17d22bba15001f/tokio-1.38.0/src/runtime/scheduler/current_thread/mod.rs:167:9
[INFO] [stdout]   24: tokio::runtime::runtime::Runtime::block_on
[INFO] [stdout]              at /opt/rustwide/cargo-home/registry/src/index.crates.io-6f17d22bba15001f/tokio-1.38.0/src/runtime/runtime.rs:347:47
[INFO] [stdout]   25: turbine::badge::test::test_generate
[INFO] [stdout]              at ./src/badge.rs:56:9
[INFO] [stdout]   26: turbine::badge::test::test_generate::{{closure}}
[INFO] [stdout]              at ./src/badge.rs:54:29
[INFO] [stdout]   27: core::ops::function::FnOnce::call_once
[INFO] [stdout]              at /rustc/df4ca44d3fbc9301ee17f30f4d474e6ae4b05252/library/core/src/ops/function.rs:250:5
[INFO] [stdout]   28: core::ops::function::FnOnce::call_once
[INFO] [stdout]              at /rustc/df4ca44d3fbc9301ee17f30f4d474e6ae4b05252/library/core/src/ops/function.rs:250:5
[INFO] [stdout]   29: test::__rust_begin_short_backtrace
[INFO] [stdout]              at /rustc/df4ca44d3fbc9301ee17f30f4d474e6ae4b05252/library/test/src/lib.rs:621:18
[INFO] [stdout]   30: test::run_test_in_process::{{closure}}
[INFO] [stdout]              at /rustc/df4ca44d3fbc9301ee17f30f4d474e6ae4b05252/library/test/src/lib.rs:644:60
[INFO] [stdout]   31: <core::panic::unwind_safe::AssertUnwindSafe<F> as core::ops::function::FnOnce<()>>::call_once
[INFO] [stdout]              at /rustc/df4ca44d3fbc9301ee17f30f4d474e6ae4b05252/library/core/src/panic/unwind_safe.rs:272:9
[INFO] [stdout]   32: std::panicking::try::do_call
[INFO] [stdout]              at /rustc/df4ca44d3fbc9301ee17f30f4d474e6ae4b05252/library/std/src/panicking.rs:557:40
[INFO] [stdout]   33: std::panicking::try
[INFO] [stdout]              at /rustc/df4ca44d3fbc9301ee17f30f4d474e6ae4b05252/library/std/src/panicking.rs:520:19
[INFO] [stdout]   34: std::panic::catch_unwind
[INFO] [stdout]              at /rustc/df4ca44d3fbc9301ee17f30f4d474e6ae4b05252/library/std/src/panic.rs:358:14
[INFO] [stdout]   35: test::run_test_in_process
[INFO] [stdout]              at /rustc/df4ca44d3fbc9301ee17f30f4d474e6ae4b05252/library/test/src/lib.rs:644:27
[INFO] [stdout]   36: test::run_test::{{closure}}
[INFO] [stdout]              at /rustc/df4ca44d3fbc9301ee17f30f4d474e6ae4b05252/library/test/src/lib.rs:565:43
[INFO] [stdout]   37: test::run_test::{{closure}}
[INFO] [stdout]              at /rustc/df4ca44d3fbc9301ee17f30f4d474e6ae4b05252/library/test/src/lib.rs:595:41
[INFO] [stdout]   38: std::sys::backtrace::__rust_begin_short_backtrace
[INFO] [stdout]              at /rustc/df4ca44d3fbc9301ee17f30f4d474e6ae4b05252/library/std/src/sys/backtrace.rs:154:18
[INFO] [stdout]   39: std::thread::Builder::spawn_unchecked_::{{closure}}::{{closure}}
[INFO] [stdout]              at /rustc/df4ca44d3fbc9301ee17f30f4d474e6ae4b05252/library/std/src/thread/mod.rs:541:17
[INFO] [stdout]   40: <core::panic::unwind_safe::AssertUnwindSafe<F> as core::ops::function::FnOnce<()>>::call_once
[INFO] [stdout]              at /rustc/df4ca44d3fbc9301ee17f30f4d474e6ae4b05252/library/core/src/panic/unwind_safe.rs:272:9
[INFO] [stdout]   41: std::panicking::try::do_call
[INFO] [stdout]              at /rustc/df4ca44d3fbc9301ee17f30f4d474e6ae4b05252/library/std/src/panicking.rs:557:40
[INFO] [stdout]   42: std::panicking::try
[INFO] [stdout]              at /rustc/df4ca44d3fbc9301ee17f30f4d474e6ae4b05252/library/std/src/panicking.rs:520:19
[INFO] [stdout]   43: std::panic::catch_unwind
[INFO] [stdout]              at /rustc/df4ca44d3fbc9301ee17f30f4d474e6ae4b05252/library/std/src/panic.rs:358:14
[INFO] [stdout]   44: std::thread::Builder::spawn_unchecked_::{{closure}}
[INFO] [stdout]              at /rustc/df4ca44d3fbc9301ee17f30f4d474e6ae4b05252/library/std/src/thread/mod.rs:540:30
[INFO] [stdout]   45: core::ops::function::FnOnce::call_once{{vtable.shim}}
[INFO] [stdout]              at /rustc/df4ca44d3fbc9301ee17f30f4d474e6ae4b05252/library/core/src/ops/function.rs:250:5
[INFO] [stdout]   46: <alloc::boxed::Box<F,A> as core::ops::function::FnOnce<Args>>::call_once
[INFO] [stdout]              at /rustc/df4ca44d3fbc9301ee17f30f4d474e6ae4b05252/library/alloc/src/boxed.rs:2454:9
[INFO] [stdout]   47: <alloc::boxed::Box<F,A> as core::ops::function::FnOnce<Args>>::call_once
[INFO] [stdout]              at /rustc/df4ca44d3fbc9301ee17f30f4d474e6ae4b05252/library/alloc/src/boxed.rs:2454:9
[INFO] [stdout]   48: std::sys::pal::unix::thread::Thread::new::thread_start
[INFO] [stdout]              at /rustc/df4ca44d3fbc9301ee17f30f4d474e6ae4b05252/library/std/src/sys/pal/unix/thread.rs:105:17
[INFO] [stdout]   49: <unknown>
[INFO] [stdout]   50: clone
[INFO] [stdout] stack backtrace:
[INFO] [stdout]    0:     0x63ab3091720a - std::backtrace_rs::backtrace::libunwind::trace::h207520d6e9873551
[INFO] [stdout]                                at /rustc/df4ca44d3fbc9301ee17f30f4d474e6ae4b05252/library/std/src/../../backtrace/src/backtrace/libunwind.rs:116:5
[INFO] [stdout]    1:     0x63ab3091720a - std::backtrace_rs::backtrace::trace_unsynchronized::h2ed7433f370e3eca
[INFO] [stdout]                                at /rustc/df4ca44d3fbc9301ee17f30f4d474e6ae4b05252/library/std/src/../../backtrace/src/backtrace/mod.rs:66:5
[INFO] [stdout]    2:     0x63ab3091720a - std::sys::backtrace::_print_fmt::h916fac51166b18d7
[INFO] [stdout]                                at /rustc/df4ca44d3fbc9301ee17f30f4d474e6ae4b05252/library/std/src/sys/backtrace.rs:66:9
[INFO] [stdout]    3:     0x63ab3091720a - <std::sys::backtrace::BacktraceLock::print::DisplayBacktrace as core::fmt::Display>::fmt::ha0a4c9b8ce3802e6
[INFO] [stdout]                                at /rustc/df4ca44d3fbc9301ee17f30f4d474e6ae4b05252/library/std/src/sys/backtrace.rs:39:26
[INFO] [stdout]    4:     0x63ab30941623 - core::fmt::rt::Argument::fmt::h4cfc8587d52b3eb5
[INFO] [stdout]                                at /rustc/df4ca44d3fbc9301ee17f30f4d474e6ae4b05252/library/core/src/fmt/rt.rs:177:76
[INFO] [stdout]    5:     0x63ab30941623 - core::fmt::write::h522cc39e5b36ae9f
[INFO] [stdout]                                at /rustc/df4ca44d3fbc9301ee17f30f4d474e6ae4b05252/library/core/src/fmt/mod.rs:1190:21
[INFO] [stdout]    6:     0x63ab30912fe3 - std::io::Write::write_fmt::h7d3c26752da97734
[INFO] [stdout]                                at /rustc/df4ca44d3fbc9301ee17f30f4d474e6ae4b05252/library/std/src/io/mod.rs:1839:15
[INFO] [stdout]    7:     0x63ab30917052 - std::sys::backtrace::BacktraceLock::print::h4b9e00b29e9c0942
[INFO] [stderr] error: test failed, to rerun pass `--bin turbine`
[INFO] [stdout]                                at /rustc/df4ca44d3fbc9301ee17f30f4d474e6ae4b05252/library/std/src/sys/backtrace.rs:42:9
[INFO] [stdout]    8:     0x63ab3091869a - std::panicking::default_hook::{{closure}}::hb59b88280d0324d9
[INFO] [stdout]                                at /rustc/df4ca44d3fbc9301ee17f30f4d474e6ae4b05252/library/std/src/panicking.rs:268:22
[INFO] [stdout]    9:     0x63ab309184a4 - std::panicking::default_hook::he1dd496665be4a29
[INFO] [stdout]                                at /rustc/df4ca44d3fbc9301ee17f30f4d474e6ae4b05252/library/std/src/panicking.rs:292:9
[INFO] [stdout]   10:     0x63ab3063ef89 - <alloc::boxed::Box<F,A> as core::ops::function::Fn<Args>>::call::h4ff71de18744e1dc
[INFO] [stdout]                                at /rustc/df4ca44d3fbc9301ee17f30f4d474e6ae4b05252/library/alloc/src/boxed.rs:2468:9
[INFO] [stdout]   11:     0x63ab3063ef89 - test::test_main::{{closure}}::hcf7c055ce117aa81
[INFO] [stdout]                                at /rustc/df4ca44d3fbc9301ee17f30f4d474e6ae4b05252/library/test/src/lib.rs:133:21
[INFO] [stdout]   12:     0x63ab30918d98 - <alloc::boxed::Box<F,A> as core::ops::function::Fn<Args>>::call::h1d66c6bbd60c9692
[INFO] [stdout]                                at /rustc/df4ca44d3fbc9301ee17f30f4d474e6ae4b05252/library/alloc/src/boxed.rs:2468:9
[INFO] [stdout]   13:     0x63ab30918d98 - std::panicking::rust_panic_with_hook::h2ff17fe8f26dfcf8
[INFO] [stdout]                                at /rustc/df4ca44d3fbc9301ee17f30f4d474e6ae4b05252/library/std/src/panicking.rs:809:13
[INFO] [stdout]   14:     0x63ab30918b5a - std::panicking::begin_panic_handler::{{closure}}::h4fad77951c07e101
[INFO] [stdout]                                at /rustc/df4ca44d3fbc9301ee17f30f4d474e6ae4b05252/library/std/src/panicking.rs:674:13
[INFO] [stdout]   15:     0x63ab309176e9 - std::sys::backtrace::__rust_end_short_backtrace::hb1a25b3da5d0ea08
[INFO] [stdout]                                at /rustc/df4ca44d3fbc9301ee17f30f4d474e6ae4b05252/library/std/src/sys/backtrace.rs:170:18
[INFO] [stdout]   16:     0x63ab309187ec - rust_begin_unwind
[INFO] [stdout]                                at /rustc/df4ca44d3fbc9301ee17f30f4d474e6ae4b05252/library/std/src/panicking.rs:665:5
[INFO] [stdout]   17:     0x63ab3093f2f0 - core::panicking::panic_fmt::ha9db07b529f9b256
[INFO] [stdout]                                at /rustc/df4ca44d3fbc9301ee17f30f4d474e6ae4b05252/library/core/src/panicking.rs:75:14
[INFO] [stdout]   18:     0x63ab3093f7d6 - core::result::unwrap_failed::h5e8218e4d4338b8a
[INFO] [stdout]                                at /rustc/df4ca44d3fbc9301ee17f30f4d474e6ae4b05252/library/core/src/result.rs:1698:5
[INFO] [stdout]   19:     0x63ab3044c1bb - core::result::Result<T,E>::unwrap::h2831ec2171e8980c
[INFO] [stdout]                                at /rustc/df4ca44d3fbc9301ee17f30f4d474e6ae4b05252/library/core/src/result.rs:1103:23
[INFO] [stdout]   20:     0x63ab3044c1bb - turbine::badge::test::test_generate::{{closure}}::hccfaf620c6a8ea11
[INFO] [stdout]                                at /opt/rustwide/workdir/src/badge.rs:55:19
[INFO] [stdout]   21:     0x63ab3044a0f2 - <core::pin::Pin<P> as core::future::future::Future>::poll::h95438489d7030daf
[INFO] [stdout]                                at /rustc/df4ca44d3fbc9301ee17f30f4d474e6ae4b05252/library/core/src/future/future.rs:123:9
[INFO] [stdout]   22:     0x63ab3044a0ad - <core::pin::Pin<P> as core::future::future::Future>::poll::h3e1004eb40efeead
[INFO] [stdout]                                at /rustc/df4ca44d3fbc9301ee17f30f4d474e6ae4b05252/library/core/src/future/future.rs:123:9
[INFO] [stdout]   23:     0x63ab30449a5f - tokio::runtime::scheduler::current_thread::CoreGuard::block_on::{{closure}}::{{closure}}::{{closure}}::h67189ff8f525e23f
[INFO] [stdout]                                at /opt/rustwide/cargo-home/registry/src/index.crates.io-6f17d22bba15001f/tokio-1.38.0/src/runtime/scheduler/current_thread/mod.rs:659:57
[INFO] [stdout]   24:     0x63ab30449995 - tokio::runtime::coop::with_budget::h05ff8deccf00717e
[INFO] [stdout]                                at /opt/rustwide/cargo-home/registry/src/index.crates.io-6f17d22bba15001f/tokio-1.38.0/src/runtime/coop.rs:107:5
[INFO] [stdout]   25:     0x63ab30449995 - tokio::runtime::coop::budget::h85917e68d1b6ad20
[INFO] [stdout]                                at /opt/rustwide/cargo-home/registry/src/index.crates.io-6f17d22bba15001f/tokio-1.38.0/src/runtime/coop.rs:73:5
[INFO] [stdout]   26:     0x63ab30449995 - tokio::runtime::scheduler::current_thread::CoreGuard::block_on::{{closure}}::{{closure}}::h6c815179349ae5fa
[INFO] [stdout]                                at /opt/rustwide/cargo-home/registry/src/index.crates.io-6f17d22bba15001f/tokio-1.38.0/src/runtime/scheduler/current_thread/mod.rs:659:25
[INFO] [stdout]   27:     0x63ab30448480 - tokio::runtime::scheduler::current_thread::Context::enter::h62bd1d702ff74f61
[INFO] [stdout]                                at /opt/rustwide/cargo-home/registry/src/index.crates.io-6f17d22bba15001f/tokio-1.38.0/src/runtime/scheduler/current_thread/mod.rs:404:19
[INFO] [stdout]   28:     0x63ab3044922b - tokio::runtime::scheduler::current_thread::CoreGuard::block_on::{{closure}}::he2ee2322391ae97d
[INFO] [stdout]                                at /opt/rustwide/cargo-home/registry/src/index.crates.io-6f17d22bba15001f/tokio-1.38.0/src/runtime/scheduler/current_thread/mod.rs:658:36
[INFO] [stdout]   29:     0x63ab30448f94 - tokio::runtime::scheduler::current_thread::CoreGuard::enter::{{closure}}::hbe51e0228616a013
[INFO] [stdout]                                at /opt/rustwide/cargo-home/registry/src/index.crates.io-6f17d22bba15001f/tokio-1.38.0/src/runtime/scheduler/current_thread/mod.rs:737:68
[INFO] [stdout]   30:     0x63ab30447c6b - tokio::runtime::context::scoped::Scoped<T>::set::h40fd42fec0f7ede9
[INFO] [stdout]                                at /opt/rustwide/cargo-home/registry/src/index.crates.io-6f17d22bba15001f/tokio-1.38.0/src/runtime/context/scoped.rs:40:9
[INFO] [stdout]   31:     0x63ab30450bb9 - tokio::runtime::context::set_scheduler::{{closure}}::h504158c38d673b8c
[INFO] [stdout]                                at /opt/rustwide/cargo-home/registry/src/index.crates.io-6f17d22bba15001f/tokio-1.38.0/src/runtime/context.rs:180:26
[INFO] [stdout]   32:     0x63ab3044406d - std::thread::local::LocalKey<T>::try_with::h068cba7760f78693
[INFO] [stdout]                                at /rustc/df4ca44d3fbc9301ee17f30f4d474e6ae4b05252/library/std/src/thread/local.rs:283:12
[INFO] [stdout]   33:     0x63ab30443f5a - std::thread::local::LocalKey<T>::with::h96a80851bbc92953
[INFO] [stdout]                                at /rustc/df4ca44d3fbc9301ee17f30f4d474e6ae4b05252/library/std/src/thread/local.rs:260:9
[INFO] [stdout]   34:     0x63ab30450b6d - tokio::runtime::context::set_scheduler::h3cc78b38ec5331c4
[INFO] [stdout]                                at /opt/rustwide/cargo-home/registry/src/index.crates.io-6f17d22bba15001f/tokio-1.38.0/src/runtime/context.rs:180:9
[INFO] [stdout]   35:     0x63ab30448d40 - tokio::runtime::scheduler::current_thread::CoreGuard::enter::h2e253a3513b56480
[INFO] [stdout]                                at /opt/rustwide/cargo-home/registry/src/index.crates.io-6f17d22bba15001f/tokio-1.38.0/src/runtime/scheduler/current_thread/mod.rs:737:27
[INFO] [stdout]   36:     0x63ab30448fb3 - tokio::runtime::scheduler::current_thread::CoreGuard::block_on::h665454bfa8e84199
[INFO] [stdout]                                at /opt/rustwide/cargo-home/registry/src/index.crates.io-6f17d22bba15001f/tokio-1.38.0/src/runtime/scheduler/current_thread/mod.rs:646:19
[INFO] [stdout]   37:     0x63ab30447fbd - tokio::runtime::scheduler::current_thread::CurrentThread::block_on::{{closure}}::hb9e45f0d8667fe8d
[INFO] [stdout]                                at /opt/rustwide/cargo-home/registry/src/index.crates.io-6f17d22bba15001f/tokio-1.38.0/src/runtime/scheduler/current_thread/mod.rs:175:28
[INFO] [stdout]   38:     0x63ab30450da6 - tokio::runtime::context::runtime::enter_runtime::h15b333b116f47b3e
[INFO] [stdout]                                at /opt/rustwide/cargo-home/registry/src/index.crates.io-6f17d22bba15001f/tokio-1.38.0/src/runtime/context/runtime.rs:65:16
[INFO] [stdout]   39:     0x63ab30447ed1 - tokio::runtime::scheduler::current_thread::CurrentThread::block_on::hbf0a55690ada228c
[INFO] [stdout]                                at /opt/rustwide/cargo-home/registry/src/index.crates.io-6f17d22bba15001f/tokio-1.38.0/src/runtime/scheduler/current_thread/mod.rs:167:9
[INFO] [stdout]   40:     0x63ab30447db2 - tokio::runtime::runtime::Runtime::block_on::hf218d28ac98706c8
[INFO] [stdout]                                at /opt/rustwide/cargo-home/registry/src/index.crates.io-6f17d22bba15001f/tokio-1.38.0/src/runtime/runtime.rs:347:47
[INFO] [stdout]   41:     0x63ab3044bef1 - turbine::badge::test::test_generate::h3751c6be17c4c7a1
[INFO] [stdout]                                at /opt/rustwide/workdir/src/badge.rs:56:9
[INFO] [stdout]   42:     0x63ab3044bd97 - turbine::badge::test::test_generate::{{closure}}::h8056d0de1ab60e85
[INFO] [stdout]                                at /opt/rustwide/workdir/src/badge.rs:54:29
[INFO] [stdout]   43:     0x63ab30444f16 - core::ops::function::FnOnce::call_once::h21c65762fd17df6b
[INFO] [stdout]                                at /rustc/df4ca44d3fbc9301ee17f30f4d474e6ae4b05252/library/core/src/ops/function.rs:250:5
[INFO] [stdout]   44:     0x63ab3064385b - core::ops::function::FnOnce::call_once::h22c3ba5715e93f05
[INFO] [stdout]                                at /rustc/df4ca44d3fbc9301ee17f30f4d474e6ae4b05252/library/core/src/ops/function.rs:250:5
[INFO] [stdout]   45:     0x63ab3064385b - test::__rust_begin_short_backtrace::h8e82d8113d0da17f
[INFO] [stdout]                                at /rustc/df4ca44d3fbc9301ee17f30f4d474e6ae4b05252/library/test/src/lib.rs:621:18
[INFO] [stdout]   46:     0x63ab306431d7 - test::run_test_in_process::{{closure}}::h33235f4f20b7b7c7
[INFO] [stdout]                                at /rustc/df4ca44d3fbc9301ee17f30f4d474e6ae4b05252/library/test/src/lib.rs:644:60
[INFO] [stdout]   47:     0x63ab306431d7 - <core::panic::unwind_safe::AssertUnwindSafe<F> as core::ops::function::FnOnce<()>>::call_once::hb5043206310c586f
[INFO] [stdout]                                at /rustc/df4ca44d3fbc9301ee17f30f4d474e6ae4b05252/library/core/src/panic/unwind_safe.rs:272:9
[INFO] [stdout]   48:     0x63ab306431d7 - std::panicking::try::do_call::h9ad4731a60ab23e2
[INFO] [stdout]                                at /rustc/df4ca44d3fbc9301ee17f30f4d474e6ae4b05252/library/std/src/panicking.rs:557:40
[INFO] [stdout]   49:     0x63ab306431d7 - std::panicking::try::h3824d23db772a716
[INFO] [stdout]                                at /rustc/df4ca44d3fbc9301ee17f30f4d474e6ae4b05252/library/std/src/panicking.rs:520:19
[INFO] [stdout]   50:     0x63ab306431d7 - std::panic::catch_unwind::h5afd514605fde46b
[INFO] [stdout]                                at /rustc/df4ca44d3fbc9301ee17f30f4d474e6ae4b05252/library/std/src/panic.rs:358:14
[INFO] [stdout]   51:     0x63ab306431d7 - test::run_test_in_process::h0d5cbfa7067d1720
[INFO] [stdout]                                at /rustc/df4ca44d3fbc9301ee17f30f4d474e6ae4b05252/library/test/src/lib.rs:644:27
[INFO] [stdout]   52:     0x63ab306431d7 - test::run_test::{{closure}}::h708eb8872708115d
[INFO] [stdout]                                at /rustc/df4ca44d3fbc9301ee17f30f4d474e6ae4b05252/library/test/src/lib.rs:565:43
[INFO] [stdout]   53:     0x63ab306068f4 - test::run_test::{{closure}}::h392c51cee94713ab
[INFO] [stdout]                                at /rustc/df4ca44d3fbc9301ee17f30f4d474e6ae4b05252/library/test/src/lib.rs:595:41
[INFO] [stdout]   54:     0x63ab306068f4 - std::sys::backtrace::__rust_begin_short_backtrace::h2f40290710935a8b
[INFO] [stdout]                                at /rustc/df4ca44d3fbc9301ee17f30f4d474e6ae4b05252/library/std/src/sys/backtrace.rs:154:18
[INFO] [stdout]   55:     0x63ab3060a09e - std::thread::Builder::spawn_unchecked_::{{closure}}::{{closure}}::h3fd968d89053a903
[INFO] [stdout]                                at /rustc/df4ca44d3fbc9301ee17f30f4d474e6ae4b05252/library/std/src/thread/mod.rs:541:17
[INFO] [stdout]   56:     0x63ab3060a09e - <core::panic::unwind_safe::AssertUnwindSafe<F> as core::ops::function::FnOnce<()>>::call_once::h743f637ba4229880
[INFO] [stdout]                                at /rustc/df4ca44d3fbc9301ee17f30f4d474e6ae4b05252/library/core/src/panic/unwind_safe.rs:272:9
[INFO] [stdout]   57:     0x63ab3060a09e - std::panicking::try::do_call::h07440897322525a6
[INFO] [stdout]                                at /rustc/df4ca44d3fbc9301ee17f30f4d474e6ae4b05252/library/std/src/panicking.rs:557:40
[INFO] [stdout]   58:     0x63ab3060a09e - std::panicking::try::he5a2e00188156637
[INFO] [stdout]                                at /rustc/df4ca44d3fbc9301ee17f30f4d474e6ae4b05252/library/std/src/panicking.rs:520:19
[INFO] [stdout]   59:     0x63ab3060a09e - std::panic::catch_unwind::hbaf3cae49b3c6433
[INFO] [stdout]                                at /rustc/df4ca44d3fbc9301ee17f30f4d474e6ae4b05252/library/std/src/panic.rs:358:14
[INFO] [stdout]   60:     0x63ab3060a09e - std::thread::Builder::spawn_unchecked_::{{closure}}::h8e141ea224820bce
[INFO] [stdout]                                at /rustc/df4ca44d3fbc9301ee17f30f4d474e6ae4b05252/library/std/src/thread/mod.rs:540:30
[INFO] [stdout]   61:     0x63ab3060a09e - core::ops::function::FnOnce::call_once{{vtable.shim}}::h90d312fedd7b8ea8
[INFO] [stdout]                                at /rustc/df4ca44d3fbc9301ee17f30f4d474e6ae4b05252/library/core/src/ops/function.rs:250:5
[INFO] [stdout]   62:     0x63ab3091d0fb - <alloc::boxed::Box<F,A> as core::ops::function::FnOnce<Args>>::call_once::h69aa08ddb6adb8b6
[INFO] [stdout]                                at /rustc/df4ca44d3fbc9301ee17f30f4d474e6ae4b05252/library/alloc/src/boxed.rs:2454:9
[INFO] [stdout]   63:     0x63ab3091d0fb - <alloc::boxed::Box<F,A> as core::ops::function::FnOnce<Args>>::call_once::h5aa36efdb79c806f
[INFO] [stdout]                                at /rustc/df4ca44d3fbc9301ee17f30f4d474e6ae4b05252/library/alloc/src/boxed.rs:2454:9
[INFO] [stdout]   64:     0x63ab3091d0fb - std::sys::pal::unix::thread::Thread::new::thread_start::h6cd80a1b4be5158d
[INFO] [stdout]                                at /rustc/df4ca44d3fbc9301ee17f30f4d474e6ae4b05252/library/std/src/sys/pal/unix/thread.rs:105:17
[INFO] [stdout]   65:     0x79bc5ecb5ac3 - <unknown>
[INFO] [stdout]   66:     0x79bc5ed46a04 - clone
[INFO] [stdout]   67:                0x0 - <unknown>
[INFO] [stdout] 
[INFO] [stdout] 
[INFO] [stdout] failures:
[INFO] [stdout]     badge::test::test_generate
[INFO] [stdout] 
[INFO] [stdout] test result: FAILED. 0 passed; 1 failed; 0 ignored; 0 measured; 0 filtered out; finished in 0.10s
[INFO] [stdout] 
[INFO] running `Command { std: "docker" "inspect" "43cd06e66e938ad550027a6f56dbcdb4ead11519df99b4c3f5b4e1969ea5d7fc", kill_on_drop: false }`
[INFO] running `Command { std: "docker" "rm" "-f" "43cd06e66e938ad550027a6f56dbcdb4ead11519df99b4c3f5b4e1969ea5d7fc", kill_on_drop: false }`
[INFO] [stdout] 43cd06e66e938ad550027a6f56dbcdb4ead11519df99b4c3f5b4e1969ea5d7fc
