[INFO] fetching crate git-next-core 0.13.11...
[INFO] testing git-next-core-0.13.11 against nightly-2024-10-28+rustflags=-Zrandomize-layout for randomize-layout
[INFO] extracting crate git-next-core 0.13.11 into /workspace/builds/worker-7-tc2/source
[INFO] validating manifest of crates.io crate git-next-core 0.13.11 on toolchain nightly-2024-10-28
[INFO] running `Command { std: CARGO_HOME="/workspace/cargo-home" RUSTUP_HOME="/workspace/rustup-home" "/workspace/cargo-home/bin/cargo" "+nightly-2024-10-28" "metadata" "--manifest-path" "Cargo.toml" "--no-deps", kill_on_drop: false }`
[INFO] started tweaking crates.io crate git-next-core 0.13.11
[INFO] finished tweaking crates.io crate git-next-core 0.13.11
[INFO] tweaked toml for crates.io crate git-next-core 0.13.11 written to /workspace/builds/worker-7-tc2/source/Cargo.toml
[INFO] running `Command { std: CARGO_HOME="/workspace/cargo-home" RUSTUP_HOME="/workspace/rustup-home" "/workspace/cargo-home/bin/cargo" "+nightly-2024-10-28" "generate-lockfile" "--manifest-path" "Cargo.toml", kill_on_drop: false }`
[INFO] [stderr]     Blocking waiting for file lock on package cache
[INFO] [stderr]     Updating crates.io index
[INFO] [stderr]      Locking 326 packages to latest compatible versions
[INFO] [stderr]       Adding gix v0.66.0 (available: v0.67.0)
[INFO] [stderr]       Adding secrecy v0.8.0 (available: v0.10.3)
[INFO] running `Command { std: CARGO_HOME="/workspace/cargo-home" RUSTUP_HOME="/workspace/rustup-home" "/workspace/cargo-home/bin/cargo" "+nightly-2024-10-28" "fetch" "--manifest-path" "Cargo.toml", kill_on_drop: false }`
[INFO] [stderr]     Blocking waiting for file lock on package cache
[INFO] running `Command { std: "docker" "create" "-v" "/var/lib/crater-agent-workspace/builds/worker-7-tc2/target:/opt/rustwide/target:rw,Z" "-v" "/var/lib/crater-agent-workspace/builds/worker-7-tc2/source:/opt/rustwide/workdir:ro,Z" "-v" "/var/lib/crater-agent-workspace/cargo-home:/opt/rustwide/cargo-home:ro,Z" "-v" "/var/lib/crater-agent-workspace/rustup-home:/opt/rustwide/rustup-home:ro,Z" "-e" "SOURCE_DIR=/opt/rustwide/workdir" "-e" "CARGO_TARGET_DIR=/opt/rustwide/target" "-e" "CARGO_HOME=/opt/rustwide/cargo-home" "-e" "RUSTUP_HOME=/opt/rustwide/rustup-home" "-w" "/opt/rustwide/workdir" "-m" "1610612736" "--user" "0:0" "--network" "none" "ghcr.io/rust-lang/crates-build-env/linux@sha256:4a844ea9eb2546a2d2c7022eacef16ef2e8229c7fbb2c7d4d55a9ceca922f72d" "/opt/rustwide/cargo-home/bin/cargo" "+nightly-2024-10-28" "metadata" "--no-deps" "--format-version=1", kill_on_drop: false }`
[INFO] [stdout] 31a8a3dd9b9509dd9294ae3e76618b680b1524013eaabcd137d687dc54997a94
[INFO] running `Command { std: "docker" "start" "-a" "31a8a3dd9b9509dd9294ae3e76618b680b1524013eaabcd137d687dc54997a94", kill_on_drop: false }`
[INFO] running `Command { std: "docker" "inspect" "31a8a3dd9b9509dd9294ae3e76618b680b1524013eaabcd137d687dc54997a94", kill_on_drop: false }`
[INFO] running `Command { std: "docker" "rm" "-f" "31a8a3dd9b9509dd9294ae3e76618b680b1524013eaabcd137d687dc54997a94", kill_on_drop: false }`
[INFO] [stdout] 31a8a3dd9b9509dd9294ae3e76618b680b1524013eaabcd137d687dc54997a94
[INFO] running `Command { std: "docker" "create" "-v" "/var/lib/crater-agent-workspace/builds/worker-7-tc2/target:/opt/rustwide/target:rw,Z" "-v" "/var/lib/crater-agent-workspace/builds/worker-7-tc2/source:/opt/rustwide/workdir:ro,Z" "-v" "/var/lib/crater-agent-workspace/cargo-home:/opt/rustwide/cargo-home:ro,Z" "-v" "/var/lib/crater-agent-workspace/rustup-home:/opt/rustwide/rustup-home:ro,Z" "-e" "SOURCE_DIR=/opt/rustwide/workdir" "-e" "CARGO_TARGET_DIR=/opt/rustwide/target" "-e" "CARGO_INCREMENTAL=0" "-e" "RUST_BACKTRACE=full" "-e" "RUSTFLAGS=--cap-lints=forbid -Zrandomize-layout" "-e" "RUSTDOCFLAGS=--cap-lints=forbid" "-e" "CARGO_HOME=/opt/rustwide/cargo-home" "-e" "RUSTUP_HOME=/opt/rustwide/rustup-home" "-w" "/opt/rustwide/workdir" "-m" "1610612736" "--user" "0:0" "--network" "none" "ghcr.io/rust-lang/crates-build-env/linux@sha256:4a844ea9eb2546a2d2c7022eacef16ef2e8229c7fbb2c7d4d55a9ceca922f72d" "/opt/rustwide/cargo-home/bin/cargo" "+nightly-2024-10-28" "build" "--frozen" "--message-format=json", kill_on_drop: false }`
[INFO] [stdout] dcaaeeb9b7366f582aa038eac9504491e52705cc545fb82bddf938fbd4673d08
[INFO] running `Command { std: "docker" "start" "-a" "dcaaeeb9b7366f582aa038eac9504491e52705cc545fb82bddf938fbd4673d08", kill_on_drop: false }`
[INFO] [stderr]    Compiling parking_lot_core v0.9.10
[INFO] [stderr]    Compiling smallvec v1.13.2
[INFO] [stderr]    Compiling regex-syntax v0.8.5
[INFO] [stderr]    Compiling gix-trace v0.1.11
[INFO] [stderr]    Compiling lock_api v0.4.12
[INFO] [stderr]    Compiling crossbeam-utils v0.8.20
[INFO] [stderr]    Compiling faster-hex v0.9.0
[INFO] [stderr]    Compiling crc32fast v1.4.2
[INFO] [stderr]    Compiling bytesize v1.3.0
[INFO] [stderr]    Compiling miniz_oxide v0.8.0
[INFO] [stderr]    Compiling same-file v1.0.6
[INFO] [stderr]    Compiling human_format v1.1.0
[INFO] [stderr]    Compiling sha1_smol v1.0.1
[INFO] [stderr]    Compiling syn v2.0.86
[INFO] [stderr]    Compiling getrandom v0.2.15
[INFO] [stderr]    Compiling byteorder v1.5.0
[INFO] [stderr]    Compiling signal-hook-registry v1.4.2
[INFO] [stderr]    Compiling ahash v0.8.11
[INFO] [stderr]    Compiling prodash v28.0.0
[INFO] [stderr]    Compiling walkdir v2.5.0
[INFO] [stderr]    Compiling winnow v0.6.20
[INFO] [stderr]    Compiling home v0.5.9
[INFO] [stderr]    Compiling jiff v0.1.13
[INFO] [stderr]    Compiling allocator-api2 v0.2.18
[INFO] [stderr]    Compiling rustix v0.38.38
[INFO] [stderr]    Compiling memmap2 v0.9.5
[INFO] [stderr]    Compiling signal-hook v0.3.17
[INFO] [stderr]    Compiling unicode-bom v2.0.3
[INFO] [stderr]    Compiling parking_lot v0.12.3
[INFO] [stderr]    Compiling static_assertions v1.1.0
[INFO] [stderr]    Compiling kstring v2.0.2
[INFO] [stderr]    Compiling http v1.1.0
[INFO] [stderr]    Compiling ring v0.17.8
[INFO] [stderr]    Compiling futures-io v0.3.31
[INFO] [stderr]    Compiling crossbeam-channel v0.5.13
[INFO] [stderr]    Compiling flate2 v1.0.34
[INFO] [stderr]    Compiling tokio v1.41.0
[INFO] [stderr]    Compiling shell-words v1.1.0
[INFO] [stderr]    Compiling futures-task v0.3.31
[INFO] [stderr]    Compiling rustls-pki-types v1.10.0
[INFO] [stderr]    Compiling futures-util v0.3.31
[INFO] [stderr]    Compiling atomic-waker v1.1.2
[INFO] [stderr]    Compiling futures-channel v0.3.31
[INFO] [stderr]    Compiling gix-sec v0.10.9
[INFO] [stderr]    Compiling rustls v0.23.16
[INFO] [stderr]    Compiling zeroize v1.8.1
[INFO] [stderr]    Compiling subtle v2.6.1
[INFO] [stderr]    Compiling filetime v0.2.25
[INFO] [stderr]    Compiling regex-automata v0.4.8
[INFO] [stderr]    Compiling webpki-roots v0.26.6
[INFO] [stderr]    Compiling rustls-pemfile v2.2.0
[INFO] [stderr]    Compiling sync_wrapper v1.0.1
[INFO] [stderr]    Compiling rustversion v1.0.18
[INFO] [stderr]    Compiling arrayvec v0.7.6
[INFO] [stderr]    Compiling rand_core v0.6.4
[INFO] [stderr]    Compiling mockall_derive v0.13.0
[INFO] [stderr]    Compiling clru v0.6.2
[INFO] [stderr]    Compiling http-body v1.0.1
[INFO] [stderr]    Compiling heck v0.5.0
[INFO] [stderr]    Compiling uluru v3.1.0
[INFO] [stderr]    Compiling io-close v0.3.7
[INFO] [stderr]    Compiling anstyle v1.0.9
[INFO] [stderr]    Compiling xml-rs v0.8.22
[INFO] [stderr]    Compiling arc-swap v1.7.1
[INFO] [stderr]    Compiling secrecy v0.8.0
[INFO] [stderr]    Compiling downcast v0.11.0
[INFO] [stderr]    Compiling path-clean v1.0.1
[INFO] [stderr]    Compiling predicates v3.1.2
[INFO] [stderr]    Compiling fragile v2.0.0
[INFO] [stderr]    Compiling time v0.3.36
[INFO] [stderr]    Compiling pike v0.1.6
[INFO] [stderr]    Compiling take-until v0.2.0
[INFO] [stderr]    Compiling tempfile v3.13.0
[INFO] [stderr]    Compiling bstr v1.10.0
[INFO] [stderr]    Compiling regex v1.11.1
[INFO] [stderr]    Compiling http-body-util v0.1.2
[INFO] [stderr]    Compiling gix-utils v0.1.13
[INFO] [stderr]    Compiling tokio-util v0.7.12
[INFO] [stderr]    Compiling actix-rt v2.10.0
[INFO] [stderr]    Compiling thiserror-impl v1.0.66
[INFO] [stderr]    Compiling zerocopy-derive v0.7.35
[INFO] [stderr]    Compiling serde_derive v1.0.214
[INFO] [stderr]    Compiling tracing-attributes v0.1.27
[INFO] [stderr]    Compiling openssl-macros v0.1.1
[INFO] [stderr]    Compiling maybe-async v0.2.10
[INFO] [stderr]    Compiling strum_macros v0.26.4
[INFO] [stderr]    Compiling derive_more-impl v1.0.0
[INFO] [stderr]    Compiling async-trait v0.1.83
[INFO] [stderr]    Compiling actix_derive v0.6.2
[INFO] [stderr]    Compiling rustls-webpki v0.102.8
[INFO] [stderr]    Compiling openssl v0.10.68
[INFO] [stderr]    Compiling actix-macros v0.2.4
[INFO] [stderr]    Compiling derive-with v0.5.0
[INFO] [stderr]    Compiling actix v0.13.5
[INFO] [stderr]    Compiling zerocopy v0.7.35
[INFO] [stderr]    Compiling thiserror v1.0.66
[INFO] [stderr]    Compiling gix-hash v0.14.2
[INFO] [stderr]    Compiling gix-path v0.10.12
[INFO] [stderr]    Compiling gix-date v0.9.1
[INFO] [stderr]    Compiling gix-validate v0.9.1
[INFO] [stderr]    Compiling gix-chunk v0.4.9
[INFO] [stderr]    Compiling gix-quote v0.4.13
[INFO] [stderr]    Compiling tracing v0.1.40
[INFO] [stderr]    Compiling gix-features v0.38.2
[INFO] [stderr]    Compiling gix-actor v0.32.0
[INFO] [stderr]    Compiling gix-command v0.3.10
[INFO] [stderr]    Compiling gix-config-value v0.14.9
[INFO] [stderr]    Compiling h2 v0.4.6
[INFO] [stderr]    Compiling gix-bitmap v0.2.12
[INFO] [stderr]    Compiling gix-packetline-blocking v0.17.5
[INFO] [stderr]    Compiling hashbrown v0.14.5
[INFO] [stderr]    Compiling ppv-lite86 v0.2.20
[INFO] [stderr]    Compiling gix-prompt v0.8.8
[INFO] [stderr]    Compiling gix-object v0.44.0
[INFO] [stderr]    Compiling gix-fs v0.11.3
[INFO] [stderr]    Compiling gix-commitgraph v0.24.3
[INFO] [stderr]    Compiling gix-glob v0.16.5
[INFO] [stderr]    Compiling gix-url v0.27.5
[INFO] [stderr]    Compiling gix-packetline v0.17.6
[INFO] [stderr]    Compiling rand_chacha v0.3.1
[INFO] [stderr]    Compiling gix-mailmap v0.24.0
[INFO] [stderr]    Compiling strum v0.26.3
[INFO] [stderr]    Compiling gix-attributes v0.22.5
[INFO] [stderr]    Compiling gix-ignore v0.11.4
[INFO] [stderr]    Compiling gix-hashtable v0.5.2
[INFO] [stderr]    Compiling dashmap v6.1.0
[INFO] [stderr]    Compiling imara-diff v0.1.7
[INFO] [stderr]    Compiling gix-credentials v0.24.5
[INFO] [stderr]    Compiling rand v0.8.5
[INFO] [stderr]    Compiling git-url-parse v0.4.5
[INFO] [stderr]    Compiling gix-pathspec v0.7.7
[INFO] [stderr]    Compiling gix-tempfile v14.0.2
[INFO] [stderr]    Compiling gix-revwalk v0.15.0
[INFO] [stderr]    Compiling gix-filter v0.13.0
[INFO] [stderr]    Compiling derive_more v1.0.0
[INFO] [stderr]    Compiling gix-traverse v0.41.0
[INFO] [stderr]    Compiling gix-revision v0.29.0
[INFO] [stderr]    Compiling gix-negotiate v0.15.0
[INFO] [stderr]    Compiling gix-lock v14.0.0
[INFO] [stderr]    Compiling gix-ref v0.47.0
[INFO] [stderr]    Compiling gix-pack v0.53.0
[INFO] [stderr]    Compiling serde v1.0.214
[INFO] [stderr]    Compiling gix-index v0.35.0
[INFO] [stderr]    Compiling gix-worktree-stream v0.15.0
[INFO] [stderr]    Compiling ulid v1.1.3
[INFO] [stderr]    Compiling mockall v0.13.0
[INFO] [stderr]    Compiling native-tls v0.2.12
[INFO] [stderr]    Compiling gix-refspec v0.25.0
[INFO] [stderr]    Compiling gix-archive v0.15.0
[INFO] [stderr]    Compiling tokio-native-tls v0.3.1
[INFO] [stderr]    Compiling gix-worktree v0.36.0
[INFO] [stderr]    Compiling hyper v1.5.0
[INFO] [stderr]    Compiling gix-discover v0.35.0
[INFO] [stderr]    Compiling gix-config v0.40.0
[INFO] [stderr]    Compiling gix-diff v0.46.0
[INFO] [stderr]    Compiling gix-worktree-state v0.13.0
[INFO] [stderr]    Compiling tokio-rustls v0.26.0
[INFO] [stderr]    Compiling gix-dir v0.8.0
[INFO] [stderr]    Compiling gix-odb v0.63.0
[INFO] [stderr]    Compiling gix-status v0.13.0
[INFO] [stderr]    Compiling hyper-util v0.1.10
[INFO] [stderr]    Compiling gix-submodule v0.14.0
[INFO] [stderr]    Compiling serde_urlencoded v0.7.1
[INFO] [stderr]    Compiling toml_datetime v0.6.8
[INFO] [stderr]    Compiling serde_spanned v0.6.8
[INFO] [stderr]    Compiling serde_json v1.0.132
[INFO] [stderr]    Compiling serde-xml-rs v0.6.0
[INFO] [stderr]    Compiling hyper-tls v0.6.0
[INFO] [stderr]    Compiling hyper-rustls v0.27.3
[INFO] [stderr]    Compiling toml_edit v0.22.22
[INFO] [stderr]    Compiling reqwest v0.12.9
[INFO] [stderr]    Compiling gix-transport v0.42.3
[INFO] [stderr]    Compiling kxio v1.2.0
[INFO] [stderr]    Compiling toml v0.8.19
[INFO] [stderr]    Compiling gix-protocol v0.45.3
[INFO] [stderr]    Compiling gix v0.66.0
[INFO] [stderr]    Compiling git-next-core v0.13.11 (/opt/rustwide/workdir)
[INFO] [stderr]     Finished `dev` profile [unoptimized + debuginfo] target(s) in 28.25s
[INFO] running `Command { std: "docker" "inspect" "dcaaeeb9b7366f582aa038eac9504491e52705cc545fb82bddf938fbd4673d08", kill_on_drop: false }`
[INFO] running `Command { std: "docker" "rm" "-f" "dcaaeeb9b7366f582aa038eac9504491e52705cc545fb82bddf938fbd4673d08", kill_on_drop: false }`
[INFO] [stdout] dcaaeeb9b7366f582aa038eac9504491e52705cc545fb82bddf938fbd4673d08
[INFO] running `Command { std: "docker" "create" "-v" "/var/lib/crater-agent-workspace/builds/worker-7-tc2/target:/opt/rustwide/target:rw,Z" "-v" "/var/lib/crater-agent-workspace/builds/worker-7-tc2/source:/opt/rustwide/workdir:ro,Z" "-v" "/var/lib/crater-agent-workspace/cargo-home:/opt/rustwide/cargo-home:ro,Z" "-v" "/var/lib/crater-agent-workspace/rustup-home:/opt/rustwide/rustup-home:ro,Z" "-e" "SOURCE_DIR=/opt/rustwide/workdir" "-e" "CARGO_TARGET_DIR=/opt/rustwide/target" "-e" "CARGO_INCREMENTAL=0" "-e" "RUST_BACKTRACE=full" "-e" "RUSTFLAGS=--cap-lints=forbid -Zrandomize-layout" "-e" "RUSTDOCFLAGS=--cap-lints=forbid" "-e" "CARGO_HOME=/opt/rustwide/cargo-home" "-e" "RUSTUP_HOME=/opt/rustwide/rustup-home" "-w" "/opt/rustwide/workdir" "-m" "1610612736" "--user" "0:0" "--network" "none" "ghcr.io/rust-lang/crates-build-env/linux@sha256:4a844ea9eb2546a2d2c7022eacef16ef2e8229c7fbb2c7d4d55a9ceca922f72d" "/opt/rustwide/cargo-home/bin/cargo" "+nightly-2024-10-28" "test" "--frozen" "--no-run" "--message-format=json", kill_on_drop: false }`
[INFO] [stdout] 381e7d241b45274f1ef1a4e34c6d4aa10bb2f9edcd7c0070eaa52baf509da104
[INFO] running `Command { std: "docker" "start" "-a" "381e7d241b45274f1ef1a4e34c6d4aa10bb2f9edcd7c0070eaa52baf509da104", kill_on_drop: false }`
[INFO] [stderr]    Compiling native-tls v0.2.12
[INFO] [stderr]    Compiling semver v1.0.23
[INFO] [stderr]    Compiling utf8parse v0.2.2
[INFO] [stderr]    Compiling colorchoice v1.0.3
[INFO] [stderr]    Compiling is_terminal_polyfill v1.70.1
[INFO] [stderr]    Compiling anstyle-query v1.1.2
[INFO] [stderr]    Compiling serde-xml-rs v0.6.0
[INFO] [stderr]    Compiling env_filter v0.1.2
[INFO] [stderr]    Compiling actix v0.13.5
[INFO] [stderr]    Compiling test-log-macros v0.2.16
[INFO] [stderr]    Compiling is-terminal v0.4.13
[INFO] [stderr]    Compiling anstyle-parse v0.2.6
[INFO] [stderr]    Compiling anstream v0.6.17
[INFO] [stderr]    Compiling tokio-native-tls v0.3.1
[INFO] [stderr]    Compiling hyper-tls v0.6.0
[INFO] [stderr]    Compiling env_logger v0.11.5
[INFO] [stderr]    Compiling rustc_version v0.4.1
[INFO] [stderr]    Compiling reqwest v0.12.9
[INFO] [stderr]    Compiling test-log v0.2.16
[INFO] [stderr]    Compiling assert2-macros v0.3.15
[INFO] [stderr]    Compiling assert2 v0.3.15
[INFO] [stderr]    Compiling gix-transport v0.42.3
[INFO] [stderr]    Compiling kxio v1.2.0
[INFO] [stderr]    Compiling gix-protocol v0.45.3
[INFO] [stderr]    Compiling gix v0.66.0
[INFO] [stderr]    Compiling git-next-core v0.13.11 (/opt/rustwide/workdir)
[INFO] [stderr]     Finished `test` profile [unoptimized + debuginfo] target(s) in 14.74s
[INFO] running `Command { std: "docker" "inspect" "381e7d241b45274f1ef1a4e34c6d4aa10bb2f9edcd7c0070eaa52baf509da104", kill_on_drop: false }`
[INFO] running `Command { std: "docker" "rm" "-f" "381e7d241b45274f1ef1a4e34c6d4aa10bb2f9edcd7c0070eaa52baf509da104", kill_on_drop: false }`
[INFO] [stdout] 381e7d241b45274f1ef1a4e34c6d4aa10bb2f9edcd7c0070eaa52baf509da104
[INFO] running `Command { std: "docker" "create" "-v" "/var/lib/crater-agent-workspace/builds/worker-7-tc2/target:/opt/rustwide/target:rw,Z" "-v" "/var/lib/crater-agent-workspace/builds/worker-7-tc2/source:/opt/rustwide/workdir:ro,Z" "-v" "/var/lib/crater-agent-workspace/cargo-home:/opt/rustwide/cargo-home:ro,Z" "-v" "/var/lib/crater-agent-workspace/rustup-home:/opt/rustwide/rustup-home:ro,Z" "-e" "SOURCE_DIR=/opt/rustwide/workdir" "-e" "CARGO_TARGET_DIR=/opt/rustwide/target" "-e" "CARGO_INCREMENTAL=0" "-e" "RUST_BACKTRACE=full" "-e" "RUSTFLAGS=--cap-lints=forbid -Zrandomize-layout" "-e" "RUSTDOCFLAGS=--cap-lints=forbid" "-e" "CARGO_HOME=/opt/rustwide/cargo-home" "-e" "RUSTUP_HOME=/opt/rustwide/rustup-home" "-w" "/opt/rustwide/workdir" "-m" "1610612736" "--user" "0:0" "--network" "none" "ghcr.io/rust-lang/crates-build-env/linux@sha256:4a844ea9eb2546a2d2c7022eacef16ef2e8229c7fbb2c7d4d55a9ceca922f72d" "/opt/rustwide/cargo-home/bin/cargo" "+nightly-2024-10-28" "test" "--frozen", kill_on_drop: false }`
[INFO] [stdout] d3796a7eecbca7e825fcb3f143c83a3cbe3bbb241226ca89ed5a34976010bf11
[INFO] running `Command { std: "docker" "start" "-a" "d3796a7eecbca7e825fcb3f143c83a3cbe3bbb241226ca89ed5a34976010bf11", kill_on_drop: false }`
[INFO] [stderr]     Finished `test` profile [unoptimized + debuginfo] target(s) in 0.18s
[INFO] [stderr]      Running unittests src/lib.rs (/opt/rustwide/target/debug/deps/git_next_core-903f62b9dd72e39b)
[INFO] [stdout] 
[INFO] [stdout] running 98 tests
[INFO] [stdout] test config::tests::forge_config::should_return_forge_type ... ok
[INFO] [stdout] test config::tests::forge_config::should_return_hostname ... ok
[INFO] [stdout] test config::tests::forge_config::should_return_repo ... ok
[INFO] [stdout] test config::tests::forge_config::should_return_repos ... ok
[INFO] [stdout] test config::tests::forge_config::should_return_token ... ok
[INFO] [stdout] test config::tests::forge_config::should_return_user ... ok
[INFO] [stdout] test config::tests::forge_details::should_convert_from_name_and_config ... ok
[INFO] [stdout] test config::tests::forge_details::should_return_forge_alias ... ok
[INFO] [stdout] test config::tests::forge_details::should_return_forge_type ... ok
[INFO] [stdout] test config::tests::forge_details::should_return_user ... ok
[INFO] [stdout] test config::tests::forge_details::should_return_token ... ok
[INFO] [stdout] test config::tests::forge_details::should_return_hostname ... ok
[INFO] [stdout] test config::tests::forge_details::with_hostname_should_return_new_instance ... ok
[INFO] [stdout] test config::tests::forge_name::should_convert_to_pathbuf ... ok
[INFO] [stdout] test config::tests::forge_type::should_display_as_string ... ok
[INFO] [stdout] test config::tests::gitdir::should_display ... ok
[INFO] [stdout] test config::tests::gitdir::should_convert_to_pathbuf_from_ref ... ok
[INFO] [stdout] test config::tests::gitdir::should_return_pathbuf ... ok
[INFO] [stdout] test config::tests::push::should_not_return_other_branches ... ok
[INFO] [stdout] test config::tests::push::should_return_dev_branch ... ok
[INFO] [stdout] test config::tests::push::should_return_message ... ok
[INFO] [stdout] test config::tests::push::should_return_main_branch ... ok
[INFO] [stdout] test config::tests::push::should_return_sha ... ok
[INFO] [stdout] test config::tests::registered_webhook::should_return_auth ... ok
[INFO] [stdout] test config::tests::push::should_return_next_branch ... ok
[INFO] [stdout] test config::tests::registered_webhook::should_return_id ... ok
[INFO] [stdout] test config::tests::repo_config::should_return_source ... ok
[INFO] [stdout] test config::tests::server_repo_config::should_not_return_repo_config_when_no_branches ... ok
[INFO] [stdout] test config::tests::server_repo_config::should_return_branch ... ok
[INFO] [stdout] test config::tests::server_repo_config::should_return_gitdir ... ok
[INFO] [stdout] test config::tests::server_repo_config::should_return_repo ... ok
[INFO] [stdout] test config::tests::server_repo_config::should_return_repo_config_when_branches ... ok
[INFO] [stdout] test config::tests::repo_branches::should_return_next ... ok
[INFO] [stdout] test config::tests::url::url_parse_https_url ... ok
[INFO] [stdout] test config::tests::webhook::message::should_return_body ... ok
[INFO] [stdout] test config::tests::repo_config::should_return_branches ... ok
[INFO] [stdout] test config::tests::webhook::message::should_return_repo_alias ... ok
[INFO] [stdout] test config::tests::repo_branches::should_return_dev ... ok
[INFO] [stdout] test config::tests::repo_config::should_parse_toml ... ok
[INFO] [stdout] test config::tests::url::url_parse_ssh_url ... ok
[INFO] [stdout] test config::tests::webhook::message::should_return_forge_alias ... ok
[INFO] [stdout] test config::tests::webhook::message::should_return_header ... ok
[INFO] [stdout] test config::tests::repo_branches::should_return_main ... ok
[INFO] [stdout] test git::repository::open::tests::fetch::should_fetch_from_repo ... ignored
[INFO] [stdout] test config::webhook::tests::auth::bytes ... ok
[INFO] [stdout] test git::repository::open::tests::forge_config::should_return_hostname ... ok
[INFO] [stdout] test config::webhook::tests::auth::string ... ok
[INFO] [stdout] test git::repository::open::tests::forge_config::should_return_repo ... ok
[INFO] [stdout] test git::repository::open::tests::forge_config::should_return_forge_type ... ok
[INFO] [stdout] test git::repository::open::tests::forge_config::should_return_token ... ok
[INFO] [stdout] test git::repository::open::tests::forge_config::should_return_repos ... ok
[INFO] [stdout] test git::repository::open::tests::repo_config::should_parse_toml ... ok
[INFO] [stdout] test git::repository::open::tests::forge_config::should_return_user ... ok
[INFO] [stdout] test git::repository::open::tests::server_repo_config::should_not_return_repo_config_when_no_branches ... ok
[INFO] [stdout] test git::repository::open::tests::server_repo_config::should_return_branch ... ok
[INFO] [stdout] test git::repository::open::tests::server_repo_config::should_return_gitdir ... ok
[INFO] [stdout] test config::tests::server::load::load_should_parse_app_config ... ok
[INFO] [stdout] test git::repository::open::tests::repo_config::should_return_branches ... ok
[INFO] [stdout] test git::repository::open::tests::repo_config::should_return_source ... ok
[INFO] [stdout] test git::repository::open::tests::server_repo_config::should_return_repo_config_when_branches ... ok
[INFO] [stdout] test git::repository::open::tests::server_repo_config::should_return_repo ... ok
[INFO] [stdout] test git::repository::tests::validate::should_fail_where_no_default_fetch_remote ... ok
[INFO] [stdout] test git::repository::tests::validate::should_fail_where_no_default_push_remote ... ok
[INFO] [stdout] test git::repository::tests::validate::should_fail_where_invalid_default_push_remote ... ok
[INFO] [stdout] test git::repository::tests::validate::should_fail_where_invalid_default_fetch_remote ... ok
[INFO] [stdout] test git::tests::commit::should_convert_from_push ... ok
[INFO] [stdout] test git::tests::commit::should_return_sha ... ok
[INFO] [stdout] test git::repository::tests::validate::should_ok_a_valid_repo ... ok
[INFO] [stdout] test git::tests::gitref::should_convert_from_commit ... ok
[INFO] [stdout] test git::tests::generation::should_increment ... ok
[INFO] [stdout] test git::tests::gitremote::should_return_hostname ... ok
[INFO] [stdout] test git::tests::gitremote::should_return_repo_path ... ok
[INFO] [stdout] test git::tests::commit::should_return_message ... ok
[INFO] [stdout] test git::tests::push::force_from_should_display ... ok
[INFO] [stdout] test git::tests::push::force_no_should_display ... ok
[INFO] [stdout] test git::tests::repo_details::should_return_origin ... ok
[INFO] [stdout] test git::tests::push::reset::should_perform_a_fetch_then_push ... ok
[INFO] [stdout] test git::validation::tests::positions::validate::where_fetch_fails_should_error ... ok
[INFO] [stdout] test git::validation::tests::positions::validate::where_dev_branch_is_missing_or_commit_log_is_empty_should_error ... ok
[INFO] [stdout] test git::validation::tests::positions::validate::where_main_branch_is_missing_or_commit_log_is_empty_should_error ... ok
[INFO] [stdout] test git::repository::tests::factory::open_where_storage_internal_auth_differs_update_config ... ok
[INFO] [stdout] test git::repository::tests::factory::open_where_storage_external_auth_differs_error ... ok
[INFO] [stdout] test git::validation::tests::repos::where_repo_has_no_push_remote ... ok
[INFO] [stdout] test git::repository::tests::factory::open_where_storage_internal_auth_matches ... ok
[INFO] [stdout] test git::repository::open::tests::find_default_remote::should_find_default_push_remote ... ok
[INFO] [stdout] test git::repository::tests::factory::open_where_storage_external_auth_matches ... ok
[INFO] [stdout] test git::validation::tests::positions::validate::where_next_branch_is_missing_or_commit_log_is_empty_should_error ... ok
[INFO] [stdout] test git::repository::open::tests::commit_log::should_return_single_item_in_commit_log_when_not_searching ... FAILED
[INFO] [stdout] test git::repository::open::tests::commit_log::should_return_5_in_commit_log_when_searching_for_5th_item ... FAILED
[INFO] [stdout] test git::repository::open::tests::commit_log::should_return_capacity_25_in_commit_log_when_searching_for_garbage ... FAILED
[INFO] [stdout] test git::repository::open::tests::read_file::should_return_file ... FAILED
[INFO] [stdout] test git::repository::open::tests::read_file::should_error_on_missing_file ... FAILED
[INFO] [stdout] test git::validation::tests::positions::validate::where_dev_branch_is_on_main_and_next_is_not_should_reset_next_branch_to_main_and_retryable_error ... ok
[INFO] [stdout] test git::validation::tests::positions::validate::where_next_branch_is_not_based_on_main_should_reset_next_branch_to_main_and_then_error ... ok
[INFO] [stdout] test git::validation::tests::positions::validate::where_branches_are_all_valid_should_return_positions ... FAILED
[INFO] [stdout] test git::validation::tests::positions::validate::where_dev_branch_is_not_based_on_main_should_error ... FAILED
[INFO] [stdout] test git::validation::tests::positions::validate::where_dev_branch_is_not_based_on_next_should_reset_next_branch_to_next_commit_on_dev_and_retryable_error ... FAILED
[INFO] [stdout] test git::validation::tests::positions::validate::where_next_branch_is_not_based_on_main_and_reset_of_next_fails_should_error ... FAILED
[INFO] [stdout] 
[INFO] [stdout] failures:
[INFO] [stdout] 
[INFO] [stdout] ---- git::repository::open::tests::commit_log::should_return_single_item_in_commit_log_when_not_searching stdout ----
[INFO] [stdout] == git checkout -b main-NOVP1
[INFO] [stdout] 
[INFO] [stdout] stdout:
[INFO] [stdout] 
[INFO] [stdout] 
[INFO] [stdout] stderr:
[INFO] [stdout] Switched to a new branch 'main-NOVP1'
[INFO] [stdout] 
[INFO] [stdout] =============================
[INFO] [stdout] == git add "/tmp/.tmpsNIVoQ/6URXX"
[INFO] [stdout] 
[INFO] [stdout] stdout:
[INFO] [stdout] 
[INFO] [stdout] 
[INFO] [stdout] stderr:
[INFO] [stdout] 
[INFO] [stdout] =============================
[INFO] [stdout] == git commit -m"Added "/tmp/.tmpsNIVoQ/6URXX""
[INFO] [stdout] 
[INFO] [stdout] stdout:
[INFO] [stdout] 
[INFO] [stdout] 
[INFO] [stdout] stderr:
[INFO] [stdout] Author identity unknown
[INFO] [stdout] 
[INFO] [stdout] *** Please tell me who you are.
[INFO] [stdout] 
[INFO] [stdout] Run
[INFO] [stdout] 
[INFO] [stdout]   git config --global user.email "you@example.com"
[INFO] [stdout]   git config --global user.name "Your Name"
[INFO] [stdout] 
[INFO] [stdout] to set your account's default identity.
[INFO] [stdout] Omit --global to set the identity only in this repository.
[INFO] [stdout] 
[INFO] [stdout] fatal: unable to auto-detect email address (got 'root@d3796a7eecbc.(none)')
[INFO] [stdout] 
[INFO] [stdout] =============================
[INFO] [stdout] Error: Io(Os { code: 2, kind: NotFound, message: "No such file or directory" })
[INFO] [stdout] 
[INFO] [stdout] ---- git::repository::open::tests::commit_log::should_return_5_in_commit_log_when_searching_for_5th_item stdout ----
[INFO] [stdout] == git checkout -b DTEMV
[INFO] [stdout] 
[INFO] [stdout] stdout:
[INFO] [stdout] 
[INFO] [stdout] 
[INFO] [stdout] stderr:
[INFO] [stdout] Switched to a new branch 'DTEMV'
[INFO] [stdout] 
[INFO] [stdout] =============================
[INFO] [stdout] == git add "/tmp/.tmpwRAH5h/CCSPY"
[INFO] [stdout] 
[INFO] [stdout] stdout:
[INFO] [stdout] 
[INFO] [stdout] 
[INFO] [stdout] stderr:
[INFO] [stdout] 
[INFO] [stdout] =============================
[INFO] [stdout] == git commit -m"Added "/tmp/.tmpwRAH5h/CCSPY""
[INFO] [stdout] 
[INFO] [stdout] stdout:
[INFO] [stdout] 
[INFO] [stdout] 
[INFO] [stdout] stderr:
[INFO] [stdout] Author identity unknown
[INFO] [stdout] 
[INFO] [stdout] *** Please tell me who you are.
[INFO] [stdout] 
[INFO] [stdout] Run
[INFO] [stdout] 
[INFO] [stdout]   git config --global user.email "you@example.com"
[INFO] [stdout]   git config --global user.name "Your Name"
[INFO] [stdout] 
[INFO] [stdout] to set your account's default identity.
[INFO] [stdout] Omit --global to set the identity only in this repository.
[INFO] [stdout] 
[INFO] [stdout] fatal: unable to auto-detect email address (got 'root@d3796a7eecbc.(none)')
[INFO] [stdout] 
[INFO] [stdout] =============================
[INFO] [stdout] Error: Io(Os { code: 2, kind: NotFound, message: "No such file or directory" })
[INFO] [stdout] 
[INFO] [stdout] ---- git::repository::open::tests::commit_log::should_return_capacity_25_in_commit_log_when_searching_for_garbage stdout ----
[INFO] [stdout] == git checkout -b ISZRV
[INFO] [stdout] 
[INFO] [stdout] stdout:
[INFO] [stdout] 
[INFO] [stdout] 
[INFO] [stdout] stderr:
[INFO] [stdout] Switched to a new branch 'ISZRV'
[INFO] [stdout] 
[INFO] [stdout] =============================
[INFO] [stdout] == git add "/tmp/.tmpVWCY5N/B2TK6"
[INFO] [stdout] 
[INFO] [stdout] stdout:
[INFO] [stdout] 
[INFO] [stdout] 
[INFO] [stdout] stderr:
[INFO] [stdout] 
[INFO] [stdout] =============================
[INFO] [stdout] == git commit -m"Added "/tmp/.tmpVWCY5N/B2TK6""
[INFO] [stdout] 
[INFO] [stdout] stdout:
[INFO] [stdout] 
[INFO] [stdout] 
[INFO] [stdout] stderr:
[INFO] [stdout] Author identity unknown
[INFO] [stdout] 
[INFO] [stdout] *** Please tell me who you are.
[INFO] [stdout] 
[INFO] [stdout] Run
[INFO] [stdout] 
[INFO] [stdout]   git config --global user.email "you@example.com"
[INFO] [stdout]   git config --global user.name "Your Name"
[INFO] [stdout] 
[INFO] [stdout] to set your account's default identity.
[INFO] [stdout] Omit --global to set the identity only in this repository.
[INFO] [stdout] 
[INFO] [stdout] fatal: unable to auto-detect email address (got 'root@d3796a7eecbc.(none)')
[INFO] [stdout] 
[INFO] [stdout] =============================
[INFO] [stdout] Error: Io(Os { code: 2, kind: NotFound, message: "No such file or directory" })
[INFO] [stdout] 
[INFO] [stdout] ---- git::repository::open::tests::read_file::should_return_file stdout ----
[INFO] [stdout] == git checkout -b main-7BUUD
[INFO] [stdout] 
[INFO] [stdout] stdout:
[INFO] [stdout] 
[INFO] [stdout] 
[INFO] [stdout] stderr:
[INFO] [stdout] Switched to a new branch 'main-7BUUD'
[INFO] [stdout] 
[INFO] [stdout] =============================
[INFO] [stdout] == git add "/tmp/.tmp8PcYlT/UE6TS"
[INFO] [stdout] 
[INFO] [stdout] stdout:
[INFO] [stdout] 
[INFO] [stdout] 
[INFO] [stdout] stderr:
[INFO] [stdout] 
[INFO] [stdout] =============================
[INFO] [stdout] == git commit -m"Added "/tmp/.tmp8PcYlT/UE6TS""
[INFO] [stdout] 
[INFO] [stdout] stdout:
[INFO] [stdout] 
[INFO] [stdout] 
[INFO] [stdout] stderr:
[INFO] [stdout] Author identity unknown
[INFO] [stdout] 
[INFO] [stdout] *** Please tell me who you are.
[INFO] [stdout] 
[INFO] [stdout] Run
[INFO] [stdout] 
[INFO] [stdout]   git config --global user.email "you@example.com"
[INFO] [stdout]   git config --global user.name "Your Name"
[INFO] [stdout] 
[INFO] [stdout] to set your account's default identity.
[INFO] [stdout] Omit --global to set the identity only in this repository.
[INFO] [stdout] 
[INFO] [stdout] fatal: unable to auto-detect email address (got 'root@d3796a7eecbc.(none)')
[INFO] [stdout] 
[INFO] [stdout] =============================
[INFO] [stdout] Error: Io(Os { code: 2, kind: NotFound, message: "No such file or directory" })
[INFO] [stdout] 
[INFO] [stdout] ---- git::repository::open::tests::read_file::should_error_on_missing_file stdout ----
[INFO] [stdout] == git checkout -b dev-R7XOF
[INFO] [stdout] 
[INFO] [stdout] stdout:
[INFO] [stdout] 
[INFO] [stdout] 
[INFO] [stdout] stderr:
[INFO] [stdout] Switched to a new branch 'dev-R7XOF'
[INFO] [stdout] 
[INFO] [stdout] =============================
[INFO] [stdout] == git add "/tmp/.tmpkCw5PG/GK35C"
[INFO] [stdout] 
[INFO] [stdout] stdout:
[INFO] [stdout] 
[INFO] [stdout] 
[INFO] [stdout] stderr:
[INFO] [stdout] 
[INFO] [stdout] =============================
[INFO] [stdout] == git commit -m"Added "/tmp/.tmpkCw5PG/GK35C""
[INFO] [stdout] 
[INFO] [stdout] stdout:
[INFO] [stdout] 
[INFO] [stdout] 
[INFO] [stdout] stderr:
[INFO] [stdout] Author identity unknown
[INFO] [stdout] 
[INFO] [stdout] *** Please tell me who you are.
[INFO] [stdout] 
[INFO] [stdout] Run
[INFO] [stdout] 
[INFO] [stdout]   git config --global user.email "you@example.com"
[INFO] [stdout]   git config --global user.name "Your Name"
[INFO] [stdout] 
[INFO] [stdout] to set your account's default identity.
[INFO] [stdout] Omit --global to set the identity only in this repository.
[INFO] [stdout] 
[INFO] [stdout] fatal: unable to auto-detect email address (got 'root@d3796a7eecbc.(none)')
[INFO] [stdout] 
[INFO] [stdout] =============================
[INFO] [stdout] Error: Io(Os { code: 2, kind: NotFound, message: "No such file or directory" })
[INFO] [stdout] 
[INFO] [stdout] ---- git::validation::tests::positions::validate::where_branches_are_all_valid_should_return_positions stdout ----
[INFO] [stdout] == git checkout -b main-31SK6
[INFO] [stdout] 
[INFO] [stdout] stdout:
[INFO] [stdout] 
[INFO] [stdout] 
[INFO] [stdout] stderr:
[INFO] [stdout] Switched to a new branch 'main-31SK6'
[INFO] [stdout] 
[INFO] [stdout] =============================
[INFO] [stdout] == git add "/tmp/.tmpce47ha/GEO65"
[INFO] [stdout] 
[INFO] [stdout] stdout:
[INFO] [stdout] 
[INFO] [stdout] 
[INFO] [stdout] stderr:
[INFO] [stdout] 
[INFO] [stdout] =============================
[INFO] [stdout] == git commit -m"Added "/tmp/.tmpce47ha/GEO65""
[INFO] [stdout] 
[INFO] [stdout] stdout:
[INFO] [stdout] 
[INFO] [stdout] 
[INFO] [stdout] stderr:
[INFO] [stdout] Author identity unknown
[INFO] [stdout] 
[INFO] [stdout] *** Please tell me who you are.
[INFO] [stdout] 
[INFO] [stdout] Run
[INFO] [stdout] 
[INFO] [stdout]   git config --global user.email "you@example.com"
[INFO] [stdout]   git config --global user.name "Your Name"
[INFO] [stdout] 
[INFO] [stdout] to set your account's default identity.
[INFO] [stdout] Omit --global to set the identity only in this repository.
[INFO] [stdout] 
[INFO] [stdout] fatal: unable to auto-detect email address (got 'root@d3796a7eecbc.(none)')
[INFO] [stdout] 
[INFO] [stdout] =============================
[INFO] [stdout] [1;31mAssertion failed[0m at [1msrc/git/validation/tests.rs[0m:635:13:
[INFO] [stdout]   [35mlet_assert[0m[35m!([0m [36mOk((positions, _git_log))[0m [1;34m=[0m [33mvalidate(&*open_repository, &repo_details, &repo_config)[0m [35m)[0m
[INFO] [stdout] with expansion:
[INFO] [stdout]   Err(Retryable("test"))
[INFO] [stdout] with message:
[INFO] [stdout]   validate
[INFO] [stdout] 
[INFO] [stdout] thread 'git::validation::tests::positions::validate::where_branches_are_all_valid_should_return_positions' panicked at src/git/validation/tests.rs:635:13:
[INFO] [stdout] assertion failed
[INFO] [stdout] stack backtrace:
[INFO] [stdout]    0:     0x61850a1f150a - std::backtrace_rs::backtrace::libunwind::trace::h207520d6e9873551
[INFO] [stdout]                                at /rustc/df4ca44d3fbc9301ee17f30f4d474e6ae4b05252/library/std/src/../../backtrace/src/backtrace/libunwind.rs:116:5
[INFO] [stdout]    1:     0x61850a1f150a - std::backtrace_rs::backtrace::trace_unsynchronized::h2ed7433f370e3eca
[INFO] [stdout]                                at /rustc/df4ca44d3fbc9301ee17f30f4d474e6ae4b05252/library/std/src/../../backtrace/src/backtrace/mod.rs:66:5
[INFO] [stdout]    2:     0x61850a1f150a - std::sys::backtrace::_print_fmt::h916fac51166b18d7
[INFO] [stdout]                                at /rustc/df4ca44d3fbc9301ee17f30f4d474e6ae4b05252/library/std/src/sys/backtrace.rs:66:9
[INFO] [stdout]    3:     0x61850a1f150a - <std::sys::backtrace::BacktraceLock::print::DisplayBacktrace as core::fmt::Display>::fmt::ha0a4c9b8ce3802e6
[INFO] [stdout]                                at /rustc/df4ca44d3fbc9301ee17f30f4d474e6ae4b05252/library/std/src/sys/backtrace.rs:39:26
[INFO] [stdout]    4:     0x61850a2200b3 - core::fmt::rt::Argument::fmt::h4cfc8587d52b3eb5
[INFO] [stdout]                                at /rustc/df4ca44d3fbc9301ee17f30f4d474e6ae4b05252/library/core/src/fmt/rt.rs:177:76
[INFO] [stdout]    5:     0x61850a2200b3 - core::fmt::write::h522cc39e5b36ae9f
[INFO] [stdout]                                at /rustc/df4ca44d3fbc9301ee17f30f4d474e6ae4b05252/library/core/src/fmt/mod.rs:1190:21
[INFO] [stdout]    6:     0x61850a1ebb33 - std::io::Write::write_fmt::h7d3c26752da97734
[INFO] [stdout]                                at /rustc/df4ca44d3fbc9301ee17f30f4d474e6ae4b05252/library/std/src/io/mod.rs:1839:15
[INFO] [stdout]    7:     0x61850a1f1352 - std::sys::backtrace::BacktraceLock::print::h4b9e00b29e9c0942
[INFO] [stdout]                                at /rustc/df4ca44d3fbc9301ee17f30f4d474e6ae4b05252/library/std/src/sys/backtrace.rs:42:9
[INFO] [stdout]    8:     0x61850a1f2f9a - std::panicking::default_hook::{{closure}}::hb59b88280d0324d9
[INFO] [stdout]                                at /rustc/df4ca44d3fbc9301ee17f30f4d474e6ae4b05252/library/std/src/panicking.rs:268:22
[INFO] [stdout]    9:     0x61850a1f2da4 - std::panicking::default_hook::he1dd496665be4a29
[INFO] [stdout]                                at /rustc/df4ca44d3fbc9301ee17f30f4d474e6ae4b05252/library/std/src/panicking.rs:292:9
[INFO] [stdout]   10:     0x6185092cf529 - <alloc::boxed::Box<F,A> as core::ops::function::Fn<Args>>::call::h4ff71de18744e1dc
[INFO] [stdout]                                at /rustc/df4ca44d3fbc9301ee17f30f4d474e6ae4b05252/library/alloc/src/boxed.rs:2468:9
[INFO] [stdout]   11:     0x6185092cf529 - test::test_main::{{closure}}::hcf7c055ce117aa81
[INFO] [stdout]                                at /rustc/df4ca44d3fbc9301ee17f30f4d474e6ae4b05252/library/test/src/lib.rs:133:21
[INFO] [stdout]   12:     0x61850a1f3698 - <alloc::boxed::Box<F,A> as core::ops::function::Fn<Args>>::call::h1d66c6bbd60c9692
[INFO] [stdout]                                at /rustc/df4ca44d3fbc9301ee17f30f4d474e6ae4b05252/library/alloc/src/boxed.rs:2468:9
[INFO] [stdout]   13:     0x61850a1f3698 - std::panicking::rust_panic_with_hook::h2ff17fe8f26dfcf8
[INFO] [stdout]                                at /rustc/df4ca44d3fbc9301ee17f30f4d474e6ae4b05252/library/std/src/panicking.rs:809:13
[INFO] [stdout]   14:     0x61850a1f3426 - std::panicking::begin_panic_handler::{{closure}}::h4fad77951c07e101
[INFO] [stdout]                                at /rustc/df4ca44d3fbc9301ee17f30f4d474e6ae4b05252/library/std/src/panicking.rs:667:13
[INFO] [stdout]   15:     0x61850a1f19e9 - std::sys::backtrace::__rust_end_short_backtrace::hb1a25b3da5d0ea08
[INFO] [stdout]                                at /rustc/df4ca44d3fbc9301ee17f30f4d474e6ae4b05252/library/std/src/sys/backtrace.rs:170:18
[INFO] [stdout]   16:     0x61850a1f30ec - rust_begin_unwind
[INFO] [stdout]                                at /rustc/df4ca44d3fbc9301ee17f30f4d474e6ae4b05252/library/std/src/panicking.rs:665:5
[INFO] [stdout]   17:     0x61850a21d650 - core::panicking::panic_fmt::ha9db07b529f9b256
[INFO] [stdout]                                at /rustc/df4ca44d3fbc9301ee17f30f4d474e6ae4b05252/library/core/src/panicking.rs:75:14
[INFO] [stdout]   18:     0x6185090a887d - git_next_core::git::validation::tests::positions::validate::where_branches_are_all_valid_should_return_positions::h8a333d91bd767f2f
[INFO] [stdout]                                at /opt/rustwide/workdir/src/git/validation/tests.rs:635:13
[INFO] [stdout]   19:     0x6185090a6f37 - git_next_core::git::validation::tests::positions::validate::where_branches_are_all_valid_should_return_positions::{{closure}}::heb8a08d674230cb5
[INFO] [stdout]                                at /opt/rustwide/workdir/src/git/validation/tests.rs:602:66
[INFO] [stdout]   20:     0x61850910dcb6 - core::ops::function::FnOnce::call_once::hdbf0dee540813ae3
[INFO] [stdout]                                at /rustc/df4ca44d3fbc9301ee17f30f4d474e6ae4b05252/library/core/src/ops/function.rs:250:5
[INFO] [stdout]   21:     0x6185092d3dfb - core::ops::function::FnOnce::call_once::h22c3ba5715e93f05
[INFO] [stdout]                                at /rustc/df4ca44d3fbc9301ee17f30f4d474e6ae4b05252/library/core/src/ops/function.rs:250:5
[INFO] [stdout]   22:     0x6185092d3dfb - test::__rust_begin_short_backtrace::h8e82d8113d0da17f
[INFO] [stdout]                                at /rustc/df4ca44d3fbc9301ee17f30f4d474e6ae4b05252/library/test/src/lib.rs:621:18
[INFO] [stdout]   23:     0x6185092d3777 - test::run_test_in_process::{{closure}}::h33235f4f20b7b7c7
[INFO] [stdout]                                at /rustc/df4ca44d3fbc9301ee17f30f4d474e6ae4b05252/library/test/src/lib.rs:644:60
[INFO] [stdout]   24:     0x6185092d3777 - <core::panic::unwind_safe::AssertUnwindSafe<F> as core::ops::function::FnOnce<()>>::call_once::hb5043206310c586f
[INFO] [stdout]                                at /rustc/df4ca44d3fbc9301ee17f30f4d474e6ae4b05252/library/core/src/panic/unwind_safe.rs:272:9
[INFO] [stdout]   25:     0x6185092d3777 - std::panicking::try::do_call::h9ad4731a60ab23e2
[INFO] [stdout]                                at /rustc/df4ca44d3fbc9301ee17f30f4d474e6ae4b05252/library/std/src/panicking.rs:557:40
[INFO] [stdout]   26:     0x6185092d3777 - std::panicking::try::h3824d23db772a716
[INFO] [stdout]                                at /rustc/df4ca44d3fbc9301ee17f30f4d474e6ae4b05252/library/std/src/panicking.rs:520:19
[INFO] [stdout]   27:     0x6185092d3777 - std::panic::catch_unwind::h5afd514605fde46b
[INFO] [stdout]                                at /rustc/df4ca44d3fbc9301ee17f30f4d474e6ae4b05252/library/std/src/panic.rs:358:14
[INFO] [stdout]   28:     0x6185092d3777 - test::run_test_in_process::h0d5cbfa7067d1720
[INFO] [stdout]                                at /rustc/df4ca44d3fbc9301ee17f30f4d474e6ae4b05252/library/test/src/lib.rs:644:27
[INFO] [stdout]   29:     0x6185092d3777 - test::run_test::{{closure}}::h708eb8872708115d
[INFO] [stdout]                                at /rustc/df4ca44d3fbc9301ee17f30f4d474e6ae4b05252/library/test/src/lib.rs:565:43
[INFO] [stdout]   30:     0x618509296e94 - test::run_test::{{closure}}::h392c51cee94713ab
[INFO] [stdout]                                at /rustc/df4ca44d3fbc9301ee17f30f4d474e6ae4b05252/library/test/src/lib.rs:595:41
[INFO] [stdout]   31:     0x618509296e94 - std::sys::backtrace::__rust_begin_short_backtrace::h2f40290710935a8b
[INFO] [stdout]                                at /rustc/df4ca44d3fbc9301ee17f30f4d474e6ae4b05252/library/std/src/sys/backtrace.rs:154:18
[INFO] [stdout]   32:     0x61850929a63e - std::thread::Builder::spawn_unchecked_::{{closure}}::{{closure}}::h3fd968d89053a903
[INFO] [stdout]                                at /rustc/df4ca44d3fbc9301ee17f30f4d474e6ae4b05252/library/std/src/thread/mod.rs:541:17
[INFO] [stdout]   33:     0x61850929a63e - <core::panic::unwind_safe::AssertUnwindSafe<F> as core::ops::function::FnOnce<()>>::call_once::h743f637ba4229880
[INFO] [stdout]                                at /rustc/df4ca44d3fbc9301ee17f30f4d474e6ae4b05252/library/core/src/panic/unwind_safe.rs:272:9
[INFO] [stdout]   34:     0x61850929a63e - std::panicking::try::do_call::h07440897322525a6
[INFO] [stdout]                                at /rustc/df4ca44d3fbc9301ee17f30f4d474e6ae4b05252/library/std/src/panicking.rs:557:40
[INFO] [stdout]   35:     0x61850929a63e - std::panicking::try::he5a2e00188156637
[INFO] [stdout]                                at /rustc/df4ca44d3fbc9301ee17f30f4d474e6ae4b05252/library/std/src/panicking.rs:520:19
[INFO] [stdout]   36:     0x61850929a63e - std::panic::catch_unwind::hbaf3cae49b3c6433
[INFO] [stdout]                                at /rustc/df4ca44d3fbc9301ee17f30f4d474e6ae4b05252/library/std/src/panic.rs:358:14
[INFO] [stdout]   37:     0x61850929a63e - std::thread::Builder::spawn_unchecked_::{{closure}}::h8e141ea224820bce
[INFO] [stdout]                                at /rustc/df4ca44d3fbc9301ee17f30f4d474e6ae4b05252/library/std/src/thread/mod.rs:540:30
[INFO] [stdout]   38:     0x61850929a63e - core::ops::function::FnOnce::call_once{{vtable.shim}}::h90d312fedd7b8ea8
[INFO] [stdout]                                at /rustc/df4ca44d3fbc9301ee17f30f4d474e6ae4b05252/library/core/src/ops/function.rs:250:5
[INFO] [stdout]   39:     0x61850a1f8f5b - <alloc::boxed::Box<F,A> as core::ops::function::FnOnce<Args>>::call_once::h69aa08ddb6adb8b6
[INFO] [stdout]                                at /rustc/df4ca44d3fbc9301ee17f30f4d474e6ae4b05252/library/alloc/src/boxed.rs:2454:9
[INFO] [stdout]   40:     0x61850a1f8f5b - <alloc::boxed::Box<F,A> as core::ops::function::FnOnce<Args>>::call_once::h5aa36efdb79c806f
[INFO] [stdout]                                at /rustc/df4ca44d3fbc9301ee17f30f4d474e6ae4b05252/library/alloc/src/boxed.rs:2454:9
[INFO] [stdout]   41:     0x61850a1f8f5b - std::sys::pal::unix::thread::Thread::new::thread_start::h6cd80a1b4be5158d
[INFO] [stdout]                                at /rustc/df4ca44d3fbc9301ee17f30f4d474e6ae4b05252/library/std/src/sys/pal/unix/thread.rs:105:17
[INFO] [stdout]   42:     0x7f7e4242bac3 - <unknown>
[INFO] [stdout]   43:     0x7f7e424bca04 - clone
[INFO] [stdout]   44:                0x0 - <unknown>
[INFO] [stdout] 
[INFO] [stdout] ---- git::validation::tests::positions::validate::where_dev_branch_is_not_based_on_main_should_error stdout ----
[INFO] [stdout] == git checkout -b main-A5JZ1
[INFO] [stdout] 
[INFO] [stdout] stdout:
[INFO] [stdout] 
[INFO] [stdout] 
[INFO] [stdout] stderr:
[INFO] [stdout] Switched to a new branch 'main-A5JZ1'
[INFO] [stdout] 
[INFO] [stdout] =============================
[INFO] [stdout] == git add "/tmp/.tmpyRnIPA/RQQN4"
[INFO] [stdout] 
[INFO] [stdout] stdout:
[INFO] [stdout] 
[INFO] [stdout] 
[INFO] [stdout] stderr:
[INFO] [stdout] 
[INFO] [stdout] =============================
[INFO] [stdout] == git commit -m"Added "/tmp/.tmpyRnIPA/RQQN4""
[INFO] [stdout] 
[INFO] [stdout] stdout:
[INFO] [stdout] 
[INFO] [stdout] 
[INFO] [stdout] stderr:
[INFO] [stdout] Author identity unknown
[INFO] [stdout] 
[INFO] [stdout] *** Please tell me who you are.
[INFO] [stdout] 
[INFO] [stdout] Run
[INFO] [stdout] 
[INFO] [stdout]   git config --global user.email "you@example.com"
[INFO] [stdout]   git config --global user.name "Your Name"
[INFO] [stdout] 
[INFO] [stdout] to set your account's default identity.
[INFO] [stdout] Omit --global to set the identity only in this repository.
[INFO] [stdout] 
[INFO] [stdout] fatal: unable to auto-detect email address (got 'root@d3796a7eecbc.(none)')
[INFO] [stdout] 
[INFO] [stdout] =============================
[INFO] [stdout] thread 'git::validation::tests::positions::validate::where_dev_branch_is_not_based_on_main_should_error' panicked at src/git/validation/tests.rs:249:13:
[INFO] [stdout] assertion failed: matches!(err, git::validation::positions::Error::UserIntervention(_))
[INFO] [stdout] stack backtrace:
[INFO] [stdout]    0:     0x61850a1f150a - std::backtrace_rs::backtrace::libunwind::trace::h207520d6e9873551
[INFO] [stdout]                                at /rustc/df4ca44d3fbc9301ee17f30f4d474e6ae4b05252/library/std/src/../../backtrace/src/backtrace/libunwind.rs:116:5
[INFO] [stdout]    1:     0x61850a1f150a - std::backtrace_rs::backtrace::trace_unsynchronized::h2ed7433f370e3eca
[INFO] [stdout]                                at /rustc/df4ca44d3fbc9301ee17f30f4d474e6ae4b05252/library/std/src/../../backtrace/src/backtrace/mod.rs:66:5
[INFO] [stdout]    2:     0x61850a1f150a - std::sys::backtrace::_print_fmt::h916fac51166b18d7
[INFO] [stdout]                                at /rustc/df4ca44d3fbc9301ee17f30f4d474e6ae4b05252/library/std/src/sys/backtrace.rs:66:9
[INFO] [stdout]    3:     0x61850a1f150a - <std::sys::backtrace::BacktraceLock::print::DisplayBacktrace as core::fmt::Display>::fmt::ha0a4c9b8ce3802e6
[INFO] [stdout]                                at /rustc/df4ca44d3fbc9301ee17f30f4d474e6ae4b05252/library/std/src/sys/backtrace.rs:39:26
[INFO] [stdout]    4:     0x61850a2200b3 - core::fmt::rt::Argument::fmt::h4cfc8587d52b3eb5
[INFO] [stdout]                                at /rustc/df4ca44d3fbc9301ee17f30f4d474e6ae4b05252/library/core/src/fmt/rt.rs:177:76
[INFO] [stdout]    5:     0x61850a2200b3 - core::fmt::write::h522cc39e5b36ae9f
[INFO] [stdout]                                at /rustc/df4ca44d3fbc9301ee17f30f4d474e6ae4b05252/library/core/src/fmt/mod.rs:1190:21
[INFO] [stdout]    6:     0x61850a1ebb33 - std::io::Write::write_fmt::h7d3c26752da97734
[INFO] [stdout]                                at /rustc/df4ca44d3fbc9301ee17f30f4d474e6ae4b05252/library/std/src/io/mod.rs:1839:15
[INFO] [stdout]    7:     0x61850a1f1352 - std::sys::backtrace::BacktraceLock::print::h4b9e00b29e9c0942
[INFO] [stdout]                                at /rustc/df4ca44d3fbc9301ee17f30f4d474e6ae4b05252/library/std/src/sys/backtrace.rs:42:9
[INFO] [stdout]    8:     0x61850a1f2f9a - std::panicking::default_hook::{{closure}}::hb59b88280d0324d9
[INFO] [stdout]                                at /rustc/df4ca44d3fbc9301ee17f30f4d474e6ae4b05252/library/std/src/panicking.rs:268:22
[INFO] [stdout]    9:     0x61850a1f2da4 - std::panicking::default_hook::he1dd496665be4a29
[INFO] [stdout]                                at /rustc/df4ca44d3fbc9301ee17f30f4d474e6ae4b05252/library/std/src/panicking.rs:292:9
[INFO] [stdout]   10:     0x6185092cf529 - <alloc::boxed::Box<F,A> as core::ops::function::Fn<Args>>::call::h4ff71de18744e1dc
[INFO] [stdout]                                at /rustc/df4ca44d3fbc9301ee17f30f4d474e6ae4b05252/library/alloc/src/boxed.rs:2468:9
[INFO] [stdout]   11:     0x6185092cf529 - test::test_main::{{closure}}::hcf7c055ce117aa81
[INFO] [stdout]                                at /rustc/df4ca44d3fbc9301ee17f30f4d474e6ae4b05252/library/test/src/lib.rs:133:21
[INFO] [stdout]   12:     0x61850a1f3698 - <alloc::boxed::Box<F,A> as core::ops::function::Fn<Args>>::call::h1d66c6bbd60c9692
[INFO] [stdout]                                at /rustc/df4ca44d3fbc9301ee17f30f4d474e6ae4b05252/library/alloc/src/boxed.rs:2468:9
[INFO] [stdout]   13:     0x61850a1f3698 - std::panicking::rust_panic_with_hook::h2ff17fe8f26dfcf8
[INFO] [stdout]                                at /rustc/df4ca44d3fbc9301ee17f30f4d474e6ae4b05252/library/std/src/panicking.rs:809:13
[INFO] [stdout]   14:     0x61850a1f3426 - std::panicking::begin_panic_handler::{{closure}}::h4fad77951c07e101
[INFO] [stdout]                                at /rustc/df4ca44d3fbc9301ee17f30f4d474e6ae4b05252/library/std/src/panicking.rs:667:13
[INFO] [stdout]   15:     0x61850a1f19e9 - std::sys::backtrace::__rust_end_short_backtrace::hb1a25b3da5d0ea08
[INFO] [stdout]                                at /rustc/df4ca44d3fbc9301ee17f30f4d474e6ae4b05252/library/std/src/sys/backtrace.rs:170:18
[INFO] [stdout]   16:     0x61850a1f30ec - rust_begin_unwind
[INFO] [stdout]                                at /rustc/df4ca44d3fbc9301ee17f30f4d474e6ae4b05252/library/std/src/panicking.rs:665:5
[INFO] [stdout]   17:     0x61850a21d650 - core::panicking::panic_fmt::ha9db07b529f9b256
[INFO] [stdout]                                at /rustc/df4ca44d3fbc9301ee17f30f4d474e6ae4b05252/library/core/src/panicking.rs:75:14
[INFO] [stdout]   18:     0x61850a21d6dc - core::panicking::panic::h993086813d94accc
[INFO] [stdout]                                at /rustc/df4ca44d3fbc9301ee17f30f4d474e6ae4b05252/library/core/src/panicking.rs:152:5
[INFO] [stdout]   19:     0x61850909da28 - git_next_core::git::validation::tests::positions::validate::where_dev_branch_is_not_based_on_main_should_error::hfdf22fdcec3801ed
[INFO] [stdout]                                at /opt/rustwide/workdir/src/git/validation/tests.rs:249:13
[INFO] [stdout]   20:     0x61850909d447 - git_next_core::git::validation::tests::positions::validate::where_dev_branch_is_not_based_on_main_should_error::{{closure}}::h6ba3ae4da2160b9c
[INFO] [stdout]                                at /opt/rustwide/workdir/src/git/validation/tests.rs:206:64
[INFO] [stdout]   21:     0x61850910d906 - core::ops::function::FnOnce::call_once::hca284db2aa3ae299
[INFO] [stdout]                                at /rustc/df4ca44d3fbc9301ee17f30f4d474e6ae4b05252/library/core/src/ops/function.rs:250:5
[INFO] [stdout]   22:     0x6185092d3dfb - core::ops::function::FnOnce::call_once::h22c3ba5715e93f05
[INFO] [stdout]                                at /rustc/df4ca44d3fbc9301ee17f30f4d474e6ae4b05252/library/core/src/ops/function.rs:250:5
[INFO] [stdout]   23:     0x6185092d3dfb - test::__rust_begin_short_backtrace::h8e82d8113d0da17f
[INFO] [stdout]                                at /rustc/df4ca44d3fbc9301ee17f30f4d474e6ae4b05252/library/test/src/lib.rs:621:18
[INFO] [stdout]   24:     0x6185092d3777 - test::run_test_in_process::{{closure}}::h33235f4f20b7b7c7
[INFO] [stdout]                                at /rustc/df4ca44d3fbc9301ee17f30f4d474e6ae4b05252/library/test/src/lib.rs:644:60
[INFO] [stdout]   25:     0x6185092d3777 - <core::panic::unwind_safe::AssertUnwindSafe<F> as core::ops::function::FnOnce<()>>::call_once::hb5043206310c586f
[INFO] [stdout]                                at /rustc/df4ca44d3fbc9301ee17f30f4d474e6ae4b05252/library/core/src/panic/unwind_safe.rs:272:9
[INFO] [stdout]   26:     0x6185092d3777 - std::panicking::try::do_call::h9ad4731a60ab23e2
[INFO] [stdout]                                at /rustc/df4ca44d3fbc9301ee17f30f4d474e6ae4b05252/library/std/src/panicking.rs:557:40
[INFO] [stdout]   27:     0x6185092d3777 - std::panicking::try::h3824d23db772a716
[INFO] [stdout]                                at /rustc/df4ca44d3fbc9301ee17f30f4d474e6ae4b05252/library/std/src/panicking.rs:520:19
[INFO] [stdout]   28:     0x6185092d3777 - std::panic::catch_unwind::h5afd514605fde46b
[INFO] [stdout]                                at /rustc/df4ca44d3fbc9301ee17f30f4d474e6ae4b05252/library/std/src/panic.rs:358:14
[INFO] [stdout]   29:     0x6185092d3777 - test::run_test_in_process::h0d5cbfa7067d1720
[INFO] [stdout]                                at /rustc/df4ca44d3fbc9301ee17f30f4d474e6ae4b05252/library/test/src/lib.rs:644:27
[INFO] [stdout]   30:     0x6185092d3777 - test::run_test::{{closure}}::h708eb8872708115d
[INFO] [stdout]                                at /rustc/df4ca44d3fbc9301ee17f30f4d474e6ae4b05252/library/test/src/lib.rs:565:43
[INFO] [stdout]   31:     0x618509296e94 - test::run_test::{{closure}}::h392c51cee94713ab
[INFO] [stdout]                                at /rustc/df4ca44d3fbc9301ee17f30f4d474e6ae4b05252/library/test/src/lib.rs:595:41
[INFO] [stdout]   32:     0x618509296e94 - std::sys::backtrace::__rust_begin_short_backtrace::h2f40290710935a8b
[INFO] [stdout]                                at /rustc/df4ca44d3fbc9301ee17f30f4d474e6ae4b05252/library/std/src/sys/backtrace.rs:154:18
[INFO] [stdout]   33:     0x61850929a63e - std::thread::Builder::spawn_unchecked_::{{closure}}::{{closure}}::h3fd968d89053a903
[INFO] [stdout]                                at /rustc/df4ca44d3fbc9301ee17f30f4d474e6ae4b05252/library/std/src/thread/mod.rs:541:17
[INFO] [stdout]   34:     0x61850929a63e - <core::panic::unwind_safe::AssertUnwindSafe<F> as core::ops::function::FnOnce<()>>::call_once::h743f637ba4229880
[INFO] [stdout]                                at /rustc/df4ca44d3fbc9301ee17f30f4d474e6ae4b05252/library/core/src/panic/unwind_safe.rs:272:9
[INFO] [stdout]   35:     0x61850929a63e - std::panicking::try::do_call::h07440897322525a6
[INFO] [stdout]                                at /rustc/df4ca44d3fbc9301ee17f30f4d474e6ae4b05252/library/std/src/panicking.rs:557:40
[INFO] [stdout]   36:     0x61850929a63e - std::panicking::try::he5a2e00188156637
[INFO] [stdout]                                at /rustc/df4ca44d3fbc9301ee17f30f4d474e6ae4b05252/library/std/src/panicking.rs:520:19
[INFO] [stdout]   37:     0x61850929a63e - std::panic::catch_unwind::hbaf3cae49b3c6433
[INFO] [stdout]                                at /rustc/df4ca44d3fbc9301ee17f30f4d474e6ae4b05252/library/std/src/panic.rs:358:14
[INFO] [stdout]   38:     0x61850929a63e - std::thread::Builder::spawn_unchecked_::{{closure}}::h8e141ea224820bce
[INFO] [stdout]                                at /rustc/df4ca44d3fbc9301ee17f30f4d474e6ae4b05252/library/std/src/thread/mod.rs:540:30
[INFO] [stdout]   39:     0x61850929a63e - core::ops::function::FnOnce::call_once{{vtable.shim}}::h90d312fedd7b8ea8
[INFO] [stdout]                                at /rustc/df4ca44d3fbc9301ee17f30f4d474e6ae4b05252/library/core/src/ops/function.rs:250:5
[INFO] [stdout]   40:     0x61850a1f8f5b - <alloc::boxed::Box<F,A> as core::ops::function::FnOnce<Args>>::call_once::h69aa08ddb6adb8b6
[INFO] [stdout]                                at /rustc/df4ca44d3fbc9301ee17f30f4d474e6ae4b05252/library/alloc/src/boxed.rs:2454:9
[INFO] [stdout]   41:     0x61850a1f8f5b - <alloc::boxed::Box<F,A> as core::ops::function::FnOnce<Args>>::call_once::h5aa36efdb79c806f
[INFO] [stdout]                                at /rustc/df4ca44d3fbc9301ee17f30f4d474e6ae4b05252/library/alloc/src/boxed.rs:2454:9
[INFO] [stdout]   42:     0x61850a1f8f5b - std::sys::pal::unix::thread::Thread::new::thread_start::h6cd80a1b4be5158d
[INFO] [stdout]                                at /rustc/df4ca44d3fbc9301ee17f30f4d474e6ae4b05252/library/std/src/sys/pal/unix/thread.rs:105:17
[INFO] [stdout]   43:     0x7f7e4242bac3 - <unknown>
[INFO] [stdout]   44:     0x7f7e424bca04 - clone
[INFO] [stdout]   45:                0x0 - <unknown>
[INFO] [stdout] 
[INFO] [stdout] ---- git::validation::tests::positions::validate::where_dev_branch_is_not_based_on_next_should_reset_next_branch_to_next_commit_on_dev_and_retryable_error stdout ----
[INFO] [stdout] == git checkout -b main-UQXT9
[INFO] [stdout] 
[INFO] [stdout] stdout:
[INFO] [stdout] 
[INFO] [stdout] 
[INFO] [stdout] stderr:
[INFO] [stdout] Switched to a new branch 'main-UQXT9'
[INFO] [stdout] 
[INFO] [stdout] =============================
[INFO] [stdout] == git add "/tmp/.tmpZErYj1/2C5PX"
[INFO] [stdout] 
[INFO] [stdout] stdout:
[INFO] [stdout] 
[INFO] [stdout] 
[INFO] [stdout] stderr:
[INFO] [stdout] 
[INFO] [stdout] =============================
[INFO] [stdout] == git commit -m"Added "/tmp/.tmpZErYj1/2C5PX""
[INFO] [stdout] 
[INFO] [stdout] stdout:
[INFO] [stdout] 
[INFO] [stdout] 
[INFO] [stdout] stderr:
[INFO] [stdout] Author identity unknown
[INFO] [stdout] 
[INFO] [stdout] *** Please tell me who you are.
[INFO] [stdout] 
[INFO] [stdout] Run
[INFO] [stdout] 
[INFO] [stdout]   git config --global user.email "you@example.com"
[INFO] [stdout]   git config --global user.name "Your Name"
[INFO] [stdout] 
[INFO] [stdout] to set your account's default identity.
[INFO] [stdout] Omit --global to set the identity only in this repository.
[INFO] [stdout] 
[INFO] [stdout] fatal: unable to auto-detect email address (got 'root@d3796a7eecbc.(none)')
[INFO] [stdout] 
[INFO] [stdout] =============================
[INFO] [stdout] Assertion failed at src/git/validation/tests.rs:574:13:
[INFO] [stdout]   let_assert!( Ok((positions, _git_log)) = validate(&*open_repository, &repo_details, &repo_config) )
[INFO] [stdout] with expansion:
[INFO] [stdout]   Err(Retryable("test"))
[INFO] [stdout] with message:
[INFO] [stdout]   validate
[INFO] [stdout] 
[INFO] [stdout] thread 'git::validation::tests::positions::validate::where_dev_branch_is_not_based_on_next_should_reset_next_branch_to_next_commit_on_dev_and_retryable_error' panicked at src/git/validation/tests.rs:574:13:
[INFO] [stdout] assertion failed
[INFO] [stdout] stack backtrace:
[INFO] [stdout]    0:     0x61850a1f150a - std::backtrace_rs::backtrace::libunwind::trace::h207520d6e9873551
[INFO] [stdout]                                at /rustc/df4ca44d3fbc9301ee17f30f4d474e6ae4b05252/library/std/src/../../backtrace/src/backtrace/libunwind.rs:116:5
[INFO] [stdout]    1:     0x61850a1f150a - std::backtrace_rs::backtrace::trace_unsynchronized::h2ed7433f370e3eca
[INFO] [stdout]                                at /rustc/df4ca44d3fbc9301ee17f30f4d474e6ae4b05252/library/std/src/../../backtrace/src/backtrace/mod.rs:66:5
[INFO] [stdout]    2:     0x61850a1f150a - std::sys::backtrace::_print_fmt::h916fac51166b18d7
[INFO] [stdout]                                at /rustc/df4ca44d3fbc9301ee17f30f4d474e6ae4b05252/library/std/src/sys/backtrace.rs:66:9
[INFO] [stdout]    3:     0x61850a1f150a - <std::sys::backtrace::BacktraceLock::print::DisplayBacktrace as core::fmt::Display>::fmt::ha0a4c9b8ce3802e6
[INFO] [stdout]                                at /rustc/df4ca44d3fbc9301ee17f30f4d474e6ae4b05252/library/std/src/sys/backtrace.rs:39:26
[INFO] [stdout]    4:     0x61850a2200b3 - core::fmt::rt::Argument::fmt::h4cfc8587d52b3eb5
[INFO] [stdout]                                at /rustc/df4ca44d3fbc9301ee17f30f4d474e6ae4b05252/library/core/src/fmt/rt.rs:177:76
[INFO] [stdout]    5:     0x61850a2200b3 - core::fmt::write::h522cc39e5b36ae9f
[INFO] [stdout]                                at /rustc/df4ca44d3fbc9301ee17f30f4d474e6ae4b05252/library/core/src/fmt/mod.rs:1190:21
[INFO] [stdout]    6:     0x61850a1ebb33 - std::io::Write::write_fmt::h7d3c26752da97734
[INFO] [stdout]                                at /rustc/df4ca44d3fbc9301ee17f30f4d474e6ae4b05252/library/std/src/io/mod.rs:1839:15
[INFO] [stdout]    7:     0x61850a1f1352 - std::sys::backtrace::BacktraceLock::print::h4b9e00b29e9c0942
[INFO] [stdout]                                at /rustc/df4ca44d3fbc9301ee17f30f4d474e6ae4b05252/library/std/src/sys/backtrace.rs:42:9
[INFO] [stdout]    8:     0x61850a1f2f9a - std::panicking::default_hook::{{closure}}::hb59b88280d0324d9
[INFO] [stdout]                                at /rustc/df4ca44d3fbc9301ee17f30f4d474e6ae4b05252/library/std/src/panicking.rs:268:22
[INFO] [stdout]    9:     0x61850a1f2da4 - std::panicking::default_hook::he1dd496665be4a29
[INFO] [stdout]                                at /rustc/df4ca44d3fbc9301ee17f30f4d474e6ae4b05252/library/std/src/panicking.rs:292:9
[INFO] [stdout]   10:     0x6185092cf529 - <alloc::boxed::Box<F,A> as core::ops::function::Fn<Args>>::call::h4ff71de18744e1dc
[INFO] [stdout]                                at /rustc/df4ca44d3fbc9301ee17f30f4d474e6ae4b05252/library/alloc/src/boxed.rs:2468:9
[INFO] [stdout]   11:     0x6185092cf529 - test::test_main::{{closure}}::hcf7c055ce117aa81
[INFO] [stdout]                                at /rustc/df4ca44d3fbc9301ee17f30f4d474e6ae4b05252/library/test/src/lib.rs:133:21
[INFO] [stdout]   12:     0x61850a1f3698 - <alloc::boxed::Box<F,A> as core::ops::function::Fn<Args>>::call::h1d66c6bbd60c9692
[INFO] [stdout]                                at /rustc/df4ca44d3fbc9301ee17f30f4d474e6ae4b05252/library/alloc/src/boxed.rs:2468:9
[INFO] [stdout]   13:     0x61850a1f3698 - std::panicking::rust_panic_with_hook::h2ff17fe8f26dfcf8
[INFO] [stdout]                                at /rustc/df4ca44d3fbc9301ee17f30f4d474e6ae4b05252/library/std/src/panicking.rs:809:13
[INFO] [stdout]   14:     0x61850a1f3426 - std::panicking::begin_panic_handler::{{closure}}::h4fad77951c07e101
[INFO] [stdout]                                at /rustc/df4ca44d3fbc9301ee17f30f4d474e6ae4b05252/library/std/src/panicking.rs:667:13
[INFO] [stdout]   15:     0x61850a1f19e9 - std::sys::backtrace::__rust_end_short_backtrace::hb1a25b3da5d0ea08
[INFO] [stdout]                                at /rustc/df4ca44d3fbc9301ee17f30f4d474e6ae4b05252/library/std/src/sys/backtrace.rs:170:18
[INFO] [stdout]   16:     0x61850a1f30ec - rust_begin_unwind
[INFO] [stdout]                                at /rustc/df4ca44d3fbc9301ee17f30f4d474e6ae4b05252/library/std/src/panicking.rs:665:5
[INFO] [stdout]   17:     0x61850a21d650 - core::panicking::panic_fmt::ha9db07b529f9b256
[INFO] [stdout]                                at /rustc/df4ca44d3fbc9301ee17f30f4d474e6ae4b05252/library/core/src/panicking.rs:75:14
[INFO] [stdout]   18:     0x6185090a5d9d - git_next_core::git::validation::tests::positions::validate::where_dev_branch_is_not_based_on_next_should_reset_next_branch_to_next_commit_on_dev_and_retryable_error::haceadf0b0fdb88cb
[INFO] [stdout]                                at /opt/rustwide/workdir/src/git/validation/tests.rs:574:13
[INFO] [stdout]   19:     0x6185090a41f7 - git_next_core::git::validation::tests::positions::validate::where_dev_branch_is_not_based_on_next_should_reset_next_branch_to_next_commit_on_dev_and_retryable_error::{{closure}}::h8ebdfce819eb8dd1
[INFO] [stdout]                                at /opt/rustwide/workdir/src/git/validation/tests.rs:504:10
[INFO] [stdout]   20:     0x61850910d076 - core::ops::function::FnOnce::call_once::h994ed4f023e019bf
[INFO] [stdout]                                at /rustc/df4ca44d3fbc9301ee17f30f4d474e6ae4b05252/library/core/src/ops/function.rs:250:5
[INFO] [stdout]   21:     0x6185092d3dfb - core::ops::function::FnOnce::call_once::h22c3ba5715e93f05
[INFO] [stdout]                                at /rustc/df4ca44d3fbc9301ee17f30f4d474e6ae4b05252/library/core/src/ops/function.rs:250:5
[INFO] [stdout]   22:     0x6185092d3dfb - test::__rust_begin_short_backtrace::h8e82d8113d0da17f
[INFO] [stdout]                                at /rustc/df4ca44d3fbc9301ee17f30f4d474e6ae4b05252/library/test/src/lib.rs:621:18
[INFO] [stdout]   23:     0x6185092d3777 - test::run_test_in_process::{{closure}}::h33235f4f20b7b7c7
[INFO] [stdout]                                at /rustc/df4ca44d3fbc9301ee17f30f4d474e6ae4b05252/library/test/src/lib.rs:644:60
[INFO] [stdout]   24:     0x6185092d3777 - <core::panic::unwind_safe::AssertUnwindSafe<F> as core::ops::function::FnOnce<()>>::call_once::hb5043206310c586f
[INFO] [stdout]                                at /rustc/df4ca44d3fbc9301ee17f30f4d474e6ae4b05252/library/core/src/panic/unwind_safe.rs:272:9
[INFO] [stdout]   25:     0x6185092d3777 - std::panicking::try::do_call::h9ad4731a60ab23e2
[INFO] [stdout]                                at /rustc/df4ca44d3fbc9301ee17f30f4d474e6ae4b05252/library/std/src/panicking.rs:557:40
[INFO] [stdout]   26:     0x6185092d3777 - std::panicking::try::h3824d23db772a716
[INFO] [stdout]                                at /rustc/df4ca44d3fbc9301ee17f30f4d474e6ae4b05252/library/std/src/panicking.rs:520:19
[INFO] [stdout]   27:     0x6185092d3777 - std::panic::catch_unwind::h5afd514605fde46b
[INFO] [stdout]                                at /rustc/df4ca44d3fbc9301ee17f30f4d474e6ae4b05252/library/std/src/panic.rs:358:14
[INFO] [stdout]   28:     0x6185092d3777 - test::run_test_in_process::h0d5cbfa7067d1720
[INFO] [stdout]                                at /rustc/df4ca44d3fbc9301ee17f30f4d474e6ae4b05252/library/test/src/lib.rs:644:27
[INFO] [stdout]   29:     0x6185092d3777 - test::run_test::{{closure}}::h708eb8872708115d
[INFO] [stdout]                                at /rustc/df4ca44d3fbc9301ee17f30f4d474e6ae4b05252/library/test/src/lib.rs:565:43
[INFO] [stdout]   30:     0x618509296e94 - test::run_test::{{closure}}::h392c51cee94713ab
[INFO] [stdout]                                at /rustc/df4ca44d3fbc9301ee17f30f4d474e6ae4b05252/library/test/src/lib.rs:595:41
[INFO] [stdout]   31:     0x618509296e94 - std::sys::backtrace::__rust_begin_short_backtrace::h2f40290710935a8b
[INFO] [stdout]                                at /rustc/df4ca44d3fbc9301ee17f30f4d474e6ae4b05252/library/std/src/sys/backtrace.rs:154:18
[INFO] [stdout]   32:     0x61850929a63e - std::thread::Builder::spawn_unchecked_::{{closure}}::{{closure}}::h3fd968d89053a903
[INFO] [stdout]                                at /rustc/df4ca44d3fbc9301ee17f30f4d474e6ae4b05252/library/std/src/thread/mod.rs:541:17
[INFO] [stdout]   33:     0x61850929a63e - <core::panic::unwind_safe::AssertUnwindSafe<F> as core::ops::function::FnOnce<()>>::call_once::h743f637ba4229880
[INFO] [stdout]                                at /rustc/df4ca44d3fbc9301ee17f30f4d474e6ae4b05252/library/core/src/panic/unwind_safe.rs:272:9
[INFO] [stdout]   34:     0x61850929a63e - std::panicking::try::do_call::h07440897322525a6
[INFO] [stdout]                                at /rustc/df4ca44d3fbc9301ee17f30f4d474e6ae4b05252/library/std/src/panicking.rs:557:40
[INFO] [stdout]   35:     0x61850929a63e - std::panicking::try::he5a2e00188156637
[INFO] [stdout]                                at /rustc/df4ca44d3fbc9301ee17f30f4d474e6ae4b05252/library/std/src/panicking.rs:520:19
[INFO] [stdout]   36:     0x61850929a63e - std::panic::catch_unwind::hbaf3cae49b3c6433
[INFO] [stdout]                                at /rustc/df4ca44d3fbc9301ee17f30f4d474e6ae4b05252/library/std/src/panic.rs:358:14
[INFO] [stdout]   37:     0x61850929a63e - std::thread::Builder::spawn_unchecked_::{{closure}}::h8e141ea224820bce
[INFO] [stdout]                                at /rustc/df4ca44d3fbc9301ee17f30f4d474e6ae4b05252/library/std/src/thread/mod.rs:540:30
[INFO] [stdout]   38:     0x61850929a63e - core::ops::function::FnOnce::call_once{{vtable.shim}}::h90d312fedd7b8ea8
[INFO] [stdout]                                at /rustc/df4ca44d3fbc9301ee17f30f4d474e6ae4b05252/library/core/src/ops/function.rs:250:5
[INFO] [stdout]   39:     0x61850a1f8f5b - <alloc::boxed::Box<F,A> as core::ops::function::FnOnce<Args>>::call_once::h69aa08ddb6adb8b6
[INFO] [stdout]                                at /rustc/df4ca44d3fbc9301ee17f30f4d474e6ae4b05252/library/alloc/src/boxed.rs:2454:9
[INFO] [stdout]   40:     0x61850a1f8f5b - <alloc::boxed::Box<F,A> as core::ops::function::FnOnce<Args>>::call_once::h5aa36efdb79c806f
[INFO] [stdout]                                at /rustc/df4ca44d3fbc9301ee17f30f4d474e6ae4b05252/library/alloc/src/boxed.rs:2454:9
[INFO] [stdout]   41:     0x61850a1f8f5b - std::sys::pal::unix::thread::Thread::new::thread_start::h6cd80a1b4be5158d
[INFO] [stdout]                                at /rustc/df4ca44d3fbc9301ee17f30f4d474e6ae4b05252/library/std/src/sys/pal/unix/thread.rs:105:17
[INFO] [stdout]   42:     0x7f7e4242bac3 - <unknown>
[INFO] [stdout]   43:     0x7f7e424bca04 - clone
[INFO] [stdout]   44:                0x0 - <unknown>
[INFO] [stdout] 
[INFO] [stdout] ---- git::validation::tests::positions::validate::where_next_branch_is_not_based_on_main_and_reset_of_next_fails_should_error stdout ----
[INFO] [stdout] == git checkout -b main-LC2S3
[INFO] [stdout] 
[INFO] [stdout] stdout:
[INFO] [stdout] 
[INFO] [stdout] 
[INFO] [stdout] stderr:
[INFO] [stdout] Switched to a new branch 'main-LC2S3'
[INFO] [stdout] 
[INFO] [stdout] =============================
[INFO] [stdout] == git add "/tmp/.tmpTnTINO/W9AA8"
[INFO] [stdout] 
[INFO] [stdout] stdout:
[INFO] [stdout] 
[INFO] [stdout] 
[INFO] [stdout] stderr:
[INFO] [stdout] 
[INFO] [stdout] =============================
[INFO] [stdout] == git commit -m"Added "/tmp/.tmpTnTINO/W9AA8""
[INFO] [stdout] 
[INFO] [stdout] stdout:
[INFO] [stdout] 
[INFO] [stdout] 
[INFO] [stdout] stderr:
[INFO] [stdout] Author identity unknown
[INFO] [stdout] 
[INFO] [stdout] *** Please tell me who you are.
[INFO] [stdout] 
[INFO] [stdout] Run
[INFO] [stdout] 
[INFO] [stdout]   git config --global user.email "you@example.com"
[INFO] [stdout]   git config --global user.name "Your Name"
[INFO] [stdout] 
[INFO] [stdout] to set your account's default identity.
[INFO] [stdout] Omit --global to set the identity only in this repository.
[INFO] [stdout] 
[INFO] [stdout] fatal: unable to auto-detect email address (got 'root@d3796a7eecbc.(none)')
[INFO] [stdout] 
[INFO] [stdout] =============================
[INFO] [stdout] Got: Retryable("test")
[INFO] [stdout] Assertion failed at src/git/validation/tests.rs:406:13:
[INFO] [stdout]   let_assert!( Ok(_) = then::get_sha_for_branch(&fs, &gitdir, &repo_config.branches().next()) )
[INFO] [stdout] with expansion:
[INFO] [stdout]   Err(
[INFO] [stdout]       Io(
[INFO] [stdout]           Os {
[INFO] [stdout]               code: 2,
[INFO] [stdout]               kind: NotFound,
[INFO] [stdout]               message: "No such file or directory",
[INFO] [stdout]           },
[INFO] [stdout]       ),
[INFO] [stdout]   )
[INFO] [stdout] with message:
[INFO] [stdout]   load next branch sha
[INFO] [stdout] 
[INFO] [stdout] thread 'git::validation::tests::positions::validate::where_next_branch_is_not_based_on_main_and_reset_of_next_fails_should_error' panicked at src/git/validation/tests.rs:406:13:
[INFO] [stdout] assertion failed
[INFO] [stdout] stack backtrace:
[INFO] [stdout]    0:     0x61850a1f150a - std::backtrace_rs::backtrace::libunwind::trace::h207520d6e9873551
[INFO] [stdout]                                at /rustc/df4ca44d3fbc9301ee17f30f4d474e6ae4b05252/library/std/src/../../backtrace/src/backtrace/libunwind.rs:116:5
[INFO] [stdout]    1:     0x61850a1f150a - std::backtrace_rs::backtrace::trace_unsynchronized::h2ed7433f370e3eca
[INFO] [stdout]                                at /rustc/df4ca44d3fbc9301ee17f30f4d474e6ae4b05252/library/std/src/../../backtrace/src/backtrace/mod.rs:66:5
[INFO] [stdout]    2:     0x61850a1f150a - std::sys::backtrace::_print_fmt::h916fac51166b18d7
[INFO] [stdout]                                at /rustc/df4ca44d3fbc9301ee17f30f4d474e6ae4b05252/library/std/src/sys/backtrace.rs:66:9
[INFO] [stdout]    3:     0x61850a1f150a - <std::sys::backtrace::BacktraceLock::print::DisplayBacktrace as core::fmt::Display>::fmt::ha0a4c9b8ce3802e6
[INFO] [stdout]                                at /rustc/df4ca44d3fbc9301ee17f30f4d474e6ae4b05252/library/std/src/sys/backtrace.rs:39:26
[INFO] [stdout]    4:     0x61850a2200b3 - core::fmt::rt::Argument::fmt::h4cfc8587d52b3eb5
[INFO] [stdout]                                at /rustc/df4ca44d3fbc9301ee17f30f4d474e6ae4b05252/library/core/src/fmt/rt.rs:177:76
[INFO] [stdout]    5:     0x61850a2200b3 - core::fmt::write::h522cc39e5b36ae9f
[INFO] [stdout]                                at /rustc/df4ca44d3fbc9301ee17f30f4d474e6ae4b05252/library/core/src/fmt/mod.rs:1190:21
[INFO] [stdout]    6:     0x61850a1ebb33 - std::io::Write::write_fmt::h7d3c26752da97734
[INFO] [stdout]                                at /rustc/df4ca44d3fbc9301ee17f30f4d474e6ae4b05252/library/std/src/io/mod.rs:1839:15
[INFO] [stdout]    7:     0x61850a1f1352 - std::sys::backtrace::BacktraceLock::print::h4b9e00b29e9c0942
[INFO] [stdout]                                at /rustc/df4ca44d3fbc9301ee17f30f4d474e6ae4b05252/library/std/src/sys/backtrace.rs:42:9
[INFO] [stdout]    8:     0x61850a1f2f9a - std::panicking::default_hook::{{closure}}::hb59b88280d0324d9
[INFO] [stdout]                                at /rustc/df4ca44d3fbc9301ee17f30f4d474e6ae4b05252/library/std/src/panicking.rs:268:22
[INFO] [stdout]    9:     0x61850a1f2da4 - std::panicking::default_hook::he1dd496665be4a29
[INFO] [stdout]                                at /rustc/df4ca44d3fbc9301ee17f30f4d474e6ae4b05252/library/std/src/panicking.rs:292:9
[INFO] [stdout]   10:     0x6185092cf529 - <alloc::boxed::Box<F,A> as core::ops::function::Fn<Args>>::call::h4ff71de18744e1dc
[INFO] [stdout]                                at /rustc/df4ca44d3fbc9301ee17f30f4d474e6ae4b05252/library/alloc/src/boxed.rs:2468:9
[INFO] [stdout]   11:     0x6185092cf529 - test::test_main::{{closure}}::hcf7c055ce117aa81
[INFO] [stdout]                                at /rustc/df4ca44d3fbc9301ee17f30f4d474e6ae4b05252/library/test/src/lib.rs:133:21
[INFO] [stdout]   12:     0x61850a1f3698 - <alloc::boxed::Box<F,A> as core::ops::function::Fn<Args>>::call::h1d66c6bbd60c9692
[INFO] [stdout]                                at /rustc/df4ca44d3fbc9301ee17f30f4d474e6ae4b05252/library/alloc/src/boxed.rs:2468:9
[INFO] [stdout]   13:     0x61850a1f3698 - std::panicking::rust_panic_with_hook::h2ff17fe8f26dfcf8
[INFO] [stdout]                                at /rustc/df4ca44d3fbc9301ee17f30f4d474e6ae4b05252/library/std/src/panicking.rs:809:13
[INFO] [stdout]   14:     0x61850a1f3426 - std::panicking::begin_panic_handler::{{closure}}::h4fad77951c07e101
[INFO] [stdout]                                at /rustc/df4ca44d3fbc9301ee17f30f4d474e6ae4b05252/library/std/src/panicking.rs:667:13
[INFO] [stdout]   15:     0x61850a1f19e9 - std::sys::backtrace::__rust_end_short_backtrace::hb1a25b3da5d0ea08
[INFO] [stdout]                                at /rustc/df4ca44d3fbc9301ee17f30f4d474e6ae4b05252/library/std/src/sys/backtrace.rs:170:18
[INFO] [stdout]   16:     0x61850a1f30ec - rust_begin_unwind
[INFO] [stdout]                                at /rustc/df4ca44d3fbc9301ee17f30f4d474e6ae4b05252/library/std/src/panicking.rs:665:5
[INFO] [stdout]   17:     0x61850a21d650 - core::panicking::panic_fmt::ha9db07b529f9b256
[INFO] [stdout]                                at /rustc/df4ca44d3fbc9301ee17f30f4d474e6ae4b05252/library/core/src/panicking.rs:75:14
[INFO] [stdout]   18:     0x6185090a159a - git_next_core::git::validation::tests::positions::validate::where_next_branch_is_not_based_on_main_and_reset_of_next_fails_should_error::h11afd5fab843dcce
[INFO] [stdout]                                at /opt/rustwide/workdir/src/git/validation/tests.rs:406:13
[INFO] [stdout]   19:     0x6185090a0707 - git_next_core::git::validation::tests::positions::validate::where_next_branch_is_not_based_on_main_and_reset_of_next_fails_should_error::{{closure}}::h9869df5e8037be85
[INFO] [stdout]                                at /opt/rustwide/workdir/src/git/validation/tests.rs:344:89
[INFO] [stdout]   20:     0x61850910bad6 - core::ops::function::FnOnce::call_once::h209d9dd856e3dd27
[INFO] [stdout]                                at /rustc/df4ca44d3fbc9301ee17f30f4d474e6ae4b05252/library/core/src/ops/function.rs:250:5
[INFO] [stdout]   21:     0x6185092d3dfb - core::ops::function::FnOnce::call_once::h22c3ba5715e93f05
[INFO] [stdout]                                at /rustc/df4ca44d3fbc9301ee17f30f4d474e6ae4b05252/library/core/src/ops/function.rs:250:5
[INFO] [stdout]   22:     0x6185092d3dfb - test::__rust_begin_short_backtrace::h8e82d8113d0da17f
[INFO] [stdout]                                at /rustc/df4ca44d3fbc9301ee17f30f4d474e6ae4b05252/library/test/src/lib.rs:621:18
[INFO] [stdout]   23:     0x6185092d3777 - test::run_test_in_process::{{closure}}::h33235f4f20b7b7c7
[INFO] [stdout]                                at /rustc/df4ca44d3fbc9301ee17f30f4d474e6ae4b05252/library/test/src/lib.rs:644:60
[INFO] [stdout]   24:     0x6185092d3777 - <core::panic::unwind_safe::AssertUnwindSafe<F> as core::ops::function::FnOnce<()>>::call_once::hb5043206310c586f
[INFO] [stdout]                                at /rustc/df4ca44d3fbc9301ee17f30f4d474e6ae4b05252/library/core/src/panic/unwind_safe.rs:272:9
[INFO] [stdout]   25:     0x6185092d3777 - std::panicking::try::do_call::h9ad4731a60ab23e2
[INFO] [stdout]                                at /rustc/df4ca44d3fbc9301ee17f30f4d474e6ae4b05252/library/std/src/panicking.rs:557:40
[INFO] [stdout]   26:     0x6185092d3777 - std::panicking::try::h3824d23db772a716
[INFO] [stdout]                                at /rustc/df4ca44d3fbc9301ee17f30f4d474e6ae4b05252/library/std/src/panicking.rs:520:19
[INFO] [stdout]   27:     0x6185092d3777 - std::panic::catch_unwind::h5afd514605fde46b
[INFO] [stdout]                                at /rustc/df4ca44d3fbc9301ee17f30f4d474e6ae4b05252/library/std/src/panic.rs:358:14
[INFO] [stdout]   28:     0x6185092d3777 - test::run_test_in_process::h0d5cbfa7067d1720
[INFO] [stdout]                                at /rustc/df4ca44d3fbc9301ee17f30f4d474e6ae4b05252/library/test/src/lib.rs:644:27
[INFO] [stdout]   29:     0x6185092d3777 - test::run_test::{{closure}}::h708eb8872708115d
[INFO] [stdout]                                at /rustc/df4ca44d3fbc9301ee17f30f4d474e6ae4b05252/library/test/src/lib.rs:565:43
[INFO] [stdout]   30:     0x618509296e94 - test::run_test::{{closure}}::h392c51cee94713ab
[INFO] [stdout]                                at /rustc/df4ca44d3fbc9301ee17f30f4d474e6ae4b05252/library/test/src/lib.rs:595:41
[INFO] [stdout]   31:     0x618509296e94 - std::sys::backtrace::__rust_begin_short_backtrace::h2f40290710935a8b
[INFO] [stdout]                                at /rustc/df4ca44d3fbc9301ee17f30f4d474e6ae4b05252/library/std/src/sys/backtrace.rs:154:18
[INFO] [stdout]   32:     0x61850929a63e - std::thread::Builder::spawn_unchecked_::{{closure}}::{{closure}}::h3fd968d89053a903
[INFO] [stdout]                                at /rustc/df4ca44d3fbc9301ee17f30f4d474e6ae4b05252/library/std/src/thread/mod.rs:541:17
[INFO] [stdout]   33:     0x61850929a63e - <core::panic::unwind_safe::AssertUnwindSafe<F> as core::ops::function::FnOnce<()>>::call_once::h743f637ba4229880
[INFO] [stdout]                                at /rustc/df4ca44d3fbc9301ee17f30f4d474e6ae4b05252/library/core/src/panic/unwind_safe.rs:272:9
[INFO] [stdout]   34:     0x61850929a63e - std::panicking::try::do_call::h07440897322525a6
[INFO] [stdout]                                at /rustc/df4ca44d3fbc9301ee17f30f4d474e6ae4b05252/library/std/src/panicking.rs:557:40
[INFO] [stdout]   35:     0x61850929a63e - std::panicking::try::he5a2e00188156637
[INFO] [stdout]                                at /rustc/df4ca44d3fbc9301ee17f30f4d474e6ae4b05252/library/std/src/panicking.rs:520:19
[INFO] [stdout]   36:     0x61850929a63e - std::panic::catch_unwind::hbaf3cae49b3c6433
[INFO] [stdout]                                at /rustc/df4ca44d3fbc9301ee17f30f4d474e6ae4b05252/library/std/src/panic.rs:358:14
[INFO] [stdout]   37:     0x61850929a63e - std::thread::Builder::spawn_unchecked_::{{closure}}::h8e141ea224820bce
[INFO] [stdout]                                at /rustc/df4ca44d3fbc9301ee17f30f4d474e6ae4b05252/library/std/src/thread/mod.rs:540:30
[INFO] [stdout]   38:     0x61850929a63e - core::ops::function::FnOnce::call_once{{vtable.shim}}::h90d312fedd7b8ea8
[INFO] [stdout]                                at /rustc/df4ca44d3fbc9301ee17f30f4d474e6ae4b05252/library/core/src/ops/function.rs:250:5
[INFO] [stdout]   39:     0x61850a1f8f5b - <alloc::boxed::Box<F,A> as core::ops::function::FnOnce<Args>>::call_once::h69aa08ddb6adb8b6
[INFO] [stdout]                                at /rustc/df4ca44d3fbc9301ee17f30f4d474e6ae4b05252/library/alloc/src/boxed.rs:2454:9
[INFO] [stdout]   40:     0x61850a1f8f5b - <alloc::boxed::Box<F,A> as core::ops::function::FnOnce<Args>>::call_once::h5aa36efdb79c806f
[INFO] [stdout]                                at /rustc/df4ca44d3fbc9301ee17f30f4d474e6ae4b05252/library/alloc/src/boxed.rs:2454:9
[INFO] [stdout]   41:     0x61850a1f8f5b - std::sys::pal::unix::thread::Thread::new::thread_start::h6cd80a1b4be5158d
[INFO] [stdout]                                at /rustc/df4ca44d3fbc9301ee17f30f4d474e6ae4b05252/library/std/src/sys/pal/unix/thread.rs:105:17
[INFO] [stdout]   42:     0x7f7e4242bac3 - <unknown>
[INFO] [stdout]   43:     0x7f7e424bca04 - clone
[INFO] [stdout]   44:                0x0 - <unknown>
[INFO] [stdout] 
[INFO] [stdout] 
[INFO] [stdout] failures:
[INFO] [stdout]     git::repository::open::tests::commit_log::should_return_5_in_commit_log_when_searching_for_5th_item
[INFO] [stdout]     git::repository::open::tests::commit_log::should_return_capacity_25_in_commit_log_when_searching_for_garbage
[INFO] [stdout]     git::repository::open::tests::commit_log::should_return_single_item_in_commit_log_when_not_searching
[INFO] [stdout]     git::repository::open::tests::read_file::should_error_on_missing_file
[INFO] [stdout]     git::repository::open::tests::read_file::should_return_file
[INFO] [stdout]     git::validation::tests::positions::validate::where_branches_are_all_valid_should_return_positions
[INFO] [stdout]     git::validation::tests::positions::validate::where_dev_branch_is_not_based_on_main_should_error
[INFO] [stdout]     git::validation::tests::positions::validate::where_dev_branch_is_not_based_on_next_should_reset_next_branch_to_next_commit_on_dev_and_retryable_error
[INFO] [stdout]     git::validation::tests::positions::validate::where_next_branch_is_not_based_on_main_and_reset_of_next_fails_should_error
[INFO] [stdout] 
[INFO] [stdout] test result: FAILED. 88 passed; 9 failed; 1 ignored; 0 measured; 0 filtered out; finished in 0.08s
[INFO] [stdout] 
[INFO] [stderr] error: test failed, to rerun pass `--lib`
[INFO] running `Command { std: "docker" "inspect" "d3796a7eecbca7e825fcb3f143c83a3cbe3bbb241226ca89ed5a34976010bf11", kill_on_drop: false }`
[INFO] running `Command { std: "docker" "rm" "-f" "d3796a7eecbca7e825fcb3f143c83a3cbe3bbb241226ca89ed5a34976010bf11", kill_on_drop: false }`
[INFO] [stdout] d3796a7eecbca7e825fcb3f143c83a3cbe3bbb241226ca89ed5a34976010bf11
