[INFO] fetching crate git-lfs-spec 0.1.0...
[INFO] testing git-lfs-spec-0.1.0 against nightly-2024-10-28 for randomize-layout
[INFO] extracting crate git-lfs-spec 0.1.0 into /workspace/builds/worker-6-tc1/source
[INFO] validating manifest of crates.io crate git-lfs-spec 0.1.0 on toolchain nightly-2024-10-28
[INFO] running `Command { std: CARGO_HOME="/workspace/cargo-home" RUSTUP_HOME="/workspace/rustup-home" "/workspace/cargo-home/bin/cargo" "+nightly-2024-10-28" "metadata" "--manifest-path" "Cargo.toml" "--no-deps", kill_on_drop: false }`
[INFO] started tweaking crates.io crate git-lfs-spec 0.1.0
[INFO] finished tweaking crates.io crate git-lfs-spec 0.1.0
[INFO] tweaked toml for crates.io crate git-lfs-spec 0.1.0 written to /workspace/builds/worker-6-tc1/source/Cargo.toml
[INFO] running `Command { std: CARGO_HOME="/workspace/cargo-home" RUSTUP_HOME="/workspace/rustup-home" "/workspace/cargo-home/bin/cargo" "+nightly-2024-10-28" "generate-lockfile" "--manifest-path" "Cargo.toml", kill_on_drop: false }`
[INFO] [stderr]     Updating crates.io index
[INFO] [stderr]      Locking 59 packages to latest compatible versions
[INFO] [stderr]       Adding pretty_assertions v0.7.2 (available: v1.4.1)
[INFO] [stderr]       Adding url v1.7.2 (available: v2.5.2)
[INFO] running `Command { std: CARGO_HOME="/workspace/cargo-home" RUSTUP_HOME="/workspace/rustup-home" "/workspace/cargo-home/bin/cargo" "+nightly-2024-10-28" "fetch" "--manifest-path" "Cargo.toml", kill_on_drop: false }`
[INFO] [stderr]  Downloading crates ...
[INFO] [stderr]   Downloaded pretty_assertions v0.7.2
[INFO] running `Command { std: "docker" "create" "-v" "/var/lib/crater-agent-workspace/builds/worker-6-tc1/target:/opt/rustwide/target:rw,Z" "-v" "/var/lib/crater-agent-workspace/builds/worker-6-tc1/source:/opt/rustwide/workdir:ro,Z" "-v" "/var/lib/crater-agent-workspace/cargo-home:/opt/rustwide/cargo-home:ro,Z" "-v" "/var/lib/crater-agent-workspace/rustup-home:/opt/rustwide/rustup-home:ro,Z" "-e" "SOURCE_DIR=/opt/rustwide/workdir" "-e" "CARGO_TARGET_DIR=/opt/rustwide/target" "-e" "CARGO_HOME=/opt/rustwide/cargo-home" "-e" "RUSTUP_HOME=/opt/rustwide/rustup-home" "-w" "/opt/rustwide/workdir" "-m" "1610612736" "--user" "0:0" "--network" "none" "ghcr.io/rust-lang/crates-build-env/linux@sha256:4a844ea9eb2546a2d2c7022eacef16ef2e8229c7fbb2c7d4d55a9ceca922f72d" "/opt/rustwide/cargo-home/bin/cargo" "+nightly-2024-10-28" "metadata" "--no-deps" "--format-version=1", kill_on_drop: false }`
[INFO] [stdout] 465c99745d06a2c7b1af83644b30eb8e851c14acedd37f2bdbcc7a2fd6398278
[INFO] running `Command { std: "docker" "start" "-a" "465c99745d06a2c7b1af83644b30eb8e851c14acedd37f2bdbcc7a2fd6398278", kill_on_drop: false }`
[INFO] running `Command { std: "docker" "inspect" "465c99745d06a2c7b1af83644b30eb8e851c14acedd37f2bdbcc7a2fd6398278", kill_on_drop: false }`
[INFO] running `Command { std: "docker" "rm" "-f" "465c99745d06a2c7b1af83644b30eb8e851c14acedd37f2bdbcc7a2fd6398278", kill_on_drop: false }`
[INFO] [stdout] 465c99745d06a2c7b1af83644b30eb8e851c14acedd37f2bdbcc7a2fd6398278
[INFO] running `Command { std: "docker" "create" "-v" "/var/lib/crater-agent-workspace/builds/worker-6-tc1/target:/opt/rustwide/target:rw,Z" "-v" "/var/lib/crater-agent-workspace/builds/worker-6-tc1/source:/opt/rustwide/workdir:ro,Z" "-v" "/var/lib/crater-agent-workspace/cargo-home:/opt/rustwide/cargo-home:ro,Z" "-v" "/var/lib/crater-agent-workspace/rustup-home:/opt/rustwide/rustup-home:ro,Z" "-e" "SOURCE_DIR=/opt/rustwide/workdir" "-e" "CARGO_TARGET_DIR=/opt/rustwide/target" "-e" "CARGO_INCREMENTAL=0" "-e" "RUST_BACKTRACE=full" "-e" "RUSTFLAGS=--cap-lints=forbid" "-e" "RUSTDOCFLAGS=--cap-lints=forbid" "-e" "CARGO_HOME=/opt/rustwide/cargo-home" "-e" "RUSTUP_HOME=/opt/rustwide/rustup-home" "-w" "/opt/rustwide/workdir" "-m" "1610612736" "--user" "0:0" "--network" "none" "ghcr.io/rust-lang/crates-build-env/linux@sha256:4a844ea9eb2546a2d2c7022eacef16ef2e8229c7fbb2c7d4d55a9ceca922f72d" "/opt/rustwide/cargo-home/bin/cargo" "+nightly-2024-10-28" "build" "--frozen" "--message-format=json", kill_on_drop: false }`
[INFO] [stdout] c5799a83fa026dbd2c1cf3ea9fb94061c53c1721fc89803aabb6a120e2aa64b0
[INFO] running `Command { std: "docker" "start" "-a" "c5799a83fa026dbd2c1cf3ea9fb94061c53c1721fc89803aabb6a120e2aa64b0", kill_on_drop: false }`
[INFO] [stderr]    Compiling proc-macro2 v1.0.89
[INFO] [stderr]    Compiling tinyvec_macros v0.1.1
[INFO] [stderr]    Compiling serde v1.0.214
[INFO] [stderr]    Compiling autocfg v1.4.0
[INFO] [stderr]    Compiling matches v0.1.10
[INFO] [stderr]    Compiling unicode-bidi v0.3.17
[INFO] [stderr]    Compiling percent-encoding v1.0.1
[INFO] [stderr]    Compiling iana-time-zone v0.1.61
[INFO] [stderr]    Compiling tinyvec v1.8.0
[INFO] [stderr]    Compiling num-traits v0.2.19
[INFO] [stderr]    Compiling quote v1.0.37
[INFO] [stderr]    Compiling syn v2.0.86
[INFO] [stderr]    Compiling unicode-normalization v0.1.24
[INFO] [stderr]    Compiling idna v0.1.5
[INFO] [stderr]    Compiling url v1.7.2
[INFO] [stderr]    Compiling url_serde v0.2.0
[INFO] [stderr]    Compiling chrono v0.4.38
[INFO] [stderr]    Compiling serde_derive v1.0.214
[INFO] [stderr]    Compiling git-lfs-spec v0.1.0 (/opt/rustwide/workdir)
[INFO] [stdout] warning: associated constants `ACCEPT_HEADER_INCORRECT`, `RATE_LIMIT_HIT`, `NOT_IMPLEMENTED`, `INSUFFICIENT_STORAGE`, and `BANDWIDTH_LIMIT_EXCEEDED` are never used
[INFO] [stdout]    --> src/spec/batch.rs:176:11
[INFO] [stdout]     |
[INFO] [stdout] 175 | impl LfsErrorResponse {
[INFO] [stdout]     | --------------------- associated constants in this implementation
[INFO] [stdout] 176 |     const ACCEPT_HEADER_INCORRECT: Self = Self {
[INFO] [stdout]     |           ^^^^^^^^^^^^^^^^^^^^^^^
[INFO] [stdout] ...
[INFO] [stdout] 182 |     const RATE_LIMIT_HIT: Self = Self {
[INFO] [stdout]     |           ^^^^^^^^^^^^^^
[INFO] [stdout] ...
[INFO] [stdout] 188 |     const NOT_IMPLEMENTED: Self = Self {
[INFO] [stdout]     |           ^^^^^^^^^^^^^^^
[INFO] [stdout] ...
[INFO] [stdout] 194 |     const INSUFFICIENT_STORAGE: Self = Self {
[INFO] [stdout]     |           ^^^^^^^^^^^^^^^^^^^^
[INFO] [stdout] ...
[INFO] [stdout] 201 |     const BANDWIDTH_LIMIT_EXCEEDED: Self = Self {
[INFO] [stdout]     |           ^^^^^^^^^^^^^^^^^^^^^^^^
[INFO] [stdout]     |
[INFO] [stdout]     = note: `#[warn(dead_code)]` on by default
[INFO] [stdout] 
[INFO] [stdout] 
[INFO] [stdout] warning: method `DoesNotExist` should have a snake case name
[INFO] [stdout]    --> src/spec/batch.rs:109:12
[INFO] [stdout]     |
[INFO] [stdout] 109 |     pub fn DoesNotExist() -> Self {
[INFO] [stdout]     |            ^^^^^^^^^^^^ help: convert the identifier to snake case: `does_not_exist`
[INFO] [stdout]     |
[INFO] [stdout]     = note: `#[warn(non_snake_case)]` on by default
[INFO] [stdout] 
[INFO] [stdout] 
[INFO] [stdout] warning: method `RemovedByOwner` should have a snake case name
[INFO] [stdout]    --> src/spec/batch.rs:116:12
[INFO] [stdout]     |
[INFO] [stdout] 116 |     pub fn RemovedByOwner() -> Self {
[INFO] [stdout]     |            ^^^^^^^^^^^^^^ help: convert the identifier to snake case: `removed_by_owner`
[INFO] [stdout] 
[INFO] [stdout] 
[INFO] [stdout] warning: method `ValidationError` should have a snake case name
[INFO] [stdout]    --> src/spec/batch.rs:122:12
[INFO] [stdout]     |
[INFO] [stdout] 122 |     pub fn ValidationError() -> Self {
[INFO] [stdout]     |            ^^^^^^^^^^^^^^^ help: convert the identifier to snake case: `validation_error`
[INFO] [stdout] 
[INFO] [stdout] 
[INFO] [stderr]     Finished `dev` profile [unoptimized + debuginfo] target(s) in 19.98s
[INFO] running `Command { std: "docker" "inspect" "c5799a83fa026dbd2c1cf3ea9fb94061c53c1721fc89803aabb6a120e2aa64b0", kill_on_drop: false }`
[INFO] running `Command { std: "docker" "rm" "-f" "c5799a83fa026dbd2c1cf3ea9fb94061c53c1721fc89803aabb6a120e2aa64b0", kill_on_drop: false }`
[INFO] [stdout] c5799a83fa026dbd2c1cf3ea9fb94061c53c1721fc89803aabb6a120e2aa64b0
[INFO] running `Command { std: "docker" "create" "-v" "/var/lib/crater-agent-workspace/builds/worker-6-tc1/target:/opt/rustwide/target:rw,Z" "-v" "/var/lib/crater-agent-workspace/builds/worker-6-tc1/source:/opt/rustwide/workdir:ro,Z" "-v" "/var/lib/crater-agent-workspace/cargo-home:/opt/rustwide/cargo-home:ro,Z" "-v" "/var/lib/crater-agent-workspace/rustup-home:/opt/rustwide/rustup-home:ro,Z" "-e" "SOURCE_DIR=/opt/rustwide/workdir" "-e" "CARGO_TARGET_DIR=/opt/rustwide/target" "-e" "CARGO_INCREMENTAL=0" "-e" "RUST_BACKTRACE=full" "-e" "RUSTFLAGS=--cap-lints=forbid" "-e" "RUSTDOCFLAGS=--cap-lints=forbid" "-e" "CARGO_HOME=/opt/rustwide/cargo-home" "-e" "RUSTUP_HOME=/opt/rustwide/rustup-home" "-w" "/opt/rustwide/workdir" "-m" "1610612736" "--user" "0:0" "--network" "none" "ghcr.io/rust-lang/crates-build-env/linux@sha256:4a844ea9eb2546a2d2c7022eacef16ef2e8229c7fbb2c7d4d55a9ceca922f72d" "/opt/rustwide/cargo-home/bin/cargo" "+nightly-2024-10-28" "test" "--frozen" "--no-run" "--message-format=json", kill_on_drop: false }`
[INFO] [stdout] 81c442b65bf0498c350e3c25f0ad5c1bdaa7ce5482c695c7555dcca897db016b
[INFO] running `Command { std: "docker" "start" "-a" "81c442b65bf0498c350e3c25f0ad5c1bdaa7ce5482c695c7555dcca897db016b", kill_on_drop: false }`
[INFO] [stderr]    Compiling ansi_term v0.12.1
[INFO] [stderr]    Compiling diff v0.1.13
[INFO] [stdout] warning: associated constants `ACCEPT_HEADER_INCORRECT`, `RATE_LIMIT_HIT`, `NOT_IMPLEMENTED`, `INSUFFICIENT_STORAGE`, and `BANDWIDTH_LIMIT_EXCEEDED` are never used
[INFO] [stdout]    --> src/spec/batch.rs:176:11
[INFO] [stdout]     |
[INFO] [stdout] 175 | impl LfsErrorResponse {
[INFO] [stdout]     | --------------------- associated constants in this implementation
[INFO] [stdout] 176 |     const ACCEPT_HEADER_INCORRECT: Self = Self {
[INFO] [stdout]     |           ^^^^^^^^^^^^^^^^^^^^^^^
[INFO] [stdout] ...
[INFO] [stdout] 182 |     const RATE_LIMIT_HIT: Self = Self {
[INFO] [stdout]     |           ^^^^^^^^^^^^^^
[INFO] [stdout] ...
[INFO] [stdout] 188 |     const NOT_IMPLEMENTED: Self = Self {
[INFO] [stdout]     |           ^^^^^^^^^^^^^^^
[INFO] [stdout] ...
[INFO] [stdout] 194 |     const INSUFFICIENT_STORAGE: Self = Self {
[INFO] [stdout]     |           ^^^^^^^^^^^^^^^^^^^^
[INFO] [stdout] ...
[INFO] [stdout] 201 |     const BANDWIDTH_LIMIT_EXCEEDED: Self = Self {
[INFO] [stdout]     |           ^^^^^^^^^^^^^^^^^^^^^^^^
[INFO] [stdout]     |
[INFO] [stdout]     = note: `#[warn(dead_code)]` on by default
[INFO] [stdout] 
[INFO] [stdout] 
[INFO] [stdout] warning: method `DoesNotExist` should have a snake case name
[INFO] [stdout]    --> src/spec/batch.rs:109:12
[INFO] [stdout]     |
[INFO] [stdout] 109 |     pub fn DoesNotExist() -> Self {
[INFO] [stdout]     |            ^^^^^^^^^^^^ help: convert the identifier to snake case: `does_not_exist`
[INFO] [stdout]     |
[INFO] [stdout]     = note: `#[warn(non_snake_case)]` on by default
[INFO] [stdout] 
[INFO] [stdout] 
[INFO] [stdout] warning: method `RemovedByOwner` should have a snake case name
[INFO] [stdout]    --> src/spec/batch.rs:116:12
[INFO] [stdout]     |
[INFO] [stdout] 116 |     pub fn RemovedByOwner() -> Self {
[INFO] [stdout]     |            ^^^^^^^^^^^^^^ help: convert the identifier to snake case: `removed_by_owner`
[INFO] [stdout] 
[INFO] [stdout] 
[INFO] [stdout] warning: method `ValidationError` should have a snake case name
[INFO] [stdout]    --> src/spec/batch.rs:122:12
[INFO] [stdout]     |
[INFO] [stdout] 122 |     pub fn ValidationError() -> Self {
[INFO] [stdout]     |            ^^^^^^^^^^^^^^^ help: convert the identifier to snake case: `validation_error`
[INFO] [stdout] 
[INFO] [stdout] 
[INFO] [stderr]    Compiling serde_json v1.0.132
[INFO] [stderr]    Compiling pretty_assertions v0.7.2
[INFO] [stderr]    Compiling git-lfs-spec v0.1.0 (/opt/rustwide/workdir)
[INFO] [stdout] warning: unused `#[macro_use]` import
[INFO] [stdout]  --> src/lib.rs:2:1
[INFO] [stdout]   |
[INFO] [stdout] 2 | #[macro_use]
[INFO] [stdout]   | ^^^^^^^^^^^^
[INFO] [stdout]   |
[INFO] [stdout]   = note: `#[warn(unused_imports)]` on by default
[INFO] [stdout] 
[INFO] [stdout] 
[INFO] [stdout] warning: associated constants `ACCEPT_HEADER_INCORRECT`, `RATE_LIMIT_HIT`, `NOT_IMPLEMENTED`, `INSUFFICIENT_STORAGE`, and `BANDWIDTH_LIMIT_EXCEEDED` are never used
[INFO] [stdout]    --> src/spec/batch.rs:176:11
[INFO] [stdout]     |
[INFO] [stdout] 175 | impl LfsErrorResponse {
[INFO] [stdout]     | --------------------- associated constants in this implementation
[INFO] [stdout] 176 |     const ACCEPT_HEADER_INCORRECT: Self = Self {
[INFO] [stdout]     |           ^^^^^^^^^^^^^^^^^^^^^^^
[INFO] [stdout] ...
[INFO] [stdout] 182 |     const RATE_LIMIT_HIT: Self = Self {
[INFO] [stdout]     |           ^^^^^^^^^^^^^^
[INFO] [stdout] ...
[INFO] [stdout] 188 |     const NOT_IMPLEMENTED: Self = Self {
[INFO] [stdout]     |           ^^^^^^^^^^^^^^^
[INFO] [stdout] ...
[INFO] [stdout] 194 |     const INSUFFICIENT_STORAGE: Self = Self {
[INFO] [stdout]     |           ^^^^^^^^^^^^^^^^^^^^
[INFO] [stdout] ...
[INFO] [stdout] 201 |     const BANDWIDTH_LIMIT_EXCEEDED: Self = Self {
[INFO] [stdout]     |           ^^^^^^^^^^^^^^^^^^^^^^^^
[INFO] [stdout]     |
[INFO] [stdout]     = note: `#[warn(dead_code)]` on by default
[INFO] [stdout] 
[INFO] [stdout] 
[INFO] [stdout] warning: method `DoesNotExist` should have a snake case name
[INFO] [stdout]    --> src/spec/batch.rs:109:12
[INFO] [stdout]     |
[INFO] [stdout] 109 |     pub fn DoesNotExist() -> Self {
[INFO] [stdout]     |            ^^^^^^^^^^^^ help: convert the identifier to snake case: `does_not_exist`
[INFO] [stdout]     |
[INFO] [stdout]     = note: `#[warn(non_snake_case)]` on by default
[INFO] [stdout] 
[INFO] [stdout] 
[INFO] [stdout] warning: method `RemovedByOwner` should have a snake case name
[INFO] [stdout]    --> src/spec/batch.rs:116:12
[INFO] [stdout]     |
[INFO] [stdout] 116 |     pub fn RemovedByOwner() -> Self {
[INFO] [stdout]     |            ^^^^^^^^^^^^^^ help: convert the identifier to snake case: `removed_by_owner`
[INFO] [stdout] 
[INFO] [stdout] 
[INFO] [stdout] warning: method `ValidationError` should have a snake case name
[INFO] [stdout]    --> src/spec/batch.rs:122:12
[INFO] [stdout]     |
[INFO] [stdout] 122 |     pub fn ValidationError() -> Self {
[INFO] [stdout]     |            ^^^^^^^^^^^^^^^ help: convert the identifier to snake case: `validation_error`
[INFO] [stdout] 
[INFO] [stdout] 
[INFO] [stderr]     Finished `test` profile [unoptimized + debuginfo] target(s) in 3.48s
[INFO] running `Command { std: "docker" "inspect" "81c442b65bf0498c350e3c25f0ad5c1bdaa7ce5482c695c7555dcca897db016b", kill_on_drop: false }`
[INFO] running `Command { std: "docker" "rm" "-f" "81c442b65bf0498c350e3c25f0ad5c1bdaa7ce5482c695c7555dcca897db016b", kill_on_drop: false }`
[INFO] [stdout] 81c442b65bf0498c350e3c25f0ad5c1bdaa7ce5482c695c7555dcca897db016b
[INFO] running `Command { std: "docker" "create" "-v" "/var/lib/crater-agent-workspace/builds/worker-6-tc1/target:/opt/rustwide/target:rw,Z" "-v" "/var/lib/crater-agent-workspace/builds/worker-6-tc1/source:/opt/rustwide/workdir:ro,Z" "-v" "/var/lib/crater-agent-workspace/cargo-home:/opt/rustwide/cargo-home:ro,Z" "-v" "/var/lib/crater-agent-workspace/rustup-home:/opt/rustwide/rustup-home:ro,Z" "-e" "SOURCE_DIR=/opt/rustwide/workdir" "-e" "CARGO_TARGET_DIR=/opt/rustwide/target" "-e" "CARGO_INCREMENTAL=0" "-e" "RUST_BACKTRACE=full" "-e" "RUSTFLAGS=--cap-lints=forbid" "-e" "RUSTDOCFLAGS=--cap-lints=forbid" "-e" "CARGO_HOME=/opt/rustwide/cargo-home" "-e" "RUSTUP_HOME=/opt/rustwide/rustup-home" "-w" "/opt/rustwide/workdir" "-m" "1610612736" "--user" "0:0" "--network" "none" "ghcr.io/rust-lang/crates-build-env/linux@sha256:4a844ea9eb2546a2d2c7022eacef16ef2e8229c7fbb2c7d4d55a9ceca922f72d" "/opt/rustwide/cargo-home/bin/cargo" "+nightly-2024-10-28" "test" "--frozen", kill_on_drop: false }`
[INFO] [stdout] b738ecc45c8e022b35be0bc8ce4f318f5ce0767d17f542fd57be32b08bb1909f
[INFO] running `Command { std: "docker" "start" "-a" "b738ecc45c8e022b35be0bc8ce4f318f5ce0767d17f542fd57be32b08bb1909f", kill_on_drop: false }`
[INFO] [stderr] warning: associated constants `ACCEPT_HEADER_INCORRECT`, `RATE_LIMIT_HIT`, `NOT_IMPLEMENTED`, `INSUFFICIENT_STORAGE`, and `BANDWIDTH_LIMIT_EXCEEDED` are never used
[INFO] [stderr]    --> src/spec/batch.rs:176:11
[INFO] [stderr]     |
[INFO] [stderr] 175 | impl LfsErrorResponse {
[INFO] [stderr]     | --------------------- associated constants in this implementation
[INFO] [stderr] 176 |     const ACCEPT_HEADER_INCORRECT: Self = Self {
[INFO] [stderr]     |           ^^^^^^^^^^^^^^^^^^^^^^^
[INFO] [stderr] ...
[INFO] [stderr] 182 |     const RATE_LIMIT_HIT: Self = Self {
[INFO] [stderr]     |           ^^^^^^^^^^^^^^
[INFO] [stderr] ...
[INFO] [stderr] 188 |     const NOT_IMPLEMENTED: Self = Self {
[INFO] [stderr]     |           ^^^^^^^^^^^^^^^
[INFO] [stderr] ...
[INFO] [stderr] 194 |     const INSUFFICIENT_STORAGE: Self = Self {
[INFO] [stderr]     |           ^^^^^^^^^^^^^^^^^^^^
[INFO] [stderr] ...
[INFO] [stderr] 201 |     const BANDWIDTH_LIMIT_EXCEEDED: Self = Self {
[INFO] [stderr]     |           ^^^^^^^^^^^^^^^^^^^^^^^^
[INFO] [stderr]     |
[INFO] [stderr]     = note: `#[warn(dead_code)]` on by default
[INFO] [stderr] 
[INFO] [stderr] warning: method `DoesNotExist` should have a snake case name
[INFO] [stderr]    --> src/spec/batch.rs:109:12
[INFO] [stderr]     |
[INFO] [stderr] 109 |     pub fn DoesNotExist() -> Self {
[INFO] [stderr]     |            ^^^^^^^^^^^^ help: convert the identifier to snake case: `does_not_exist`
[INFO] [stderr]     |
[INFO] [stderr]     = note: `#[warn(non_snake_case)]` on by default
[INFO] [stderr] 
[INFO] [stderr] warning: method `RemovedByOwner` should have a snake case name
[INFO] [stderr]    --> src/spec/batch.rs:116:12
[INFO] [stderr]     |
[INFO] [stderr] 116 |     pub fn RemovedByOwner() -> Self {
[INFO] [stderr]     |            ^^^^^^^^^^^^^^ help: convert the identifier to snake case: `removed_by_owner`
[INFO] [stderr] 
[INFO] [stderr] warning: method `ValidationError` should have a snake case name
[INFO] [stderr]    --> src/spec/batch.rs:122:12
[INFO] [stderr]     |
[INFO] [stderr] 122 |     pub fn ValidationError() -> Self {
[INFO] [stderr]     |            ^^^^^^^^^^^^^^^ help: convert the identifier to snake case: `validation_error`
[INFO] [stderr] 
[INFO] [stderr] warning: `git-lfs-spec` (lib) generated 4 warnings
[INFO] [stderr] warning: unused `#[macro_use]` import
[INFO] [stderr]  --> src/lib.rs:2:1
[INFO] [stderr]   |
[INFO] [stderr] 2 | #[macro_use]
[INFO] [stderr]   | ^^^^^^^^^^^^
[INFO] [stderr]   |
[INFO] [stderr]   = note: `#[warn(unused_imports)]` on by default
[INFO] [stderr] 
[INFO] [stderr] warning: `git-lfs-spec` (lib test) generated 5 warnings (4 duplicates)
[INFO] [stderr]     Finished `test` profile [unoptimized + debuginfo] target(s) in 0.06s
[INFO] [stderr]      Running unittests src/lib.rs (/opt/rustwide/target/debug/deps/git_lfs_spec-6487521db5421a61)
[INFO] [stdout] 
[INFO] [stdout] running 8 tests
[INFO] [stdout] test spec::transfer::custom::test::custom_complete_serializes_ok ... ok
[INFO] [stdout] test spec::transfer::custom::test::custom_progress_serializes_ok ... ok
[INFO] [stdout] test spec::transfer::custom::test::custom_terminate_serializes_ok ... ok
[INFO] [stdout] test spec::transfer::custom::test::custom_upload_serializes_ok ... ok
[INFO] [stdout] test spec::transfer::custom::test::custom_init_serializes_ok ... ok
[INFO] [stdout] test spec::transfer::custom::test::custom_download_serializes_ok ... ok
[INFO] [stdout] test spec::batch::test::lfs_error_serializes_correctly ... ok
[INFO] [stdout] test spec::batch::test::batch_response_serializes_correctly ... FAILED
[INFO] [stdout] 
[INFO] [stdout] failures:
[INFO] [stdout] 
[INFO] [stdout] ---- spec::batch::test::batch_response_serializes_correctly stdout ----
[INFO] [stdout] thread 'spec::batch::test::batch_response_serializes_correctly' panicked at src/spec/batch.rs:216:9:
[INFO] [stdout] assertion failed: `(left == right)`
[INFO] [stdout] 
[INFO] [stdout] [1mDiff[0m [31m< left[0m / [32mright >[0m :
[INFO] [stdout] [31m<"{\n  \"transfer\": \"basic\",\n  \"objects\": [\n    {\n      \"oid\": \"1111111\",\n      \"size\": 123,\n      \"authenticated\": true,\n      \"actions\": {\n        \"download\": {\n          \"href\": \"https://some-download.com/\",\n          \"header\": {\n            \"Key\": \"value\"\n          },\n          \"expires_at\": \"2016-11-10T15:29:07[0m[1;48;5;52;31m+00:00[0m[31m\"\n        }\n      }\n    }\n  ]\n}"[0m
[INFO] [stdout] [32m>"{\n  \"transfer\": \"basic\",\n  \"objects\": [\n    {\n      \"oid\": \"1111111\",\n      \"size\": 123,\n      \"authenticated\": true,\n      \"actions\": {\n        \"download\": {\n          \"href\": \"https://some-download.com/\",\n          \"header\": {\n            \"Key\": \"value\"\n          },\n          \"expires_at\": \"2016-11-10T15:29:07[0m[1;48;5;22;32mZ[0m[32m\"\n        }\n      }\n    }\n  ]\n}"[0m
[INFO] [stdout] 
[INFO] [stdout] 
[INFO] [stdout] stack backtrace:
[INFO] [stdout]    0:     0x582b84373cca - std::backtrace_rs::backtrace::libunwind::trace::h207520d6e9873551
[INFO] [stdout]                                at /rustc/df4ca44d3fbc9301ee17f30f4d474e6ae4b05252/library/std/src/../../backtrace/src/backtrace/libunwind.rs:116:5
[INFO] [stdout]    1:     0x582b84373cca - std::backtrace_rs::backtrace::trace_unsynchronized::h2ed7433f370e3eca
[INFO] [stdout]                                at /rustc/df4ca44d3fbc9301ee17f30f4d474e6ae4b05252/library/std/src/../../backtrace/src/backtrace/mod.rs:66:5
[INFO] [stdout]    2:     0x582b84373cca - std::sys::backtrace::_print_fmt::h916fac51166b18d7
[INFO] [stdout]                                at /rustc/df4ca44d3fbc9301ee17f30f4d474e6ae4b05252/library/std/src/sys/backtrace.rs:66:9
[INFO] [stdout]    3:     0x582b84373cca - <std::sys::backtrace::BacktraceLock::print::DisplayBacktrace as core::fmt::Display>::fmt::ha0a4c9b8ce3802e6
[INFO] [stdout]                                at /rustc/df4ca44d3fbc9301ee17f30f4d474e6ae4b05252/library/std/src/sys/backtrace.rs:39:26
[INFO] [stdout]    4:     0x582b8439a6c3 - core::fmt::rt::Argument::fmt::h4cfc8587d52b3eb5
[INFO] [stdout]                                at /rustc/df4ca44d3fbc9301ee17f30f4d474e6ae4b05252/library/core/src/fmt/rt.rs:177:76
[INFO] [stdout]    5:     0x582b8439a6c3 - core::fmt::write::h522cc39e5b36ae9f
[INFO] [stdout]                                at /rustc/df4ca44d3fbc9301ee17f30f4d474e6ae4b05252/library/core/src/fmt/mod.rs:1190:21
[INFO] [stdout]    6:     0x582b84370933 - std::io::Write::write_fmt::h7d3c26752da97734
[INFO] [stdout]                                at /rustc/df4ca44d3fbc9301ee17f30f4d474e6ae4b05252/library/std/src/io/mod.rs:1839:15
[INFO] [stdout]    7:     0x582b84373b12 - std::sys::backtrace::BacktraceLock::print::h4b9e00b29e9c0942
[INFO] [stdout]                                at /rustc/df4ca44d3fbc9301ee17f30f4d474e6ae4b05252/library/std/src/sys/backtrace.rs:42:9
[INFO] [stdout]    8:     0x582b8437515a - std::panicking::default_hook::{{closure}}::hb59b88280d0324d9
[INFO] [stdout]                                at /rustc/df4ca44d3fbc9301ee17f30f4d474e6ae4b05252/library/std/src/panicking.rs:268:22
[INFO] [stdout]    9:     0x582b84374f64 - std::panicking::default_hook::he1dd496665be4a29
[INFO] [stdout]                                at /rustc/df4ca44d3fbc9301ee17f30f4d474e6ae4b05252/library/std/src/panicking.rs:292:9
[INFO] [stdout]   10:     0x582b842e7c29 - <alloc::boxed::Box<F,A> as core::ops::function::Fn<Args>>::call::h4ff71de18744e1dc
[INFO] [stdout]                                at /rustc/df4ca44d3fbc9301ee17f30f4d474e6ae4b05252/library/alloc/src/boxed.rs:2468:9
[INFO] [stdout]   11:     0x582b842e7c29 - test::test_main::{{closure}}::hcf7c055ce117aa81
[INFO] [stdout]                                at /rustc/df4ca44d3fbc9301ee17f30f4d474e6ae4b05252/library/test/src/lib.rs:133:21
[INFO] [stdout]   12:     0x582b84375858 - <alloc::boxed::Box<F,A> as core::ops::function::Fn<Args>>::call::h1d66c6bbd60c9692
[INFO] [stdout]                                at /rustc/df4ca44d3fbc9301ee17f30f4d474e6ae4b05252/library/alloc/src/boxed.rs:2468:9
[INFO] [stdout]   13:     0x582b84375858 - std::panicking::rust_panic_with_hook::h2ff17fe8f26dfcf8
[INFO] [stdout]                                at /rustc/df4ca44d3fbc9301ee17f30f4d474e6ae4b05252/library/std/src/panicking.rs:809:13
[INFO] [stdout]   14:     0x582b8437561a - std::panicking::begin_panic_handler::{{closure}}::h4fad77951c07e101
[INFO] [stdout]                                at /rustc/df4ca44d3fbc9301ee17f30f4d474e6ae4b05252/library/std/src/panicking.rs:674:13
[INFO] [stdout]   15:     0x582b843741a9 - std::sys::backtrace::__rust_end_short_backtrace::hb1a25b3da5d0ea08
[INFO] [stdout]                                at /rustc/df4ca44d3fbc9301ee17f30f4d474e6ae4b05252/library/std/src/sys/backtrace.rs:170:18
[INFO] [stdout]   16:     0x582b843752ac - rust_begin_unwind
[INFO] [stdout]                                at /rustc/df4ca44d3fbc9301ee17f30f4d474e6ae4b05252/library/std/src/panicking.rs:665:5
[INFO] [stdout]   17:     0x582b84398fb0 - core::panicking::panic_fmt::ha9db07b529f9b256
[INFO] [stdout]                                at /rustc/df4ca44d3fbc9301ee17f30f4d474e6ae4b05252/library/core/src/panicking.rs:75:14
[INFO] [stdout]   18:     0x582b84299557 - git_lfs_spec::spec::batch::test::batch_response_serializes_correctly::h51d13e9e1c1a0ab7
[INFO] [stdout]                                at /opt/rustwide/workdir/src/spec/batch.rs:216:9
[INFO] [stdout]   19:     0x582b84298d57 - git_lfs_spec::spec::batch::test::batch_response_serializes_correctly::{{closure}}::ha602e8ed99e152c9
[INFO] [stdout]                                at /opt/rustwide/workdir/src/spec/batch.rs:215:45
[INFO] [stdout]   20:     0x582b84296bd6 - core::ops::function::FnOnce::call_once::h532a135c5221a3f9
[INFO] [stdout]                                at /rustc/df4ca44d3fbc9301ee17f30f4d474e6ae4b05252/library/core/src/ops/function.rs:250:5
[INFO] [stdout]   21:     0x582b842ec4fb - core::ops::function::FnOnce::call_once::h22c3ba5715e93f05
[INFO] [stdout]                                at /rustc/df4ca44d3fbc9301ee17f30f4d474e6ae4b05252/library/core/src/ops/function.rs:250:5
[INFO] [stdout]   22:     0x582b842ec4fb - test::__rust_begin_short_backtrace::h8e82d8113d0da17f
[INFO] [stdout]                                at /rustc/df4ca44d3fbc9301ee17f30f4d474e6ae4b05252/library/test/src/lib.rs:621:18
[INFO] [stdout]   23:     0x582b842ebe77 - test::run_test_in_process::{{closure}}::h33235f4f20b7b7c7
[INFO] [stdout]                                at /rustc/df4ca44d3fbc9301ee17f30f4d474e6ae4b05252/library/test/src/lib.rs:644:60
[INFO] [stdout]   24:     0x582b842ebe77 - <core::panic::unwind_safe::AssertUnwindSafe<F> as core::ops::function::FnOnce<()>>::call_once::hb5043206310c586f
[INFO] [stdout]                                at /rustc/df4ca44d3fbc9301ee17f30f4d474e6ae4b05252/library/core/src/panic/unwind_safe.rs:272:9
[INFO] [stdout]   25:     0x582b842ebe77 - std::panicking::try::do_call::h9ad4731a60ab23e2
[INFO] [stdout]                                at /rustc/df4ca44d3fbc9301ee17f30f4d474e6ae4b05252/library/std/src/panicking.rs:557:40
[INFO] [stdout]   26:     0x582b842ebe77 - std::panicking::try::h3824d23db772a716
[INFO] [stdout]                                at /rustc/df4ca44d3fbc9301ee17f30f4d474e6ae4b05252/library/std/src/panicking.rs:520:19
[INFO] [stdout]   27:     0x582b842ebe77 - std::panic::catch_unwind::h5afd514605fde46b
[INFO] [stderr] error: test failed, to rerun pass `--lib`
[INFO] [stdout]                                at /rustc/df4ca44d3fbc9301ee17f30f4d474e6ae4b05252/library/std/src/panic.rs:358:14
[INFO] [stdout]   28:     0x582b842ebe77 - test::run_test_in_process::h0d5cbfa7067d1720
[INFO] [stdout]                                at /rustc/df4ca44d3fbc9301ee17f30f4d474e6ae4b05252/library/test/src/lib.rs:644:27
[INFO] [stdout]   29:     0x582b842ebe77 - test::run_test::{{closure}}::h708eb8872708115d
[INFO] [stdout]                                at /rustc/df4ca44d3fbc9301ee17f30f4d474e6ae4b05252/library/test/src/lib.rs:565:43
[INFO] [stdout]   30:     0x582b842af594 - test::run_test::{{closure}}::h392c51cee94713ab
[INFO] [stdout]                                at /rustc/df4ca44d3fbc9301ee17f30f4d474e6ae4b05252/library/test/src/lib.rs:595:41
[INFO] [stdout]   31:     0x582b842af594 - std::sys::backtrace::__rust_begin_short_backtrace::h2f40290710935a8b
[INFO] [stdout]                                at /rustc/df4ca44d3fbc9301ee17f30f4d474e6ae4b05252/library/std/src/sys/backtrace.rs:154:18
[INFO] [stdout]   32:     0x582b842b2d3e - std::thread::Builder::spawn_unchecked_::{{closure}}::{{closure}}::h3fd968d89053a903
[INFO] [stdout]                                at /rustc/df4ca44d3fbc9301ee17f30f4d474e6ae4b05252/library/std/src/thread/mod.rs:541:17
[INFO] [stdout]   33:     0x582b842b2d3e - <core::panic::unwind_safe::AssertUnwindSafe<F> as core::ops::function::FnOnce<()>>::call_once::h743f637ba4229880
[INFO] [stdout]                                at /rustc/df4ca44d3fbc9301ee17f30f4d474e6ae4b05252/library/core/src/panic/unwind_safe.rs:272:9
[INFO] [stdout]   34:     0x582b842b2d3e - std::panicking::try::do_call::h07440897322525a6
[INFO] [stdout]                                at /rustc/df4ca44d3fbc9301ee17f30f4d474e6ae4b05252/library/std/src/panicking.rs:557:40
[INFO] [stdout]   35:     0x582b842b2d3e - std::panicking::try::he5a2e00188156637
[INFO] [stdout]                                at /rustc/df4ca44d3fbc9301ee17f30f4d474e6ae4b05252/library/std/src/panicking.rs:520:19
[INFO] [stdout]   36:     0x582b842b2d3e - std::panic::catch_unwind::hbaf3cae49b3c6433
[INFO] [stdout]                                at /rustc/df4ca44d3fbc9301ee17f30f4d474e6ae4b05252/library/std/src/panic.rs:358:14
[INFO] [stdout]   37:     0x582b842b2d3e - std::thread::Builder::spawn_unchecked_::{{closure}}::h8e141ea224820bce
[INFO] [stdout]                                at /rustc/df4ca44d3fbc9301ee17f30f4d474e6ae4b05252/library/std/src/thread/mod.rs:540:30
[INFO] [stdout]   38:     0x582b842b2d3e - core::ops::function::FnOnce::call_once{{vtable.shim}}::h90d312fedd7b8ea8
[INFO] [stdout]                                at /rustc/df4ca44d3fbc9301ee17f30f4d474e6ae4b05252/library/core/src/ops/function.rs:250:5
[INFO] [stdout]   39:     0x582b8437964b - <alloc::boxed::Box<F,A> as core::ops::function::FnOnce<Args>>::call_once::h69aa08ddb6adb8b6
[INFO] [stdout]                                at /rustc/df4ca44d3fbc9301ee17f30f4d474e6ae4b05252/library/alloc/src/boxed.rs:2454:9
[INFO] [stdout]   40:     0x582b8437964b - <alloc::boxed::Box<F,A> as core::ops::function::FnOnce<Args>>::call_once::h5aa36efdb79c806f
[INFO] [stdout]                                at /rustc/df4ca44d3fbc9301ee17f30f4d474e6ae4b05252/library/alloc/src/boxed.rs:2454:9
[INFO] [stdout]   41:     0x582b8437964b - std::sys::pal::unix::thread::Thread::new::thread_start::h6cd80a1b4be5158d
[INFO] [stdout]                                at /rustc/df4ca44d3fbc9301ee17f30f4d474e6ae4b05252/library/std/src/sys/pal/unix/thread.rs:105:17
[INFO] [stdout]   42:     0x7e40f82f8ac3 - <unknown>
[INFO] [stdout]   43:     0x7e40f8389a04 - clone
[INFO] [stdout]   44:                0x0 - <unknown>
[INFO] [stdout] 
[INFO] [stdout] 
[INFO] [stdout] failures:
[INFO] [stdout]     spec::batch::test::batch_response_serializes_correctly
[INFO] [stdout] 
[INFO] [stdout] test result: FAILED. 7 passed; 1 failed; 0 ignored; 0 measured; 0 filtered out; finished in 0.06s
[INFO] [stdout] 
[INFO] running `Command { std: "docker" "inspect" "b738ecc45c8e022b35be0bc8ce4f318f5ce0767d17f542fd57be32b08bb1909f", kill_on_drop: false }`
[INFO] running `Command { std: "docker" "rm" "-f" "b738ecc45c8e022b35be0bc8ce4f318f5ce0767d17f542fd57be32b08bb1909f", kill_on_drop: false }`
[INFO] [stdout] b738ecc45c8e022b35be0bc8ce4f318f5ce0767d17f542fd57be32b08bb1909f
