[INFO] fetching crate git-cliff-core 2.6.1...
[INFO] testing git-cliff-core-2.6.1 against nightly-2024-10-28 for randomize-layout
[INFO] extracting crate git-cliff-core 2.6.1 into /workspace/builds/worker-5-tc1/source
[INFO] validating manifest of crates.io crate git-cliff-core 2.6.1 on toolchain nightly-2024-10-28
[INFO] running `Command { std: CARGO_HOME="/workspace/cargo-home" RUSTUP_HOME="/workspace/rustup-home" "/workspace/cargo-home/bin/cargo" "+nightly-2024-10-28" "metadata" "--manifest-path" "Cargo.toml" "--no-deps", kill_on_drop: false }`
[INFO] started tweaking crates.io crate git-cliff-core 2.6.1
[INFO] removed 0 missing tests
[INFO] finished tweaking crates.io crate git-cliff-core 2.6.1
[INFO] tweaked toml for crates.io crate git-cliff-core 2.6.1 written to /workspace/builds/worker-5-tc1/source/Cargo.toml
[INFO] running `Command { std: CARGO_HOME="/workspace/cargo-home" RUSTUP_HOME="/workspace/rustup-home" "/workspace/cargo-home/bin/cargo" "+nightly-2024-10-28" "generate-lockfile" "--manifest-path" "Cargo.toml", kill_on_drop: false }`
[INFO] [stderr]     Updating crates.io index
[INFO] [stderr]     Blocking waiting for file lock on package cache
[INFO] [stderr]      Locking 294 packages to latest compatible versions
[INFO] [stderr]       Adding secrecy v0.8.0 (available: v0.10.3)
[INFO] running `Command { std: CARGO_HOME="/workspace/cargo-home" RUSTUP_HOME="/workspace/rustup-home" "/workspace/cargo-home/bin/cargo" "+nightly-2024-10-28" "fetch" "--manifest-path" "Cargo.toml", kill_on_drop: false }`
[INFO] [stderr]     Blocking waiting for file lock on package cache
[INFO] [stderr]  Downloading crates ...
[INFO] [stderr]   Downloaded dary_heap v0.3.7
[INFO] [stderr]   Downloaded slug v0.1.6
[INFO] [stderr]   Downloaded http-cache-reqwest v0.14.0
[INFO] [stderr]   Downloaded bincode_derive v2.0.0-rc.3
[INFO] [stderr]   Downloaded temp-dir v0.1.14
[INFO] [stderr]   Downloaded include-flate-codegen v0.2.0
[INFO] [stderr]   Downloaded libflate_lz77 v2.1.0
[INFO] [stderr]   Downloaded next_version v0.2.19
[INFO] [stderr]   Downloaded http-serde v2.1.1
[INFO] [stderr]   Downloaded reqwest-middleware v0.3.3
[INFO] [stderr]   Downloaded git-conventional v0.12.7
[INFO] [stderr]   Downloaded virtue v0.0.13
[INFO] [stderr]   Downloaded conventional_commit_parser v0.9.4
[INFO] [stderr]   Downloaded ssri v9.2.0
[INFO] [stderr]   Downloaded config v0.14.1
[INFO] [stderr]   Downloaded bincode v2.0.0-rc.3
[INFO] [stderr]   Downloaded cacache v13.0.0
[INFO] [stderr]   Downloaded http-cache-semantics v2.1.0
[INFO] [stderr]   Downloaded libflate v2.1.0
[INFO] [stderr]   Downloaded reflink-copy v0.1.19
[INFO] [stderr]   Downloaded yaml-rust2 v0.8.1
[INFO] [stderr]   Downloaded http-cache v0.19.0
[INFO] [stderr]   Downloaded git2 v0.19.0
[INFO] [stderr]   Downloaded include-flate v0.3.0
[INFO] [stderr]   Downloaded libgit2-sys v0.17.0+1.8.1
[INFO] running `Command { std: "docker" "create" "-v" "/var/lib/crater-agent-workspace/builds/worker-5-tc1/target:/opt/rustwide/target:rw,Z" "-v" "/var/lib/crater-agent-workspace/builds/worker-5-tc1/source:/opt/rustwide/workdir:ro,Z" "-v" "/var/lib/crater-agent-workspace/cargo-home:/opt/rustwide/cargo-home:ro,Z" "-v" "/var/lib/crater-agent-workspace/rustup-home:/opt/rustwide/rustup-home:ro,Z" "-e" "SOURCE_DIR=/opt/rustwide/workdir" "-e" "CARGO_TARGET_DIR=/opt/rustwide/target" "-e" "CARGO_HOME=/opt/rustwide/cargo-home" "-e" "RUSTUP_HOME=/opt/rustwide/rustup-home" "-w" "/opt/rustwide/workdir" "-m" "1610612736" "--user" "0:0" "--network" "none" "ghcr.io/rust-lang/crates-build-env/linux@sha256:4a844ea9eb2546a2d2c7022eacef16ef2e8229c7fbb2c7d4d55a9ceca922f72d" "/opt/rustwide/cargo-home/bin/cargo" "+nightly-2024-10-28" "metadata" "--no-deps" "--format-version=1", kill_on_drop: false }`
[INFO] [stdout] 2112cd884bd44774ded3f9d7c58094b622be0ff08812d306d0044e3f02ca23f4
[INFO] running `Command { std: "docker" "start" "-a" "2112cd884bd44774ded3f9d7c58094b622be0ff08812d306d0044e3f02ca23f4", kill_on_drop: false }`
[INFO] running `Command { std: "docker" "inspect" "2112cd884bd44774ded3f9d7c58094b622be0ff08812d306d0044e3f02ca23f4", kill_on_drop: false }`
[INFO] running `Command { std: "docker" "rm" "-f" "2112cd884bd44774ded3f9d7c58094b622be0ff08812d306d0044e3f02ca23f4", kill_on_drop: false }`
[INFO] [stdout] 2112cd884bd44774ded3f9d7c58094b622be0ff08812d306d0044e3f02ca23f4
[INFO] running `Command { std: "docker" "create" "-v" "/var/lib/crater-agent-workspace/builds/worker-5-tc1/target:/opt/rustwide/target:rw,Z" "-v" "/var/lib/crater-agent-workspace/builds/worker-5-tc1/source:/opt/rustwide/workdir:ro,Z" "-v" "/var/lib/crater-agent-workspace/cargo-home:/opt/rustwide/cargo-home:ro,Z" "-v" "/var/lib/crater-agent-workspace/rustup-home:/opt/rustwide/rustup-home:ro,Z" "-e" "SOURCE_DIR=/opt/rustwide/workdir" "-e" "CARGO_TARGET_DIR=/opt/rustwide/target" "-e" "CARGO_INCREMENTAL=0" "-e" "RUST_BACKTRACE=full" "-e" "RUSTFLAGS=--cap-lints=forbid" "-e" "RUSTDOCFLAGS=--cap-lints=forbid" "-e" "CARGO_HOME=/opt/rustwide/cargo-home" "-e" "RUSTUP_HOME=/opt/rustwide/rustup-home" "-w" "/opt/rustwide/workdir" "-m" "1610612736" "--user" "0:0" "--network" "none" "ghcr.io/rust-lang/crates-build-env/linux@sha256:4a844ea9eb2546a2d2c7022eacef16ef2e8229c7fbb2c7d4d55a9ceca922f72d" "/opt/rustwide/cargo-home/bin/cargo" "+nightly-2024-10-28" "build" "--frozen" "--message-format=json", kill_on_drop: false }`
[INFO] [stdout] 446620c130de0d70b4e119374582f6fcf40b0f12de72e1a3b47cf0d99bb20e4d
[INFO] running `Command { std: "docker" "start" "-a" "446620c130de0d70b4e119374582f6fcf40b0f12de72e1a3b47cf0d99bb20e4d", kill_on_drop: false }`
[INFO] [stderr]    Compiling regex-syntax v0.8.5
[INFO] [stderr]    Compiling generic-array v0.14.7
[INFO] [stderr]    Compiling byteorder v1.5.0
[INFO] [stderr]    Compiling serde v1.0.214
[INFO] [stderr]    Compiling allocator-api2 v0.2.18
[INFO] [stderr]    Compiling zerocopy-derive v0.7.35
[INFO] [stderr]    Compiling siphasher v0.3.11
[INFO] [stderr]    Compiling aho-corasick v1.1.3
[INFO] [stderr]    Compiling cpufeatures v0.2.14
[INFO] [stderr]    Compiling phf_shared v0.11.2
[INFO] [stderr]    Compiling jobserver v0.1.32
[INFO] [stderr]    Compiling shlex v1.3.0
[INFO] [stderr]    Compiling rand_core v0.6.4
[INFO] [stderr]    Compiling cc v1.1.31
[INFO] [stderr]    Compiling rand v0.8.5
[INFO] [stderr]    Compiling zerocopy v0.7.35
[INFO] [stderr]    Compiling crypto-common v0.1.6
[INFO] [stderr]    Compiling block-buffer v0.10.4
[INFO] [stderr]    Compiling digest v0.10.7
[INFO] [stderr]    Compiling core2 v0.4.0
[INFO] [stderr]    Compiling ahash v0.8.11
[INFO] [stderr]    Compiling crossbeam-utils v0.8.20
[INFO] [stderr]    Compiling pkg-config v0.3.31
[INFO] [stderr]    Compiling rle-decode-fast v1.0.3
[INFO] [stderr]    Compiling ucd-trie v0.1.7
[INFO] [stderr]    Compiling hashbrown v0.14.5
[INFO] [stderr]    Compiling regex-automata v0.4.8
[INFO] [stderr]    Compiling pest v2.7.14
[INFO] [stderr]    Compiling phf_generator v0.11.2
[INFO] [stderr]    Compiling sha2 v0.10.8
[INFO] [stderr]    Compiling vcpkg v0.2.15
[INFO] [stderr]    Compiling num-traits v0.2.19
[INFO] [stderr]    Compiling phf_codegen v0.11.2
[INFO] [stderr]    Compiling libz-sys v1.1.20
[INFO] [stderr]    Compiling pest_meta v2.7.14
[INFO] [stderr]    Compiling phf v0.11.2
[INFO] [stderr]    Compiling crc32fast v1.4.2
[INFO] [stderr]    Compiling rustix v0.38.38
[INFO] [stderr]    Compiling dary_heap v0.3.7
[INFO] [stderr]    Compiling adler32 v1.2.0
[INFO] [stderr]    Compiling crossbeam-epoch v0.9.18
[INFO] [stderr]    Compiling regex v1.11.1
[INFO] [stderr]    Compiling libflate_lz77 v2.1.0
[INFO] [stderr]    Compiling getrandom v0.2.15
[INFO] [stderr]    Compiling bstr v1.10.0
[INFO] [stderr]    Compiling unic-common v0.9.0
[INFO] [stderr]    Compiling winnow v0.6.20
[INFO] [stderr]    Compiling libm v0.2.11
[INFO] [stderr]    Compiling parse-zoneinfo v0.3.1
[INFO] [stderr]    Compiling pest_generator v2.7.14
[INFO] [stderr]    Compiling chrono-tz-build v0.3.0
[INFO] [stderr]    Compiling hashbrown v0.15.0
[INFO] [stderr]    Compiling unic-char-range v0.9.0
[INFO] [stderr]    Compiling equivalent v1.0.1
[INFO] [stderr]    Compiling unic-char-property v0.9.0
[INFO] [stderr]    Compiling globset v0.4.15
[INFO] [stderr]    Compiling chrono-tz v0.9.0
[INFO] [stderr]    Compiling indexmap v2.6.0
[INFO] [stderr]    Compiling pest_derive v2.7.14
[INFO] [stderr]    Compiling unic-ucd-version v0.9.0
[INFO] [stderr]    Compiling libflate v2.1.0
[INFO] [stderr]    Compiling crossbeam-deque v0.8.5
[INFO] [stderr]    Compiling serde_spanned v0.6.8
[INFO] [stderr]    Compiling toml_datetime v0.6.8
[INFO] [stderr]    Compiling libgit2-sys v0.17.0+1.8.1
[INFO] [stderr]    Compiling ppv-lite86 v0.2.20
[INFO] [stderr]    Compiling miette-derive v5.10.0
[INFO] [stderr]    Compiling unicode-width v0.1.14
[INFO] [stderr]    Compiling doc-comment v0.3.3
[INFO] [stderr]    Compiling iana-time-zone v0.1.61
[INFO] [stderr]    Compiling semver v1.0.23
[INFO] [stderr]    Compiling lazy_static v1.5.0
[INFO] [stderr]    Compiling serde_json v1.0.132
[INFO] [stderr]    Compiling include-flate-codegen v0.2.0
[INFO] [stderr]    Compiling chrono v0.4.38
[INFO] [stderr]    Compiling rand_chacha v0.3.1
[INFO] [stderr]    Compiling toml_edit v0.22.22
[INFO] [stderr]    Compiling ignore v0.4.23
[INFO] [stderr]    Compiling miette v5.10.0
[INFO] [stderr]    Compiling unic-ucd-segment v0.9.0
[INFO] [stderr]    Compiling rust-embed-utils v8.5.0
[INFO] [stderr]    Compiling hashlink v0.8.4
[INFO] [stderr]    Compiling sha-1 v0.10.1
[INFO] [stderr]    Compiling encoding_rs v0.8.35
[INFO] [stderr]    Compiling option-ext v0.2.0
[INFO] [stderr]    Compiling hex v0.4.3
[INFO] [stderr]    Compiling deunicode v1.6.0
[INFO] [stderr]    Compiling base64 v0.21.7
[INFO] [stderr]    Compiling xxhash-rust v0.8.12
[INFO] [stderr]    Compiling arraydeque v0.5.1
[INFO] [stderr]    Compiling minimal-lexical v0.2.1
[INFO] [stderr]    Compiling virtue v0.0.13
[INFO] [stderr]    Compiling ssri v9.2.0
[INFO] [stderr]    Compiling tempfile v3.13.0
[INFO] [stderr]    Compiling nom v7.1.3
[INFO] [stderr]    Compiling slug v0.1.6
[INFO] [stderr]    Compiling bincode_derive v2.0.0-rc.3
[INFO] [stderr]    Compiling toml v0.8.19
[INFO] [stderr]    Compiling yaml-rust2 v0.8.1
[INFO] [stderr]    Compiling humansize v2.1.3
[INFO] [stderr]    Compiling dirs-sys v0.4.1
[INFO] [stderr]    Compiling rust-embed-impl v8.5.0
[INFO] [stderr]    Compiling url v2.5.2
[INFO] [stderr]    Compiling unic-segment v0.9.0
[INFO] [stderr]    Compiling globwalk v0.9.1
[INFO] [stderr]    Compiling include-flate v0.3.0
[INFO] [stderr]    Compiling reflink-copy v0.1.19
[INFO] [stderr]    Compiling conventional_commit_parser v0.9.4
[INFO] [stderr]    Compiling lazy-regex-proc_macros v3.3.0
[INFO] [stderr]    Compiling sha1 v0.10.6
[INFO] [stderr]    Compiling memmap2 v0.5.10
[INFO] [stderr]    Compiling either v1.13.0
[INFO] [stderr]    Compiling pathdiff v0.2.2
[INFO] [stderr]    Compiling zeroize v1.8.1
[INFO] [stderr]    Compiling unicase v2.8.0
[INFO] [stderr]    Compiling cacache v13.0.0
[INFO] [stderr]    Compiling secrecy v0.8.0
[INFO] [stderr]    Compiling config v0.14.1
[INFO] [stderr]    Compiling next_version v0.2.19
[INFO] [stderr]    Compiling lazy-regex v3.3.0
[INFO] [stderr]    Compiling git-conventional v0.12.7
[INFO] [stderr]    Compiling rust-embed v8.5.0
[INFO] [stderr]    Compiling bincode v2.0.0-rc.3
[INFO] [stderr]    Compiling dirs v5.0.1
[INFO] [stderr]    Compiling serde_regex v1.1.0
[INFO] [stderr]    Compiling urlencoding v2.1.3
[INFO] [stderr]    Compiling glob v0.3.1
[INFO] [stderr]    Compiling dyn-clone v1.0.17
[INFO] [stderr]    Compiling tera v1.20.0
[INFO] [stderr]    Compiling git2 v0.19.0
[INFO] [stderr]    Compiling git-cliff-core v2.6.1 (/opt/rustwide/workdir)
[INFO] [stderr]     Finished `dev` profile [unoptimized + debuginfo] target(s) in 37.10s
[INFO] running `Command { std: "docker" "inspect" "446620c130de0d70b4e119374582f6fcf40b0f12de72e1a3b47cf0d99bb20e4d", kill_on_drop: false }`
[INFO] running `Command { std: "docker" "rm" "-f" "446620c130de0d70b4e119374582f6fcf40b0f12de72e1a3b47cf0d99bb20e4d", kill_on_drop: false }`
[INFO] [stdout] 446620c130de0d70b4e119374582f6fcf40b0f12de72e1a3b47cf0d99bb20e4d
[INFO] running `Command { std: "docker" "create" "-v" "/var/lib/crater-agent-workspace/builds/worker-5-tc1/target:/opt/rustwide/target:rw,Z" "-v" "/var/lib/crater-agent-workspace/builds/worker-5-tc1/source:/opt/rustwide/workdir:ro,Z" "-v" "/var/lib/crater-agent-workspace/cargo-home:/opt/rustwide/cargo-home:ro,Z" "-v" "/var/lib/crater-agent-workspace/rustup-home:/opt/rustwide/rustup-home:ro,Z" "-e" "SOURCE_DIR=/opt/rustwide/workdir" "-e" "CARGO_TARGET_DIR=/opt/rustwide/target" "-e" "CARGO_INCREMENTAL=0" "-e" "RUST_BACKTRACE=full" "-e" "RUSTFLAGS=--cap-lints=forbid" "-e" "RUSTDOCFLAGS=--cap-lints=forbid" "-e" "CARGO_HOME=/opt/rustwide/cargo-home" "-e" "RUSTUP_HOME=/opt/rustwide/rustup-home" "-w" "/opt/rustwide/workdir" "-m" "1610612736" "--user" "0:0" "--network" "none" "ghcr.io/rust-lang/crates-build-env/linux@sha256:4a844ea9eb2546a2d2c7022eacef16ef2e8229c7fbb2c7d4d55a9ceca922f72d" "/opt/rustwide/cargo-home/bin/cargo" "+nightly-2024-10-28" "test" "--frozen" "--no-run" "--message-format=json", kill_on_drop: false }`
[INFO] [stdout] f4874d6049102c51af6b93cf1c4720d161b8f82d921b8e7c13d255ed58aa4e0a
[INFO] running `Command { std: "docker" "start" "-a" "f4874d6049102c51af6b93cf1c4720d161b8f82d921b8e7c13d255ed58aa4e0a", kill_on_drop: false }`
[INFO] [stderr]    Compiling dissimilar v1.0.9
[INFO] [stderr]    Compiling yansi v1.0.1
[INFO] [stderr]    Compiling diff v0.1.13
[INFO] [stderr]    Compiling temp-dir v0.1.14
[INFO] [stderr]    Compiling expect-test v1.5.0
[INFO] [stderr]    Compiling pretty_assertions v1.4.1
[INFO] [stderr]    Compiling git-cliff-core v2.6.1 (/opt/rustwide/workdir)
[INFO] [stderr]     Finished `test` profile [unoptimized + debuginfo] target(s) in 2.83s
[INFO] running `Command { std: "docker" "inspect" "f4874d6049102c51af6b93cf1c4720d161b8f82d921b8e7c13d255ed58aa4e0a", kill_on_drop: false }`
[INFO] running `Command { std: "docker" "rm" "-f" "f4874d6049102c51af6b93cf1c4720d161b8f82d921b8e7c13d255ed58aa4e0a", kill_on_drop: false }`
[INFO] [stdout] f4874d6049102c51af6b93cf1c4720d161b8f82d921b8e7c13d255ed58aa4e0a
[INFO] running `Command { std: "docker" "create" "-v" "/var/lib/crater-agent-workspace/builds/worker-5-tc1/target:/opt/rustwide/target:rw,Z" "-v" "/var/lib/crater-agent-workspace/builds/worker-5-tc1/source:/opt/rustwide/workdir:ro,Z" "-v" "/var/lib/crater-agent-workspace/cargo-home:/opt/rustwide/cargo-home:ro,Z" "-v" "/var/lib/crater-agent-workspace/rustup-home:/opt/rustwide/rustup-home:ro,Z" "-e" "SOURCE_DIR=/opt/rustwide/workdir" "-e" "CARGO_TARGET_DIR=/opt/rustwide/target" "-e" "CARGO_INCREMENTAL=0" "-e" "RUST_BACKTRACE=full" "-e" "RUSTFLAGS=--cap-lints=forbid" "-e" "RUSTDOCFLAGS=--cap-lints=forbid" "-e" "CARGO_HOME=/opt/rustwide/cargo-home" "-e" "RUSTUP_HOME=/opt/rustwide/rustup-home" "-w" "/opt/rustwide/workdir" "-m" "1610612736" "--user" "0:0" "--network" "none" "ghcr.io/rust-lang/crates-build-env/linux@sha256:4a844ea9eb2546a2d2c7022eacef16ef2e8229c7fbb2c7d4d55a9ceca922f72d" "/opt/rustwide/cargo-home/bin/cargo" "+nightly-2024-10-28" "test" "--frozen", kill_on_drop: false }`
[INFO] [stdout] 347befaa32d10f094f4ecd04a32881f458071c772f3a23438a5c9fe0a61d9a21
[INFO] running `Command { std: "docker" "start" "-a" "347befaa32d10f094f4ecd04a32881f458071c772f3a23438a5c9fe0a61d9a21", kill_on_drop: false }`
[INFO] [stderr]     Finished `test` profile [unoptimized + debuginfo] target(s) in 0.12s
[INFO] [stderr]      Running unittests src/lib.rs (/opt/rustwide/target/debug/deps/git_cliff_core-4ec2c81c080bdc78)
[INFO] [stdout] 
[INFO] [stdout] running 28 tests
[INFO] [stdout] test commit::test::commit_sha ... ok
[INFO] [stdout] test commit::test::conventional_footers ... ok
[INFO] [stdout] test commit::test::field_name_regex ... ok
[INFO] [stdout] test commit::test::conventional_commit ... ok
[INFO] [stdout] test commit::test::parse_commit_field ... ok
[INFO] [stdout] test config::test::remote_config ... ok
[INFO] [stdout] test config::test::parse_config ... FAILED
[INFO] [stdout] test error::test::throw_parse_error ... ok
[INFO] [stdout] test commit::test::parse_commit ... ok
[INFO] [stdout] test repo::test::get_latest_commit ... FAILED
[INFO] [stdout] test repo::test::get_latest_tag ... FAILED
[INFO] [stdout] test repo::test::git_tags ... FAILED
[INFO] [stdout] test repo::test::git_upstream_remote ... FAILED
[INFO] [stdout] test repo::test::resolves_existing_tag_with_name_and_message ... FAILED
[INFO] [stdout] test repo::test::resolves_tag_when_no_tags_exist ... FAILED
[INFO] [stdout] test tag::test::create_tag_with_name_and_message ... ok
[INFO] [stdout] test tag::test::create_tag_with_name_and_no_message ... ok
[INFO] [stdout] test tag::test::debug_print_tag_with_message ... ok
[INFO] [stdout] test release::test::bump_version ... ok
[INFO] [stdout] test commit::test::parse_link ... ok
[INFO] [stdout] test template::test::render_trimmed_template ... ok
[INFO] [stdout] test template::test::test_upper_first_filter ... ok
[INFO] [stdout] test template::test::render_template ... ok
[INFO] [stderr] sh: 1: some_command: not found
[INFO] [stdout] test command::test::run_os_command ... ok
[INFO] [stdout] test changelog::test::changelog_generator ... ok
[INFO] [stdout] test changelog::test::changelog_generator_split_commits ... ok
[INFO] [stdout] test changelog::test::changelog_adds_additional_context ... ok
[INFO] [stdout] test repo::test::test_should_retain_commit ... ok
[INFO] [stdout] 
[INFO] [stdout] failures:
[INFO] [stdout] 
[INFO] [stdout] ---- config::test::parse_config stdout ----
[INFO] [stdout] Error: ConfigError(configuration file "/opt/rustwide/config/cliff.toml" not found)
[INFO] [stdout] 
[INFO] [stdout] ---- repo::test::get_latest_commit stdout ----
[INFO] [stdout] Error: GitError(Error { code: -3, klass: 6, message: "could not find repository at '/opt/rustwide'" })
[INFO] [stdout] 
[INFO] [stdout] ---- repo::test::get_latest_tag stdout ----
[INFO] [stdout] Error: GitError(Error { code: -3, klass: 6, message: "could not find repository at '/opt/rustwide'" })
[INFO] [stdout] 
[INFO] [stdout] ---- repo::test::git_tags stdout ----
[INFO] [stdout] Error: GitError(Error { code: -3, klass: 6, message: "could not find repository at '/opt/rustwide'" })
[INFO] [stdout] 
[INFO] [stdout] ---- repo::test::git_upstream_remote stdout ----
[INFO] [stdout] Error: GitError(Error { code: -3, klass: 6, message: "could not find repository at '/opt/rustwide'" })
[INFO] [stdout] 
[INFO] [stdout] ---- repo::test::resolves_existing_tag_with_name_and_message stdout ----
[INFO] [stdout] Error: GitError(Error { code: -3, klass: 6, message: "could not find repository at '/opt/rustwide'" })
[INFO] [stdout] 
[INFO] [stdout] ---- repo::test::resolves_tag_when_no_tags_exist stdout ----
[INFO] [stdout] Error: GitError(Error { code: -3, klass: 6, message: "could not find repository at '/opt/rustwide'" })
[INFO] [stdout] 
[INFO] [stdout] 
[INFO] [stdout] failures:
[INFO] [stdout]     config::test::parse_config
[INFO] [stdout]     repo::test::get_latest_commit
[INFO] [stdout]     repo::test::get_latest_tag
[INFO] [stdout]     repo::test::git_tags
[INFO] [stdout]     repo::test::git_upstream_remote
[INFO] [stdout]     repo::test::resolves_existing_tag_with_name_and_message
[INFO] [stdout]     repo::test::resolves_tag_when_no_tags_exist
[INFO] [stdout] 
[INFO] [stdout] test result: FAILED. 21 passed; 7 failed; 0 ignored; 0 measured; 0 filtered out; finished in 0.05s
[INFO] [stdout] 
[INFO] [stderr] error: test failed, to rerun pass `--lib`
[INFO] running `Command { std: "docker" "inspect" "347befaa32d10f094f4ecd04a32881f458071c772f3a23438a5c9fe0a61d9a21", kill_on_drop: false }`
[INFO] running `Command { std: "docker" "rm" "-f" "347befaa32d10f094f4ecd04a32881f458071c772f3a23438a5c9fe0a61d9a21", kill_on_drop: false }`
[INFO] [stdout] 347befaa32d10f094f4ecd04a32881f458071c772f3a23438a5c9fe0a61d9a21
