[INFO] fetching crate git-build-version 0.1.2...
[INFO] testing git-build-version-0.1.2 against nightly-2024-10-28 for randomize-layout
[INFO] extracting crate git-build-version 0.1.2 into /workspace/builds/worker-2-tc1/source
[INFO] validating manifest of crates.io crate git-build-version 0.1.2 on toolchain nightly-2024-10-28
[INFO] running `Command { std: CARGO_HOME="/workspace/cargo-home" RUSTUP_HOME="/workspace/rustup-home" "/workspace/cargo-home/bin/cargo" "+nightly-2024-10-28" "metadata" "--manifest-path" "Cargo.toml" "--no-deps", kill_on_drop: false }`
[INFO] started tweaking crates.io crate git-build-version 0.1.2
[INFO] finished tweaking crates.io crate git-build-version 0.1.2
[INFO] tweaked toml for crates.io crate git-build-version 0.1.2 written to /workspace/builds/worker-2-tc1/source/Cargo.toml
[INFO] running `Command { std: CARGO_HOME="/workspace/cargo-home" RUSTUP_HOME="/workspace/rustup-home" "/workspace/cargo-home/bin/cargo" "+nightly-2024-10-28" "generate-lockfile" "--manifest-path" "Cargo.toml", kill_on_drop: false }`
[INFO] [stderr]     Updating crates.io index
[INFO] [stderr]      Locking 40 packages to latest compatible versions
[INFO] [stderr]       Adding git2 v0.4.4 (available: v0.19.0)
[INFO] [stderr]       Adding quick-error v0.1.4 (available: v2.0.1)
[INFO] running `Command { std: CARGO_HOME="/workspace/cargo-home" RUSTUP_HOME="/workspace/rustup-home" "/workspace/cargo-home/bin/cargo" "+nightly-2024-10-28" "fetch" "--manifest-path" "Cargo.toml", kill_on_drop: false }`
[INFO] [stderr] warning: no edition set: defaulting to the 2015 edition while the latest is 2021
[INFO] [stderr]  Downloading crates ...
[INFO] [stderr]   Downloaded git2 v0.4.4
[INFO] [stderr]   Downloaded quick-error v0.1.4
[INFO] [stderr]   Downloaded libgit2-sys v0.4.6
[INFO] running `Command { std: "docker" "create" "-v" "/var/lib/crater-agent-workspace/builds/worker-2-tc1/target:/opt/rustwide/target:rw,Z" "-v" "/var/lib/crater-agent-workspace/builds/worker-2-tc1/source:/opt/rustwide/workdir:ro,Z" "-v" "/var/lib/crater-agent-workspace/cargo-home:/opt/rustwide/cargo-home:ro,Z" "-v" "/var/lib/crater-agent-workspace/rustup-home:/opt/rustwide/rustup-home:ro,Z" "-e" "SOURCE_DIR=/opt/rustwide/workdir" "-e" "CARGO_TARGET_DIR=/opt/rustwide/target" "-e" "CARGO_HOME=/opt/rustwide/cargo-home" "-e" "RUSTUP_HOME=/opt/rustwide/rustup-home" "-w" "/opt/rustwide/workdir" "-m" "1610612736" "--user" "0:0" "--network" "none" "ghcr.io/rust-lang/crates-build-env/linux@sha256:4a844ea9eb2546a2d2c7022eacef16ef2e8229c7fbb2c7d4d55a9ceca922f72d" "/opt/rustwide/cargo-home/bin/cargo" "+nightly-2024-10-28" "metadata" "--no-deps" "--format-version=1", kill_on_drop: false }`
[INFO] [stdout] e9b00eaa7af86efa3ee186a78d69a6e6b644630725d58a0b7661d3b6419b2615
[INFO] running `Command { std: "docker" "start" "-a" "e9b00eaa7af86efa3ee186a78d69a6e6b644630725d58a0b7661d3b6419b2615", kill_on_drop: false }`
[INFO] running `Command { std: "docker" "inspect" "e9b00eaa7af86efa3ee186a78d69a6e6b644630725d58a0b7661d3b6419b2615", kill_on_drop: false }`
[INFO] running `Command { std: "docker" "rm" "-f" "e9b00eaa7af86efa3ee186a78d69a6e6b644630725d58a0b7661d3b6419b2615", kill_on_drop: false }`
[INFO] [stdout] e9b00eaa7af86efa3ee186a78d69a6e6b644630725d58a0b7661d3b6419b2615
[INFO] running `Command { std: "docker" "create" "-v" "/var/lib/crater-agent-workspace/builds/worker-2-tc1/target:/opt/rustwide/target:rw,Z" "-v" "/var/lib/crater-agent-workspace/builds/worker-2-tc1/source:/opt/rustwide/workdir:ro,Z" "-v" "/var/lib/crater-agent-workspace/cargo-home:/opt/rustwide/cargo-home:ro,Z" "-v" "/var/lib/crater-agent-workspace/rustup-home:/opt/rustwide/rustup-home:ro,Z" "-e" "SOURCE_DIR=/opt/rustwide/workdir" "-e" "CARGO_TARGET_DIR=/opt/rustwide/target" "-e" "CARGO_INCREMENTAL=0" "-e" "RUST_BACKTRACE=full" "-e" "RUSTFLAGS=--cap-lints=forbid" "-e" "RUSTDOCFLAGS=--cap-lints=forbid" "-e" "CARGO_HOME=/opt/rustwide/cargo-home" "-e" "RUSTUP_HOME=/opt/rustwide/rustup-home" "-w" "/opt/rustwide/workdir" "-m" "1610612736" "--user" "0:0" "--network" "none" "ghcr.io/rust-lang/crates-build-env/linux@sha256:4a844ea9eb2546a2d2c7022eacef16ef2e8229c7fbb2c7d4d55a9ceca922f72d" "/opt/rustwide/cargo-home/bin/cargo" "+nightly-2024-10-28" "build" "--frozen" "--message-format=json", kill_on_drop: false }`
[INFO] [stdout] d27dd6f7bf1fe12835cd85a36a5358f8e0bcf9a824165b89b8eb248d65e15567
[INFO] running `Command { std: "docker" "start" "-a" "d27dd6f7bf1fe12835cd85a36a5358f8e0bcf9a824165b89b8eb248d65e15567", kill_on_drop: false }`
[INFO] [stderr] warning: no edition set: defaulting to the 2015 edition while the latest is 2021
[INFO] [stderr]    Compiling pkg-config v0.3.31
[INFO] [stderr]    Compiling shlex v1.3.0
[INFO] [stderr]    Compiling libc v0.2.161
[INFO] [stderr]    Compiling vcpkg v0.2.15
[INFO] [stderr]    Compiling tinyvec_macros v0.1.1
[INFO] [stderr]    Compiling gcc v0.3.55
[INFO] [stderr]    Compiling unicode-bidi v0.3.17
[INFO] [stderr]    Compiling matches v0.1.10
[INFO] [stderr]    Compiling percent-encoding v1.0.1
[INFO] [stderr]    Compiling bitflags v0.1.1
[INFO] [stderr]    Compiling quick-error v0.1.4
[INFO] [stderr]    Compiling tinyvec v1.8.0
[INFO] [stderr]    Compiling cc v1.1.31
[INFO] [stderr]    Compiling openssl-sys v0.7.17
[INFO] [stderr]    Compiling cmake v0.1.51
[INFO] [stderr]    Compiling unicode-normalization v0.1.24
[INFO] [stderr]    Compiling libz-sys v1.1.20
[INFO] [stderr]    Compiling libgit2-sys v0.4.6
[INFO] [stderr]    Compiling idna v0.1.5
[INFO] [stderr]    Compiling url v1.7.2
[INFO] [stderr]    Compiling git2 v0.4.4
[INFO] [stderr]    Compiling git-build-version v0.1.2 (/opt/rustwide/workdir)
[INFO] [stdout] warning: use of deprecated macro `try`: use the `?` operator instead
[INFO] [stdout]   --> src/lib.rs:31:5
[INFO] [stdout]    |
[INFO] [stdout] 31 |     try!(f.read_to_string(&mut current));
[INFO] [stdout]    |     ^^^
[INFO] [stdout]    |
[INFO] [stdout]    = note: `#[warn(deprecated)]` on by default
[INFO] [stdout] 
[INFO] [stdout] 
[INFO] [stdout] warning: use of deprecated macro `try`: use the `?` operator instead
[INFO] [stdout]   --> src/lib.rs:29:17
[INFO] [stdout]    |
[INFO] [stdout] 29 |     let mut f = try!(File::open(path));
[INFO] [stdout]    |                 ^^^
[INFO] [stdout] 
[INFO] [stdout] 
[INFO] [stdout] warning: use of deprecated macro `try`: use the `?` operator instead
[INFO] [stdout]   --> src/lib.rs:40:5
[INFO] [stdout]    |
[INFO] [stdout] 40 |     try!(create_dir_all(path));
[INFO] [stdout]    |     ^^^
[INFO] [stdout] 
[INFO] [stdout] 
[INFO] [stdout] warning: use of deprecated macro `try`: use the `?` operator instead
[INFO] [stdout]   --> src/lib.rs:37:16
[INFO] [stdout]    |
[INFO] [stdout] 37 |     let path = try!(env::var_os("OUT_DIR").ok_or(Error::MissingEnvVar));
[INFO] [stdout]    |                ^^^
[INFO] [stdout] 
[INFO] [stdout] 
[INFO] [stdout] warning: use of deprecated macro `try`: use the `?` operator instead
[INFO] [stdout]   --> src/lib.rs:44:16
[INFO] [stdout]    |
[INFO] [stdout] 44 |     let repo = try!(Repository::discover(topdir));
[INFO] [stdout]    |                ^^^
[INFO] [stdout] 
[INFO] [stdout] 
[INFO] [stdout] warning: use of deprecated macro `try`: use the `?` operator instead
[INFO] [stdout]   --> src/lib.rs:45:16
[INFO] [stdout]    |
[INFO] [stdout] 45 |     let desc = try!(repo.describe(&DescribeOptions::new().describe_tags().show_commit_oid_as_fallback(true)));
[INFO] [stdout]    |                ^^^
[INFO] [stdout] 
[INFO] [stdout] 
[INFO] [stdout] warning: use of deprecated macro `try`: use the `?` operator instead
[INFO] [stdout]   --> src/lib.rs:48:69
[INFO] [stdout]    |
[INFO] [stdout] 48 |     let content = format!("static VERSION: &'static str = {:?};\n", try!(desc.format(None)));
[INFO] [stdout]    |                                                                     ^^^
[INFO] [stdout] 
[INFO] [stdout] 
[INFO] [stdout] warning: use of deprecated macro `try`: use the `?` operator instead
[INFO] [stdout]   --> src/lib.rs:51:9
[INFO] [stdout]    |
[INFO] [stdout] 51 |         try!(same_content_as(&path, &content))
[INFO] [stdout]    |         ^^^
[INFO] [stdout] 
[INFO] [stdout] 
[INFO] [stdout] warning: use of deprecated macro `try`: use the `?` operator instead
[INFO] [stdout]   --> src/lib.rs:59:7
[INFO] [stdout]    |
[INFO] [stdout] 59 |       try!(write!(file, "{}", content));
[INFO] [stdout]    |       ^^^
[INFO] [stdout] 
[INFO] [stdout] 
[INFO] [stdout] warning: use of deprecated macro `try`: use the `?` operator instead
[INFO] [stdout]   --> src/lib.rs:57:37
[INFO] [stdout]    |
[INFO] [stdout] 57 |       let mut file = BufWriter::new(try!(File::create(&path)));
[INFO] [stdout]    |                                     ^^^
[INFO] [stdout] 
[INFO] [stdout] 
[INFO] [stdout] warning: use of deprecated method `std::error::Error::description`: use the Display impl or to_string()
[INFO] [stdout]   --> src/lib.rs:12:1
[INFO] [stdout]    |
[INFO] [stdout] 12 | / quick_error! {
[INFO] [stdout] 13 | |     #[derive(Debug)]
[INFO] [stdout] 14 | |     pub enum Error {
[INFO] [stdout] 15 | |         Io(err: std::io::Error) {
[INFO] [stdout] ...  |
[INFO] [stdout] 23 | |     }
[INFO] [stdout] 24 | | }
[INFO] [stdout]    | |_^
[INFO] [stdout]    |
[INFO] [stdout]    = note: this warning originates in the macro `quick_error` (in Nightly builds, run with -Z macro-backtrace for more info)
[INFO] [stdout] 
[INFO] [stdout] 
[INFO] [stdout] warning: use of deprecated method `std::error::Error::description`: use the Display impl or to_string()
[INFO] [stdout]   --> src/lib.rs:12:1
[INFO] [stdout]    |
[INFO] [stdout] 12 | / quick_error! {
[INFO] [stdout] 13 | |     #[derive(Debug)]
[INFO] [stdout] 14 | |     pub enum Error {
[INFO] [stdout] 15 | |         Io(err: std::io::Error) {
[INFO] [stdout] ...  |
[INFO] [stdout] 23 | |     }
[INFO] [stdout] 24 | | }
[INFO] [stdout]    | |_^
[INFO] [stdout]    |
[INFO] [stdout]    = note: this warning originates in the macro `quick_error` (in Nightly builds, run with -Z macro-backtrace for more info)
[INFO] [stdout] 
[INFO] [stdout] 
[INFO] [stdout] warning: use of deprecated method `std::error::Error::description`: use the Display impl or to_string()
[INFO] [stdout]   --> src/lib.rs:12:1
[INFO] [stdout]    |
[INFO] [stdout] 12 | / quick_error! {
[INFO] [stdout] 13 | |     #[derive(Debug)]
[INFO] [stdout] 14 | |     pub enum Error {
[INFO] [stdout] 15 | |         Io(err: std::io::Error) {
[INFO] [stdout] ...  |
[INFO] [stdout] 23 | |     }
[INFO] [stdout] 24 | | }
[INFO] [stdout]    | |_^
[INFO] [stdout]    |
[INFO] [stdout]    = note: this warning originates in the macro `quick_error` (in Nightly builds, run with -Z macro-backtrace for more info)
[INFO] [stdout] 
[INFO] [stdout] 
[INFO] [stderr]     Finished `dev` profile [unoptimized + debuginfo] target(s) in 11.62s
[INFO] running `Command { std: "docker" "inspect" "d27dd6f7bf1fe12835cd85a36a5358f8e0bcf9a824165b89b8eb248d65e15567", kill_on_drop: false }`
[INFO] running `Command { std: "docker" "rm" "-f" "d27dd6f7bf1fe12835cd85a36a5358f8e0bcf9a824165b89b8eb248d65e15567", kill_on_drop: false }`
[INFO] [stdout] d27dd6f7bf1fe12835cd85a36a5358f8e0bcf9a824165b89b8eb248d65e15567
[INFO] running `Command { std: "docker" "create" "-v" "/var/lib/crater-agent-workspace/builds/worker-2-tc1/target:/opt/rustwide/target:rw,Z" "-v" "/var/lib/crater-agent-workspace/builds/worker-2-tc1/source:/opt/rustwide/workdir:ro,Z" "-v" "/var/lib/crater-agent-workspace/cargo-home:/opt/rustwide/cargo-home:ro,Z" "-v" "/var/lib/crater-agent-workspace/rustup-home:/opt/rustwide/rustup-home:ro,Z" "-e" "SOURCE_DIR=/opt/rustwide/workdir" "-e" "CARGO_TARGET_DIR=/opt/rustwide/target" "-e" "CARGO_INCREMENTAL=0" "-e" "RUST_BACKTRACE=full" "-e" "RUSTFLAGS=--cap-lints=forbid" "-e" "RUSTDOCFLAGS=--cap-lints=forbid" "-e" "CARGO_HOME=/opt/rustwide/cargo-home" "-e" "RUSTUP_HOME=/opt/rustwide/rustup-home" "-w" "/opt/rustwide/workdir" "-m" "1610612736" "--user" "0:0" "--network" "none" "ghcr.io/rust-lang/crates-build-env/linux@sha256:4a844ea9eb2546a2d2c7022eacef16ef2e8229c7fbb2c7d4d55a9ceca922f72d" "/opt/rustwide/cargo-home/bin/cargo" "+nightly-2024-10-28" "test" "--frozen" "--no-run" "--message-format=json", kill_on_drop: false }`
[INFO] [stdout] d95b8c6dd2d5ad67ca69e124b9477312b16bfefee3b5a7b3a93212982f8af916
[INFO] running `Command { std: "docker" "start" "-a" "d95b8c6dd2d5ad67ca69e124b9477312b16bfefee3b5a7b3a93212982f8af916", kill_on_drop: false }`
[INFO] [stderr] warning: no edition set: defaulting to the 2015 edition while the latest is 2021
[INFO] [stdout] warning: use of deprecated macro `try`: use the `?` operator instead
[INFO] [stdout]   --> src/lib.rs:31:5
[INFO] [stdout]    |
[INFO] [stdout] 31 |     try!(f.read_to_string(&mut current));
[INFO] [stdout]    |     ^^^
[INFO] [stdout]    |
[INFO] [stdout]    = note: `#[warn(deprecated)]` on by default
[INFO] [stdout] 
[INFO] [stdout] 
[INFO] [stdout] warning: use of deprecated macro `try`: use the `?` operator instead
[INFO] [stdout]   --> src/lib.rs:29:17
[INFO] [stdout]    |
[INFO] [stdout] 29 |     let mut f = try!(File::open(path));
[INFO] [stdout]    |                 ^^^
[INFO] [stdout] 
[INFO] [stdout] 
[INFO] [stdout] warning: use of deprecated macro `try`: use the `?` operator instead
[INFO] [stdout]   --> src/lib.rs:40:5
[INFO] [stdout]    |
[INFO] [stdout] 40 |     try!(create_dir_all(path));
[INFO] [stdout]    |     ^^^
[INFO] [stdout] 
[INFO] [stdout] 
[INFO] [stdout] warning: use of deprecated macro `try`: use the `?` operator instead
[INFO] [stdout]   --> src/lib.rs:37:16
[INFO] [stdout]    |
[INFO] [stdout] 37 |     let path = try!(env::var_os("OUT_DIR").ok_or(Error::MissingEnvVar));
[INFO] [stdout]    |                ^^^
[INFO] [stdout] 
[INFO] [stdout] 
[INFO] [stdout] warning: use of deprecated macro `try`: use the `?` operator instead
[INFO] [stdout]   --> src/lib.rs:44:16
[INFO] [stdout]    |
[INFO] [stdout] 44 |     let repo = try!(Repository::discover(topdir));
[INFO] [stdout]    |                ^^^
[INFO] [stdout] 
[INFO] [stdout] 
[INFO] [stdout] warning: use of deprecated macro `try`: use the `?` operator instead
[INFO] [stdout]   --> src/lib.rs:45:16
[INFO] [stdout]    |
[INFO] [stdout] 45 |     let desc = try!(repo.describe(&DescribeOptions::new().describe_tags().show_commit_oid_as_fallback(true)));
[INFO] [stdout]    |                ^^^
[INFO] [stdout] 
[INFO] [stdout] 
[INFO] [stdout] warning: use of deprecated macro `try`: use the `?` operator instead
[INFO] [stdout]   --> src/lib.rs:48:69
[INFO] [stdout]    |
[INFO] [stdout] 48 |     let content = format!("static VERSION: &'static str = {:?};\n", try!(desc.format(None)));
[INFO] [stdout]    |                                                                     ^^^
[INFO] [stdout] 
[INFO] [stdout] 
[INFO] [stdout] warning: use of deprecated macro `try`: use the `?` operator instead
[INFO] [stdout]   --> src/lib.rs:51:9
[INFO] [stdout]    |
[INFO] [stdout] 51 |         try!(same_content_as(&path, &content))
[INFO] [stdout]    |         ^^^
[INFO] [stdout] 
[INFO] [stdout] 
[INFO] [stdout] warning: use of deprecated macro `try`: use the `?` operator instead
[INFO] [stdout]   --> src/lib.rs:59:7
[INFO] [stdout]    |
[INFO] [stdout] 59 |       try!(write!(file, "{}", content));
[INFO] [stdout]    |       ^^^
[INFO] [stdout] 
[INFO] [stdout] 
[INFO] [stdout] warning: use of deprecated macro `try`: use the `?` operator instead
[INFO] [stdout]   --> src/lib.rs:57:37
[INFO] [stdout]    |
[INFO] [stdout] 57 |       let mut file = BufWriter::new(try!(File::create(&path)));
[INFO] [stdout]    |                                     ^^^
[INFO] [stdout] 
[INFO] [stdout] 
[INFO] [stdout] warning: use of deprecated method `std::error::Error::description`: use the Display impl or to_string()
[INFO] [stdout]   --> src/lib.rs:12:1
[INFO] [stdout]    |
[INFO] [stdout] 12 | / quick_error! {
[INFO] [stdout] 13 | |     #[derive(Debug)]
[INFO] [stdout] 14 | |     pub enum Error {
[INFO] [stdout] 15 | |         Io(err: std::io::Error) {
[INFO] [stdout] ...  |
[INFO] [stdout] 23 | |     }
[INFO] [stdout] 24 | | }
[INFO] [stdout]    | |_^
[INFO] [stdout]    |
[INFO] [stdout]    = note: this warning originates in the macro `quick_error` (in Nightly builds, run with -Z macro-backtrace for more info)
[INFO] [stdout] 
[INFO] [stdout] 
[INFO] [stdout] warning: use of deprecated method `std::error::Error::description`: use the Display impl or to_string()
[INFO] [stdout]   --> src/lib.rs:12:1
[INFO] [stdout]    |
[INFO] [stdout] 12 | / quick_error! {
[INFO] [stdout] 13 | |     #[derive(Debug)]
[INFO] [stdout] 14 | |     pub enum Error {
[INFO] [stdout] 15 | |         Io(err: std::io::Error) {
[INFO] [stdout] ...  |
[INFO] [stdout] 23 | |     }
[INFO] [stdout] 24 | | }
[INFO] [stdout]    | |_^
[INFO] [stdout]    |
[INFO] [stdout]    = note: this warning originates in the macro `quick_error` (in Nightly builds, run with -Z macro-backtrace for more info)
[INFO] [stdout] 
[INFO] [stdout] 
[INFO] [stdout] warning: use of deprecated method `std::error::Error::description`: use the Display impl or to_string()
[INFO] [stdout]   --> src/lib.rs:12:1
[INFO] [stdout]    |
[INFO] [stdout] 12 | / quick_error! {
[INFO] [stdout] 13 | |     #[derive(Debug)]
[INFO] [stdout] 14 | |     pub enum Error {
[INFO] [stdout] 15 | |         Io(err: std::io::Error) {
[INFO] [stdout] ...  |
[INFO] [stdout] 23 | |     }
[INFO] [stdout] 24 | | }
[INFO] [stdout]    | |_^
[INFO] [stdout]    |
[INFO] [stdout]    = note: this warning originates in the macro `quick_error` (in Nightly builds, run with -Z macro-backtrace for more info)
[INFO] [stdout] 
[INFO] [stdout] 
[INFO] [stderr]    Compiling git-build-version v0.1.2 (/opt/rustwide/workdir)
[INFO] [stdout] warning: use of deprecated macro `try`: use the `?` operator instead
[INFO] [stdout]   --> src/lib.rs:31:5
[INFO] [stdout]    |
[INFO] [stdout] 31 |     try!(f.read_to_string(&mut current));
[INFO] [stdout]    |     ^^^
[INFO] [stdout]    |
[INFO] [stdout]    = note: `#[warn(deprecated)]` on by default
[INFO] [stdout] 
[INFO] [stdout] 
[INFO] [stdout] warning: use of deprecated macro `try`: use the `?` operator instead
[INFO] [stdout]   --> src/lib.rs:29:17
[INFO] [stdout]    |
[INFO] [stdout] 29 |     let mut f = try!(File::open(path));
[INFO] [stdout]    |                 ^^^
[INFO] [stdout] 
[INFO] [stdout] 
[INFO] [stdout] warning: use of deprecated macro `try`: use the `?` operator instead
[INFO] [stdout]   --> src/lib.rs:40:5
[INFO] [stdout]    |
[INFO] [stdout] 40 |     try!(create_dir_all(path));
[INFO] [stdout]    |     ^^^
[INFO] [stdout] 
[INFO] [stdout] 
[INFO] [stdout] warning: use of deprecated macro `try`: use the `?` operator instead
[INFO] [stdout]   --> src/lib.rs:37:16
[INFO] [stdout]    |
[INFO] [stdout] 37 |     let path = try!(env::var_os("OUT_DIR").ok_or(Error::MissingEnvVar));
[INFO] [stdout]    |                ^^^
[INFO] [stdout] 
[INFO] [stdout] 
[INFO] [stdout] warning: use of deprecated macro `try`: use the `?` operator instead
[INFO] [stdout]   --> src/lib.rs:44:16
[INFO] [stdout]    |
[INFO] [stdout] 44 |     let repo = try!(Repository::discover(topdir));
[INFO] [stdout]    |                ^^^
[INFO] [stdout] 
[INFO] [stdout] 
[INFO] [stdout] warning: use of deprecated macro `try`: use the `?` operator instead
[INFO] [stdout]   --> src/lib.rs:45:16
[INFO] [stdout]    |
[INFO] [stdout] 45 |     let desc = try!(repo.describe(&DescribeOptions::new().describe_tags().show_commit_oid_as_fallback(true)));
[INFO] [stdout]    |                ^^^
[INFO] [stdout] 
[INFO] [stdout] 
[INFO] [stdout] warning: use of deprecated macro `try`: use the `?` operator instead
[INFO] [stdout]   --> src/lib.rs:48:69
[INFO] [stdout]    |
[INFO] [stdout] 48 |     let content = format!("static VERSION: &'static str = {:?};\n", try!(desc.format(None)));
[INFO] [stdout]    |                                                                     ^^^
[INFO] [stdout] 
[INFO] [stdout] 
[INFO] [stdout] warning: use of deprecated macro `try`: use the `?` operator instead
[INFO] [stdout]   --> src/lib.rs:51:9
[INFO] [stdout]    |
[INFO] [stdout] 51 |         try!(same_content_as(&path, &content))
[INFO] [stdout]    |         ^^^
[INFO] [stdout] 
[INFO] [stdout] 
[INFO] [stdout] warning: use of deprecated macro `try`: use the `?` operator instead
[INFO] [stdout]   --> src/lib.rs:59:7
[INFO] [stdout]    |
[INFO] [stdout] 59 |       try!(write!(file, "{}", content));
[INFO] [stdout]    |       ^^^
[INFO] [stdout] 
[INFO] [stdout] 
[INFO] [stdout] warning: use of deprecated macro `try`: use the `?` operator instead
[INFO] [stdout]   --> src/lib.rs:57:37
[INFO] [stdout]    |
[INFO] [stdout] 57 |       let mut file = BufWriter::new(try!(File::create(&path)));
[INFO] [stdout]    |                                     ^^^
[INFO] [stdout] 
[INFO] [stdout] 
[INFO] [stdout] warning: use of deprecated method `std::error::Error::description`: use the Display impl or to_string()
[INFO] [stdout]   --> src/lib.rs:12:1
[INFO] [stdout]    |
[INFO] [stdout] 12 | / quick_error! {
[INFO] [stdout] 13 | |     #[derive(Debug)]
[INFO] [stdout] 14 | |     pub enum Error {
[INFO] [stdout] 15 | |         Io(err: std::io::Error) {
[INFO] [stdout] ...  |
[INFO] [stdout] 23 | |     }
[INFO] [stdout] 24 | | }
[INFO] [stdout]    | |_^
[INFO] [stdout]    |
[INFO] [stdout]    = note: this warning originates in the macro `quick_error` (in Nightly builds, run with -Z macro-backtrace for more info)
[INFO] [stdout] 
[INFO] [stdout] 
[INFO] [stdout] warning: use of deprecated method `std::error::Error::description`: use the Display impl or to_string()
[INFO] [stdout]   --> src/lib.rs:12:1
[INFO] [stdout]    |
[INFO] [stdout] 12 | / quick_error! {
[INFO] [stdout] 13 | |     #[derive(Debug)]
[INFO] [stdout] 14 | |     pub enum Error {
[INFO] [stdout] 15 | |         Io(err: std::io::Error) {
[INFO] [stdout] ...  |
[INFO] [stdout] 23 | |     }
[INFO] [stdout] 24 | | }
[INFO] [stdout]    | |_^
[INFO] [stdout]    |
[INFO] [stdout]    = note: this warning originates in the macro `quick_error` (in Nightly builds, run with -Z macro-backtrace for more info)
[INFO] [stdout] 
[INFO] [stdout] 
[INFO] [stdout] warning: use of deprecated method `std::error::Error::description`: use the Display impl or to_string()
[INFO] [stdout]   --> src/lib.rs:12:1
[INFO] [stdout]    |
[INFO] [stdout] 12 | / quick_error! {
[INFO] [stdout] 13 | |     #[derive(Debug)]
[INFO] [stdout] 14 | |     pub enum Error {
[INFO] [stdout] 15 | |         Io(err: std::io::Error) {
[INFO] [stdout] ...  |
[INFO] [stdout] 23 | |     }
[INFO] [stdout] 24 | | }
[INFO] [stdout]    | |_^
[INFO] [stdout]    |
[INFO] [stdout]    = note: this warning originates in the macro `quick_error` (in Nightly builds, run with -Z macro-backtrace for more info)
[INFO] [stdout] 
[INFO] [stdout] 
[INFO] [stderr]     Finished `test` profile [unoptimized + debuginfo] target(s) in 0.46s
[INFO] running `Command { std: "docker" "inspect" "d95b8c6dd2d5ad67ca69e124b9477312b16bfefee3b5a7b3a93212982f8af916", kill_on_drop: false }`
[INFO] running `Command { std: "docker" "rm" "-f" "d95b8c6dd2d5ad67ca69e124b9477312b16bfefee3b5a7b3a93212982f8af916", kill_on_drop: false }`
[INFO] [stdout] d95b8c6dd2d5ad67ca69e124b9477312b16bfefee3b5a7b3a93212982f8af916
[INFO] running `Command { std: "docker" "create" "-v" "/var/lib/crater-agent-workspace/builds/worker-2-tc1/target:/opt/rustwide/target:rw,Z" "-v" "/var/lib/crater-agent-workspace/builds/worker-2-tc1/source:/opt/rustwide/workdir:ro,Z" "-v" "/var/lib/crater-agent-workspace/cargo-home:/opt/rustwide/cargo-home:ro,Z" "-v" "/var/lib/crater-agent-workspace/rustup-home:/opt/rustwide/rustup-home:ro,Z" "-e" "SOURCE_DIR=/opt/rustwide/workdir" "-e" "CARGO_TARGET_DIR=/opt/rustwide/target" "-e" "CARGO_INCREMENTAL=0" "-e" "RUST_BACKTRACE=full" "-e" "RUSTFLAGS=--cap-lints=forbid" "-e" "RUSTDOCFLAGS=--cap-lints=forbid" "-e" "CARGO_HOME=/opt/rustwide/cargo-home" "-e" "RUSTUP_HOME=/opt/rustwide/rustup-home" "-w" "/opt/rustwide/workdir" "-m" "1610612736" "--user" "0:0" "--network" "none" "ghcr.io/rust-lang/crates-build-env/linux@sha256:4a844ea9eb2546a2d2c7022eacef16ef2e8229c7fbb2c7d4d55a9ceca922f72d" "/opt/rustwide/cargo-home/bin/cargo" "+nightly-2024-10-28" "test" "--frozen", kill_on_drop: false }`
[INFO] [stdout] 8d82c57fa5ed98982aaa8d3cca4a7aeb26731d98d493c3503d6e78f6ea9b2ffe
[INFO] running `Command { std: "docker" "start" "-a" "8d82c57fa5ed98982aaa8d3cca4a7aeb26731d98d493c3503d6e78f6ea9b2ffe", kill_on_drop: false }`
[INFO] [stderr] warning: no edition set: defaulting to the 2015 edition while the latest is 2021
[INFO] [stderr] warning: use of deprecated macro `try`: use the `?` operator instead
[INFO] [stderr]   --> src/lib.rs:31:5
[INFO] [stderr]    |
[INFO] [stderr] 31 |     try!(f.read_to_string(&mut current));
[INFO] [stderr]    |     ^^^
[INFO] [stderr]    |
[INFO] [stderr]    = note: `#[warn(deprecated)]` on by default
[INFO] [stderr] 
[INFO] [stderr] warning: use of deprecated macro `try`: use the `?` operator instead
[INFO] [stderr]   --> src/lib.rs:29:17
[INFO] [stderr]    |
[INFO] [stderr] 29 |     let mut f = try!(File::open(path));
[INFO] [stderr]    |                 ^^^
[INFO] [stderr] 
[INFO] [stderr] warning: use of deprecated macro `try`: use the `?` operator instead
[INFO] [stderr]   --> src/lib.rs:40:5
[INFO] [stderr]    |
[INFO] [stderr] 40 |     try!(create_dir_all(path));
[INFO] [stderr]    |     ^^^
[INFO] [stderr] 
[INFO] [stderr] warning: use of deprecated macro `try`: use the `?` operator instead
[INFO] [stderr]   --> src/lib.rs:37:16
[INFO] [stderr]    |
[INFO] [stderr] 37 |     let path = try!(env::var_os("OUT_DIR").ok_or(Error::MissingEnvVar));
[INFO] [stderr]    |                ^^^
[INFO] [stderr] 
[INFO] [stderr] warning: use of deprecated macro `try`: use the `?` operator instead
[INFO] [stderr]   --> src/lib.rs:44:16
[INFO] [stderr]    |
[INFO] [stderr] 44 |     let repo = try!(Repository::discover(topdir));
[INFO] [stderr]    |                ^^^
[INFO] [stderr] 
[INFO] [stderr] warning: use of deprecated macro `try`: use the `?` operator instead
[INFO] [stderr]   --> src/lib.rs:45:16
[INFO] [stderr]    |
[INFO] [stderr] 45 |     let desc = try!(repo.describe(&DescribeOptions::new().describe_tags().show_commit_oid_as_fallback(true)));
[INFO] [stderr]    |                ^^^
[INFO] [stderr] 
[INFO] [stderr] warning: use of deprecated macro `try`: use the `?` operator instead
[INFO] [stderr]   --> src/lib.rs:48:69
[INFO] [stderr]    |
[INFO] [stderr] 48 |     let content = format!("static VERSION: &'static str = {:?};\n", try!(desc.format(None)));
[INFO] [stderr]    |                                                                     ^^^
[INFO] [stderr] 
[INFO] [stderr] warning: use of deprecated macro `try`: use the `?` operator instead
[INFO] [stderr]   --> src/lib.rs:51:9
[INFO] [stderr]    |
[INFO] [stderr] 51 |         try!(same_content_as(&path, &content))
[INFO] [stderr]    |         ^^^
[INFO] [stderr] 
[INFO] [stderr] warning: use of deprecated macro `try`: use the `?` operator instead
[INFO] [stderr]   --> src/lib.rs:59:7
[INFO] [stderr]    |
[INFO] [stderr] 59 |       try!(write!(file, "{}", content));
[INFO] [stderr]    |       ^^^
[INFO] [stderr] 
[INFO] [stderr] warning: use of deprecated macro `try`: use the `?` operator instead
[INFO] [stderr]   --> src/lib.rs:57:37
[INFO] [stderr]    |
[INFO] [stderr] 57 |       let mut file = BufWriter::new(try!(File::create(&path)));
[INFO] [stderr]    |                                     ^^^
[INFO] [stderr] 
[INFO] [stderr] warning: use of deprecated method `std::error::Error::description`: use the Display impl or to_string()
[INFO] [stderr]   --> src/lib.rs:12:1
[INFO] [stderr]    |
[INFO] [stderr] 12 | / quick_error! {
[INFO] [stderr] 13 | |     #[derive(Debug)]
[INFO] [stderr] 14 | |     pub enum Error {
[INFO] [stderr] 15 | |         Io(err: std::io::Error) {
[INFO] [stderr] ...  |
[INFO] [stderr] 23 | |     }
[INFO] [stderr] 24 | | }
[INFO] [stderr]    | |_^
[INFO] [stderr]    |
[INFO] [stderr]    = note: this warning originates in the macro `quick_error` (in Nightly builds, run with -Z macro-backtrace for more info)
[INFO] [stderr] 
[INFO] [stderr] warning: `git-build-version` (lib) generated 13 warnings (2 duplicates)
[INFO] [stderr] warning: `git-build-version` (lib test) generated 13 warnings (13 duplicates)
[INFO] [stderr]     Finished `test` profile [unoptimized + debuginfo] target(s) in 0.04s
[INFO] [stderr]      Running unittests src/lib.rs (/opt/rustwide/target/debug/deps/git_build_version-26e66521540bac35)
[INFO] [stdout] 
[INFO] [stdout] running 1 test
[INFO] [stdout] test test ... FAILED
[INFO] [stdout] 
[INFO] [stdout] failures:
[INFO] [stdout] 
[INFO] [stdout] ---- test stdout ----
[INFO] [stdout] thread 'test' panicked at src/lib.rs:66:24:
[INFO] [stdout] write version: MissingEnvVar
[INFO] [stdout] stack backtrace:
[INFO] [stdout]    0:     0x55fda921da2a - std::backtrace_rs::backtrace::libunwind::trace::h207520d6e9873551
[INFO] [stdout]                                at /rustc/df4ca44d3fbc9301ee17f30f4d474e6ae4b05252/library/std/src/../../backtrace/src/backtrace/libunwind.rs:116:5
[INFO] [stdout]    1:     0x55fda921da2a - std::backtrace_rs::backtrace::trace_unsynchronized::h2ed7433f370e3eca
[INFO] [stdout]                                at /rustc/df4ca44d3fbc9301ee17f30f4d474e6ae4b05252/library/std/src/../../backtrace/src/backtrace/mod.rs:66:5
[INFO] [stdout]    2:     0x55fda921da2a - std::sys::backtrace::_print_fmt::h916fac51166b18d7
[INFO] [stdout]                                at /rustc/df4ca44d3fbc9301ee17f30f4d474e6ae4b05252/library/std/src/sys/backtrace.rs:66:9
[INFO] [stdout]    3:     0x55fda921da2a - <std::sys::backtrace::BacktraceLock::print::DisplayBacktrace as core::fmt::Display>::fmt::ha0a4c9b8ce3802e6
[INFO] [stdout]                                at /rustc/df4ca44d3fbc9301ee17f30f4d474e6ae4b05252/library/std/src/sys/backtrace.rs:39:26
[INFO] [stdout]    4:     0x55fda9243fb3 - core::fmt::rt::Argument::fmt::h4cfc8587d52b3eb5
[INFO] [stdout]                                at /rustc/df4ca44d3fbc9301ee17f30f4d474e6ae4b05252/library/core/src/fmt/rt.rs:177:76
[INFO] [stdout]    5:     0x55fda9243fb3 - core::fmt::write::h522cc39e5b36ae9f
[INFO] [stdout]                                at /rustc/df4ca44d3fbc9301ee17f30f4d474e6ae4b05252/library/core/src/fmt/mod.rs:1190:21
[INFO] [stdout]    6:     0x55fda921a443 - std::io::Write::write_fmt::h7d3c26752da97734
[INFO] [stdout]                                at /rustc/df4ca44d3fbc9301ee17f30f4d474e6ae4b05252/library/std/src/io/mod.rs:1839:15
[INFO] [stdout]    7:     0x55fda921d872 - std::sys::backtrace::BacktraceLock::print::h4b9e00b29e9c0942
[INFO] [stdout]                                at /rustc/df4ca44d3fbc9301ee17f30f4d474e6ae4b05252/library/std/src/sys/backtrace.rs:42:9
[INFO] [stdout]    8:     0x55fda921eeba - std::panicking::default_hook::{{closure}}::hb59b88280d0324d9
[INFO] [stdout]                                at /rustc/df4ca44d3fbc9301ee17f30f4d474e6ae4b05252/library/std/src/panicking.rs:268:22
[INFO] [stdout]    9:     0x55fda921ecc4 - std::panicking::default_hook::he1dd496665be4a29
[INFO] [stdout]                                at /rustc/df4ca44d3fbc9301ee17f30f4d474e6ae4b05252/library/std/src/panicking.rs:292:9
[INFO] [stdout]   10:     0x55fda9185049 - <alloc::boxed::Box<F,A> as core::ops::function::Fn<Args>>::call::h4ff71de18744e1dc
[INFO] [stdout]                                at /rustc/df4ca44d3fbc9301ee17f30f4d474e6ae4b05252/library/alloc/src/boxed.rs:2468:9
[INFO] [stdout]   11:     0x55fda9185049 - test::test_main::{{closure}}::hcf7c055ce117aa81
[INFO] [stdout]                                at /rustc/df4ca44d3fbc9301ee17f30f4d474e6ae4b05252/library/test/src/lib.rs:133:21
[INFO] [stdout]   12:     0x55fda921f5b8 - <alloc::boxed::Box<F,A> as core::ops::function::Fn<Args>>::call::h1d66c6bbd60c9692
[INFO] [stdout]                                at /rustc/df4ca44d3fbc9301ee17f30f4d474e6ae4b05252/library/alloc/src/boxed.rs:2468:9
[INFO] [stdout]   13:     0x55fda921f5b8 - std::panicking::rust_panic_with_hook::h2ff17fe8f26dfcf8
[INFO] [stdout]                                at /rustc/df4ca44d3fbc9301ee17f30f4d474e6ae4b05252/library/std/src/panicking.rs:809:13
[INFO] [stdout]   14:     0x55fda921f37a - std::panicking::begin_panic_handler::{{closure}}::h4fad77951c07e101
[INFO] [stdout]                                at /rustc/df4ca44d3fbc9301ee17f30f4d474e6ae4b05252/library/std/src/panicking.rs:674:13
[INFO] [stdout]   15:     0x55fda921df09 - std::sys::backtrace::__rust_end_short_backtrace::hb1a25b3da5d0ea08
[INFO] [stdout]                                at /rustc/df4ca44d3fbc9301ee17f30f4d474e6ae4b05252/library/std/src/sys/backtrace.rs:170:18
[INFO] [stdout]   16:     0x55fda921f00c - rust_begin_unwind
[INFO] [stdout]                                at /rustc/df4ca44d3fbc9301ee17f30f4d474e6ae4b05252/library/std/src/panicking.rs:665:5
[INFO] [stdout]   17:     0x55fda92429b0 - core::panicking::panic_fmt::ha9db07b529f9b256
[INFO] [stdout]                                at /rustc/df4ca44d3fbc9301ee17f30f4d474e6ae4b05252/library/core/src/panicking.rs:75:14
[INFO] [stdout]   18:     0x55fda9242df6 - core::result::unwrap_failed::h5e8218e4d4338b8a
[INFO] [stdout]                                at /rustc/df4ca44d3fbc9301ee17f30f4d474e6ae4b05252/library/core/src/result.rs:1698:5
[INFO] [stdout]   19:     0x55fda9148e3d - core::result::Result<T,E>::expect::h8aba0f4f65852e0f
[INFO] [stdout]                                at /rustc/df4ca44d3fbc9301ee17f30f4d474e6ae4b05252/library/core/src/result.rs:1060:23
[INFO] [stdout]   20:     0x55fda914b0e7 - git_build_version::test::h87d69b0ddf746d3c
[INFO] [stdout]                                at /opt/rustwide/workdir/src/lib.rs:66:5
[INFO] [stdout]   21:     0x55fda914b097 - git_build_version::test::{{closure}}::h270f554145ab8ca8
[INFO] [stdout]                                at /opt/rustwide/workdir/src/lib.rs:65:10
[INFO] [stdout]   22:     0x55fda91484d6 - core::ops::function::FnOnce::call_once::hfcd1e8640b0c2bad
[INFO] [stdout]                                at /rustc/df4ca44d3fbc9301ee17f30f4d474e6ae4b05252/library/core/src/ops/function.rs:250:5
[INFO] [stdout]   23:     0x55fda918991b - core::ops::function::FnOnce::call_once::h22c3ba5715e93f05
[INFO] [stdout]                                at /rustc/df4ca44d3fbc9301ee17f30f4d474e6ae4b05252/library/core/src/ops/function.rs:250:5
[INFO] [stdout]   24:     0x55fda918991b - test::__rust_begin_short_backtrace::h8e82d8113d0da17f
[INFO] [stdout]                                at /rustc/df4ca44d3fbc9301ee17f30f4d474e6ae4b05252/library/test/src/lib.rs:621:18
[INFO] [stdout]   25:     0x55fda9189297 - test::run_test_in_process::{{closure}}::h33235f4f20b7b7c7
[INFO] [stdout]                                at /rustc/df4ca44d3fbc9301ee17f30f4d474e6ae4b05252/library/test/src/lib.rs:644:60
[INFO] [stdout]   26:     0x55fda9189297 - <core::panic::unwind_safe::AssertUnwindSafe<F> as core::ops::function::FnOnce<()>>::call_once::hb5043206310c586f
[INFO] [stdout]                                at /rustc/df4ca44d3fbc9301ee17f30f4d474e6ae4b05252/library/core/src/panic/unwind_safe.rs:272:9
[INFO] [stdout]   27:     0x55fda9189297 - std::panicking::try::do_call::h9ad4731a60ab23e2
[INFO] [stdout]                                at /rustc/df4ca44d3fbc9301ee17f30f4d474e6ae4b05252/library/std/src/panicking.rs:557:40
[INFO] [stdout]   28:     0x55fda9189297 - std::panicking::try::h3824d23db772a716
[INFO] [stdout]                                at /rustc/df4ca44d3fbc9301ee17f30f4d474e6ae4b05252/library/std/src/panicking.rs:520:19
[INFO] [stdout]   29:     0x55fda9189297 - std::panic::catch_unwind::h5afd514605fde46b
[INFO] [stdout]                                at /rustc/df4ca44d3fbc9301ee17f30f4d474e6ae4b05252/library/std/src/panic.rs:358:14
[INFO] [stdout]   30:     0x55fda9189297 - test::run_test_in_process::h0d5cbfa7067d1720
[INFO] [stdout]                                at /rustc/df4ca44d3fbc9301ee17f30f4d474e6ae4b05252/library/test/src/lib.rs:644:27
[INFO] [stdout]   31:     0x55fda9189297 - test::run_test::{{closure}}::h708eb8872708115d
[INFO] [stdout]                                at /rustc/df4ca44d3fbc9301ee17f30f4d474e6ae4b05252/library/test/src/lib.rs:565:43
[INFO] [stdout]   32:     0x55fda914c9b4 - test::run_test::{{closure}}::h392c51cee94713ab
[INFO] [stdout]                                at /rustc/df4ca44d3fbc9301ee17f30f4d474e6ae4b05252/library/test/src/lib.rs:595:41
[INFO] [stdout]   33:     0x55fda914c9b4 - std::sys::backtrace::__rust_begin_short_backtrace::h2f40290710935a8b
[INFO] [stdout]                                at /rustc/df4ca44d3fbc9301ee17f30f4d474e6ae4b05252/library/std/src/sys/backtrace.rs:154:18
[INFO] [stdout]   34:     0x55fda915015e - std::thread::Builder::spawn_unchecked_::{{closure}}::{{closure}}::h3fd968d89053a903
[INFO] [stdout]                                at /rustc/df4ca44d3fbc9301ee17f30f4d474e6ae4b05252/library/std/src/thread/mod.rs:541:17
[INFO] [stdout]   35:     0x55fda915015e - <core::panic::unwind_safe::AssertUnwindSafe<F> as core::ops::function::FnOnce<()>>::call_once::h743f637ba4229880
[INFO] [stdout]                                at /rustc/df4ca44d3fbc9301ee17f30f4d474e6ae4b05252/library/core/src/panic/unwind_safe.rs:272:9
[INFO] [stdout]   36:     0x55fda915015e - std::panicking::try::do_call::h07440897322525a6
[INFO] [stdout]                                at /rustc/df4ca44d3fbc9301ee17f30f4d474e6ae4b05252/library/std/src/panicking.rs:557:40
[INFO] [stdout]   37:     0x55fda915015e - std::panicking::try::he5a2e00188156637
[INFO] [stdout]                                at /rustc/df4ca44d3fbc9301ee17f30f4d474e6ae4b05252/library/std/src/panicking.rs:520:19
[INFO] [stdout]   38:     0x55fda915015e - std::panic::catch_unwind::hbaf3cae49b3c6433
[INFO] [stdout]                                at /rustc/df4ca44d3fbc9301ee17f30f4d474e6ae4b05252/library/std/src/panic.rs:358:14
[INFO] [stdout]   39:     0x55fda915015e - std::thread::Builder::spawn_unchecked_::{{closure}}::h8e141ea224820bce
[INFO] [stdout]                                at /rustc/df4ca44d3fbc9301ee17f30f4d474e6ae4b05252/library/std/src/thread/mod.rs:540:30
[INFO] [stdout]   40:     0x55fda915015e - core::ops::function::FnOnce::call_once{{vtable.shim}}::h90d312fedd7b8ea8
[INFO] [stdout]                                at /rustc/df4ca44d3fbc9301ee17f30f4d474e6ae4b05252/library/core/src/ops/function.rs:250:5
[INFO] [stdout]   41:     0x55fda92233eb - <alloc::boxed::Box<F,A> as core::ops::function::FnOnce<Args>>::call_once::h69aa08ddb6adb8b6
[INFO] [stdout]                                at /rustc/df4ca44d3fbc9301ee17f30f4d474e6ae4b05252/library/alloc/src/boxed.rs:2454:9
[INFO] [stdout]   42:     0x55fda92233eb - <alloc::boxed::Box<F,A> as core::ops::function::FnOnce<Args>>::call_once::h5aa36efdb79c806f
[INFO] [stdout]                                at /rustc/df4ca44d3fbc9301ee17f30f4d474e6ae4b05252/library/alloc/src/boxed.rs:2454:9
[INFO] [stdout]   43:     0x55fda92233eb - std::sys::pal::unix::thread::Thread::new::thread_start::h6cd80a1b4be5158d
[INFO] [stdout]                                at /rustc/df4ca44d3fbc9301ee17f30f4d474e6ae4b05252/library/std/src/sys/pal/unix/thread.rs:105:17
[INFO] [stdout]   44:     0x7f8618ed8ac3 - <unknown>
[INFO] [stdout]   45:     0x7f8618f69a04 - clone
[INFO] [stdout]   46:                0x0 - <unknown>
[INFO] [stdout] 
[INFO] [stdout] 
[INFO] [stdout] failures:
[INFO] [stdout]     test
[INFO] [stdout] 
[INFO] [stdout] test result: FAILED. 0 passed; 1 failed; 0 ignored; 0 measured; 0 filtered out; finished in 0.04s
[INFO] [stdout] 
[INFO] [stderr] error: test failed, to rerun pass `--lib`
[INFO] running `Command { std: "docker" "inspect" "8d82c57fa5ed98982aaa8d3cca4a7aeb26731d98d493c3503d6e78f6ea9b2ffe", kill_on_drop: false }`
[INFO] running `Command { std: "docker" "rm" "-f" "8d82c57fa5ed98982aaa8d3cca4a7aeb26731d98d493c3503d6e78f6ea9b2ffe", kill_on_drop: false }`
[INFO] [stdout] 8d82c57fa5ed98982aaa8d3cca4a7aeb26731d98d493c3503d6e78f6ea9b2ffe
