[INFO] fetching crate gio-sys 0.20.4...
[INFO] testing gio-sys-0.20.4 against nightly-2024-10-28+rustflags=-Zrandomize-layout for randomize-layout
[INFO] extracting crate gio-sys 0.20.4 into /workspace/builds/worker-0-tc2/source
[INFO] validating manifest of crates.io crate gio-sys 0.20.4 on toolchain nightly-2024-10-28
[INFO] running `Command { std: CARGO_HOME="/workspace/cargo-home" RUSTUP_HOME="/workspace/rustup-home" "/workspace/cargo-home/bin/cargo" "+nightly-2024-10-28" "metadata" "--manifest-path" "Cargo.toml" "--no-deps", kill_on_drop: false }`
[INFO] started tweaking crates.io crate gio-sys 0.20.4
[INFO] removed 0 missing tests
[INFO] finished tweaking crates.io crate gio-sys 0.20.4
[INFO] tweaked toml for crates.io crate gio-sys 0.20.4 written to /workspace/builds/worker-0-tc2/source/Cargo.toml
[INFO] running `Command { std: CARGO_HOME="/workspace/cargo-home" RUSTUP_HOME="/workspace/rustup-home" "/workspace/cargo-home/bin/cargo" "+nightly-2024-10-28" "generate-lockfile" "--manifest-path" "Cargo.toml", kill_on_drop: false }`
[INFO] [stderr]     Updating crates.io index
[INFO] [stderr]      Locking 45 packages to latest compatible versions
[INFO] [stderr]       Adding windows-sys v0.52.0 (available: v0.59.0)
[INFO] running `Command { std: CARGO_HOME="/workspace/cargo-home" RUSTUP_HOME="/workspace/rustup-home" "/workspace/cargo-home/bin/cargo" "+nightly-2024-10-28" "fetch" "--manifest-path" "Cargo.toml", kill_on_drop: false }`
[INFO] running `Command { std: "docker" "create" "-v" "/var/lib/crater-agent-workspace/builds/worker-0-tc2/target:/opt/rustwide/target:rw,Z" "-v" "/var/lib/crater-agent-workspace/builds/worker-0-tc2/source:/opt/rustwide/workdir:ro,Z" "-v" "/var/lib/crater-agent-workspace/cargo-home:/opt/rustwide/cargo-home:ro,Z" "-v" "/var/lib/crater-agent-workspace/rustup-home:/opt/rustwide/rustup-home:ro,Z" "-e" "SOURCE_DIR=/opt/rustwide/workdir" "-e" "CARGO_TARGET_DIR=/opt/rustwide/target" "-e" "CARGO_HOME=/opt/rustwide/cargo-home" "-e" "RUSTUP_HOME=/opt/rustwide/rustup-home" "-w" "/opt/rustwide/workdir" "-m" "1610612736" "--user" "0:0" "--network" "none" "ghcr.io/rust-lang/crates-build-env/linux@sha256:4a844ea9eb2546a2d2c7022eacef16ef2e8229c7fbb2c7d4d55a9ceca922f72d" "/opt/rustwide/cargo-home/bin/cargo" "+nightly-2024-10-28" "metadata" "--no-deps" "--format-version=1", kill_on_drop: false }`
[INFO] [stdout] 0630e9ce6a5de8067396bdba2e735f31b24bc623f6d83f1003296aee7b4e0699
[INFO] running `Command { std: "docker" "start" "-a" "0630e9ce6a5de8067396bdba2e735f31b24bc623f6d83f1003296aee7b4e0699", kill_on_drop: false }`
[INFO] running `Command { std: "docker" "inspect" "0630e9ce6a5de8067396bdba2e735f31b24bc623f6d83f1003296aee7b4e0699", kill_on_drop: false }`
[INFO] running `Command { std: "docker" "rm" "-f" "0630e9ce6a5de8067396bdba2e735f31b24bc623f6d83f1003296aee7b4e0699", kill_on_drop: false }`
[INFO] [stdout] 0630e9ce6a5de8067396bdba2e735f31b24bc623f6d83f1003296aee7b4e0699
[INFO] running `Command { std: "docker" "create" "-v" "/var/lib/crater-agent-workspace/builds/worker-0-tc2/target:/opt/rustwide/target:rw,Z" "-v" "/var/lib/crater-agent-workspace/builds/worker-0-tc2/source:/opt/rustwide/workdir:ro,Z" "-v" "/var/lib/crater-agent-workspace/cargo-home:/opt/rustwide/cargo-home:ro,Z" "-v" "/var/lib/crater-agent-workspace/rustup-home:/opt/rustwide/rustup-home:ro,Z" "-e" "SOURCE_DIR=/opt/rustwide/workdir" "-e" "CARGO_TARGET_DIR=/opt/rustwide/target" "-e" "CARGO_INCREMENTAL=0" "-e" "RUST_BACKTRACE=full" "-e" "RUSTFLAGS=--cap-lints=forbid -Zrandomize-layout" "-e" "RUSTDOCFLAGS=--cap-lints=forbid" "-e" "CARGO_HOME=/opt/rustwide/cargo-home" "-e" "RUSTUP_HOME=/opt/rustwide/rustup-home" "-w" "/opt/rustwide/workdir" "-m" "1610612736" "--user" "0:0" "--network" "none" "ghcr.io/rust-lang/crates-build-env/linux@sha256:4a844ea9eb2546a2d2c7022eacef16ef2e8229c7fbb2c7d4d55a9ceca922f72d" "/opt/rustwide/cargo-home/bin/cargo" "+nightly-2024-10-28" "build" "--frozen" "--message-format=json", kill_on_drop: false }`
[INFO] [stdout] 2329747237cd6378ade762d0a9dfc281eeb7c0f91ccdb50790bafe8ef1950285
[INFO] running `Command { std: "docker" "start" "-a" "2329747237cd6378ade762d0a9dfc281eeb7c0f91ccdb50790bafe8ef1950285", kill_on_drop: false }`
[INFO] [stderr]    Compiling serde v1.0.214
[INFO] [stderr]    Compiling target-lexicon v0.12.16
[INFO] [stderr]    Compiling smallvec v1.13.2
[INFO] [stderr]    Compiling version-compare v0.2.0
[INFO] [stderr]    Compiling cfg-expr v0.17.0
[INFO] [stderr]    Compiling serde_spanned v0.6.8
[INFO] [stderr]    Compiling toml_datetime v0.6.8
[INFO] [stderr]    Compiling toml_edit v0.22.22
[INFO] [stderr]    Compiling toml v0.8.19
[INFO] [stderr]    Compiling system-deps v7.0.3
[INFO] [stderr]    Compiling glib-sys v0.20.5
[INFO] [stderr]    Compiling gobject-sys v0.20.4
[INFO] [stderr]    Compiling gio-sys v0.20.4 (/opt/rustwide/workdir)
[INFO] [stderr]     Finished `dev` profile [unoptimized + debuginfo] target(s) in 13.01s
[INFO] running `Command { std: "docker" "inspect" "2329747237cd6378ade762d0a9dfc281eeb7c0f91ccdb50790bafe8ef1950285", kill_on_drop: false }`
[INFO] running `Command { std: "docker" "rm" "-f" "2329747237cd6378ade762d0a9dfc281eeb7c0f91ccdb50790bafe8ef1950285", kill_on_drop: false }`
[INFO] [stdout] 2329747237cd6378ade762d0a9dfc281eeb7c0f91ccdb50790bafe8ef1950285
[INFO] running `Command { std: "docker" "create" "-v" "/var/lib/crater-agent-workspace/builds/worker-0-tc2/target:/opt/rustwide/target:rw,Z" "-v" "/var/lib/crater-agent-workspace/builds/worker-0-tc2/source:/opt/rustwide/workdir:ro,Z" "-v" "/var/lib/crater-agent-workspace/cargo-home:/opt/rustwide/cargo-home:ro,Z" "-v" "/var/lib/crater-agent-workspace/rustup-home:/opt/rustwide/rustup-home:ro,Z" "-e" "SOURCE_DIR=/opt/rustwide/workdir" "-e" "CARGO_TARGET_DIR=/opt/rustwide/target" "-e" "CARGO_INCREMENTAL=0" "-e" "RUST_BACKTRACE=full" "-e" "RUSTFLAGS=--cap-lints=forbid -Zrandomize-layout" "-e" "RUSTDOCFLAGS=--cap-lints=forbid" "-e" "CARGO_HOME=/opt/rustwide/cargo-home" "-e" "RUSTUP_HOME=/opt/rustwide/rustup-home" "-w" "/opt/rustwide/workdir" "-m" "1610612736" "--user" "0:0" "--network" "none" "ghcr.io/rust-lang/crates-build-env/linux@sha256:4a844ea9eb2546a2d2c7022eacef16ef2e8229c7fbb2c7d4d55a9ceca922f72d" "/opt/rustwide/cargo-home/bin/cargo" "+nightly-2024-10-28" "test" "--frozen" "--no-run" "--message-format=json", kill_on_drop: false }`
[INFO] [stdout] f378acf1cb59a8aa8fedbfb3a5bd8a86110ff8784c94a2149953191657c8958b
[INFO] running `Command { std: "docker" "start" "-a" "f378acf1cb59a8aa8fedbfb3a5bd8a86110ff8784c94a2149953191657c8958b", kill_on_drop: false }`
[INFO] [stderr]    Compiling bitflags v2.6.0
[INFO] [stderr]    Compiling linux-raw-sys v0.4.14
[INFO] [stderr]    Compiling fastrand v2.1.1
[INFO] [stderr]    Compiling once_cell v1.20.2
[INFO] [stderr]    Compiling shell-words v1.1.0
[INFO] [stderr]    Compiling rustix v0.38.38
[INFO] [stderr]    Compiling tempfile v3.13.0
[INFO] [stderr]    Compiling gio-sys v0.20.4 (/opt/rustwide/workdir)
[INFO] [stderr]     Finished `test` profile [unoptimized + debuginfo] target(s) in 5.88s
[INFO] running `Command { std: "docker" "inspect" "f378acf1cb59a8aa8fedbfb3a5bd8a86110ff8784c94a2149953191657c8958b", kill_on_drop: false }`
[INFO] running `Command { std: "docker" "rm" "-f" "f378acf1cb59a8aa8fedbfb3a5bd8a86110ff8784c94a2149953191657c8958b", kill_on_drop: false }`
[INFO] [stdout] f378acf1cb59a8aa8fedbfb3a5bd8a86110ff8784c94a2149953191657c8958b
[INFO] running `Command { std: "docker" "create" "-v" "/var/lib/crater-agent-workspace/builds/worker-0-tc2/target:/opt/rustwide/target:rw,Z" "-v" "/var/lib/crater-agent-workspace/builds/worker-0-tc2/source:/opt/rustwide/workdir:ro,Z" "-v" "/var/lib/crater-agent-workspace/cargo-home:/opt/rustwide/cargo-home:ro,Z" "-v" "/var/lib/crater-agent-workspace/rustup-home:/opt/rustwide/rustup-home:ro,Z" "-e" "SOURCE_DIR=/opt/rustwide/workdir" "-e" "CARGO_TARGET_DIR=/opt/rustwide/target" "-e" "CARGO_INCREMENTAL=0" "-e" "RUST_BACKTRACE=full" "-e" "RUSTFLAGS=--cap-lints=forbid -Zrandomize-layout" "-e" "RUSTDOCFLAGS=--cap-lints=forbid" "-e" "CARGO_HOME=/opt/rustwide/cargo-home" "-e" "RUSTUP_HOME=/opt/rustwide/rustup-home" "-w" "/opt/rustwide/workdir" "-m" "1610612736" "--user" "0:0" "--network" "none" "ghcr.io/rust-lang/crates-build-env/linux@sha256:4a844ea9eb2546a2d2c7022eacef16ef2e8229c7fbb2c7d4d55a9ceca922f72d" "/opt/rustwide/cargo-home/bin/cargo" "+nightly-2024-10-28" "test" "--frozen", kill_on_drop: false }`
[INFO] [stdout] d5d7e47d491d791e5143dbf94b30f527cce1efdf7ca7facf3667a939097a9513
[INFO] running `Command { std: "docker" "start" "-a" "d5d7e47d491d791e5143dbf94b30f527cce1efdf7ca7facf3667a939097a9513", kill_on_drop: false }`
[INFO] [stderr]     Finished `test` profile [unoptimized + debuginfo] target(s) in 0.05s
[INFO] [stderr]      Running unittests src/lib.rs (/opt/rustwide/target/debug/deps/gio_sys-8bd409b2cc777d6c)
[INFO] [stdout] 
[INFO] [stdout] running 0 tests
[INFO] [stdout] 
[INFO] [stdout] test result: ok. 0 passed; 0 failed; 0 ignored; 0 measured; 0 filtered out; finished in 0.00s
[INFO] [stdout] 
[INFO] [stderr]      Running tests/abi.rs (/opt/rustwide/target/debug/deps/abi-946333136323cd1a)
[INFO] [stdout] 
[INFO] [stdout] running 2 tests
[INFO] [stderr] tests/constant.c: In function 'main':
[INFO] [stderr] tests/constant.c:33:28: error: 'G_APPLICATION_DEFAULT_FLAGS' undeclared (first use in this function); did you mean 'G_APPLICATION_GET_CLASS'?
[INFO] [stderr]    33 |     PRINT_CONSTANT((guint) G_APPLICATION_DEFAULT_FLAGS);
[INFO] [stderr]       |                            ^~~~~~~~~~~~~~~~~~~~~~~~~~~
[INFO] [stderr] tests/constant.c:10:22: note: in definition of macro 'PRINT_CONSTANT'
[INFO] [stderr]    10 |     printf(_Generic((CONSTANT_NAME), \
[INFO] [stderr]       |                      ^~~~~~~~~~~~~
[INFO] [stderr] tests/constant.c:33:28: note: each undeclared identifier is reported only once for each function it appears in
[INFO] [stderr]    33 |     PRINT_CONSTANT((guint) G_APPLICATION_DEFAULT_FLAGS);
[INFO] [stderr]       |                            ^~~~~~~~~~~~~~~~~~~~~~~~~~~
[INFO] [stderr] tests/constant.c:10:22: note: in definition of macro 'PRINT_CONSTANT'
[INFO] [stderr]    10 |     printf(_Generic((CONSTANT_NAME), \
[INFO] [stderr]       |                      ^~~~~~~~~~~~~
[INFO] [stderr] tests/constant.c:93:28: error: 'G_DBUS_CONNECTION_FLAGS_CROSS_NAMESPACE' undeclared (first use in this function); did you mean 'G_DBUS_CONNECTION_FLAGS_NONE'?
[INFO] [stderr]    93 |     PRINT_CONSTANT((guint) G_DBUS_CONNECTION_FLAGS_CROSS_NAMESPACE);
[INFO] [stderr]       |                            ^~~~~~~~~~~~~~~~~~~~~~~~~~~~~~~~~~~~~~~
[INFO] [stderr] tests/constant.c:10:22: note: in definition of macro 'PRINT_CONSTANT'
[INFO] [stderr]    10 |     printf(_Generic((CONSTANT_NAME), \
[INFO] [stderr]       |                      ^~~~~~~~~~~~~
[INFO] [stderr] tests/constant.c:192:13: warning: Deprecated pre-processor symbol
[INFO] [stderr]   192 |     PRINT_CONSTANT(G_DESKTOP_APP_INFO_LOOKUP_EXTENSION_POINT_NAME);
[INFO] [stderr]       |             ^~~~~~~~~~~~~~~~~~~~~~~~~~~~~~~~~
[INFO] [stdout] test cross_validate_layout_with_c ... ok
[INFO] [stderr] tests/constant.c:273:20: error: 'G_FILE_ATTRIBUTE_THUMBNAILING_FAILED_LARGE' undeclared (first use in this function); did you mean 'G_FILE_ATTRIBUTE_THUMBNAILING_FAILED'?
[INFO] [stderr]   273 |     PRINT_CONSTANT(G_FILE_ATTRIBUTE_THUMBNAILING_FAILED_LARGE);
[INFO] [stderr]       |                    ^~~~~~~~~~~~~~~~~~~~~~~~~~~~~~~~~~~~~~~~~~
[INFO] [stderr] tests/constant.c:10:22: note: in definition of macro 'PRINT_CONSTANT'
[INFO] [stderr]    10 |     printf(_Generic((CONSTANT_NAME), \
[INFO] [stderr]       |                      ^~~~~~~~~~~~~
[INFO] [stderr] tests/constant.c:274:20: error: 'G_FILE_ATTRIBUTE_THUMBNAILING_FAILED_NORMAL' undeclared (first use in this function); did you mean 'G_FILE_ATTRIBUTE_THUMBNAILING_FAILED'?
[INFO] [stderr]   274 |     PRINT_CONSTANT(G_FILE_ATTRIBUTE_THUMBNAILING_FAILED_NORMAL);
[INFO] [stderr]       |                    ^~~~~~~~~~~~~~~~~~~~~~~~~~~~~~~~~~~~~~~~~~~
[INFO] [stderr] tests/constant.c:10:22: note: in definition of macro 'PRINT_CONSTANT'
[INFO] [stderr]    10 |     printf(_Generic((CONSTANT_NAME), \
[INFO] [stderr]       |                      ^~~~~~~~~~~~~
[INFO] [stderr] tests/constant.c:275:20: error: 'G_FILE_ATTRIBUTE_THUMBNAILING_FAILED_XLARGE' undeclared (first use in this function); did you mean 'G_FILE_ATTRIBUTE_THUMBNAILING_FAILED'?
[INFO] [stderr]   275 |     PRINT_CONSTANT(G_FILE_ATTRIBUTE_THUMBNAILING_FAILED_XLARGE);
[INFO] [stderr]       |                    ^~~~~~~~~~~~~~~~~~~~~~~~~~~~~~~~~~~~~~~~~~~
[INFO] [stderr] tests/constant.c:10:22: note: in definition of macro 'PRINT_CONSTANT'
[INFO] [stderr]    10 |     printf(_Generic((CONSTANT_NAME), \
[INFO] [stderr]       |                      ^~~~~~~~~~~~~
[INFO] [stderr] tests/constant.c:276:20: error: 'G_FILE_ATTRIBUTE_THUMBNAILING_FAILED_XXLARGE' undeclared (first use in this function); did you mean 'G_FILE_ATTRIBUTE_THUMBNAILING_FAILED'?
[INFO] [stderr]   276 |     PRINT_CONSTANT(G_FILE_ATTRIBUTE_THUMBNAILING_FAILED_XXLARGE);
[INFO] [stderr]       |                    ^~~~~~~~~~~~~~~~~~~~~~~~~~~~~~~~~~~~~~~~~~~~
[INFO] [stderr] tests/constant.c:10:22: note: in definition of macro 'PRINT_CONSTANT'
[INFO] [stderr]    10 |     printf(_Generic((CONSTANT_NAME), \
[INFO] [stderr]       |                      ^~~~~~~~~~~~~
[INFO] [stderr] tests/constant.c:278:20: error: 'G_FILE_ATTRIBUTE_THUMBNAIL_IS_VALID_LARGE' undeclared (first use in this function); did you mean 'G_FILE_ATTRIBUTE_THUMBNAIL_IS_VALID'?
[INFO] [stderr]   278 |     PRINT_CONSTANT(G_FILE_ATTRIBUTE_THUMBNAIL_IS_VALID_LARGE);
[INFO] [stderr]       |                    ^~~~~~~~~~~~~~~~~~~~~~~~~~~~~~~~~~~~~~~~~
[INFO] [stderr] tests/constant.c:10:22: note: in definition of macro 'PRINT_CONSTANT'
[INFO] [stderr]    10 |     printf(_Generic((CONSTANT_NAME), \
[INFO] [stderr]       |                      ^~~~~~~~~~~~~
[INFO] [stderr] tests/constant.c:279:20: error: 'G_FILE_ATTRIBUTE_THUMBNAIL_IS_VALID_NORMAL' undeclared (first use in this function); did you mean 'G_FILE_ATTRIBUTE_THUMBNAIL_IS_VALID'?
[INFO] [stderr]   279 |     PRINT_CONSTANT(G_FILE_ATTRIBUTE_THUMBNAIL_IS_VALID_NORMAL);
[INFO] [stderr]       |                    ^~~~~~~~~~~~~~~~~~~~~~~~~~~~~~~~~~~~~~~~~~
[INFO] [stderr] tests/constant.c:10:22: note: in definition of macro 'PRINT_CONSTANT'
[INFO] [stderr]    10 |     printf(_Generic((CONSTANT_NAME), \
[INFO] [stderr]       |                      ^~~~~~~~~~~~~
[INFO] [stderr] tests/constant.c:280:20: error: 'G_FILE_ATTRIBUTE_THUMBNAIL_IS_VALID_XLARGE' undeclared (first use in this function); did you mean 'G_FILE_ATTRIBUTE_THUMBNAIL_IS_VALID'?
[INFO] [stderr]   280 |     PRINT_CONSTANT(G_FILE_ATTRIBUTE_THUMBNAIL_IS_VALID_XLARGE);
[INFO] [stderr]       |                    ^~~~~~~~~~~~~~~~~~~~~~~~~~~~~~~~~~~~~~~~~~
[INFO] [stderr] tests/constant.c:10:22: note: in definition of macro 'PRINT_CONSTANT'
[INFO] [stderr]    10 |     printf(_Generic((CONSTANT_NAME), \
[INFO] [stderr]       |                      ^~~~~~~~~~~~~
[INFO] [stderr] tests/constant.c:281:20: error: 'G_FILE_ATTRIBUTE_THUMBNAIL_IS_VALID_XXLARGE' undeclared (first use in this function); did you mean 'G_FILE_ATTRIBUTE_THUMBNAIL_IS_VALID'?
[INFO] [stderr]   281 |     PRINT_CONSTANT(G_FILE_ATTRIBUTE_THUMBNAIL_IS_VALID_XXLARGE);
[INFO] [stderr]       |                    ^~~~~~~~~~~~~~~~~~~~~~~~~~~~~~~~~~~~~~~~~~~
[INFO] [stderr] tests/constant.c:10:22: note: in definition of macro 'PRINT_CONSTANT'
[INFO] [stderr]    10 |     printf(_Generic((CONSTANT_NAME), \
[INFO] [stderr]       |                      ^~~~~~~~~~~~~
[INFO] [stderr] tests/constant.c:283:20: error: 'G_FILE_ATTRIBUTE_THUMBNAIL_PATH_LARGE' undeclared (first use in this function); did you mean 'G_FILE_ATTRIBUTE_THUMBNAIL_PATH'?
[INFO] [stderr]   283 |     PRINT_CONSTANT(G_FILE_ATTRIBUTE_THUMBNAIL_PATH_LARGE);
[INFO] [stderr]       |                    ^~~~~~~~~~~~~~~~~~~~~~~~~~~~~~~~~~~~~
[INFO] [stderr] tests/constant.c:10:22: note: in definition of macro 'PRINT_CONSTANT'
[INFO] [stderr]    10 |     printf(_Generic((CONSTANT_NAME), \
[INFO] [stderr]       |                      ^~~~~~~~~~~~~
[INFO] [stderr] tests/constant.c:284:20: error: 'G_FILE_ATTRIBUTE_THUMBNAIL_PATH_NORMAL' undeclared (first use in this function); did you mean 'G_FILE_ATTRIBUTE_THUMBNAIL_PATH'?
[INFO] [stderr]   284 |     PRINT_CONSTANT(G_FILE_ATTRIBUTE_THUMBNAIL_PATH_NORMAL);
[INFO] [stderr]       |                    ^~~~~~~~~~~~~~~~~~~~~~~~~~~~~~~~~~~~~~
[INFO] [stderr] tests/constant.c:10:22: note: in definition of macro 'PRINT_CONSTANT'
[INFO] [stderr]    10 |     printf(_Generic((CONSTANT_NAME), \
[INFO] [stderr]       |                      ^~~~~~~~~~~~~
[INFO] [stderr] tests/constant.c:285:20: error: 'G_FILE_ATTRIBUTE_THUMBNAIL_PATH_XLARGE' undeclared (first use in this function); did you mean 'G_FILE_ATTRIBUTE_THUMBNAIL_PATH'?
[INFO] [stderr]   285 |     PRINT_CONSTANT(G_FILE_ATTRIBUTE_THUMBNAIL_PATH_XLARGE);
[INFO] [stderr]       |                    ^~~~~~~~~~~~~~~~~~~~~~~~~~~~~~~~~~~~~~
[INFO] [stderr] tests/constant.c:10:22: note: in definition of macro 'PRINT_CONSTANT'
[INFO] [stderr]    10 |     printf(_Generic((CONSTANT_NAME), \
[INFO] [stderr]       |                      ^~~~~~~~~~~~~
[INFO] [stderr] tests/constant.c:286:20: error: 'G_FILE_ATTRIBUTE_THUMBNAIL_PATH_XXLARGE' undeclared (first use in this function); did you mean 'G_FILE_ATTRIBUTE_THUMBNAIL_PATH'?
[INFO] [stderr]   286 |     PRINT_CONSTANT(G_FILE_ATTRIBUTE_THUMBNAIL_PATH_XXLARGE);
[INFO] [stderr]       |                    ^~~~~~~~~~~~~~~~~~~~~~~~~~~~~~~~~~~~~~~
[INFO] [stderr] tests/constant.c:10:22: note: in definition of macro 'PRINT_CONSTANT'
[INFO] [stderr]    10 |     printf(_Generic((CONSTANT_NAME), \
[INFO] [stderr]       |                      ^~~~~~~~~~~~~
[INFO] [stderr] tests/constant.c:288:20: error: 'G_FILE_ATTRIBUTE_TIME_ACCESS_NSEC' undeclared (first use in this function); did you mean 'G_FILE_ATTRIBUTE_TIME_ACCESS_USEC'?
[INFO] [stderr]   288 |     PRINT_CONSTANT(G_FILE_ATTRIBUTE_TIME_ACCESS_NSEC);
[INFO] [stderr]       |                    ^~~~~~~~~~~~~~~~~~~~~~~~~~~~~~~~~
[INFO] [stderr] tests/constant.c:10:22: note: in definition of macro 'PRINT_CONSTANT'
[INFO] [stderr]    10 |     printf(_Generic((CONSTANT_NAME), \
[INFO] [stderr]       |                      ^~~~~~~~~~~~~
[INFO] [stderr] tests/constant.c:291:20: error: 'G_FILE_ATTRIBUTE_TIME_CHANGED_NSEC' undeclared (first use in this function); did you mean 'G_FILE_ATTRIBUTE_TIME_CHANGED_USEC'?
[INFO] [stderr]   291 |     PRINT_CONSTANT(G_FILE_ATTRIBUTE_TIME_CHANGED_NSEC);
[INFO] [stderr]       |                    ^~~~~~~~~~~~~~~~~~~~~~~~~~~~~~~~~~
[INFO] [stderr] tests/constant.c:10:22: note: in definition of macro 'PRINT_CONSTANT'
[INFO] [stderr]    10 |     printf(_Generic((CONSTANT_NAME), \
[INFO] [stderr]       |                      ^~~~~~~~~~~~~
[INFO] [stderr] tests/constant.c:294:20: error: 'G_FILE_ATTRIBUTE_TIME_CREATED_NSEC' undeclared (first use in this function); did you mean 'G_FILE_ATTRIBUTE_TIME_CREATED_USEC'?
[INFO] [stderr]   294 |     PRINT_CONSTANT(G_FILE_ATTRIBUTE_TIME_CREATED_NSEC);
[INFO] [stderr]       |                    ^~~~~~~~~~~~~~~~~~~~~~~~~~~~~~~~~~
[INFO] [stderr] tests/constant.c:10:22: note: in definition of macro 'PRINT_CONSTANT'
[INFO] [stderr]    10 |     printf(_Generic((CONSTANT_NAME), \
[INFO] [stderr]       |                      ^~~~~~~~~~~~~
[INFO] [stderr] tests/constant.c:297:20: error: 'G_FILE_ATTRIBUTE_TIME_MODIFIED_NSEC' undeclared (first use in this function); did you mean 'G_FILE_ATTRIBUTE_TIME_MODIFIED_USEC'?
[INFO] [stderr]   297 |     PRINT_CONSTANT(G_FILE_ATTRIBUTE_TIME_MODIFIED_NSEC);
[INFO] [stderr]       |                    ^~~~~~~~~~~~~~~~~~~~~~~~~~~~~~~~~~~
[INFO] [stderr] tests/constant.c:10:22: note: in definition of macro 'PRINT_CONSTANT'
[INFO] [stderr]    10 |     printf(_Generic((CONSTANT_NAME), \
[INFO] [stderr]       |                      ^~~~~~~~~~~~~
[INFO] [stderr] tests/constant.c:328:28: error: 'G_FILE_COPY_TARGET_DEFAULT_MODIFIED_TIME' undeclared (first use in this function); did you mean 'G_FILE_COPY_TARGET_DEFAULT_PERMS'?
[INFO] [stderr]   328 |     PRINT_CONSTANT((guint) G_FILE_COPY_TARGET_DEFAULT_MODIFIED_TIME);
[INFO] [stderr]       |                            ^~~~~~~~~~~~~~~~~~~~~~~~~~~~~~~~~~~~~~~~
[INFO] [stderr] tests/constant.c:10:22: note: in definition of macro 'PRINT_CONSTANT'
[INFO] [stderr]    10 |     printf(_Generic((CONSTANT_NAME), \
[INFO] [stderr]       |                      ^~~~~~~~~~~~~
[INFO] [stderr] tests/constant.c:372:27: error: 'G_IO_ERROR_DESTINATION_UNSET' undeclared (first use in this function)
[INFO] [stderr]   372 |     PRINT_CONSTANT((gint) G_IO_ERROR_DESTINATION_UNSET);
[INFO] [stderr]       |                           ^~~~~~~~~~~~~~~~~~~~~~~~~~~~
[INFO] [stderr] tests/constant.c:10:22: note: in definition of macro 'PRINT_CONSTANT'
[INFO] [stderr]    10 |     printf(_Generic((CONSTANT_NAME), \
[INFO] [stderr]       |                      ^~~~~~~~~~~~~
[INFO] [stderr] tests/constant.c:396:27: error: 'G_IO_ERROR_NO_SUCH_DEVICE' undeclared (first use in this function); did you mean 'G_IO_ERROR_NO_SPACE'?
[INFO] [stderr]   396 |     PRINT_CONSTANT((gint) G_IO_ERROR_NO_SUCH_DEVICE);
[INFO] [stderr]       |                           ^~~~~~~~~~~~~~~~~~~~~~~~~
[INFO] [stderr] tests/constant.c:10:22: note: in definition of macro 'PRINT_CONSTANT'
[INFO] [stderr]    10 |     printf(_Generic((CONSTANT_NAME), \
[INFO] [stderr]       |                      ^~~~~~~~~~~~~
[INFO] [stderr] tests/constant.c:427:20: error: 'G_MENU_EXPORTER_MAX_SECTION_SIZE' undeclared (first use in this function)
[INFO] [stderr]   427 |     PRINT_CONSTANT(G_MENU_EXPORTER_MAX_SECTION_SIZE);
[INFO] [stderr]       |                    ^~~~~~~~~~~~~~~~~~~~~~~~~~~~~~~~
[INFO] [stderr] tests/constant.c:10:22: note: in definition of macro 'PRINT_CONSTANT'
[INFO] [stderr]    10 |     printf(_Generic((CONSTANT_NAME), \
[INFO] [stderr]       |                      ^~~~~~~~~~~~~
[INFO] [stderr] tests/constant.c:531:28: error: 'G_TLS_CERTIFICATE_NO_FLAGS' undeclared (first use in this function); did you mean 'G_TLS_CERTIFICATE_CLASS'?
[INFO] [stderr]   531 |     PRINT_CONSTANT((guint) G_TLS_CERTIFICATE_NO_FLAGS);
[INFO] [stderr]       |                            ^~~~~~~~~~~~~~~~~~~~~~~~~~
[INFO] [stderr] tests/constant.c:10:22: note: in definition of macro 'PRINT_CONSTANT'
[INFO] [stderr]    10 |     printf(_Generic((CONSTANT_NAME), \
[INFO] [stderr]       |                      ^~~~~~~~~~~~~
[INFO] [stderr] tests/constant.c:541:27: error: 'G_TLS_CHANNEL_BINDING_TLS_EXPORTER' undeclared (first use in this function); did you mean 'G_TLS_CHANNEL_BINDING_TLS_UNIQUE'?
[INFO] [stderr]   541 |     PRINT_CONSTANT((gint) G_TLS_CHANNEL_BINDING_TLS_EXPORTER);
[INFO] [stderr]       |                           ^~~~~~~~~~~~~~~~~~~~~~~~~~~~~~~~~~
[INFO] [stderr] tests/constant.c:10:22: note: in definition of macro 'PRINT_CONSTANT'
[INFO] [stderr]    10 |     printf(_Generic((CONSTANT_NAME), \
[INFO] [stderr]       |                      ^~~~~~~~~~~~~
[INFO] [stderr] tests/constant.c:586:13: warning: Deprecated pre-processor symbol
[INFO] [stderr]   586 |     PRINT_CONSTANT(G_VOLUME_IDENTIFIER_KIND_HAL_UDI);
[INFO] [stderr]       |             ^~~~~~~~~~~~~~~~~~~~~~~~~~~~~~~~~
[INFO] [stdout] test cross_validate_constants_with_c ... FAILED
[INFO] [stdout] 
[INFO] [stdout] failures:
[INFO] [stdout] 
[INFO] [stdout] ---- cross_validate_constants_with_c stdout ----
[INFO] [stdout] thread 'cross_validate_constants_with_c' panicked at tests/abi.rs:120:39:
[INFO] [stdout] called `Result::unwrap()` on an `Err` value: "compilation command \"cc\" \"-Wno-deprecated-declarations\" \"-std=c11\" \"-D__USE_MINGW_ANSI_STDIO\" \"-pthread\" \"-I/usr/include/gio-unix-2.0\" \"-I/usr/include/libmount\" \"-I/usr/include/blkid\" \"-I/usr/include/glib-2.0\" \"-I/usr/lib/x86_64-linux-gnu/glib-2.0/include\" \"tests/constant.c\" \"-o\" \"/tmp/abidIC1c5/constant\" failed, exit status: 1"
[INFO] [stdout] stack backtrace:
[INFO] [stdout]    0:     0x64073e870d6a - std::backtrace_rs::backtrace::libunwind::trace::h207520d6e9873551
[INFO] [stdout]                                at /rustc/df4ca44d3fbc9301ee17f30f4d474e6ae4b05252/library/std/src/../../backtrace/src/backtrace/libunwind.rs:116:5
[INFO] [stdout]    1:     0x64073e870d6a - std::backtrace_rs::backtrace::trace_unsynchronized::h2ed7433f370e3eca
[INFO] [stdout]                                at /rustc/df4ca44d3fbc9301ee17f30f4d474e6ae4b05252/library/std/src/../../backtrace/src/backtrace/mod.rs:66:5
[INFO] [stdout]    2:     0x64073e870d6a - std::sys::backtrace::_print_fmt::h916fac51166b18d7
[INFO] [stdout]                                at /rustc/df4ca44d3fbc9301ee17f30f4d474e6ae4b05252/library/std/src/sys/backtrace.rs:66:9
[INFO] [stdout]    3:     0x64073e870d6a - <std::sys::backtrace::BacktraceLock::print::DisplayBacktrace as core::fmt::Display>::fmt::ha0a4c9b8ce3802e6
[INFO] [stdout]                                at /rustc/df4ca44d3fbc9301ee17f30f4d474e6ae4b05252/library/std/src/sys/backtrace.rs:39:26
[INFO] [stdout]    4:     0x64073e899033 - core::fmt::rt::Argument::fmt::h4cfc8587d52b3eb5
[INFO] [stdout]                                at /rustc/df4ca44d3fbc9301ee17f30f4d474e6ae4b05252/library/core/src/fmt/rt.rs:177:76
[INFO] [stdout]    5:     0x64073e899033 - core::fmt::write::h522cc39e5b36ae9f
[INFO] [stdout]                                at /rustc/df4ca44d3fbc9301ee17f30f4d474e6ae4b05252/library/core/src/fmt/mod.rs:1190:21
[INFO] [stdout]    6:     0x64073e86d483 - std::io::Write::write_fmt::h7d3c26752da97734
[INFO] [stdout]                                at /rustc/df4ca44d3fbc9301ee17f30f4d474e6ae4b05252/library/std/src/io/mod.rs:1839:15
[INFO] [stdout]    7:     0x64073e870bb2 - std::sys::backtrace::BacktraceLock::print::h4b9e00b29e9c0942
[INFO] [stdout]                                at /rustc/df4ca44d3fbc9301ee17f30f4d474e6ae4b05252/library/std/src/sys/backtrace.rs:42:9
[INFO] [stdout]    8:     0x64073e87227a - std::panicking::default_hook::{{closure}}::hb59b88280d0324d9
[INFO] [stdout]                                at /rustc/df4ca44d3fbc9301ee17f30f4d474e6ae4b05252/library/std/src/panicking.rs:268:22
[INFO] [stdout]    9:     0x64073e872084 - std::panicking::default_hook::he1dd496665be4a29
[INFO] [stdout]                                at /rustc/df4ca44d3fbc9301ee17f30f4d474e6ae4b05252/library/std/src/panicking.rs:292:9
[INFO] [stdout]   10:     0x64073e82f3e9 - <alloc::boxed::Box<F,A> as core::ops::function::Fn<Args>>::call::h4ff71de18744e1dc
[INFO] [stdout]                                at /rustc/df4ca44d3fbc9301ee17f30f4d474e6ae4b05252/library/alloc/src/boxed.rs:2468:9
[INFO] [stdout]   11:     0x64073e82f3e9 - test::test_main::{{closure}}::hcf7c055ce117aa81
[INFO] [stdout]                                at /rustc/df4ca44d3fbc9301ee17f30f4d474e6ae4b05252/library/test/src/lib.rs:133:21
[INFO] [stdout]   12:     0x64073e872978 - <alloc::boxed::Box<F,A> as core::ops::function::Fn<Args>>::call::h1d66c6bbd60c9692
[INFO] [stdout]                                at /rustc/df4ca44d3fbc9301ee17f30f4d474e6ae4b05252/library/alloc/src/boxed.rs:2468:9
[INFO] [stdout]   13:     0x64073e872978 - std::panicking::rust_panic_with_hook::h2ff17fe8f26dfcf8
[INFO] [stdout]                                at /rustc/df4ca44d3fbc9301ee17f30f4d474e6ae4b05252/library/std/src/panicking.rs:809:13
[INFO] [stdout]   14:     0x64073e87273a - std::panicking::begin_panic_handler::{{closure}}::h4fad77951c07e101
[INFO] [stdout]                                at /rustc/df4ca44d3fbc9301ee17f30f4d474e6ae4b05252/library/std/src/panicking.rs:674:13
[INFO] [stdout]   15:     0x64073e871249 - std::sys::backtrace::__rust_end_short_backtrace::hb1a25b3da5d0ea08
[INFO] [stdout]                                at /rustc/df4ca44d3fbc9301ee17f30f4d474e6ae4b05252/library/std/src/sys/backtrace.rs:170:18
[INFO] [stdout]   16:     0x64073e8723cc - rust_begin_unwind
[INFO] [stdout]                                at /rustc/df4ca44d3fbc9301ee17f30f4d474e6ae4b05252/library/std/src/panicking.rs:665:5
[INFO] [stdout]   17:     0x64073e897780 - core::panicking::panic_fmt::ha9db07b529f9b256
[INFO] [stdout]                                at /rustc/df4ca44d3fbc9301ee17f30f4d474e6ae4b05252/library/core/src/panicking.rs:75:14
[INFO] [stdout]   18:     0x64073e897b26 - core::result::unwrap_failed::h5e8218e4d4338b8a
[INFO] [stdout]                                at /rustc/df4ca44d3fbc9301ee17f30f4d474e6ae4b05252/library/core/src/result.rs:1698:5
[INFO] [stdout]   19:     0x64073e7ed309 - core::result::Result<T,E>::unwrap::h1952bf444bf7bdbf
[INFO] [stdout]                                at /rustc/df4ca44d3fbc9301ee17f30f4d474e6ae4b05252/library/core/src/result.rs:1103:23
[INFO] [stdout]   20:     0x64073e7ed309 - abi::cross_validate_constants_with_c::heac6f2cbc31aca18
[INFO] [stdout]                                at /opt/rustwide/workdir/tests/abi.rs:120:14
[INFO] [stdout]   21:     0x64073e7ed207 - abi::cross_validate_constants_with_c::{{closure}}::h029b08f8ff42701e
[INFO] [stdout]                                at /opt/rustwide/workdir/tests/abi.rs:117:37
[INFO] [stdout]   22:     0x64073e7e6746 - core::ops::function::FnOnce::call_once::h95f1a19495f03629
[INFO] [stdout]                                at /rustc/df4ca44d3fbc9301ee17f30f4d474e6ae4b05252/library/core/src/ops/function.rs:250:5
[INFO] [stdout]   23:     0x64073e833cbb - core::ops::function::FnOnce::call_once::h22c3ba5715e93f05
[INFO] [stdout]                                at /rustc/df4ca44d3fbc9301ee17f30f4d474e6ae4b05252/library/core/src/ops/function.rs:250:5
[INFO] [stdout]   24:     0x64073e833cbb - test::__rust_begin_short_backtrace::h8e82d8113d0da17f
[INFO] [stdout]                                at /rustc/df4ca44d3fbc9301ee17f30f4d474e6ae4b05252/library/test/src/lib.rs:621:18
[INFO] [stdout]   25:     0x64073e833637 - test::run_test_in_process::{{closure}}::h33235f4f20b7b7c7
[INFO] [stdout]                                at /rustc/df4ca44d3fbc9301ee17f30f4d474e6ae4b05252/library/test/src/lib.rs:644:60
[INFO] [stdout]   26:     0x64073e833637 - <core::panic::unwind_safe::AssertUnwindSafe<F> as core::ops::function::FnOnce<()>>::call_once::hb5043206310c586f
[INFO] [stdout]                                at /rustc/df4ca44d3fbc9301ee17f30f4d474e6ae4b05252/library/core/src/panic/unwind_safe.rs:272:9
[INFO] [stdout]   27:     0x64073e833637 - std::panicking::try::do_call::h9ad4731a60ab23e2
[INFO] [stdout]                                at /rustc/df4ca44d3fbc9301ee17f30f4d474e6ae4b05252/library/std/src/panicking.rs:557:40
[INFO] [stdout]   28:     0x64073e833637 - std::panicking::try::h3824d23db772a716
[INFO] [stdout]                                at /rustc/df4ca44d3fbc9301ee17f30f4d474e6ae4b05252/library/std/src/panicking.rs:520:19
[INFO] [stdout]   29:     0x64073e833637 - std::panic::catch_unwind::h5afd514605fde46b
[INFO] [stdout]                                at /rustc/df4ca44d3fbc9301ee17f30f4d474e6ae4b05252/library/std/src/panic.rs:358:14
[INFO] [stdout]   30:     0x64073e833637 - test::run_test_in_process::h0d5cbfa7067d1720
[INFO] [stdout]                                at /rustc/df4ca44d3fbc9301ee17f30f4d474e6ae4b05252/library/test/src/lib.rs:644:27
[INFO] [stdout]   31:     0x64073e833637 - test::run_test::{{closure}}::h708eb8872708115d
[INFO] [stdout]                                at /rustc/df4ca44d3fbc9301ee17f30f4d474e6ae4b05252/library/test/src/lib.rs:565:43
[INFO] [stdout]   32:     0x64073e7f6d54 - test::run_test::{{closure}}::h392c51cee94713ab
[INFO] [stdout]                                at /rustc/df4ca44d3fbc9301ee17f30f4d474e6ae4b05252/library/test/src/lib.rs:595:41
[INFO] [stdout]   33:     0x64073e7f6d54 - std::sys::backtrace::__rust_begin_short_backtrace::h2f40290710935a8b
[INFO] [stdout]                                at /rustc/df4ca44d3fbc9301ee17f30f4d474e6ae4b05252/library/std/src/sys/backtrace.rs:154:18
[INFO] [stdout]   34:     0x64073e7fa4fe - std::thread::Builder::spawn_unchecked_::{{closure}}::{{closure}}::h3fd968d89053a903
[INFO] [stdout]                                at /rustc/df4ca44d3fbc9301ee17f30f4d474e6ae4b05252/library/std/src/thread/mod.rs:541:17
[INFO] [stdout]   35:     0x64073e7fa4fe - <core::panic::unwind_safe::AssertUnwindSafe<F> as core::ops::function::FnOnce<()>>::call_once::h743f637ba4229880
[INFO] [stdout]                                at /rustc/df4ca44d3fbc9301ee17f30f4d474e6ae4b05252/library/core/src/panic/unwind_safe.rs:272:9
[INFO] [stdout]   36:     0x64073e7fa4fe - std::panicking::try::do_call::h07440897322525a6
[INFO] [stdout]                                at /rustc/df4ca44d3fbc9301ee17f30f4d474e6ae4b05252/library/std/src/panicking.rs:557:40
[INFO] [stdout]   37:     0x64073e7fa4fe - std::panicking::try::he5a2e00188156637
[INFO] [stdout]                                at /rustc/df4ca44d3fbc9301ee17f30f4d474e6ae4b05252/library/std/src/panicking.rs:520:19
[INFO] [stdout]   38:     0x64073e7fa4fe - std::panic::catch_unwind::hbaf3cae49b3c6433
[INFO] [stdout]                                at /rustc/df4ca44d3fbc9301ee17f30f4d474e6ae4b05252/library/std/src/panic.rs:358:14
[INFO] [stdout]   39:     0x64073e7fa4fe - std::thread::Builder::spawn_unchecked_::{{closure}}::h8e141ea224820bce
[INFO] [stdout]                                at /rustc/df4ca44d3fbc9301ee17f30f4d474e6ae4b05252/library/std/src/thread/mod.rs:540:30
[INFO] [stdout]   40:     0x64073e7fa4fe - core::ops::function::FnOnce::call_once{{vtable.shim}}::h90d312fedd7b8ea8
[INFO] [stdout]                                at /rustc/df4ca44d3fbc9301ee17f30f4d474e6ae4b05252/library/core/src/ops/function.rs:250:5
[INFO] [stdout]   41:     0x64073e877b5b - <alloc::boxed::Box<F,A> as core::ops::function::FnOnce<Args>>::call_once::h69aa08ddb6adb8b6
[INFO] [stdout]                                at /rustc/df4ca44d3fbc9301ee17f30f4d474e6ae4b05252/library/alloc/src/boxed.rs:2454:9
[INFO] [stdout]   42:     0x64073e877b5b - <alloc::boxed::Box<F,A> as core::ops::function::FnOnce<Args>>::call_once::h5aa36efdb79c806f
[INFO] [stdout]                                at /rustc/df4ca44d3fbc9301ee17f30f4d474e6ae4b05252/library/alloc/src/boxed.rs:2454:9
[INFO] [stdout]   43:     0x64073e877b5b - std::sys::pal::unix::thread::Thread::new::thread_start::h6cd80a1b4be5158d
[INFO] [stdout]                                at /rustc/df4ca44d3fbc9301ee17f30f4d474e6ae4b05252/library/std/src/sys/pal/unix/thread.rs:105:17
[INFO] [stdout]   44:     0x70578e74fac3 - <unknown>
[INFO] [stdout]   45:     0x70578e7e0a04 - clone
[INFO] [stdout]   46:                0x0 - <unknown>
[INFO] [stdout] 
[INFO] [stdout] 
[INFO] [stdout] failures:
[INFO] [stdout]     cross_validate_constants_with_c
[INFO] [stdout] 
[INFO] [stdout] test result: FAILED. 1 passed; 1 failed; 0 ignored; 0 measured; 0 filtered out; finished in 1.23s
[INFO] [stdout] 
[INFO] [stderr] error: test failed, to rerun pass `--test abi`
[INFO] running `Command { std: "docker" "inspect" "d5d7e47d491d791e5143dbf94b30f527cce1efdf7ca7facf3667a939097a9513", kill_on_drop: false }`
[INFO] running `Command { std: "docker" "rm" "-f" "d5d7e47d491d791e5143dbf94b30f527cce1efdf7ca7facf3667a939097a9513", kill_on_drop: false }`
[INFO] [stdout] d5d7e47d491d791e5143dbf94b30f527cce1efdf7ca7facf3667a939097a9513
