[INFO] fetching crate ghactions-core 0.11.1...
[INFO] testing ghactions-core-0.11.1 against nightly-2024-10-28 for randomize-layout
[INFO] extracting crate ghactions-core 0.11.1 into /workspace/builds/worker-2-tc1/source
[INFO] validating manifest of crates.io crate ghactions-core 0.11.1 on toolchain nightly-2024-10-28
[INFO] running `Command { std: CARGO_HOME="/workspace/cargo-home" RUSTUP_HOME="/workspace/rustup-home" "/workspace/cargo-home/bin/cargo" "+nightly-2024-10-28" "metadata" "--manifest-path" "Cargo.toml" "--no-deps", kill_on_drop: false }`
[INFO] started tweaking crates.io crate ghactions-core 0.11.1
[INFO] finished tweaking crates.io crate ghactions-core 0.11.1
[INFO] tweaked toml for crates.io crate ghactions-core 0.11.1 written to /workspace/builds/worker-2-tc1/source/Cargo.toml
[INFO] running `Command { std: CARGO_HOME="/workspace/cargo-home" RUSTUP_HOME="/workspace/rustup-home" "/workspace/cargo-home/bin/cargo" "+nightly-2024-10-28" "generate-lockfile" "--manifest-path" "Cargo.toml", kill_on_drop: false }`
[INFO] [stderr]     Updating crates.io index
[INFO] [stderr]      Locking 171 packages to latest compatible versions
[INFO] [stderr]       Adding octocrab v0.40.0 (available: v0.41.2)
[INFO] running `Command { std: CARGO_HOME="/workspace/cargo-home" RUSTUP_HOME="/workspace/rustup-home" "/workspace/cargo-home/bin/cargo" "+nightly-2024-10-28" "fetch" "--manifest-path" "Cargo.toml", kill_on_drop: false }`
[INFO] [stderr]  Downloading crates ...
[INFO] [stderr]   Downloaded hyper-rustls v0.26.0
[INFO] [stderr]   Downloaded iri-string v0.7.7
[INFO] [stderr]   Downloaded octocrab v0.40.0
[INFO] running `Command { std: "docker" "create" "-v" "/var/lib/crater-agent-workspace/builds/worker-2-tc1/target:/opt/rustwide/target:rw,Z" "-v" "/var/lib/crater-agent-workspace/builds/worker-2-tc1/source:/opt/rustwide/workdir:ro,Z" "-v" "/var/lib/crater-agent-workspace/cargo-home:/opt/rustwide/cargo-home:ro,Z" "-v" "/var/lib/crater-agent-workspace/rustup-home:/opt/rustwide/rustup-home:ro,Z" "-e" "SOURCE_DIR=/opt/rustwide/workdir" "-e" "CARGO_TARGET_DIR=/opt/rustwide/target" "-e" "CARGO_HOME=/opt/rustwide/cargo-home" "-e" "RUSTUP_HOME=/opt/rustwide/rustup-home" "-w" "/opt/rustwide/workdir" "-m" "1610612736" "--user" "0:0" "--network" "none" "ghcr.io/rust-lang/crates-build-env/linux@sha256:4a844ea9eb2546a2d2c7022eacef16ef2e8229c7fbb2c7d4d55a9ceca922f72d" "/opt/rustwide/cargo-home/bin/cargo" "+nightly-2024-10-28" "metadata" "--no-deps" "--format-version=1", kill_on_drop: false }`
[INFO] [stdout] f8e9305516d663a03d1d2722f3cecddbee77bebf639358de0cae774ba9534e43
[INFO] running `Command { std: "docker" "start" "-a" "f8e9305516d663a03d1d2722f3cecddbee77bebf639358de0cae774ba9534e43", kill_on_drop: false }`
[INFO] running `Command { std: "docker" "inspect" "f8e9305516d663a03d1d2722f3cecddbee77bebf639358de0cae774ba9534e43", kill_on_drop: false }`
[INFO] running `Command { std: "docker" "rm" "-f" "f8e9305516d663a03d1d2722f3cecddbee77bebf639358de0cae774ba9534e43", kill_on_drop: false }`
[INFO] [stdout] f8e9305516d663a03d1d2722f3cecddbee77bebf639358de0cae774ba9534e43
[INFO] running `Command { std: "docker" "create" "-v" "/var/lib/crater-agent-workspace/builds/worker-2-tc1/target:/opt/rustwide/target:rw,Z" "-v" "/var/lib/crater-agent-workspace/builds/worker-2-tc1/source:/opt/rustwide/workdir:ro,Z" "-v" "/var/lib/crater-agent-workspace/cargo-home:/opt/rustwide/cargo-home:ro,Z" "-v" "/var/lib/crater-agent-workspace/rustup-home:/opt/rustwide/rustup-home:ro,Z" "-e" "SOURCE_DIR=/opt/rustwide/workdir" "-e" "CARGO_TARGET_DIR=/opt/rustwide/target" "-e" "CARGO_INCREMENTAL=0" "-e" "RUST_BACKTRACE=full" "-e" "RUSTFLAGS=--cap-lints=forbid" "-e" "RUSTDOCFLAGS=--cap-lints=forbid" "-e" "CARGO_HOME=/opt/rustwide/cargo-home" "-e" "RUSTUP_HOME=/opt/rustwide/rustup-home" "-w" "/opt/rustwide/workdir" "-m" "1610612736" "--user" "0:0" "--network" "none" "ghcr.io/rust-lang/crates-build-env/linux@sha256:4a844ea9eb2546a2d2c7022eacef16ef2e8229c7fbb2c7d4d55a9ceca922f72d" "/opt/rustwide/cargo-home/bin/cargo" "+nightly-2024-10-28" "build" "--frozen" "--message-format=json", kill_on_drop: false }`
[INFO] [stdout] c487812b06fcbcdc462e32db763781707690c7c51731f372f5acd57eea8eaa9e
[INFO] running `Command { std: "docker" "start" "-a" "c487812b06fcbcdc462e32db763781707690c7c51731f372f5acd57eea8eaa9e", kill_on_drop: false }`
[INFO] [stderr]    Compiling futures-channel v0.3.31
[INFO] [stderr]    Compiling futures-macro v0.3.31
[INFO] [stderr]    Compiling ring v0.17.8
[INFO] [stderr]    Compiling tokio v1.41.0
[INFO] [stderr]    Compiling http v1.1.0
[INFO] [stderr]    Compiling serde v1.0.214
[INFO] [stderr]    Compiling getrandom v0.2.15
[INFO] [stderr]    Compiling spin v0.9.8
[INFO] [stderr]    Compiling untrusted v0.9.0
[INFO] [stderr]    Compiling rustls-pki-types v1.10.0
[INFO] [stderr]    Compiling tracing v0.1.40
[INFO] [stderr]    Compiling rustls v0.22.4
[INFO] [stderr]    Compiling zeroize v1.8.1
[INFO] [stderr]    Compiling smallvec v1.13.2
[INFO] [stderr]    Compiling time-macros v0.2.18
[INFO] [stderr]    Compiling num-integer v0.1.46
[INFO] [stderr]    Compiling http-body v1.0.1
[INFO] [stderr]    Compiling pin-project-internal v1.1.7
[INFO] [stderr]    Compiling futures-util v0.3.31
[INFO] [stderr]    Compiling regex-syntax v0.8.5
[INFO] [stderr]    Compiling subtle v2.6.1
[INFO] [stderr]    Compiling num-bigint v0.4.6
[INFO] [stderr]    Compiling pin-project v1.1.7
[INFO] [stderr]    Compiling time v0.3.36
[INFO] [stderr]    Compiling rustls-pemfile v2.2.0
[INFO] [stderr]    Compiling regex-automata v0.4.8
[INFO] [stderr]    Compiling tokio-util v0.7.12
[INFO] [stderr]    Compiling base64 v0.22.1
[INFO] [stderr]    Compiling tower-layer v0.3.3
[INFO] [stderr]    Compiling hyper v1.5.0
[INFO] [stderr]    Compiling rustls-native-certs v0.7.3
[INFO] [stderr]    Compiling snafu-derive v0.8.5
[INFO] [stderr]    Compiling tower v0.4.13
[INFO] [stderr]    Compiling simple_asn1 v0.6.2
[INFO] [stderr]    Compiling rustls-webpki v0.102.8
[INFO] [stderr]    Compiling hyper-util v0.1.10
[INFO] [stderr]    Compiling regex v1.11.1
[INFO] [stderr]    Compiling pem v3.0.4
[INFO] [stderr]    Compiling futures-executor v0.3.31
[INFO] [stderr]    Compiling http-body-util v0.1.2
[INFO] [stderr]    Compiling serde_json v1.0.132
[INFO] [stderr]    Compiling iri-string v0.7.7
[INFO] [stderr]    Compiling anstream v0.6.17
[INFO] [stderr]    Compiling hyper-timeout v0.5.1
[INFO] [stderr]    Compiling chrono v0.4.38
[INFO] [stderr]    Compiling indexmap v2.6.0
[INFO] [stderr]    Compiling snafu v0.8.5
[INFO] [stderr]    Compiling jsonwebtoken v9.3.0
[INFO] [stderr]    Compiling url v2.5.2
[INFO] [stderr]    Compiling futures v0.3.31
[INFO] [stderr]    Compiling env_filter v0.1.2
[INFO] [stderr]    Compiling serde_path_to_error v0.1.16
[INFO] [stderr]    Compiling serde_urlencoded v0.7.1
[INFO] [stderr]    Compiling tower-http v0.5.2
[INFO] [stderr]    Compiling secrecy v0.8.0
[INFO] [stderr]    Compiling async-trait v0.1.83
[INFO] [stderr]    Compiling arc-swap v1.7.1
[INFO] [stderr]    Compiling unsafe-libyaml v0.2.11
[INFO] [stderr]    Compiling tokio-rustls v0.25.0
[INFO] [stderr]    Compiling humantime v2.1.0
[INFO] [stderr]    Compiling hyper-rustls v0.26.0
[INFO] [stderr]    Compiling env_logger v0.11.5
[INFO] [stderr]    Compiling octocrab v0.40.0
[INFO] [stderr]    Compiling serde_yaml v0.9.34+deprecated
[INFO] [stderr]    Compiling ghactions-core v0.11.1 (/opt/rustwide/workdir)
[INFO] [stderr]     Finished `dev` profile [unoptimized + debuginfo] target(s) in 29.98s
[INFO] running `Command { std: "docker" "inspect" "c487812b06fcbcdc462e32db763781707690c7c51731f372f5acd57eea8eaa9e", kill_on_drop: false }`
[INFO] running `Command { std: "docker" "rm" "-f" "c487812b06fcbcdc462e32db763781707690c7c51731f372f5acd57eea8eaa9e", kill_on_drop: false }`
[INFO] [stdout] c487812b06fcbcdc462e32db763781707690c7c51731f372f5acd57eea8eaa9e
[INFO] running `Command { std: "docker" "create" "-v" "/var/lib/crater-agent-workspace/builds/worker-2-tc1/target:/opt/rustwide/target:rw,Z" "-v" "/var/lib/crater-agent-workspace/builds/worker-2-tc1/source:/opt/rustwide/workdir:ro,Z" "-v" "/var/lib/crater-agent-workspace/cargo-home:/opt/rustwide/cargo-home:ro,Z" "-v" "/var/lib/crater-agent-workspace/rustup-home:/opt/rustwide/rustup-home:ro,Z" "-e" "SOURCE_DIR=/opt/rustwide/workdir" "-e" "CARGO_TARGET_DIR=/opt/rustwide/target" "-e" "CARGO_INCREMENTAL=0" "-e" "RUST_BACKTRACE=full" "-e" "RUSTFLAGS=--cap-lints=forbid" "-e" "RUSTDOCFLAGS=--cap-lints=forbid" "-e" "CARGO_HOME=/opt/rustwide/cargo-home" "-e" "RUSTUP_HOME=/opt/rustwide/rustup-home" "-w" "/opt/rustwide/workdir" "-m" "1610612736" "--user" "0:0" "--network" "none" "ghcr.io/rust-lang/crates-build-env/linux@sha256:4a844ea9eb2546a2d2c7022eacef16ef2e8229c7fbb2c7d4d55a9ceca922f72d" "/opt/rustwide/cargo-home/bin/cargo" "+nightly-2024-10-28" "test" "--frozen" "--no-run" "--message-format=json", kill_on_drop: false }`
[INFO] [stdout] 014804a26ee0a5e97a74388bbd87d16ec751203c87e582d7c8118fba2f646afe
[INFO] running `Command { std: "docker" "start" "-a" "014804a26ee0a5e97a74388bbd87d16ec751203c87e582d7c8118fba2f646afe", kill_on_drop: false }`
[INFO] [stderr]    Compiling parking_lot_core v0.9.10
[INFO] [stderr]    Compiling tokio-macros v2.4.0
[INFO] [stderr]    Compiling parking_lot v0.12.3
[INFO] [stderr]    Compiling tokio v1.41.0
[INFO] [stderr]    Compiling hyper v1.5.0
[INFO] [stderr]    Compiling tokio-util v0.7.12
[INFO] [stderr]    Compiling tokio-rustls v0.25.0
[INFO] [stderr]    Compiling tower v0.4.13
[INFO] [stderr]    Compiling tower-http v0.5.2
[INFO] [stderr]    Compiling hyper-util v0.1.10
[INFO] [stderr]    Compiling hyper-rustls v0.26.0
[INFO] [stderr]    Compiling hyper-timeout v0.5.1
[INFO] [stderr]    Compiling octocrab v0.40.0
[INFO] [stderr]    Compiling ghactions-core v0.11.1 (/opt/rustwide/workdir)
[INFO] [stderr]     Finished `test` profile [unoptimized + debuginfo] target(s) in 17.83s
[INFO] running `Command { std: "docker" "inspect" "014804a26ee0a5e97a74388bbd87d16ec751203c87e582d7c8118fba2f646afe", kill_on_drop: false }`
[INFO] running `Command { std: "docker" "rm" "-f" "014804a26ee0a5e97a74388bbd87d16ec751203c87e582d7c8118fba2f646afe", kill_on_drop: false }`
[INFO] [stdout] 014804a26ee0a5e97a74388bbd87d16ec751203c87e582d7c8118fba2f646afe
[INFO] running `Command { std: "docker" "create" "-v" "/var/lib/crater-agent-workspace/builds/worker-2-tc1/target:/opt/rustwide/target:rw,Z" "-v" "/var/lib/crater-agent-workspace/builds/worker-2-tc1/source:/opt/rustwide/workdir:ro,Z" "-v" "/var/lib/crater-agent-workspace/cargo-home:/opt/rustwide/cargo-home:ro,Z" "-v" "/var/lib/crater-agent-workspace/rustup-home:/opt/rustwide/rustup-home:ro,Z" "-e" "SOURCE_DIR=/opt/rustwide/workdir" "-e" "CARGO_TARGET_DIR=/opt/rustwide/target" "-e" "CARGO_INCREMENTAL=0" "-e" "RUST_BACKTRACE=full" "-e" "RUSTFLAGS=--cap-lints=forbid" "-e" "RUSTDOCFLAGS=--cap-lints=forbid" "-e" "CARGO_HOME=/opt/rustwide/cargo-home" "-e" "RUSTUP_HOME=/opt/rustwide/rustup-home" "-w" "/opt/rustwide/workdir" "-m" "1610612736" "--user" "0:0" "--network" "none" "ghcr.io/rust-lang/crates-build-env/linux@sha256:4a844ea9eb2546a2d2c7022eacef16ef2e8229c7fbb2c7d4d55a9ceca922f72d" "/opt/rustwide/cargo-home/bin/cargo" "+nightly-2024-10-28" "test" "--frozen", kill_on_drop: false }`
[INFO] [stdout] 3cc9bf68f2cc20a20a891a9108b877f6fecc8b94ef72508a8722b0151789db34
[INFO] running `Command { std: "docker" "start" "-a" "3cc9bf68f2cc20a20a891a9108b877f6fecc8b94ef72508a8722b0151789db34", kill_on_drop: false }`
[INFO] [stderr]     Finished `test` profile [unoptimized + debuginfo] target(s) in 0.09s
[INFO] [stderr]      Running unittests src/lib.rs (/opt/rustwide/target/debug/deps/ghactions_core-371f31dab1567d60)
[INFO] [stdout] 
[INFO] [stdout] running 5 tests
[INFO] [stdout] test repository::reference::tests::test_owner_repo ... ok
[INFO] [stdout] test repository::reference::tests::test_owner_repo_branch_path ... ok
[INFO] [stdout] test repository::reference::tests::test_owner_repo_branch ... ok
[INFO] [stdout] test repository::reference::tests::test_owner_repo_path_traversal ... ok
[INFO] [stdout] test repository::reference::tests::test_owner_repo_path ... ok
[INFO] [stdout] 
[INFO] [stdout] test result: ok. 5 passed; 0 failed; 0 ignored; 0 measured; 0 filtered out; finished in 0.00s
[INFO] [stdout] 
[INFO] [stderr]    Doc-tests ghactions_core
[INFO] [stdout] 
[INFO] [stdout] running 5 tests
[INFO] [stdout] test src/logging.rs - logging::errorf (line 52) ... FAILED
[INFO] [stdout] test src/logging.rs - logging::group (line 78) ... FAILED
[INFO] [stdout] test src/logging.rs - logging::groupend (line 97) ... FAILED
[INFO] [stdout] test src/logging.rs - logging::setoutput (line 117) ... FAILED
[INFO] [stdout] test src/repository/reference.rs - repository::reference::RepositoryReference::parse (line 28) ... ok
[INFO] [stdout] 
[INFO] [stdout] failures:
[INFO] [stdout] 
[INFO] [stdout] ---- src/logging.rs - logging::errorf (line 52) stdout ----
[INFO] [stdout] error[E0432]: unresolved import `ghactions`
[INFO] [stdout]  --> src/logging.rs:53:5
[INFO] [stdout]   |
[INFO] [stdout] 3 | use ghactions::errorf;
[INFO] [stdout]   |     ^^^^^^^^^ use of undeclared crate or module `ghactions`
[INFO] [stdout] 
[INFO] [stdout] error: aborting due to 1 previous error
[INFO] [stdout] 
[INFO] [stdout] For more information about this error, try `rustc --explain E0432`.
[INFO] [stdout] Couldn't compile the test.
[INFO] [stdout] ---- src/logging.rs - logging::group (line 78) stdout ----
[INFO] [stdout] error[E0432]: unresolved import `ghactions`
[INFO] [stdout]  --> src/logging.rs:79:5
[INFO] [stdout]   |
[INFO] [stdout] 3 | use ghactions::group;
[INFO] [stdout]   |     ^^^^^^^^^ use of undeclared crate or module `ghactions`
[INFO] [stdout] 
[INFO] [stdout] error: aborting due to 1 previous error
[INFO] [stdout] 
[INFO] [stdout] For more information about this error, try `rustc --explain E0432`.
[INFO] [stdout] Couldn't compile the test.
[INFO] [stdout] ---- src/logging.rs - logging::groupend (line 97) stdout ----
[INFO] [stdout] error[E0432]: unresolved import `ghactions`
[INFO] [stdout]  --> src/logging.rs:98:5
[INFO] [stdout]   |
[INFO] [stdout] 3 | use ghactions::groupend;
[INFO] [stdout]   |     ^^^^^^^^^ use of undeclared crate or module `ghactions`
[INFO] [stdout] 
[INFO] [stdout] error: aborting due to 1 previous error
[INFO] [stdout] 
[INFO] [stdout] For more information about this error, try `rustc --explain E0432`.
[INFO] [stdout] Couldn't compile the test.
[INFO] [stdout] ---- src/logging.rs - logging::setoutput (line 117) stdout ----
[INFO] [stdout] error[E0432]: unresolved import `ghactions`
[INFO] [stdout]  --> src/logging.rs:118:5
[INFO] [stdout]   |
[INFO] [stdout] 3 | use ghactions::setoutput;
[INFO] [stdout]   |     ^^^^^^^^^ use of undeclared crate or module `ghactions`
[INFO] [stdout] 
[INFO] [stdout] error: aborting due to 1 previous error
[INFO] [stdout] 
[INFO] [stdout] For more information about this error, try `rustc --explain E0432`.
[INFO] [stdout] Couldn't compile the test.
[INFO] [stdout] 
[INFO] [stdout] failures:
[INFO] [stdout]     src/logging.rs - logging::errorf (line 52)
[INFO] [stdout]     src/logging.rs - logging::group (line 78)
[INFO] [stdout]     src/logging.rs - logging::groupend (line 97)
[INFO] [stdout]     src/logging.rs - logging::setoutput (line 117)
[INFO] [stdout] 
[INFO] [stdout] test result: FAILED. 1 passed; 4 failed; 0 ignored; 0 measured; 0 filtered out; finished in 0.35s
[INFO] [stdout] 
[INFO] [stderr] error: doctest failed, to rerun pass `--doc`
[INFO] running `Command { std: "docker" "inspect" "3cc9bf68f2cc20a20a891a9108b877f6fecc8b94ef72508a8722b0151789db34", kill_on_drop: false }`
[INFO] running `Command { std: "docker" "rm" "-f" "3cc9bf68f2cc20a20a891a9108b877f6fecc8b94ef72508a8722b0151789db34", kill_on_drop: false }`
[INFO] [stdout] 3cc9bf68f2cc20a20a891a9108b877f6fecc8b94ef72508a8722b0151789db34
