[INFO] fetching crate geotrans 0.2.2...
[INFO] testing geotrans-0.2.2 against nightly-2024-10-28+rustflags=-Zrandomize-layout for randomize-layout
[INFO] extracting crate geotrans 0.2.2 into /workspace/builds/worker-4-tc2/source
[INFO] validating manifest of crates.io crate geotrans 0.2.2 on toolchain nightly-2024-10-28
[INFO] running `Command { std: CARGO_HOME="/workspace/cargo-home" RUSTUP_HOME="/workspace/rustup-home" "/workspace/cargo-home/bin/cargo" "+nightly-2024-10-28" "metadata" "--manifest-path" "Cargo.toml" "--no-deps", kill_on_drop: false }`
[INFO] started tweaking crates.io crate geotrans 0.2.2
[INFO] finished tweaking crates.io crate geotrans 0.2.2
[INFO] tweaked toml for crates.io crate geotrans 0.2.2 written to /workspace/builds/worker-4-tc2/source/Cargo.toml
[INFO] running `Command { std: CARGO_HOME="/workspace/cargo-home" RUSTUP_HOME="/workspace/rustup-home" "/workspace/cargo-home/bin/cargo" "+nightly-2024-10-28" "generate-lockfile" "--manifest-path" "Cargo.toml", kill_on_drop: false }`
[INFO] [stderr]     Updating crates.io index
[INFO] [stderr]      Locking 6 packages to latest compatible versions
[INFO] running `Command { std: CARGO_HOME="/workspace/cargo-home" RUSTUP_HOME="/workspace/rustup-home" "/workspace/cargo-home/bin/cargo" "+nightly-2024-10-28" "fetch" "--manifest-path" "Cargo.toml", kill_on_drop: false }`
[INFO] running `Command { std: "docker" "create" "-v" "/var/lib/crater-agent-workspace/builds/worker-4-tc2/target:/opt/rustwide/target:rw,Z" "-v" "/var/lib/crater-agent-workspace/builds/worker-4-tc2/source:/opt/rustwide/workdir:ro,Z" "-v" "/var/lib/crater-agent-workspace/cargo-home:/opt/rustwide/cargo-home:ro,Z" "-v" "/var/lib/crater-agent-workspace/rustup-home:/opt/rustwide/rustup-home:ro,Z" "-e" "SOURCE_DIR=/opt/rustwide/workdir" "-e" "CARGO_TARGET_DIR=/opt/rustwide/target" "-e" "CARGO_HOME=/opt/rustwide/cargo-home" "-e" "RUSTUP_HOME=/opt/rustwide/rustup-home" "-w" "/opt/rustwide/workdir" "-m" "1610612736" "--user" "0:0" "--network" "none" "ghcr.io/rust-lang/crates-build-env/linux@sha256:4a844ea9eb2546a2d2c7022eacef16ef2e8229c7fbb2c7d4d55a9ceca922f72d" "/opt/rustwide/cargo-home/bin/cargo" "+nightly-2024-10-28" "metadata" "--no-deps" "--format-version=1", kill_on_drop: false }`
[INFO] [stdout] 95773901ad7c2fe98e5e3f5630b3821a447852229b3f2ec7e9e8386f91cfa4c8
[INFO] running `Command { std: "docker" "start" "-a" "95773901ad7c2fe98e5e3f5630b3821a447852229b3f2ec7e9e8386f91cfa4c8", kill_on_drop: false }`
[INFO] running `Command { std: "docker" "inspect" "95773901ad7c2fe98e5e3f5630b3821a447852229b3f2ec7e9e8386f91cfa4c8", kill_on_drop: false }`
[INFO] running `Command { std: "docker" "rm" "-f" "95773901ad7c2fe98e5e3f5630b3821a447852229b3f2ec7e9e8386f91cfa4c8", kill_on_drop: false }`
[INFO] [stdout] 95773901ad7c2fe98e5e3f5630b3821a447852229b3f2ec7e9e8386f91cfa4c8
[INFO] running `Command { std: "docker" "create" "-v" "/var/lib/crater-agent-workspace/builds/worker-4-tc2/target:/opt/rustwide/target:rw,Z" "-v" "/var/lib/crater-agent-workspace/builds/worker-4-tc2/source:/opt/rustwide/workdir:ro,Z" "-v" "/var/lib/crater-agent-workspace/cargo-home:/opt/rustwide/cargo-home:ro,Z" "-v" "/var/lib/crater-agent-workspace/rustup-home:/opt/rustwide/rustup-home:ro,Z" "-e" "SOURCE_DIR=/opt/rustwide/workdir" "-e" "CARGO_TARGET_DIR=/opt/rustwide/target" "-e" "CARGO_INCREMENTAL=0" "-e" "RUST_BACKTRACE=full" "-e" "RUSTFLAGS=--cap-lints=forbid -Zrandomize-layout" "-e" "RUSTDOCFLAGS=--cap-lints=forbid" "-e" "CARGO_HOME=/opt/rustwide/cargo-home" "-e" "RUSTUP_HOME=/opt/rustwide/rustup-home" "-w" "/opt/rustwide/workdir" "-m" "1610612736" "--user" "0:0" "--network" "none" "ghcr.io/rust-lang/crates-build-env/linux@sha256:4a844ea9eb2546a2d2c7022eacef16ef2e8229c7fbb2c7d4d55a9ceca922f72d" "/opt/rustwide/cargo-home/bin/cargo" "+nightly-2024-10-28" "build" "--frozen" "--message-format=json", kill_on_drop: false }`
[INFO] [stdout] 520dfc0efe18748de70f78d26ffd5bacb292a226bb6a4001c5af4ccf4ca5421e
[INFO] running `Command { std: "docker" "start" "-a" "520dfc0efe18748de70f78d26ffd5bacb292a226bb6a4001c5af4ccf4ca5421e", kill_on_drop: false }`
[INFO] [stderr]    Compiling proc-macro2 v1.0.89
[INFO] [stderr]    Compiling unicode-ident v1.0.13
[INFO] [stderr]    Compiling thiserror v1.0.66
[INFO] [stderr]    Compiling quote v1.0.37
[INFO] [stderr]    Compiling syn v2.0.86
[INFO] [stderr]    Compiling thiserror-impl v1.0.66
[INFO] [stderr]    Compiling geotrans v0.2.2 (/opt/rustwide/workdir)
[INFO] [stdout] warning: use of deprecated function `conic`: Users should instead use the Transform trait
[INFO] [stdout]    --> src/lib.rs:347:55
[INFO] [stdout]     |
[INFO] [stdout] 347 |             let t = Vector::from([L * c, L * s, 3.9 + conic(L)]);
[INFO] [stdout]     |                                                       ^^^^^
[INFO] [stdout]     |
[INFO] [stdout]     = note: `#[warn(deprecated)]` on by default
[INFO] [stdout] 
[INFO] [stdout] 
[INFO] [stderr]     Finished `dev` profile [unoptimized + debuginfo] target(s) in 2.80s
[INFO] running `Command { std: "docker" "inspect" "520dfc0efe18748de70f78d26ffd5bacb292a226bb6a4001c5af4ccf4ca5421e", kill_on_drop: false }`
[INFO] running `Command { std: "docker" "rm" "-f" "520dfc0efe18748de70f78d26ffd5bacb292a226bb6a4001c5af4ccf4ca5421e", kill_on_drop: false }`
[INFO] [stdout] 520dfc0efe18748de70f78d26ffd5bacb292a226bb6a4001c5af4ccf4ca5421e
[INFO] running `Command { std: "docker" "create" "-v" "/var/lib/crater-agent-workspace/builds/worker-4-tc2/target:/opt/rustwide/target:rw,Z" "-v" "/var/lib/crater-agent-workspace/builds/worker-4-tc2/source:/opt/rustwide/workdir:ro,Z" "-v" "/var/lib/crater-agent-workspace/cargo-home:/opt/rustwide/cargo-home:ro,Z" "-v" "/var/lib/crater-agent-workspace/rustup-home:/opt/rustwide/rustup-home:ro,Z" "-e" "SOURCE_DIR=/opt/rustwide/workdir" "-e" "CARGO_TARGET_DIR=/opt/rustwide/target" "-e" "CARGO_INCREMENTAL=0" "-e" "RUST_BACKTRACE=full" "-e" "RUSTFLAGS=--cap-lints=forbid -Zrandomize-layout" "-e" "RUSTDOCFLAGS=--cap-lints=forbid" "-e" "CARGO_HOME=/opt/rustwide/cargo-home" "-e" "RUSTUP_HOME=/opt/rustwide/rustup-home" "-w" "/opt/rustwide/workdir" "-m" "1610612736" "--user" "0:0" "--network" "none" "ghcr.io/rust-lang/crates-build-env/linux@sha256:4a844ea9eb2546a2d2c7022eacef16ef2e8229c7fbb2c7d4d55a9ceca922f72d" "/opt/rustwide/cargo-home/bin/cargo" "+nightly-2024-10-28" "test" "--frozen" "--no-run" "--message-format=json", kill_on_drop: false }`
[INFO] [stdout] 78d9b295564b293258ef2332e57e8bcd1ec202771197efd9419d37c24842ba9e
[INFO] running `Command { std: "docker" "start" "-a" "78d9b295564b293258ef2332e57e8bcd1ec202771197efd9419d37c24842ba9e", kill_on_drop: false }`
[INFO] [stdout] warning: use of deprecated function `conic`: Users should instead use the Transform trait
[INFO] [stdout]    --> src/lib.rs:347:55
[INFO] [stdout]     |
[INFO] [stdout] 347 |             let t = Vector::from([L * c, L * s, 3.9 + conic(L)]);
[INFO] [stdout]     |                                                       ^^^^^
[INFO] [stdout]     |
[INFO] [stdout]     = note: `#[warn(deprecated)]` on by default
[INFO] [stdout] 
[INFO] [stdout] 
[INFO] [stderr]    Compiling geotrans v0.2.2 (/opt/rustwide/workdir)
[INFO] [stdout] warning: use of deprecated function `conic`: Users should instead use the Transform trait
[INFO] [stdout]    --> src/lib.rs:347:55
[INFO] [stdout]     |
[INFO] [stdout] 347 |             let t = Vector::from([L * c, L * s, 3.9 + conic(L)]);
[INFO] [stdout]     |                                                       ^^^^^
[INFO] [stdout]     |
[INFO] [stdout]     = note: `#[warn(deprecated)]` on by default
[INFO] [stdout] 
[INFO] [stdout] 
[INFO] [stderr]     Finished `test` profile [unoptimized + debuginfo] target(s) in 0.26s
[INFO] running `Command { std: "docker" "inspect" "78d9b295564b293258ef2332e57e8bcd1ec202771197efd9419d37c24842ba9e", kill_on_drop: false }`
[INFO] running `Command { std: "docker" "rm" "-f" "78d9b295564b293258ef2332e57e8bcd1ec202771197efd9419d37c24842ba9e", kill_on_drop: false }`
[INFO] [stdout] 78d9b295564b293258ef2332e57e8bcd1ec202771197efd9419d37c24842ba9e
[INFO] running `Command { std: "docker" "create" "-v" "/var/lib/crater-agent-workspace/builds/worker-4-tc2/target:/opt/rustwide/target:rw,Z" "-v" "/var/lib/crater-agent-workspace/builds/worker-4-tc2/source:/opt/rustwide/workdir:ro,Z" "-v" "/var/lib/crater-agent-workspace/cargo-home:/opt/rustwide/cargo-home:ro,Z" "-v" "/var/lib/crater-agent-workspace/rustup-home:/opt/rustwide/rustup-home:ro,Z" "-e" "SOURCE_DIR=/opt/rustwide/workdir" "-e" "CARGO_TARGET_DIR=/opt/rustwide/target" "-e" "CARGO_INCREMENTAL=0" "-e" "RUST_BACKTRACE=full" "-e" "RUSTFLAGS=--cap-lints=forbid -Zrandomize-layout" "-e" "RUSTDOCFLAGS=--cap-lints=forbid" "-e" "CARGO_HOME=/opt/rustwide/cargo-home" "-e" "RUSTUP_HOME=/opt/rustwide/rustup-home" "-w" "/opt/rustwide/workdir" "-m" "1610612736" "--user" "0:0" "--network" "none" "ghcr.io/rust-lang/crates-build-env/linux@sha256:4a844ea9eb2546a2d2c7022eacef16ef2e8229c7fbb2c7d4d55a9ceca922f72d" "/opt/rustwide/cargo-home/bin/cargo" "+nightly-2024-10-28" "test" "--frozen", kill_on_drop: false }`
[INFO] [stdout] d061715c69435bae6909e72500dfe1070d758a8543688bcbcc63df9aaf0b82bb
[INFO] running `Command { std: "docker" "start" "-a" "d061715c69435bae6909e72500dfe1070d758a8543688bcbcc63df9aaf0b82bb", kill_on_drop: false }`
[INFO] [stderr] warning: use of deprecated function `conic`: Users should instead use the Transform trait
[INFO] [stderr]    --> src/lib.rs:347:55
[INFO] [stderr]     |
[INFO] [stderr] 347 |             let t = Vector::from([L * c, L * s, 3.9 + conic(L)]);
[INFO] [stderr]     |                                                       ^^^^^
[INFO] [stderr]     |
[INFO] [stderr]     = note: `#[warn(deprecated)]` on by default
[INFO] [stderr] 
[INFO] [stderr] warning: `geotrans` (lib) generated 1 warning
[INFO] [stderr] warning: `geotrans` (lib test) generated 1 warning (1 duplicate)
[INFO] [stderr]     Finished `test` profile [unoptimized + debuginfo] target(s) in 0.01s
[INFO] [stderr]      Running unittests src/lib.rs (/opt/rustwide/target/debug/deps/geotrans-8abd4f95bde0cfed)
[INFO] [stdout] 
[INFO] [stdout] running 22 tests
[INFO] [stdout] test quaternion::tests::quaternion_multiplication ... ok
[INFO] [stdout] test quaternion::tests::quaternion_addition ... ok
[INFO] [stdout] test quaternion::tests::quaternion_new ... ok
[INFO] [stdout] test tests::oss2m1s1 ... ok
[INFO] [stdout] test tests::oss2m1s2 ... ok
[INFO] [stdout] test tests::oss2m1s3 ... ok
[INFO] [stdout] test tests::oss2m1s4 ... ok
[INFO] [stdout] test tests::oss2m1s5 ... ok
[INFO] [stdout] test tests::oss2m1s6 ... ok
[INFO] [stdout] test tests::oss2m1s7 ... ok
[INFO] [stdout] test tests::oss2oss ... ok
[INFO] [stdout] test tests::oss_m1sx_oss ... ok
[INFO] [stdout] test tests::transform_imut_m1_to ... ok
[INFO] [stdout] test tests::transform_imut_m1_vtov ... ok
[INFO] [stdout] test tests::transform_m1_tofro ... ok
[INFO] [stdout] test tests::transform_m2_tofro ... ok
[INFO] [stdout] test tests::transform_m2_to ... ok
[INFO] [stdout] test tests::transform_mut_m1_tofro ... ok
[INFO] [stdout] test vector::tests::vector_cross ... ok
[INFO] [stdout] test vector::tests::vector_scale ... ok
[INFO] [stdout] test vector::tests::vector_dot ... ok
[INFO] [stdout] test tests::transform_mut_m1_to ... FAILED
[INFO] [stdout] 
[INFO] [stdout] failures:
[INFO] [stdout] 
[INFO] [stdout] ---- tests::transform_mut_m1_to stdout ----
[INFO] [stdout] M1S1 - u: [
[INFO] [stdout]     0.10000000000000055,
[INFO] [stdout]     8.807195408491136,
[INFO] [stdout]     4.977211560545925,
[INFO] [stdout] ]
[INFO] [stdout] M1S2 - u: [
[INFO] [stdout]     7.677254959846991,
[INFO] [stdout]     4.316995163867123,
[INFO] [stdout]     4.977211560545925,
[INFO] [stdout] ]
[INFO] [stdout] M1S3 - u: [
[INFO] [stdout]     7.577254959846991,
[INFO] [stdout]     -4.4902002446240115,
[INFO] [stdout]     4.977211560545925,
[INFO] [stdout] ]
[INFO] [stdout] M1S4 - u: [
[INFO] [stdout]     -0.09999999999999949,
[INFO] [stdout]     -8.807195408491136,
[INFO] [stdout]     4.977211560545925,
[INFO] [stdout] ]
[INFO] [stdout] M1S5 - u: [
[INFO] [stdout]     -7.677254959846991,
[INFO] [stdout]     -4.316995163867124,
[INFO] [stdout]     4.977211560545925,
[INFO] [stdout] ]
[INFO] [stdout] M1S6 - u: [
[INFO] [stdout]     -7.577254959846989,
[INFO] [stdout]     4.490200244624013,
[INFO] [stdout]     4.977211560545925,
[INFO] [stdout] ]
[INFO] [stdout] M1S7 - u: [
[INFO] [stdout]     0.1,
[INFO] [stdout]     0.1,
[INFO] [stdout]     3.9,
[INFO] [stdout] ]
[INFO] [stdout] thread 'tests::transform_mut_m1_to' panicked at src/lib.rs:522:50:
[INFO] [stdout] called `Result::unwrap()` on an `Err` value: SegmentId(8)
[INFO] [stdout] stack backtrace:
[INFO] [stdout]    0:     0x6224430de4ca - std::backtrace_rs::backtrace::libunwind::trace::h207520d6e9873551
[INFO] [stdout]                                at /rustc/df4ca44d3fbc9301ee17f30f4d474e6ae4b05252/library/std/src/../../backtrace/src/backtrace/libunwind.rs:116:5
[INFO] [stdout]    1:     0x6224430de4ca - std::backtrace_rs::backtrace::trace_unsynchronized::h2ed7433f370e3eca
[INFO] [stdout]                                at /rustc/df4ca44d3fbc9301ee17f30f4d474e6ae4b05252/library/std/src/../../backtrace/src/backtrace/mod.rs:66:5
[INFO] [stdout]    2:     0x6224430de4ca - std::sys::backtrace::_print_fmt::h916fac51166b18d7
[INFO] [stdout]                                at /rustc/df4ca44d3fbc9301ee17f30f4d474e6ae4b05252/library/std/src/sys/backtrace.rs:66:9
[INFO] [stdout]    3:     0x6224430de4ca - <std::sys::backtrace::BacktraceLock::print::DisplayBacktrace as core::fmt::Display>::fmt::ha0a4c9b8ce3802e6
[INFO] [stdout]                                at /rustc/df4ca44d3fbc9301ee17f30f4d474e6ae4b05252/library/std/src/sys/backtrace.rs:39:26
[INFO] [stdout]    4:     0x622443104c93 - core::fmt::rt::Argument::fmt::h4cfc8587d52b3eb5
[INFO] [stdout]                                at /rustc/df4ca44d3fbc9301ee17f30f4d474e6ae4b05252/library/core/src/fmt/rt.rs:177:76
[INFO] [stdout]    5:     0x622443104c93 - core::fmt::write::h522cc39e5b36ae9f
[INFO] [stdout]                                at /rustc/df4ca44d3fbc9301ee17f30f4d474e6ae4b05252/library/core/src/fmt/mod.rs:1190:21
[INFO] [stdout]    6:     0x6224430db133 - std::io::Write::write_fmt::h7d3c26752da97734
[INFO] [stdout]                                at /rustc/df4ca44d3fbc9301ee17f30f4d474e6ae4b05252/library/std/src/io/mod.rs:1839:15
[INFO] [stdout]    7:     0x6224430de312 - std::sys::backtrace::BacktraceLock::print::h4b9e00b29e9c0942
[INFO] [stdout]                                at /rustc/df4ca44d3fbc9301ee17f30f4d474e6ae4b05252/library/std/src/sys/backtrace.rs:42:9
[INFO] [stdout]    8:     0x6224430df95a - std::panicking::default_hook::{{closure}}::hb59b88280d0324d9
[INFO] [stdout]                                at /rustc/df4ca44d3fbc9301ee17f30f4d474e6ae4b05252/library/std/src/panicking.rs:268:22
[INFO] [stdout]    9:     0x6224430df764 - std::panicking::default_hook::he1dd496665be4a29
[INFO] [stdout]                                at /rustc/df4ca44d3fbc9301ee17f30f4d474e6ae4b05252/library/std/src/panicking.rs:292:9
[INFO] [stdout]   10:     0x6224430a9559 - <alloc::boxed::Box<F,A> as core::ops::function::Fn<Args>>::call::h4ff71de18744e1dc
[INFO] [stdout]                                at /rustc/df4ca44d3fbc9301ee17f30f4d474e6ae4b05252/library/alloc/src/boxed.rs:2468:9
[INFO] [stdout]   11:     0x6224430a9559 - test::test_main::{{closure}}::hcf7c055ce117aa81
[INFO] [stdout]                                at /rustc/df4ca44d3fbc9301ee17f30f4d474e6ae4b05252/library/test/src/lib.rs:133:21
[INFO] [stdout]   12:     0x6224430e0058 - <alloc::boxed::Box<F,A> as core::ops::function::Fn<Args>>::call::h1d66c6bbd60c9692
[INFO] [stdout]                                at /rustc/df4ca44d3fbc9301ee17f30f4d474e6ae4b05252/library/alloc/src/boxed.rs:2468:9
[INFO] [stdout]   13:     0x6224430e0058 - std::panicking::rust_panic_with_hook::h2ff17fe8f26dfcf8
[INFO] [stdout]                                at /rustc/df4ca44d3fbc9301ee17f30f4d474e6ae4b05252/library/std/src/panicking.rs:809:13
[INFO] [stdout]   14:     0x6224430dfe1a - std::panicking::begin_panic_handler::{{closure}}::h4fad77951c07e101
[INFO] [stdout]                                at /rustc/df4ca44d3fbc9301ee17f30f4d474e6ae4b05252/library/std/src/panicking.rs:674:13
[INFO] [stdout]   15:     0x6224430de9a9 - std::sys::backtrace::__rust_end_short_backtrace::hb1a25b3da5d0ea08
[INFO] [stdout]                                at /rustc/df4ca44d3fbc9301ee17f30f4d474e6ae4b05252/library/std/src/sys/backtrace.rs:170:18
[INFO] [stdout]   16:     0x6224430dfaac - rust_begin_unwind
[INFO] [stdout]                                at /rustc/df4ca44d3fbc9301ee17f30f4d474e6ae4b05252/library/std/src/panicking.rs:665:5
[INFO] [stdout]   17:     0x622443103470 - core::panicking::panic_fmt::ha9db07b529f9b256
[INFO] [stdout]                                at /rustc/df4ca44d3fbc9301ee17f30f4d474e6ae4b05252/library/core/src/panicking.rs:75:14
[INFO] [stdout]   18:     0x622443103816 - core::result::unwrap_failed::h5e8218e4d4338b8a
[INFO] [stdout]                                at /rustc/df4ca44d3fbc9301ee17f30f4d474e6ae4b05252/library/core/src/result.rs:1698:5
[INFO] [stdout]   19:     0x622443069d6e - core::result::Result<T,E>::unwrap::h256915532f3f77f8
[INFO] [stdout]                                at /rustc/df4ca44d3fbc9301ee17f30f4d474e6ae4b05252/library/core/src/result.rs:1103:23
[INFO] [stdout]   20:     0x622443069d6e - geotrans::tests::transform_mut_m1_to::h936246e8452bb7fc
[INFO] [stdout]                                at /opt/rustwide/workdir/src/lib.rs:522:13
[INFO] [stdout]   21:     0x622443069c57 - geotrans::tests::transform_mut_m1_to::{{closure}}::h3ecc448f8d5dd823
[INFO] [stdout]                                at /opt/rustwide/workdir/src/lib.rs:519:29
[INFO] [stdout]   22:     0x6224430606f6 - core::ops::function::FnOnce::call_once::h665861f149b906b6
[INFO] [stdout]                                at /rustc/df4ca44d3fbc9301ee17f30f4d474e6ae4b05252/library/core/src/ops/function.rs:250:5
[INFO] [stdout]   23:     0x6224430ade2b - core::ops::function::FnOnce::call_once::h22c3ba5715e93f05
[INFO] [stdout]                                at /rustc/df4ca44d3fbc9301ee17f30f4d474e6ae4b05252/library/core/src/ops/function.rs:250:5
[INFO] [stdout]   24:     0x6224430ade2b - test::__rust_begin_short_backtrace::h8e82d8113d0da17f
[INFO] [stdout]                                at /rustc/df4ca44d3fbc9301ee17f30f4d474e6ae4b05252/library/test/src/lib.rs:621:18
[INFO] [stdout]   25:     0x6224430ad7a7 - test::run_test_in_process::{{closure}}::h33235f4f20b7b7c7
[INFO] [stdout]                                at /rustc/df4ca44d3fbc9301ee17f30f4d474e6ae4b05252/library/test/src/lib.rs:644:60
[INFO] [stdout]   26:     0x6224430ad7a7 - <core::panic::unwind_safe::AssertUnwindSafe<F> as core::ops::function::FnOnce<()>>::call_once::hb5043206310c586f
[INFO] [stdout]                                at /rustc/df4ca44d3fbc9301ee17f30f4d474e6ae4b05252/library/core/src/panic/unwind_safe.rs:272:9
[INFO] [stdout]   27:     0x6224430ad7a7 - std::panicking::try::do_call::h9ad4731a60ab23e2
[INFO] [stdout]                                at /rustc/df4ca44d3fbc9301ee17f30f4d474e6ae4b05252/library/std/src/panicking.rs:557:40
[INFO] [stdout]   28:     0x6224430ad7a7 - std::panicking::try::h3824d23db772a716
[INFO] [stdout]                                at /rustc/df4ca44d3fbc9301ee17f30f4d474e6ae4b05252/library/std/src/panicking.rs:520:19
[INFO] [stdout]   29:     0x6224430ad7a7 - std::panic::catch_unwind::h5afd514605fde46b
[INFO] [stdout]                                at /rustc/df4ca44d3fbc9301ee17f30f4d474e6ae4b05252/library/std/src/panic.rs:358:14
[INFO] [stdout]   30:     0x6224430ad7a7 - test::run_test_in_process::h0d5cbfa7067d1720
[INFO] [stdout]                                at /rustc/df4ca44d3fbc9301ee17f30f4d474e6ae4b05252/library/test/src/lib.rs:644:27
[INFO] [stdout]   31:     0x6224430ad7a7 - test::run_test::{{closure}}::h708eb8872708115d
[INFO] [stdout]                                at /rustc/df4ca44d3fbc9301ee17f30f4d474e6ae4b05252/library/test/src/lib.rs:565:43
[INFO] [stdout]   32:     0x622443070ec4 - test::run_test::{{closure}}::h392c51cee94713ab
[INFO] [stdout]                                at /rustc/df4ca44d3fbc9301ee17f30f4d474e6ae4b05252/library/test/src/lib.rs:595:41
[INFO] [stdout]   33:     0x622443070ec4 - std::sys::backtrace::__rust_begin_short_backtrace::h2f40290710935a8b
[INFO] [stdout]                                at /rustc/df4ca44d3fbc9301ee17f30f4d474e6ae4b05252/library/std/src/sys/backtrace.rs:154:18
[INFO] [stdout]   34:     0x62244307466e - std::thread::Builder::spawn_unchecked_::{{closure}}::{{closure}}::h3fd968d89053a903
[INFO] [stdout]                                at /rustc/df4ca44d3fbc9301ee17f30f4d474e6ae4b05252/library/std/src/thread/mod.rs:541:17
[INFO] [stdout]   35:     0x62244307466e - <core::panic::unwind_safe::AssertUnwindSafe<F> as core::ops::function::FnOnce<()>>::call_once::h743f637ba4229880
[INFO] [stdout]                                at /rustc/df4ca44d3fbc9301ee17f30f4d474e6ae4b05252/library/core/src/panic/unwind_safe.rs:272:9
[INFO] [stdout]   36:     0x62244307466e - std::panicking::try::do_call::h07440897322525a6
[INFO] [stdout]                                at /rustc/df4ca44d3fbc9301ee17f30f4d474e6ae4b05252/library/std/src/panicking.rs:557:40
[INFO] [stdout]   37:     0x62244307466e - std::panicking::try::he5a2e00188156637
[INFO] [stdout]                                at /rustc/df4ca44d3fbc9301ee17f30f4d474e6ae4b05252/library/std/src/panicking.rs:520:19
[INFO] [stdout]   38:     0x62244307466e - std::panic::catch_unwind::hbaf3cae49b3c6433
[INFO] [stdout]                                at /rustc/df4ca44d3fbc9301ee17f30f4d474e6ae4b05252/library/std/src/panic.rs:358:14
[INFO] [stdout]   39:     0x62244307466e - std::thread::Builder::spawn_unchecked_::{{closure}}::h8e141ea224820bce
[INFO] [stdout]                                at /rustc/df4ca44d3fbc9301ee17f30f4d474e6ae4b05252/library/std/src/thread/mod.rs:540:30
[INFO] [stdout]   40:     0x62244307466e - core::ops::function::FnOnce::call_once{{vtable.shim}}::h90d312fedd7b8ea8
[INFO] [stdout]                                at /rustc/df4ca44d3fbc9301ee17f30f4d474e6ae4b05252/library/core/src/ops/function.rs:250:5
[INFO] [stdout]   41:     0x6224430e3e4b - <alloc::boxed::Box<F,A> as core::ops::function::FnOnce<Args>>::call_once::h69aa08ddb6adb8b6
[INFO] [stdout]                                at /rustc/df4ca44d3fbc9301ee17f30f4d474e6ae4b05252/library/alloc/src/boxed.rs:2454:9
[INFO] [stdout]   42:     0x6224430e3e4b - <alloc::boxed::Box<F,A> as core::ops::function::FnOnce<Args>>::call_once::h5aa36efdb79c806f
[INFO] [stdout]                                at /rustc/df4ca44d3fbc9301ee17f30f4d474e6ae4b05252/library/alloc/src/boxed.rs:2454:9
[INFO] [stdout]   43:     0x6224430e3e4b - std::sys::pal::unix::thread::Thread::new::thread_start::h6cd80a1b4be5158d
[INFO] [stdout]                                at /rustc/df4ca44d3fbc9301ee17f30f4d474e6ae4b05252/library/std/src/sys/pal/unix/thread.rs:105:17
[INFO] [stdout]   44:     0x7a4da78afac3 - <unknown>
[INFO] [stdout]   45:     0x7a4da7940a04 - clone
[INFO] [stdout]   46:                0x0 - <unknown>
[INFO] [stdout] 
[INFO] [stdout] 
[INFO] [stdout] failures:
[INFO] [stdout]     tests::transform_mut_m1_to
[INFO] [stdout] 
[INFO] [stdout] test result: FAILED. 21 passed; 1 failed; 0 ignored; 0 measured; 0 filtered out; finished in 0.01s
[INFO] [stdout] 
[INFO] [stderr] error: test failed, to rerun pass `--lib`
[INFO] running `Command { std: "docker" "inspect" "d061715c69435bae6909e72500dfe1070d758a8543688bcbcc63df9aaf0b82bb", kill_on_drop: false }`
[INFO] running `Command { std: "docker" "rm" "-f" "d061715c69435bae6909e72500dfe1070d758a8543688bcbcc63df9aaf0b82bb", kill_on_drop: false }`
[INFO] [stdout] d061715c69435bae6909e72500dfe1070d758a8543688bcbcc63df9aaf0b82bb
