[INFO] fetching crate gemini-engine 0.14.2...
[INFO] testing gemini-engine-0.14.2 against nightly-2024-10-28+rustflags=-Zrandomize-layout for randomize-layout
[INFO] extracting crate gemini-engine 0.14.2 into /workspace/builds/worker-0-tc2/source
[INFO] validating manifest of crates.io crate gemini-engine 0.14.2 on toolchain nightly-2024-10-28
[INFO] running `Command { std: CARGO_HOME="/workspace/cargo-home" RUSTUP_HOME="/workspace/rustup-home" "/workspace/cargo-home/bin/cargo" "+nightly-2024-10-28" "metadata" "--manifest-path" "Cargo.toml" "--no-deps", kill_on_drop: false }`
[INFO] started tweaking crates.io crate gemini-engine 0.14.2
[INFO] finished tweaking crates.io crate gemini-engine 0.14.2
[INFO] tweaked toml for crates.io crate gemini-engine 0.14.2 written to /workspace/builds/worker-0-tc2/source/Cargo.toml
[INFO] crate crates.io crate gemini-engine 0.14.2 already has a lockfile, it will not be regenerated
[INFO] running `Command { std: CARGO_HOME="/workspace/cargo-home" RUSTUP_HOME="/workspace/rustup-home" "/workspace/cargo-home/bin/cargo" "+nightly-2024-10-28" "fetch" "--manifest-path" "Cargo.toml", kill_on_drop: false }`
[INFO] running `Command { std: "docker" "create" "-v" "/var/lib/crater-agent-workspace/builds/worker-0-tc2/target:/opt/rustwide/target:rw,Z" "-v" "/var/lib/crater-agent-workspace/builds/worker-0-tc2/source:/opt/rustwide/workdir:ro,Z" "-v" "/var/lib/crater-agent-workspace/cargo-home:/opt/rustwide/cargo-home:ro,Z" "-v" "/var/lib/crater-agent-workspace/rustup-home:/opt/rustwide/rustup-home:ro,Z" "-e" "SOURCE_DIR=/opt/rustwide/workdir" "-e" "CARGO_TARGET_DIR=/opt/rustwide/target" "-e" "CARGO_HOME=/opt/rustwide/cargo-home" "-e" "RUSTUP_HOME=/opt/rustwide/rustup-home" "-w" "/opt/rustwide/workdir" "-m" "1610612736" "--user" "0:0" "--network" "none" "ghcr.io/rust-lang/crates-build-env/linux@sha256:4a844ea9eb2546a2d2c7022eacef16ef2e8229c7fbb2c7d4d55a9ceca922f72d" "/opt/rustwide/cargo-home/bin/cargo" "+nightly-2024-10-28" "metadata" "--no-deps" "--format-version=1", kill_on_drop: false }`
[INFO] [stdout] 1b6d811d705957e31ba5ab87c0d0150426d5b5667048850660483725740ebf42
[INFO] running `Command { std: "docker" "start" "-a" "1b6d811d705957e31ba5ab87c0d0150426d5b5667048850660483725740ebf42", kill_on_drop: false }`
[INFO] running `Command { std: "docker" "inspect" "1b6d811d705957e31ba5ab87c0d0150426d5b5667048850660483725740ebf42", kill_on_drop: false }`
[INFO] running `Command { std: "docker" "rm" "-f" "1b6d811d705957e31ba5ab87c0d0150426d5b5667048850660483725740ebf42", kill_on_drop: false }`
[INFO] [stdout] 1b6d811d705957e31ba5ab87c0d0150426d5b5667048850660483725740ebf42
[INFO] running `Command { std: "docker" "create" "-v" "/var/lib/crater-agent-workspace/builds/worker-0-tc2/target:/opt/rustwide/target:rw,Z" "-v" "/var/lib/crater-agent-workspace/builds/worker-0-tc2/source:/opt/rustwide/workdir:ro,Z" "-v" "/var/lib/crater-agent-workspace/cargo-home:/opt/rustwide/cargo-home:ro,Z" "-v" "/var/lib/crater-agent-workspace/rustup-home:/opt/rustwide/rustup-home:ro,Z" "-e" "SOURCE_DIR=/opt/rustwide/workdir" "-e" "CARGO_TARGET_DIR=/opt/rustwide/target" "-e" "CARGO_INCREMENTAL=0" "-e" "RUST_BACKTRACE=full" "-e" "RUSTFLAGS=--cap-lints=forbid -Zrandomize-layout" "-e" "RUSTDOCFLAGS=--cap-lints=forbid" "-e" "CARGO_HOME=/opt/rustwide/cargo-home" "-e" "RUSTUP_HOME=/opt/rustwide/rustup-home" "-w" "/opt/rustwide/workdir" "-m" "1610612736" "--user" "0:0" "--network" "none" "ghcr.io/rust-lang/crates-build-env/linux@sha256:4a844ea9eb2546a2d2c7022eacef16ef2e8229c7fbb2c7d4d55a9ceca922f72d" "/opt/rustwide/cargo-home/bin/cargo" "+nightly-2024-10-28" "build" "--frozen" "--message-format=json", kill_on_drop: false }`
[INFO] [stdout] ad2efe452162b7e0b8acde0032a85a1b3d88ff26c2eef4f1980dedc403831839
[INFO] running `Command { std: "docker" "start" "-a" "ad2efe452162b7e0b8acde0032a85a1b3d88ff26c2eef4f1980dedc403831839", kill_on_drop: false }`
[INFO] [stderr]    Compiling rustix v0.38.13
[INFO] [stderr]    Compiling bitflags v2.4.0
[INFO] [stderr]    Compiling linux-raw-sys v0.4.13
[INFO] [stderr]    Compiling terminal_size v0.3.0
[INFO] [stderr]    Compiling gemini-engine v0.14.2 (/opt/rustwide/workdir)
[INFO] [stderr]     Finished `dev` profile [unoptimized + debuginfo] target(s) in 2.30s
[INFO] running `Command { std: "docker" "inspect" "ad2efe452162b7e0b8acde0032a85a1b3d88ff26c2eef4f1980dedc403831839", kill_on_drop: false }`
[INFO] running `Command { std: "docker" "rm" "-f" "ad2efe452162b7e0b8acde0032a85a1b3d88ff26c2eef4f1980dedc403831839", kill_on_drop: false }`
[INFO] [stdout] ad2efe452162b7e0b8acde0032a85a1b3d88ff26c2eef4f1980dedc403831839
[INFO] running `Command { std: "docker" "create" "-v" "/var/lib/crater-agent-workspace/builds/worker-0-tc2/target:/opt/rustwide/target:rw,Z" "-v" "/var/lib/crater-agent-workspace/builds/worker-0-tc2/source:/opt/rustwide/workdir:ro,Z" "-v" "/var/lib/crater-agent-workspace/cargo-home:/opt/rustwide/cargo-home:ro,Z" "-v" "/var/lib/crater-agent-workspace/rustup-home:/opt/rustwide/rustup-home:ro,Z" "-e" "SOURCE_DIR=/opt/rustwide/workdir" "-e" "CARGO_TARGET_DIR=/opt/rustwide/target" "-e" "CARGO_INCREMENTAL=0" "-e" "RUST_BACKTRACE=full" "-e" "RUSTFLAGS=--cap-lints=forbid -Zrandomize-layout" "-e" "RUSTDOCFLAGS=--cap-lints=forbid" "-e" "CARGO_HOME=/opt/rustwide/cargo-home" "-e" "RUSTUP_HOME=/opt/rustwide/rustup-home" "-w" "/opt/rustwide/workdir" "-m" "1610612736" "--user" "0:0" "--network" "none" "ghcr.io/rust-lang/crates-build-env/linux@sha256:4a844ea9eb2546a2d2c7022eacef16ef2e8229c7fbb2c7d4d55a9ceca922f72d" "/opt/rustwide/cargo-home/bin/cargo" "+nightly-2024-10-28" "test" "--frozen" "--no-run" "--message-format=json", kill_on_drop: false }`
[INFO] [stdout] 4e8a3e96062999b66ab58b43af521f8b38caf3bea93892d8d9a8dcae40b2f071
[INFO] running `Command { std: "docker" "start" "-a" "4e8a3e96062999b66ab58b43af521f8b38caf3bea93892d8d9a8dcae40b2f071", kill_on_drop: false }`
[INFO] [stderr]    Compiling gemini-engine v0.14.2 (/opt/rustwide/workdir)
[INFO] [stderr]     Finished `test` profile [unoptimized + debuginfo] target(s) in 1.38s
[INFO] running `Command { std: "docker" "inspect" "4e8a3e96062999b66ab58b43af521f8b38caf3bea93892d8d9a8dcae40b2f071", kill_on_drop: false }`
[INFO] running `Command { std: "docker" "rm" "-f" "4e8a3e96062999b66ab58b43af521f8b38caf3bea93892d8d9a8dcae40b2f071", kill_on_drop: false }`
[INFO] [stdout] 4e8a3e96062999b66ab58b43af521f8b38caf3bea93892d8d9a8dcae40b2f071
[INFO] running `Command { std: "docker" "create" "-v" "/var/lib/crater-agent-workspace/builds/worker-0-tc2/target:/opt/rustwide/target:rw,Z" "-v" "/var/lib/crater-agent-workspace/builds/worker-0-tc2/source:/opt/rustwide/workdir:ro,Z" "-v" "/var/lib/crater-agent-workspace/cargo-home:/opt/rustwide/cargo-home:ro,Z" "-v" "/var/lib/crater-agent-workspace/rustup-home:/opt/rustwide/rustup-home:ro,Z" "-e" "SOURCE_DIR=/opt/rustwide/workdir" "-e" "CARGO_TARGET_DIR=/opt/rustwide/target" "-e" "CARGO_INCREMENTAL=0" "-e" "RUST_BACKTRACE=full" "-e" "RUSTFLAGS=--cap-lints=forbid -Zrandomize-layout" "-e" "RUSTDOCFLAGS=--cap-lints=forbid" "-e" "CARGO_HOME=/opt/rustwide/cargo-home" "-e" "RUSTUP_HOME=/opt/rustwide/rustup-home" "-w" "/opt/rustwide/workdir" "-m" "1610612736" "--user" "0:0" "--network" "none" "ghcr.io/rust-lang/crates-build-env/linux@sha256:4a844ea9eb2546a2d2c7022eacef16ef2e8229c7fbb2c7d4d55a9ceca922f72d" "/opt/rustwide/cargo-home/bin/cargo" "+nightly-2024-10-28" "test" "--frozen", kill_on_drop: false }`
[INFO] [stdout] bcd0272c764ee6a86bc56a9f6511caeedde7bad71796a3daa6adaa5e078baa31
[INFO] running `Command { std: "docker" "start" "-a" "bcd0272c764ee6a86bc56a9f6511caeedde7bad71796a3daa6adaa5e078baa31", kill_on_drop: false }`
[INFO] [stderr]     Finished `test` profile [unoptimized + debuginfo] target(s) in 0.08s
[INFO] [stderr]      Running unittests src/lib.rs (/opt/rustwide/target/debug/deps/gemini_engine-e213b2f720d45585)
[INFO] [stdout] 
[INFO] [stdout] running 4 tests
[INFO] [stdout] test elements::view::pixel::vec2d::tests::negative_vec2 ... ok
[INFO] [stdout] test elements::view::pixel::vec2d::tests::eq_vec2_both ... ok
[INFO] [stdout] test elements::view::pixel::vec2d::tests::eq_vec2_neither ... ok
[INFO] [stdout] test elements::view::pixel::vec2d::tests::eq_vec2_only_one ... ok
[INFO] [stderr]    Doc-tests gemini_engine
[INFO] [stdout] 
[INFO] [stdout] test result: ok. 4 passed; 0 failed; 0 ignored; 0 measured; 0 filtered out; finished in 0.00s
[INFO] [stdout] 
[INFO] [stdout] 
[INFO] [stdout] running 14 tests
[INFO] [stdout] test src/elements.rs - elements (line 5) - compile ... ok
[INFO] [stdout] test src/gameloop.rs - gameloop (line 2) - compile ... ok
[INFO] [stdout] test src/gameloop/macros.rs - gameloop::macros::fps_gameloop (line 29) - compile ... ok
[INFO] [stdout] test src/elements3d.rs - elements3d (line 62) - compile ... ok
[INFO] [stdout] test src/gameloop/with_root.rs - gameloop::with_root::MainLoopRoot::main_loop (line 82) - compile ... ok
[INFO] [stdout] test src/gameloop/macros.rs - gameloop::macros::fps_gameloop (line 49) - compile ... ok
[INFO] [stdout] test src/gameloop/sleep_fps.rs - gameloop::sleep_fps::sleep_fps (line 5) - compile ... ok
[INFO] [stdout] test src/elements3d.rs - elements3d (line 5) - compile ... ok
[INFO] [stdout] test src/elements3d.rs - elements3d (line 84) - compile ... ok
[INFO] [stdout] test src/elements3d.rs - elements3d (line 100) - compile ... ok
[INFO] [stdout] test src/gameloop/macros.rs - gameloop::macros::fps_gameloop (line 2) - compile ... ok
[INFO] [stdout] test src/gameloop/with_root.rs - gameloop::with_root::MainLoopRoot::frame (line 17) ... ok
[INFO] [stdout] test src/gameloop/with_root.rs - gameloop::with_root::MainLoopRoot::render_frame (line 44) ... ok
[INFO] [stdout] test src/elements/view/mod.rs - elements::view::View (line 25) ... FAILED
[INFO] [stdout] 
[INFO] [stdout] failures:
[INFO] [stdout] 
[INFO] [stdout] ---- src/elements/view/mod.rs - elements::view::View (line 25) stdout ----
[INFO] [stdout] Test executable failed (exit status: 101).
[INFO] [stdout] 
[INFO] [stdout] stderr:
[INFO] [stdout] thread 'main' panicked at /rustc/df4ca44d3fbc9301ee17f30f4d474e6ae4b05252/library/std/src/io/mod.rs:1848:21:
[INFO] [stdout] a formatting trait implementation returned an error when the underlying stream did not
[INFO] [stdout] stack backtrace:
[INFO] [stdout]    0:     0x62e2cb42886a - std::backtrace_rs::backtrace::libunwind::trace::h207520d6e9873551
[INFO] [stdout]                                at /rustc/df4ca44d3fbc9301ee17f30f4d474e6ae4b05252/library/std/src/../../backtrace/src/backtrace/libunwind.rs:116:5
[INFO] [stdout]    1:     0x62e2cb42886a - std::backtrace_rs::backtrace::trace_unsynchronized::h2ed7433f370e3eca
[INFO] [stdout]                                at /rustc/df4ca44d3fbc9301ee17f30f4d474e6ae4b05252/library/std/src/../../backtrace/src/backtrace/mod.rs:66:5
[INFO] [stdout]    2:     0x62e2cb42886a - std::sys::backtrace::_print_fmt::h916fac51166b18d7
[INFO] [stdout]                                at /rustc/df4ca44d3fbc9301ee17f30f4d474e6ae4b05252/library/std/src/sys/backtrace.rs:66:9
[INFO] [stdout]    3:     0x62e2cb42886a - <std::sys::backtrace::BacktraceLock::print::DisplayBacktrace as core::fmt::Display>::fmt::ha0a4c9b8ce3802e6
[INFO] [stdout]                                at /rustc/df4ca44d3fbc9301ee17f30f4d474e6ae4b05252/library/std/src/sys/backtrace.rs:39:26
[INFO] [stdout]    4:     0x62e2cb444dd3 - core::fmt::rt::Argument::fmt::h4cfc8587d52b3eb5
[INFO] [stdout]                                at /rustc/df4ca44d3fbc9301ee17f30f4d474e6ae4b05252/library/core/src/fmt/rt.rs:177:76
[INFO] [stdout]    5:     0x62e2cb444dd3 - core::fmt::write::h522cc39e5b36ae9f
[INFO] [stdout]                                at /rustc/df4ca44d3fbc9301ee17f30f4d474e6ae4b05252/library/core/src/fmt/mod.rs:1190:21
[INFO] [stdout]    6:     0x62e2cb4260c3 - std::io::Write::write_fmt::hf1c1dcc8cc1287f0
[INFO] [stdout]                                at /rustc/df4ca44d3fbc9301ee17f30f4d474e6ae4b05252/library/std/src/io/mod.rs:1839:15
[INFO] [stdout]    7:     0x62e2cb4286b2 - std::sys::backtrace::BacktraceLock::print::h4b9e00b29e9c0942
[INFO] [stdout]                                at /rustc/df4ca44d3fbc9301ee17f30f4d474e6ae4b05252/library/std/src/sys/backtrace.rs:42:9
[INFO] [stdout]    8:     0x62e2cb42967c - std::panicking::default_hook::{{closure}}::hb59b88280d0324d9
[INFO] [stdout]                                at /rustc/df4ca44d3fbc9301ee17f30f4d474e6ae4b05252/library/std/src/panicking.rs:268:22
[INFO] [stdout]    9:     0x62e2cb4294c2 - std::panicking::default_hook::he1dd496665be4a29
[INFO] [stdout]                                at /rustc/df4ca44d3fbc9301ee17f30f4d474e6ae4b05252/library/std/src/panicking.rs:295:9
[INFO] [stdout]   10:     0x62e2cb429c77 - std::panicking::rust_panic_with_hook::h2ff17fe8f26dfcf8
[INFO] [stdout]                                at /rustc/df4ca44d3fbc9301ee17f30f4d474e6ae4b05252/library/std/src/panicking.rs:801:13
[INFO] [stdout]   11:     0x62e2cb429ad6 - std::panicking::begin_panic_handler::{{closure}}::h4fad77951c07e101
[INFO] [stdout]                                at /rustc/df4ca44d3fbc9301ee17f30f4d474e6ae4b05252/library/std/src/panicking.rs:667:13
[INFO] [stdout]   12:     0x62e2cb428d49 - std::sys::backtrace::__rust_end_short_backtrace::hb1a25b3da5d0ea08
[INFO] [stdout]                                at /rustc/df4ca44d3fbc9301ee17f30f4d474e6ae4b05252/library/std/src/sys/backtrace.rs:170:18
[INFO] [stdout]   13:     0x62e2cb42979c - rust_begin_unwind
[INFO] [stdout]                                at /rustc/df4ca44d3fbc9301ee17f30f4d474e6ae4b05252/library/std/src/panicking.rs:665:5
[INFO] [stdout]   14:     0x62e2cb443f80 - core::panicking::panic_fmt::ha9db07b529f9b256
[INFO] [stdout]                                at /rustc/df4ca44d3fbc9301ee17f30f4d474e6ae4b05252/library/core/src/panicking.rs:75:14
[INFO] [stdout]   15:     0x62e2cb404cd8 - std::io::Write::write_fmt::ha583f93ed15e1c33
[INFO] [stdout]                                at /rustc/df4ca44d3fbc9301ee17f30f4d474e6ae4b05252/library/std/src/io/mod.rs:1848:21
[INFO] [stdout]   16:     0x62e2cb4012d5 - gemini_engine::elements::view::View::display_render::hb8878900c5c9e901
[INFO] [stdout]                                at /opt/rustwide/workdir/src/elements/view/mod.rs:133:9
[INFO] [stdout]   17:     0x62e2cb3feea8 - rust_out::main::_doctest_main_src_elements_view_mod_rs_25_0::h8d2ce83de0786e66
[INFO] [stdout]   18:     0x62e2cb3fed86 - rust_out::main::ha213a30daa5df4da
[INFO] [stdout]   19:     0x62e2cb3fed63 - core::ops::function::FnOnce::call_once::hf7edf7132571051c
[INFO] [stdout]   20:     0x62e2cb3fed06 - std::sys::backtrace::__rust_begin_short_backtrace::h32fd822fd2ba4079
[INFO] [stdout]   21:     0x62e2cb3fece9 - std::rt::lang_start::{{closure}}::h4039a1c394ed4f7c
[INFO] [stdout]   22:     0x62e2cb423837 - core::ops::function::impls::<impl core::ops::function::FnOnce<A> for &F>::call_once::hd87d66b906e0ccaf
[INFO] [stdout]                                at /rustc/df4ca44d3fbc9301ee17f30f4d474e6ae4b05252/library/core/src/ops/function.rs:284:13
[INFO] [stdout]   23:     0x62e2cb423837 - std::panicking::try::do_call::hae3703de71fc9e3a
[INFO] [stdout]                                at /rustc/df4ca44d3fbc9301ee17f30f4d474e6ae4b05252/library/std/src/panicking.rs:557:40
[INFO] [stdout]   24:     0x62e2cb423837 - std::panicking::try::h1178330e9a2b2645
[INFO] [stdout]                                at /rustc/df4ca44d3fbc9301ee17f30f4d474e6ae4b05252/library/std/src/panicking.rs:520:19
[INFO] [stdout]   25:     0x62e2cb423837 - std::panic::catch_unwind::h0acf49d2305d32ad
[INFO] [stdout]                                at /rustc/df4ca44d3fbc9301ee17f30f4d474e6ae4b05252/library/std/src/panic.rs:358:14
[INFO] [stdout]   26:     0x62e2cb423837 - std::rt::lang_start_internal::{{closure}}::h2d95182d798177be
[INFO] [stdout]                                at /rustc/df4ca44d3fbc9301ee17f30f4d474e6ae4b05252/library/std/src/rt.rs:174:48
[INFO] [stdout]   27:     0x62e2cb423837 - std::panicking::try::do_call::hb506f5bfe11fd30c
[INFO] [stdout]                                at /rustc/df4ca44d3fbc9301ee17f30f4d474e6ae4b05252/library/std/src/panicking.rs:557:40
[INFO] [stdout]   28:     0x62e2cb423837 - std::panicking::try::h54d825c46bd0fa95
[INFO] [stdout]                                at /rustc/df4ca44d3fbc9301ee17f30f4d474e6ae4b05252/library/std/src/panicking.rs:520:19
[INFO] [stdout]   29:     0x62e2cb423837 - std::panic::catch_unwind::hffbb0ad20c4e9fac
[INFO] [stdout]                                at /rustc/df4ca44d3fbc9301ee17f30f4d474e6ae4b05252/library/std/src/panic.rs:358:14
[INFO] [stdout]   30:     0x62e2cb423837 - std::rt::lang_start_internal::h52c291ef1962c925
[INFO] [stdout]                                at /rustc/df4ca44d3fbc9301ee17f30f4d474e6ae4b05252/library/std/src/rt.rs:174:20
[INFO] [stdout]   31:     0x62e2cb3fecc7 - std::rt::lang_start::h8c6075cd6f225ba1
[INFO] [stdout]   32:     0x62e2cb3fefa5 - main
[INFO] [stdout]   33:     0x7a0e3f804d90 - <unknown>
[INFO] [stdout]   34:     0x7a0e3f804e40 - __libc_start_main
[INFO] [stdout]   35:     0x62e2cb3fea85 - _start
[INFO] [stdout]   36:                0x0 - <unknown>
[INFO] [stdout] 
[INFO] [stdout] 
[INFO] [stdout] 
[INFO] [stdout] failures:
[INFO] [stdout]     src/elements/view/mod.rs - elements::view::View (line 25)
[INFO] [stdout] 
[INFO] [stdout] test result: FAILED. 13 passed; 1 failed; 0 ignored; 0 measured; 0 filtered out; finished in 0.27s
[INFO] [stdout] 
[INFO] [stderr] error: doctest failed, to rerun pass `--doc`
[INFO] running `Command { std: "docker" "inspect" "bcd0272c764ee6a86bc56a9f6511caeedde7bad71796a3daa6adaa5e078baa31", kill_on_drop: false }`
[INFO] running `Command { std: "docker" "rm" "-f" "bcd0272c764ee6a86bc56a9f6511caeedde7bad71796a3daa6adaa5e078baa31", kill_on_drop: false }`
[INFO] [stdout] bcd0272c764ee6a86bc56a9f6511caeedde7bad71796a3daa6adaa5e078baa31
