[INFO] fetching crate gemgui 0.4.6...
[INFO] testing gemgui-0.4.6 against nightly-2024-10-28+rustflags=-Zrandomize-layout for randomize-layout
[INFO] extracting crate gemgui 0.4.6 into /workspace/builds/worker-1-tc2/source
[INFO] validating manifest of crates.io crate gemgui 0.4.6 on toolchain nightly-2024-10-28
[INFO] running `Command { std: CARGO_HOME="/workspace/cargo-home" RUSTUP_HOME="/workspace/rustup-home" "/workspace/cargo-home/bin/cargo" "+nightly-2024-10-28" "metadata" "--manifest-path" "Cargo.toml" "--no-deps", kill_on_drop: false }`
[INFO] started tweaking crates.io crate gemgui 0.4.6
[INFO] finished tweaking crates.io crate gemgui 0.4.6
[INFO] tweaked toml for crates.io crate gemgui 0.4.6 written to /workspace/builds/worker-1-tc2/source/Cargo.toml
[INFO] running `Command { std: CARGO_HOME="/workspace/cargo-home" RUSTUP_HOME="/workspace/rustup-home" "/workspace/cargo-home/bin/cargo" "+nightly-2024-10-28" "generate-lockfile" "--manifest-path" "Cargo.toml", kill_on_drop: false }`
[INFO] [stderr]     Updating crates.io index
[INFO] [stderr]      Locking 177 packages to latest compatible versions
[INFO] [stderr]       Adding base64 v0.13.1 (available: v0.22.1)
[INFO] [stderr]       Adding cargo_metadata v0.15.4 (available: v0.18.1)
[INFO] [stderr]       Adding image v0.24.9 (available: v0.25.4)
[INFO] [stderr]       Adding minifier v0.2.3 (available: v0.3.1)
[INFO] [stderr]       Adding serial_test v1.0.0 (available: v3.1.1)
[INFO] [stderr]       Adding which v4.4.2 (available: v7.0.0)
[INFO] running `Command { std: CARGO_HOME="/workspace/cargo-home" RUSTUP_HOME="/workspace/rustup-home" "/workspace/cargo-home/bin/cargo" "+nightly-2024-10-28" "fetch" "--manifest-path" "Cargo.toml", kill_on_drop: false }`
[INFO] running `Command { std: "docker" "create" "-v" "/var/lib/crater-agent-workspace/builds/worker-1-tc2/target:/opt/rustwide/target:rw,Z" "-v" "/var/lib/crater-agent-workspace/builds/worker-1-tc2/source:/opt/rustwide/workdir:ro,Z" "-v" "/var/lib/crater-agent-workspace/cargo-home:/opt/rustwide/cargo-home:ro,Z" "-v" "/var/lib/crater-agent-workspace/rustup-home:/opt/rustwide/rustup-home:ro,Z" "-e" "SOURCE_DIR=/opt/rustwide/workdir" "-e" "CARGO_TARGET_DIR=/opt/rustwide/target" "-e" "CARGO_HOME=/opt/rustwide/cargo-home" "-e" "RUSTUP_HOME=/opt/rustwide/rustup-home" "-w" "/opt/rustwide/workdir" "-m" "1610612736" "--user" "0:0" "--network" "none" "ghcr.io/rust-lang/crates-build-env/linux@sha256:4a844ea9eb2546a2d2c7022eacef16ef2e8229c7fbb2c7d4d55a9ceca922f72d" "/opt/rustwide/cargo-home/bin/cargo" "+nightly-2024-10-28" "metadata" "--no-deps" "--format-version=1", kill_on_drop: false }`
[INFO] [stdout] be21ccac12355b7fcb14d90f86e8800ad93f32e345a6c91d4d69d4c2f2c9ddb7
[INFO] running `Command { std: "docker" "start" "-a" "be21ccac12355b7fcb14d90f86e8800ad93f32e345a6c91d4d69d4c2f2c9ddb7", kill_on_drop: false }`
[INFO] running `Command { std: "docker" "inspect" "be21ccac12355b7fcb14d90f86e8800ad93f32e345a6c91d4d69d4c2f2c9ddb7", kill_on_drop: false }`
[INFO] running `Command { std: "docker" "rm" "-f" "be21ccac12355b7fcb14d90f86e8800ad93f32e345a6c91d4d69d4c2f2c9ddb7", kill_on_drop: false }`
[INFO] [stdout] be21ccac12355b7fcb14d90f86e8800ad93f32e345a6c91d4d69d4c2f2c9ddb7
[INFO] running `Command { std: "docker" "create" "-v" "/var/lib/crater-agent-workspace/builds/worker-1-tc2/target:/opt/rustwide/target:rw,Z" "-v" "/var/lib/crater-agent-workspace/builds/worker-1-tc2/source:/opt/rustwide/workdir:ro,Z" "-v" "/var/lib/crater-agent-workspace/cargo-home:/opt/rustwide/cargo-home:ro,Z" "-v" "/var/lib/crater-agent-workspace/rustup-home:/opt/rustwide/rustup-home:ro,Z" "-e" "SOURCE_DIR=/opt/rustwide/workdir" "-e" "CARGO_TARGET_DIR=/opt/rustwide/target" "-e" "CARGO_INCREMENTAL=0" "-e" "RUST_BACKTRACE=full" "-e" "RUSTFLAGS=--cap-lints=forbid -Zrandomize-layout" "-e" "RUSTDOCFLAGS=--cap-lints=forbid" "-e" "CARGO_HOME=/opt/rustwide/cargo-home" "-e" "RUSTUP_HOME=/opt/rustwide/rustup-home" "-w" "/opt/rustwide/workdir" "-m" "1610612736" "--user" "0:0" "--network" "none" "ghcr.io/rust-lang/crates-build-env/linux@sha256:4a844ea9eb2546a2d2c7022eacef16ef2e8229c7fbb2c7d4d55a9ceca922f72d" "/opt/rustwide/cargo-home/bin/cargo" "+nightly-2024-10-28" "build" "--frozen" "--message-format=json", kill_on_drop: false }`
[INFO] [stdout] a26f967fa97f7bad3c67b0d863b52a0fe4516b52774355488fcd832f2bf64913
[INFO] running `Command { std: "docker" "start" "-a" "a26f967fa97f7bad3c67b0d863b52a0fe4516b52774355488fcd832f2bf64913", kill_on_drop: false }`
[INFO] [stderr]    Compiling libc v0.2.161
[INFO] [stderr]    Compiling version_check v0.9.5
[INFO] [stderr]    Compiling bytes v1.8.0
[INFO] [stderr]    Compiling typenum v1.17.0
[INFO] [stderr]    Compiling byteorder v1.5.0
[INFO] [stderr]    Compiling futures-core v0.3.31
[INFO] [stderr]    Compiling crossbeam-utils v0.8.20
[INFO] [stderr]    Compiling smallvec v1.13.2
[INFO] [stderr]    Compiling futures-sink v0.3.31
[INFO] [stderr]    Compiling lock_api v0.4.12
[INFO] [stderr]    Compiling parking_lot_core v0.9.10
[INFO] [stderr]    Compiling thiserror v1.0.66
[INFO] [stderr]    Compiling simd-adler32 v0.3.7
[INFO] [stderr]    Compiling syn v2.0.86
[INFO] [stderr]    Compiling tinyvec_macros v0.1.1
[INFO] [stderr]    Compiling httparse v1.9.5
[INFO] [stderr]    Compiling rayon-core v1.12.1
[INFO] [stderr]    Compiling tinyvec v1.8.0
[INFO] [stderr]    Compiling futures-channel v0.3.31
[INFO] [stderr]    Compiling serde_json v1.0.132
[INFO] [stderr]    Compiling percent-encoding v2.3.1
[INFO] [stderr]    Compiling adler2 v2.0.0
[INFO] [stderr]    Compiling unicode-bidi v0.3.17
[INFO] [stderr]    Compiling cpufeatures v0.2.14
[INFO] [stderr]    Compiling either v1.13.0
[INFO] [stderr]    Compiling miniz_oxide v0.8.0
[INFO] [stderr]    Compiling semver v1.0.23
[INFO] [stderr]    Compiling camino v1.1.9
[INFO] [stderr]    Compiling generic-array v0.14.7
[INFO] [stderr]    Compiling form_urlencoded v1.2.1
[INFO] [stderr]    Compiling aho-corasick v1.1.3
[INFO] [stderr]    Compiling crc32fast v1.4.2
[INFO] [stderr]    Compiling hashbrown v0.15.0
[INFO] [stderr]    Compiling mime v0.3.17
[INFO] [stderr]    Compiling regex-syntax v0.8.5
[INFO] [stderr]    Compiling unicase v2.8.0
[INFO] [stderr]    Compiling equivalent v1.0.1
[INFO] [stderr]    Compiling siphasher v0.3.11
[INFO] [stderr]    Compiling tracing v0.1.40
[INFO] [stderr]    Compiling http v0.2.12
[INFO] [stderr]    Compiling crossbeam-epoch v0.9.18
[INFO] [stderr]    Compiling unicode-normalization v0.1.24
[INFO] [stderr]    Compiling mime_guess v2.0.5
[INFO] [stderr]    Compiling phf_shared v0.11.2
[INFO] [stderr]    Compiling http v1.1.0
[INFO] [stderr]    Compiling multer v2.1.0
[INFO] [stderr]    Compiling num-traits v0.2.19
[INFO] [stderr]    Compiling crossbeam-deque v0.8.5
[INFO] [stderr]    Compiling flate2 v1.0.34
[INFO] [stderr]    Compiling data-encoding v2.6.0
[INFO] [stderr]    Compiling rustix v0.38.38
[INFO] [stderr]    Compiling httpdate v1.0.3
[INFO] [stderr]    Compiling indexmap v2.6.0
[INFO] [stderr]    Compiling idna v0.5.0
[INFO] [stderr]    Compiling utf-8 v0.7.6
[INFO] [stderr]    Compiling try-lock v0.2.5
[INFO] [stderr]    Compiling weezl v0.1.8
[INFO] [stderr]    Compiling want v0.3.1
[INFO] [stderr]    Compiling rayon v1.10.0
[INFO] [stderr]    Compiling block-buffer v0.10.4
[INFO] [stderr]    Compiling crypto-common v0.1.6
[INFO] [stderr]    Compiling zune-inflate v0.2.54
[INFO] [stderr]    Compiling digest v0.10.7
[INFO] [stderr]    Compiling fdeflate v0.3.6
[INFO] [stderr]    Compiling url v2.5.2
[INFO] [stderr]    Compiling getrandom v0.2.15
[INFO] [stderr]    Compiling mio v1.0.2
[INFO] [stderr]    Compiling rand_core v0.6.4
[INFO] [stderr]    Compiling signal-hook-registry v1.4.2
[INFO] [stderr]    Compiling socket2 v0.5.7
[INFO] [stderr]    Compiling parking_lot v0.12.3
[INFO] [stderr]    Compiling sha1 v0.10.6
[INFO] [stderr]    Compiling http-body v0.4.6
[INFO] [stderr]    Compiling headers-core v0.2.0
[INFO] [stderr]    Compiling substring v1.4.5
[INFO] [stderr]    Compiling half v2.4.1
[INFO] [stderr]    Compiling encoding_rs v0.8.35
[INFO] [stderr]    Compiling bytemuck v1.19.0
[INFO] [stderr]    Compiling lebe v0.5.2
[INFO] [stderr]    Compiling base64 v0.13.1
[INFO] [stderr]    Compiling tower-service v0.3.3
[INFO] [stderr]    Compiling minifier v0.2.3
[INFO] [stderr]    Compiling spin v0.9.8
[INFO] [stderr]    Compiling regex-automata v0.4.8
[INFO] [stderr]    Compiling bitflags v2.6.0
[INFO] [stderr]    Compiling bit_field v0.10.2
[INFO] [stderr]    Compiling linux-raw-sys v0.4.14
[INFO] [stderr]    Compiling base64 v0.21.7
[INFO] [stderr]    Compiling gif v0.13.1
[INFO] [stderr]    Compiling exr v1.73.0
[INFO] [stderr]    Compiling qoi v0.4.1
[INFO] [stderr]    Compiling png v0.17.14
[INFO] [stderr]    Compiling home v0.5.9
[INFO] [stderr]    Compiling headers v0.3.9
[INFO] [stderr]    Compiling scoped-tls v1.0.1
[INFO] [stderr]    Compiling dyn-clone v1.0.17
[INFO] [stderr]    Compiling port_scanner v0.1.5
[INFO] [stderr]    Compiling color-name v1.1.0
[INFO] [stderr]    Compiling serde_derive v1.0.214
[INFO] [stderr]    Compiling zerocopy-derive v0.7.35
[INFO] [stderr]    Compiling futures-macro v0.3.31
[INFO] [stderr]    Compiling thiserror-impl v1.0.66
[INFO] [stderr]    Compiling tokio-macros v2.4.0
[INFO] [stderr]    Compiling pin-project-internal v1.1.7
[INFO] [stderr]    Compiling jpeg-decoder v0.3.1
[INFO] [stderr]    Compiling zerocopy v0.7.35
[INFO] [stderr]    Compiling tokio v1.41.0
[INFO] [stderr]    Compiling pin-project v1.1.7
[INFO] [stderr]    Compiling futures-util v0.3.31
[INFO] [stderr]    Compiling tiff v0.9.1
[INFO] [stderr]    Compiling regex v1.11.1
[INFO] [stderr]    Compiling ppv-lite86 v0.2.20
[INFO] [stderr]    Compiling which v4.4.2
[INFO] [stderr]    Compiling rand_chacha v0.3.1
[INFO] [stderr]    Compiling rand v0.8.5
[INFO] [stderr]    Compiling image v0.24.9
[INFO] [stderr]    Compiling tungstenite v0.21.0
[INFO] [stderr]    Compiling phf_generator v0.11.2
[INFO] [stderr]    Compiling phf_macros v0.11.2
[INFO] [stderr]    Compiling serde v1.0.214
[INFO] [stderr]    Compiling phf v0.11.2
[INFO] [stderr]    Compiling futures-executor v0.3.31
[INFO] [stderr]    Compiling futures v0.3.31
[INFO] [stderr]    Compiling cargo-platform v0.1.8
[INFO] [stderr]    Compiling serde_urlencoded v0.7.1
[INFO] [stderr]    Compiling tokio-util v0.7.12
[INFO] [stderr]    Compiling tokio-tungstenite v0.21.0
[INFO] [stderr]    Compiling h2 v0.3.26
[INFO] [stderr]    Compiling cargo_metadata v0.15.4
[INFO] [stderr]    Compiling gemgui v0.4.6 (/opt/rustwide/workdir)
[INFO] [stderr]    Compiling hyper v0.14.31
[INFO] [stderr]    Compiling warp v0.3.7
[INFO] [stdout] warning: unexpected `cfg` condition value: `unix`
[INFO] [stdout]  --> src/ui/utils.rs:8:13
[INFO] [stdout]   |
[INFO] [stdout] 8 |     if cfg!(target_os = "unix") || cfg!(target_os = "linux") {
[INFO] [stdout]   |             ^^^^^^^^^^^^^^^^^^
[INFO] [stdout]   |
[INFO] [stdout]   = note: expected values for `target_os` are: `aix`, `android`, `cuda`, `dragonfly`, `emscripten`, `espidf`, `freebsd`, `fuchsia`, `haiku`, `hermit`, `horizon`, `hurd`, `illumos`, `ios`, `l4re`, `linux`, `macos`, `netbsd`, `none`, `nto`, `nuttx`, `openbsd`, `psp`, `redox`, `rtems`, `solaris`, `solid_asp3`, `teeos`, `trusty`, `tvos`, `uefi`, `unknown`, `visionos`, `vita`, and `vxworks` and 5 more
[INFO] [stdout]   = note: see <https://doc.rust-lang.org/nightly/rustc/check-cfg/cargo-specifics.html> for more information about checking conditional configuration
[INFO] [stdout]   = note: `#[warn(unexpected_cfgs)]` on by default
[INFO] [stdout] 
[INFO] [stdout] 
[INFO] [stderr]     Finished `dev` profile [unoptimized + debuginfo] target(s) in 35.54s
[INFO] running `Command { std: "docker" "inspect" "a26f967fa97f7bad3c67b0d863b52a0fe4516b52774355488fcd832f2bf64913", kill_on_drop: false }`
[INFO] running `Command { std: "docker" "rm" "-f" "a26f967fa97f7bad3c67b0d863b52a0fe4516b52774355488fcd832f2bf64913", kill_on_drop: false }`
[INFO] [stdout] a26f967fa97f7bad3c67b0d863b52a0fe4516b52774355488fcd832f2bf64913
[INFO] running `Command { std: "docker" "create" "-v" "/var/lib/crater-agent-workspace/builds/worker-1-tc2/target:/opt/rustwide/target:rw,Z" "-v" "/var/lib/crater-agent-workspace/builds/worker-1-tc2/source:/opt/rustwide/workdir:ro,Z" "-v" "/var/lib/crater-agent-workspace/cargo-home:/opt/rustwide/cargo-home:ro,Z" "-v" "/var/lib/crater-agent-workspace/rustup-home:/opt/rustwide/rustup-home:ro,Z" "-e" "SOURCE_DIR=/opt/rustwide/workdir" "-e" "CARGO_TARGET_DIR=/opt/rustwide/target" "-e" "CARGO_INCREMENTAL=0" "-e" "RUST_BACKTRACE=full" "-e" "RUSTFLAGS=--cap-lints=forbid -Zrandomize-layout" "-e" "RUSTDOCFLAGS=--cap-lints=forbid" "-e" "CARGO_HOME=/opt/rustwide/cargo-home" "-e" "RUSTUP_HOME=/opt/rustwide/rustup-home" "-w" "/opt/rustwide/workdir" "-m" "1610612736" "--user" "0:0" "--network" "none" "ghcr.io/rust-lang/crates-build-env/linux@sha256:4a844ea9eb2546a2d2c7022eacef16ef2e8229c7fbb2c7d4d55a9ceca922f72d" "/opt/rustwide/cargo-home/bin/cargo" "+nightly-2024-10-28" "test" "--frozen" "--no-run" "--message-format=json", kill_on_drop: false }`
[INFO] [stdout] fa03072ed459c7fdbd1dfc7640ee543bad3ebcebf29b975e25a7b44834d52146
[INFO] running `Command { std: "docker" "start" "-a" "fa03072ed459c7fdbd1dfc7640ee543bad3ebcebf29b975e25a7b44834d52146", kill_on_drop: false }`
[INFO] [stderr]    Compiling syn v1.0.109
[INFO] [stderr]    Compiling hashbrown v0.14.5
[INFO] [stdout] warning: unexpected `cfg` condition value: `unix`
[INFO] [stdout]  --> src/ui/utils.rs:8:13
[INFO] [stdout]   |
[INFO] [stdout] 8 |     if cfg!(target_os = "unix") || cfg!(target_os = "linux") {
[INFO] [stdout]   |             ^^^^^^^^^^^^^^^^^^
[INFO] [stdout]   |
[INFO] [stdout]   = note: expected values for `target_os` are: `aix`, `android`, `cuda`, `dragonfly`, `emscripten`, `espidf`, `freebsd`, `fuchsia`, `haiku`, `hermit`, `horizon`, `hurd`, `illumos`, `ios`, `l4re`, `linux`, `macos`, `netbsd`, `none`, `nto`, `nuttx`, `openbsd`, `psp`, `redox`, `rtems`, `solaris`, `solid_asp3`, `teeos`, `trusty`, `tvos`, `uefi`, `unknown`, `visionos`, `vita`, and `vxworks` and 5 more
[INFO] [stdout]   = note: see <https://doc.rust-lang.org/nightly/rustc/check-cfg/cargo-specifics.html> for more information about checking conditional configuration
[INFO] [stdout]   = note: `#[warn(unexpected_cfgs)]` on by default
[INFO] [stdout] 
[INFO] [stdout] 
[INFO] [stderr]    Compiling dashmap v5.5.3
[INFO] [stderr]    Compiling serial_test_derive v1.0.0
[INFO] [stderr]    Compiling serial_test v1.0.0
[INFO] [stderr]    Compiling gemgui v0.4.6 (/opt/rustwide/workdir)
[INFO] [stdout] warning: unexpected `cfg` condition value: `unix`
[INFO] [stdout]   --> tests/chrome.rs:55:13
[INFO] [stdout]    |
[INFO] [stdout] 55 |     if cfg!(target_os = "unix") || cfg!(target_os = "linux")  {
[INFO] [stdout]    |             ^^^^^^^^^^^^^^^^^^
[INFO] [stdout]    |
[INFO] [stdout]    = note: expected values for `target_os` are: `aix`, `android`, `cuda`, `dragonfly`, `emscripten`, `espidf`, `freebsd`, `fuchsia`, `haiku`, `hermit`, `horizon`, `hurd`, `illumos`, `ios`, `l4re`, `linux`, `macos`, `netbsd`, `none`, `nto`, `nuttx`, `openbsd`, `psp`, `redox`, `rtems`, `solaris`, `solid_asp3`, `teeos`, `trusty`, `tvos`, `uefi`, `unknown`, `visionos`, `vita`, and `vxworks` and 5 more
[INFO] [stdout]    = note: see <https://doc.rust-lang.org/nightly/rustc/check-cfg/cargo-specifics.html> for more information about checking conditional configuration
[INFO] [stdout]    = note: `#[warn(unexpected_cfgs)]` on by default
[INFO] [stdout] 
[INFO] [stdout] 
[INFO] [stdout] warning: unexpected `cfg` condition value: `unix`
[INFO] [stdout]   --> tests/./chrome.rs:55:13
[INFO] [stdout]    |
[INFO] [stdout] 55 |     if cfg!(target_os = "unix") || cfg!(target_os = "linux")  {
[INFO] [stdout]    |             ^^^^^^^^^^^^^^^^^^
[INFO] [stdout]    |
[INFO] [stdout]    = note: expected values for `target_os` are: `aix`, `android`, `cuda`, `dragonfly`, `emscripten`, `espidf`, `freebsd`, `fuchsia`, `haiku`, `hermit`, `horizon`, `hurd`, `illumos`, `ios`, `l4re`, `linux`, `macos`, `netbsd`, `none`, `nto`, `nuttx`, `openbsd`, `psp`, `redox`, `rtems`, `solaris`, `solid_asp3`, `teeos`, `trusty`, `tvos`, `uefi`, `unknown`, `visionos`, `vita`, and `vxworks` and 5 more
[INFO] [stdout]    = note: see <https://doc.rust-lang.org/nightly/rustc/check-cfg/cargo-specifics.html> for more information about checking conditional configuration
[INFO] [stdout]    = note: `#[warn(unexpected_cfgs)]` on by default
[INFO] [stdout] 
[INFO] [stdout] 
[INFO] [stdout] warning: unexpected `cfg` condition value: `unix`
[INFO] [stdout]   --> tests/./chrome.rs:55:13
[INFO] [stdout]    |
[INFO] [stdout] 55 |     if cfg!(target_os = "unix") || cfg!(target_os = "linux")  {
[INFO] [stdout]    |             ^^^^^^^^^^^^^^^^^^
[INFO] [stdout]    |
[INFO] [stdout]    = note: expected values for `target_os` are: `aix`, `android`, `cuda`, `dragonfly`, `emscripten`, `espidf`, `freebsd`, `fuchsia`, `haiku`, `hermit`, `horizon`, `hurd`, `illumos`, `ios`, `l4re`, `linux`, `macos`, `netbsd`, `none`, `nto`, `nuttx`, `openbsd`, `psp`, `redox`, `rtems`, `solaris`, `solid_asp3`, `teeos`, `trusty`, `tvos`, `uefi`, `unknown`, `visionos`, `vita`, and `vxworks` and 5 more
[INFO] [stdout]    = note: see <https://doc.rust-lang.org/nightly/rustc/check-cfg/cargo-specifics.html> for more information about checking conditional configuration
[INFO] [stdout]    = note: `#[warn(unexpected_cfgs)]` on by default
[INFO] [stdout] 
[INFO] [stdout] 
[INFO] [stdout] warning: unexpected `cfg` condition value: `unix`
[INFO] [stdout]  --> src/ui/utils.rs:8:13
[INFO] [stdout]   |
[INFO] [stdout] 8 |     if cfg!(target_os = "unix") || cfg!(target_os = "linux") {
[INFO] [stdout]   |             ^^^^^^^^^^^^^^^^^^
[INFO] [stdout]   |
[INFO] [stdout]   = note: expected values for `target_os` are: `aix`, `android`, `cuda`, `dragonfly`, `emscripten`, `espidf`, `freebsd`, `fuchsia`, `haiku`, `hermit`, `horizon`, `hurd`, `illumos`, `ios`, `l4re`, `linux`, `macos`, `netbsd`, `none`, `nto`, `nuttx`, `openbsd`, `psp`, `redox`, `rtems`, `solaris`, `solid_asp3`, `teeos`, `trusty`, `tvos`, `uefi`, `unknown`, `visionos`, `vita`, and `vxworks` and 5 more
[INFO] [stdout]   = note: see <https://doc.rust-lang.org/nightly/rustc/check-cfg/cargo-specifics.html> for more information about checking conditional configuration
[INFO] [stdout]   = note: `#[warn(unexpected_cfgs)]` on by default
[INFO] [stdout] 
[INFO] [stdout] 
[INFO] [stdout] warning: unexpected `cfg` condition value: `unix`
[INFO] [stdout]   --> tests/./chrome.rs:55:13
[INFO] [stdout]    |
[INFO] [stdout] 55 |     if cfg!(target_os = "unix") || cfg!(target_os = "linux")  {
[INFO] [stdout]    |             ^^^^^^^^^^^^^^^^^^
[INFO] [stdout]    |
[INFO] [stdout]    = note: expected values for `target_os` are: `aix`, `android`, `cuda`, `dragonfly`, `emscripten`, `espidf`, `freebsd`, `fuchsia`, `haiku`, `hermit`, `horizon`, `hurd`, `illumos`, `ios`, `l4re`, `linux`, `macos`, `netbsd`, `none`, `nto`, `nuttx`, `openbsd`, `psp`, `redox`, `rtems`, `solaris`, `solid_asp3`, `teeos`, `trusty`, `tvos`, `uefi`, `unknown`, `visionos`, `vita`, and `vxworks` and 5 more
[INFO] [stdout]    = note: see <https://doc.rust-lang.org/nightly/rustc/check-cfg/cargo-specifics.html> for more information about checking conditional configuration
[INFO] [stdout]    = note: `#[warn(unexpected_cfgs)]` on by default
[INFO] [stdout] 
[INFO] [stdout] 
[INFO] [stdout] warning: creating a shared reference to mutable static is discouraged
[INFO] [stdout]    --> tests/test_core.rs:158:30
[INFO] [stdout]     |
[INFO] [stdout] 158 |     unsafe {assert_eq!(ttid, TID, "we are testing addition with {} and {}", ttid, TID)};
[INFO] [stdout]     |                              ^^^ shared reference to mutable static
[INFO] [stdout]     |
[INFO] [stdout]     = note: for more information, see <https://doc.rust-lang.org/nightly/edition-guide/rust-2024/static-mut-references.html>
[INFO] [stdout]     = note: shared references to mutable statics are dangerous; it's undefined behavior if the static is mutated or if a mutable reference is created for it while the shared reference lives
[INFO] [stdout]     = note: `#[warn(static_mut_refs)]` on by default
[INFO] [stdout] 
[INFO] [stdout] 
[INFO] [stdout] warning: creating a shared reference to mutable static is discouraged
[INFO] [stdout]    --> tests/test_core.rs:158:83
[INFO] [stdout]     |
[INFO] [stdout] 158 |     unsafe {assert_eq!(ttid, TID, "we are testing addition with {} and {}", ttid, TID)};
[INFO] [stdout]     |                                                                                   ^^^ shared reference to mutable static
[INFO] [stdout]     |
[INFO] [stdout]     = note: for more information, see <https://doc.rust-lang.org/nightly/edition-guide/rust-2024/static-mut-references.html>
[INFO] [stdout]     = note: shared references to mutable statics are dangerous; it's undefined behavior if the static is mutated or if a mutable reference is created for it while the shared reference lives
[INFO] [stdout] 
[INFO] [stdout] 
[INFO] [stdout] warning: creating a shared reference to mutable static is discouraged
[INFO] [stdout]    --> tests/test_core.rs:172:30
[INFO] [stdout]     |
[INFO] [stdout] 172 |     unsafe {assert_eq!(ttid, TID,"we are testing addition with {} and {}", ttid, TID)};
[INFO] [stdout]     |                              ^^^ shared reference to mutable static
[INFO] [stdout]     |
[INFO] [stdout]     = note: for more information, see <https://doc.rust-lang.org/nightly/edition-guide/rust-2024/static-mut-references.html>
[INFO] [stdout]     = note: shared references to mutable statics are dangerous; it's undefined behavior if the static is mutated or if a mutable reference is created for it while the shared reference lives
[INFO] [stdout] 
[INFO] [stdout] 
[INFO] [stdout] warning: creating a shared reference to mutable static is discouraged
[INFO] [stdout]    --> tests/test_core.rs:172:82
[INFO] [stdout]     |
[INFO] [stdout] 172 |     unsafe {assert_eq!(ttid, TID,"we are testing addition with {} and {}", ttid, TID)};
[INFO] [stdout]     |                                                                                  ^^^ shared reference to mutable static
[INFO] [stdout]     |
[INFO] [stdout]     = note: for more information, see <https://doc.rust-lang.org/nightly/edition-guide/rust-2024/static-mut-references.html>
[INFO] [stdout]     = note: shared references to mutable statics are dangerous; it's undefined behavior if the static is mutated or if a mutable reference is created for it while the shared reference lives
[INFO] [stdout] 
[INFO] [stdout] 
[INFO] [stdout] warning: creating a shared reference to mutable static is discouraged
[INFO] [stdout]    --> tests/test_core.rs:192:23
[INFO] [stdout]     |
[INFO] [stdout] 192 |     unsafe{assert_eq!(COUNTER, 100)};
[INFO] [stdout]     |                       ^^^^^^^ shared reference to mutable static
[INFO] [stdout]     |
[INFO] [stdout]     = note: for more information, see <https://doc.rust-lang.org/nightly/edition-guide/rust-2024/static-mut-references.html>
[INFO] [stdout]     = note: shared references to mutable statics are dangerous; it's undefined behavior if the static is mutated or if a mutable reference is created for it while the shared reference lives
[INFO] [stdout] 
[INFO] [stdout] 
[INFO] [stdout] warning: creating a shared reference to mutable static is discouraged
[INFO] [stdout]    --> tests/test_core.rs:309:77
[INFO] [stdout]     |
[INFO] [stdout] 309 |             assert!(COUNTER <= 15, "Wrong timer - {} >= 15 - too much off", &COUNTER);
[INFO] [stdout]     |                                                                             ^^^^^^^^ shared reference to mutable static
[INFO] [stdout]     |
[INFO] [stdout]     = note: for more information, see <https://doc.rust-lang.org/nightly/edition-guide/rust-2024/static-mut-references.html>
[INFO] [stdout]     = note: shared references to mutable statics are dangerous; it's undefined behavior if the static is mutated or if a mutable reference is created for it while the shared reference lives
[INFO] [stdout] help: use `&raw const` instead to create a raw pointer
[INFO] [stdout]     |
[INFO] [stdout] 309 |             assert!(COUNTER <= 15, "Wrong timer - {} >= 15 - too much off", &raw const COUNTER);
[INFO] [stdout]     |                                                                             ~~~~~~~~~~
[INFO] [stdout] 
[INFO] [stdout] 
[INFO] [stdout] warning: creating a shared reference to mutable static is discouraged
[INFO] [stdout]    --> tests/test_core.rs:745:35
[INFO] [stdout]     |
[INFO] [stdout] 745 |     unsafe{assert!(VISITS == 3, "{VISITS} != 3")};
[INFO] [stdout]     |                                   ^^^^^^ shared reference to mutable static
[INFO] [stdout]     |
[INFO] [stdout]     = note: for more information, see <https://doc.rust-lang.org/nightly/edition-guide/rust-2024/static-mut-references.html>
[INFO] [stdout]     = note: shared references to mutable statics are dangerous; it's undefined behavior if the static is mutated or if a mutable reference is created for it while the shared reference lives
[INFO] [stdout] 
[INFO] [stdout] 
[INFO] [stdout] warning: call to `.clone()` on a reference in this situation does nothing
[INFO] [stdout]    --> tests/test_core.rs:770:25
[INFO] [stdout]     |
[INFO] [stdout] 770 |         let id = el.id().clone();
[INFO] [stdout]     |                         ^^^^^^^^ help: remove this redundant call
[INFO] [stdout]     |
[INFO] [stdout]     = note: the type `str` does not implement `Clone`, so calling `clone` on `&str` copies the reference, which does not do anything and can be removed
[INFO] [stdout]     = note: `#[warn(noop_method_call)]` on by default
[INFO] [stdout] 
[INFO] [stdout] 
[INFO] [stdout] warning: call to `.clone()` on a reference in this situation does nothing
[INFO] [stdout]    --> tests/test_core.rs:784:29
[INFO] [stdout]     |
[INFO] [stdout] 784 |             let id = el.id().clone();
[INFO] [stdout]     |                             ^^^^^^^^ help: remove this redundant call
[INFO] [stdout]     |
[INFO] [stdout]     = note: the type `str` does not implement `Clone`, so calling `clone` on `&str` copies the reference, which does not do anything and can be removed
[INFO] [stdout] 
[INFO] [stdout] 
[INFO] [stderr]     Finished `test` profile [unoptimized + debuginfo] target(s) in 14.40s
[INFO] running `Command { std: "docker" "inspect" "fa03072ed459c7fdbd1dfc7640ee543bad3ebcebf29b975e25a7b44834d52146", kill_on_drop: false }`
[INFO] running `Command { std: "docker" "rm" "-f" "fa03072ed459c7fdbd1dfc7640ee543bad3ebcebf29b975e25a7b44834d52146", kill_on_drop: false }`
[INFO] [stdout] fa03072ed459c7fdbd1dfc7640ee543bad3ebcebf29b975e25a7b44834d52146
[INFO] running `Command { std: "docker" "create" "-v" "/var/lib/crater-agent-workspace/builds/worker-1-tc2/target:/opt/rustwide/target:rw,Z" "-v" "/var/lib/crater-agent-workspace/builds/worker-1-tc2/source:/opt/rustwide/workdir:ro,Z" "-v" "/var/lib/crater-agent-workspace/cargo-home:/opt/rustwide/cargo-home:ro,Z" "-v" "/var/lib/crater-agent-workspace/rustup-home:/opt/rustwide/rustup-home:ro,Z" "-e" "SOURCE_DIR=/opt/rustwide/workdir" "-e" "CARGO_TARGET_DIR=/opt/rustwide/target" "-e" "CARGO_INCREMENTAL=0" "-e" "RUST_BACKTRACE=full" "-e" "RUSTFLAGS=--cap-lints=forbid -Zrandomize-layout" "-e" "RUSTDOCFLAGS=--cap-lints=forbid" "-e" "CARGO_HOME=/opt/rustwide/cargo-home" "-e" "RUSTUP_HOME=/opt/rustwide/rustup-home" "-w" "/opt/rustwide/workdir" "-m" "1610612736" "--user" "0:0" "--network" "none" "ghcr.io/rust-lang/crates-build-env/linux@sha256:4a844ea9eb2546a2d2c7022eacef16ef2e8229c7fbb2c7d4d55a9ceca922f72d" "/opt/rustwide/cargo-home/bin/cargo" "+nightly-2024-10-28" "test" "--frozen", kill_on_drop: false }`
[INFO] [stdout] 07f6a51c99d26bb8db1d16df5b89a8f45c106e7ffdb3a713a1218c2c174d84fb
[INFO] running `Command { std: "docker" "start" "-a" "07f6a51c99d26bb8db1d16df5b89a8f45c106e7ffdb3a713a1218c2c174d84fb", kill_on_drop: false }`
[INFO] [stderr] warning: unexpected `cfg` condition value: `unix`
[INFO] [stderr]  --> src/ui/utils.rs:8:13
[INFO] [stderr]   |
[INFO] [stderr] 8 |     if cfg!(target_os = "unix") || cfg!(target_os = "linux") {
[INFO] [stderr]   |             ^^^^^^^^^^^^^^^^^^
[INFO] [stderr]   |
[INFO] [stderr]   = note: expected values for `target_os` are: `aix`, `android`, `cuda`, `dragonfly`, `emscripten`, `espidf`, `freebsd`, `fuchsia`, `haiku`, `hermit`, `horizon`, `hurd`, `illumos`, `ios`, `l4re`, `linux`, `macos`, `netbsd`, `none`, `nto`, `nuttx`, `openbsd`, `psp`, `redox`, `rtems`, `solaris`, `solid_asp3`, `teeos`, `trusty`, `tvos`, `uefi`, `unknown`, `visionos`, `vita`, and `vxworks` and 5 more
[INFO] [stderr]   = note: see <https://doc.rust-lang.org/nightly/rustc/check-cfg/cargo-specifics.html> for more information about checking conditional configuration
[INFO] [stderr]   = note: `#[warn(unexpected_cfgs)]` on by default
[INFO] [stderr] 
[INFO] [stderr] warning: `gemgui` (lib) generated 1 warning
[INFO] [stderr] warning: unexpected `cfg` condition value: `unix`
[INFO] [stderr]   --> tests/./chrome.rs:55:13
[INFO] [stderr]    |
[INFO] [stderr] 55 |     if cfg!(target_os = "unix") || cfg!(target_os = "linux")  {
[INFO] [stderr]    |             ^^^^^^^^^^^^^^^^^^
[INFO] [stderr]    |
[INFO] [stderr]    = note: expected values for `target_os` are: `aix`, `android`, `cuda`, `dragonfly`, `emscripten`, `espidf`, `freebsd`, `fuchsia`, `haiku`, `hermit`, `horizon`, `hurd`, `illumos`, `ios`, `l4re`, `linux`, `macos`, `netbsd`, `none`, `nto`, `nuttx`, `openbsd`, `psp`, `redox`, `rtems`, `solaris`, `solid_asp3`, `teeos`, `trusty`, `tvos`, `uefi`, `unknown`, `visionos`, `vita`, and `vxworks` and 5 more
[INFO] [stderr]    = note: see <https://doc.rust-lang.org/nightly/rustc/check-cfg/cargo-specifics.html> for more information about checking conditional configuration
[INFO] [stderr]    = note: `#[warn(unexpected_cfgs)]` on by default
[INFO] [stderr] 
[INFO] [stderr] warning: creating a shared reference to mutable static is discouraged
[INFO] [stderr]    --> tests/test_core.rs:158:30
[INFO] [stderr]     |
[INFO] [stderr] 158 |     unsafe {assert_eq!(ttid, TID, "we are testing addition with {} and {}", ttid, TID)};
[INFO] [stderr]     |                              ^^^ shared reference to mutable static
[INFO] [stderr]     |
[INFO] [stderr]     = note: for more information, see <https://doc.rust-lang.org/nightly/edition-guide/rust-2024/static-mut-references.html>
[INFO] [stderr]     = note: shared references to mutable statics are dangerous; it's undefined behavior if the static is mutated or if a mutable reference is created for it while the shared reference lives
[INFO] [stderr]     = note: `#[warn(static_mut_refs)]` on by default
[INFO] [stderr] 
[INFO] [stderr] warning: creating a shared reference to mutable static is discouraged
[INFO] [stderr]    --> tests/test_core.rs:158:83
[INFO] [stderr]     |
[INFO] [stderr] 158 |     unsafe {assert_eq!(ttid, TID, "we are testing addition with {} and {}", ttid, TID)};
[INFO] [stderr]     |                                                                                   ^^^ shared reference to mutable static
[INFO] [stderr]     |
[INFO] [stderr]     = note: for more information, see <https://doc.rust-lang.org/nightly/edition-guide/rust-2024/static-mut-references.html>
[INFO] [stderr]     = note: shared references to mutable statics are dangerous; it's undefined behavior if the static is mutated or if a mutable reference is created for it while the shared reference lives
[INFO] [stderr] 
[INFO] [stderr] warning: creating a shared reference to mutable static is discouraged
[INFO] [stderr]    --> tests/test_core.rs:172:30
[INFO] [stderr]     |
[INFO] [stderr] 172 |     unsafe {assert_eq!(ttid, TID,"we are testing addition with {} and {}", ttid, TID)};
[INFO] [stderr]     |                              ^^^ shared reference to mutable static
[INFO] [stderr]     |
[INFO] [stderr]     = note: for more information, see <https://doc.rust-lang.org/nightly/edition-guide/rust-2024/static-mut-references.html>
[INFO] [stderr]     = note: shared references to mutable statics are dangerous; it's undefined behavior if the static is mutated or if a mutable reference is created for it while the shared reference lives
[INFO] [stderr] 
[INFO] [stderr] warning: creating a shared reference to mutable static is discouraged
[INFO] [stderr]    --> tests/test_core.rs:172:82
[INFO] [stderr]     |
[INFO] [stderr] 172 |     unsafe {assert_eq!(ttid, TID,"we are testing addition with {} and {}", ttid, TID)};
[INFO] [stderr]     |                                                                                  ^^^ shared reference to mutable static
[INFO] [stderr]     |
[INFO] [stderr]     = note: for more information, see <https://doc.rust-lang.org/nightly/edition-guide/rust-2024/static-mut-references.html>
[INFO] [stderr]     = note: shared references to mutable statics are dangerous; it's undefined behavior if the static is mutated or if a mutable reference is created for it while the shared reference lives
[INFO] [stderr] 
[INFO] [stderr] warning: creating a shared reference to mutable static is discouraged
[INFO] [stderr]    --> tests/test_core.rs:192:23
[INFO] [stderr]     |
[INFO] [stderr] 192 |     unsafe{assert_eq!(COUNTER, 100)};
[INFO] [stderr]     |                       ^^^^^^^ shared reference to mutable static
[INFO] [stderr]     |
[INFO] [stderr]     = note: for more information, see <https://doc.rust-lang.org/nightly/edition-guide/rust-2024/static-mut-references.html>
[INFO] [stderr]     = note: shared references to mutable statics are dangerous; it's undefined behavior if the static is mutated or if a mutable reference is created for it while the shared reference lives
[INFO] [stderr] 
[INFO] [stderr] warning: creating a shared reference to mutable static is discouraged
[INFO] [stderr]    --> tests/test_core.rs:309:77
[INFO] [stderr]     |
[INFO] [stderr] 309 |             assert!(COUNTER <= 15, "Wrong timer - {} >= 15 - too much off", &COUNTER);
[INFO] [stderr]     |                                                                             ^^^^^^^^ shared reference to mutable static
[INFO] [stderr]     |
[INFO] [stderr]     = note: for more information, see <https://doc.rust-lang.org/nightly/edition-guide/rust-2024/static-mut-references.html>
[INFO] [stderr]     = note: shared references to mutable statics are dangerous; it's undefined behavior if the static is mutated or if a mutable reference is created for it while the shared reference lives
[INFO] [stderr] help: use `&raw const` instead to create a raw pointer
[INFO] [stderr]     |
[INFO] [stderr] 309 |             assert!(COUNTER <= 15, "Wrong timer - {} >= 15 - too much off", &raw const COUNTER);
[INFO] [stderr]     |                                                                             ~~~~~~~~~~
[INFO] [stderr] 
[INFO] [stderr] warning: creating a shared reference to mutable static is discouraged
[INFO] [stderr]    --> tests/test_core.rs:745:35
[INFO] [stderr]     |
[INFO] [stderr] 745 |     unsafe{assert!(VISITS == 3, "{VISITS} != 3")};
[INFO] [stderr]     |                                   ^^^^^^ shared reference to mutable static
[INFO] [stderr]     |
[INFO] [stderr]     = note: for more information, see <https://doc.rust-lang.org/nightly/edition-guide/rust-2024/static-mut-references.html>
[INFO] [stderr]     = note: shared references to mutable statics are dangerous; it's undefined behavior if the static is mutated or if a mutable reference is created for it while the shared reference lives
[INFO] [stderr] 
[INFO] [stderr] warning: call to `.clone()` on a reference in this situation does nothing
[INFO] [stderr]    --> tests/test_core.rs:770:25
[INFO] [stderr]     |
[INFO] [stderr] 770 |         let id = el.id().clone();
[INFO] [stderr]     |                         ^^^^^^^^ help: remove this redundant call
[INFO] [stderr]     |
[INFO] [stderr]     = note: the type `str` does not implement `Clone`, so calling `clone` on `&str` copies the reference, which does not do anything and can be removed
[INFO] [stderr]     = note: `#[warn(noop_method_call)]` on by default
[INFO] [stderr] 
[INFO] [stderr] warning: call to `.clone()` on a reference in this situation does nothing
[INFO] [stderr]    --> tests/test_core.rs:784:29
[INFO] [stderr]     |
[INFO] [stderr] 784 |             let id = el.id().clone();
[INFO] [stderr]     |                             ^^^^^^^^ help: remove this redundant call
[INFO] [stderr]     |
[INFO] [stderr]     = note: the type `str` does not implement `Clone`, so calling `clone` on `&str` copies the reference, which does not do anything and can be removed
[INFO] [stderr] 
[INFO] [stderr] warning: unexpected `cfg` condition value: `unix`
[INFO] [stderr]   --> tests/chrome.rs:55:13
[INFO] [stderr]    |
[INFO] [stderr] 55 |     if cfg!(target_os = "unix") || cfg!(target_os = "linux")  {
[INFO] [stderr]    |             ^^^^^^^^^^^^^^^^^^
[INFO] [stderr]    |
[INFO] [stderr]    = note: expected values for `target_os` are: `aix`, `android`, `cuda`, `dragonfly`, `emscripten`, `espidf`, `freebsd`, `fuchsia`, `haiku`, `hermit`, `horizon`, `hurd`, `illumos`, `ios`, `l4re`, `linux`, `macos`, `netbsd`, `none`, `nto`, `nuttx`, `openbsd`, `psp`, `redox`, `rtems`, `solaris`, `solid_asp3`, `teeos`, `trusty`, `tvos`, `uefi`, `unknown`, `visionos`, `vita`, and `vxworks` and 5 more
[INFO] [stderr]    = note: see <https://doc.rust-lang.org/nightly/rustc/check-cfg/cargo-specifics.html> for more information about checking conditional configuration
[INFO] [stderr]    = note: `#[warn(unexpected_cfgs)]` on by default
[INFO] [stderr] 
[INFO] [stderr] warning: `gemgui` (test "tests") generated 1 warning
[INFO] [stderr] warning: `gemgui` (test "test_core") generated 10 warnings (1 duplicate) (run `cargo fix --test "test_core"` to apply 2 suggestions)
[INFO] [stderr] warning: `gemgui` (test "chrome") generated 1 warning
[INFO] [stderr] warning: `gemgui` (test "test_graphics") generated 1 warning (1 duplicate)
[INFO] [stderr] warning: `gemgui` (lib test) generated 1 warning (1 duplicate)
[INFO] [stderr]     Finished `test` profile [unoptimized + debuginfo] target(s) in 0.21s
[INFO] [stderr]      Running unittests src/gemgui.rs (/opt/rustwide/target/debug/deps/gemgui-feacb7ca58d28261)
[INFO] [stdout] 
[INFO] [stdout] running 14 tests
[INFO] [stdout] test graphics::bitmap::tests::test_clip ... ok
[INFO] [stdout] test graphics::bitmap::tests::test_bitmap ... ok
[INFO] [stdout] test graphics::bitmap_transform::tests::test_resize ... ok
[INFO] [stdout] test graphics::bitmap_transform::tests::test_scale ... ok
[INFO] [stdout] test graphics::color::tests::test_colors ... ok
[INFO] [stdout] test graphics::color::tests::test_from_hex_string ... ok
[INFO] [stdout] test graphics::color::test_rgb ... ok
[INFO] [stdout] test graphics::canvas::tests::test_data ... ok
[INFO] [stdout] test graphics::color::tests::test_rgb_to_name ... ok
[INFO] [stdout] test graphics::bitmap_transform::tests::test_transform ... ok
[INFO] [stdout] test graphics::context::tests::test_data ... ok
[INFO] [stdout] test graphics::bitmap::tests::test_merge ... ok
[INFO] [stdout] test graphics::bitmap_transform::tests::test_transform_rot ... ok
[INFO] [stdout] test graphics::color::tests::test_style_to_name ... ok
[INFO] [stdout] 
[INFO] [stdout] test result: ok. 14 passed; 0 failed; 0 ignored; 0 measured; 0 filtered out; finished in 0.08s
[INFO] [stdout] 
[INFO] [stderr]      Running tests/chrome.rs (/opt/rustwide/target/debug/deps/chrome-2e0348c9bf3b8b71)
[INFO] [stdout] 
[INFO] [stderr]      Running tests/panic_test.rs (/opt/rustwide/target/debug/deps/panic_test-cb771fcbb579879e)
[INFO] [stdout] running 0 tests
[INFO] [stdout] 
[INFO] [stdout] test result: ok. 0 passed; 0 failed; 0 ignored; 0 measured; 0 filtered out; finished in 0.00s
[INFO] [stdout] 
[INFO] [stdout] 
[INFO] [stdout] running 2 tests
[INFO] [stdout] test test_entry_page_not_found ... FAILED
[INFO] [stdout] test test_folder_not_found ... FAILED
[INFO] [stdout] 
[INFO] [stdout] failures:
[INFO] [stdout] 
[INFO] [stdout] ---- test_entry_page_not_found stdout ----
[INFO] [stdout] thread 'test_entry_page_not_found' panicked at tests/panic_test.rs:21:42:
[INFO] [stdout] called `Result::unwrap()` on an `Err` value: Err("Error not_found.html, not found")
[INFO] [stdout] stack backtrace:
[INFO] [stdout]    0:     0x628e711cf45a - std::backtrace_rs::backtrace::libunwind::trace::h207520d6e9873551
[INFO] [stdout]                                at /rustc/df4ca44d3fbc9301ee17f30f4d474e6ae4b05252/library/std/src/../../backtrace/src/backtrace/libunwind.rs:116:5
[INFO] [stdout]    1:     0x628e711cf45a - std::backtrace_rs::backtrace::trace_unsynchronized::h2ed7433f370e3eca
[INFO] [stdout]                                at /rustc/df4ca44d3fbc9301ee17f30f4d474e6ae4b05252/library/std/src/../../backtrace/src/backtrace/mod.rs:66:5
[INFO] [stdout]    2:     0x628e711cf45a - std::sys::backtrace::_print_fmt::h916fac51166b18d7
[INFO] [stdout]                                at /rustc/df4ca44d3fbc9301ee17f30f4d474e6ae4b05252/library/std/src/sys/backtrace.rs:66:9
[INFO] [stdout]    3:     0x628e711cf45a - <std::sys::backtrace::BacktraceLock::print::DisplayBacktrace as core::fmt::Display>::fmt::ha0a4c9b8ce3802e6
[INFO] [stdout]                                at /rustc/df4ca44d3fbc9301ee17f30f4d474e6ae4b05252/library/std/src/sys/backtrace.rs:39:26
[INFO] [stdout]    4:     0x628e711f7843 - core::fmt::rt::Argument::fmt::h4cfc8587d52b3eb5
[INFO] [stdout]                                at /rustc/df4ca44d3fbc9301ee17f30f4d474e6ae4b05252/library/core/src/fmt/rt.rs:177:76
[INFO] [stdout]    5:     0x628e711f7843 - core::fmt::write::h522cc39e5b36ae9f
[INFO] [stdout]                                at /rustc/df4ca44d3fbc9301ee17f30f4d474e6ae4b05252/library/core/src/fmt/mod.rs:1190:21
[INFO] [stdout]    6:     0x628e711cb653 - std::io::Write::write_fmt::h7d3c26752da97734
[INFO] [stdout]                                at /rustc/df4ca44d3fbc9301ee17f30f4d474e6ae4b05252/library/std/src/io/mod.rs:1839:15
[INFO] [stdout]    7:     0x628e711cf2a2 - std::sys::backtrace::BacktraceLock::print::h4b9e00b29e9c0942
[INFO] [stdout]                                at /rustc/df4ca44d3fbc9301ee17f30f4d474e6ae4b05252/library/std/src/sys/backtrace.rs:42:9
[INFO] [stdout]    8:     0x628e711d08ea - std::panicking::default_hook::{{closure}}::hb59b88280d0324d9
[INFO] [stdout]                                at /rustc/df4ca44d3fbc9301ee17f30f4d474e6ae4b05252/library/std/src/panicking.rs:268:22
[INFO] [stdout]    9:     0x628e711d06f4 - std::panicking::default_hook::he1dd496665be4a29
[INFO] [stdout]                                at /rustc/df4ca44d3fbc9301ee17f30f4d474e6ae4b05252/library/std/src/panicking.rs:292:9
[INFO] [stdout]   10:     0x628e7103fd19 - <alloc::boxed::Box<F,A> as core::ops::function::Fn<Args>>::call::h4ff71de18744e1dc
[INFO] [stdout]                                at /rustc/df4ca44d3fbc9301ee17f30f4d474e6ae4b05252/library/alloc/src/boxed.rs:2468:9
[INFO] [stdout]   11:     0x628e7103fd19 - test::test_main::{{closure}}::hcf7c055ce117aa81
[INFO] [stdout]                                at /rustc/df4ca44d3fbc9301ee17f30f4d474e6ae4b05252/library/test/src/lib.rs:133:21
[INFO] [stdout]   12:     0x628e711d0fe8 - <alloc::boxed::Box<F,A> as core::ops::function::Fn<Args>>::call::h1d66c6bbd60c9692
[INFO] [stdout]                                at /rustc/df4ca44d3fbc9301ee17f30f4d474e6ae4b05252/library/alloc/src/boxed.rs:2468:9
[INFO] [stdout]   13:     0x628e711d0fe8 - std::panicking::rust_panic_with_hook::h2ff17fe8f26dfcf8
[INFO] [stdout]                                at /rustc/df4ca44d3fbc9301ee17f30f4d474e6ae4b05252/library/std/src/panicking.rs:809:13
[INFO] [stdout]   14:     0x628e711d0daa - std::panicking::begin_panic_handler::{{closure}}::h4fad77951c07e101
[INFO] [stdout]                                at /rustc/df4ca44d3fbc9301ee17f30f4d474e6ae4b05252/library/std/src/panicking.rs:674:13
[INFO] [stdout]   15:     0x628e711cf939 - std::sys::backtrace::__rust_end_short_backtrace::hb1a25b3da5d0ea08
[INFO] [stdout]                                at /rustc/df4ca44d3fbc9301ee17f30f4d474e6ae4b05252/library/std/src/sys/backtrace.rs:170:18
[INFO] [stdout]   16:     0x628e711d0a3c - rust_begin_unwind
[INFO] [stdout]                                at /rustc/df4ca44d3fbc9301ee17f30f4d474e6ae4b05252/library/std/src/panicking.rs:665:5
[INFO] [stdout]   17:     0x628e711f61e0 - core::panicking::panic_fmt::ha9db07b529f9b256
[INFO] [stdout]                                at /rustc/df4ca44d3fbc9301ee17f30f4d474e6ae4b05252/library/core/src/panicking.rs:75:14
[INFO] [stdout]   18:     0x628e711f6686 - core::result::unwrap_failed::h5e8218e4d4338b8a
[INFO] [stdout]                                at /rustc/df4ca44d3fbc9301ee17f30f4d474e6ae4b05252/library/core/src/result.rs:1698:5
[INFO] [stdout]   19:     0x628e710027b5 - core::result::Result<T,E>::unwrap::hba6fdffa95613cb8
[INFO] [stdout]                                at /rustc/df4ca44d3fbc9301ee17f30f4d474e6ae4b05252/library/core/src/result.rs:1103:23
[INFO] [stdout]   20:     0x628e710027b5 - panic_test::test_entry_page_not_found::{{closure}}::{{closure}}::hf4e81bb270c5c559
[INFO] [stdout]                                at /opt/rustwide/workdir/tests/panic_test.rs:21:5
[INFO] [stdout]   21:     0x628e71005c92 - <core::pin::Pin<P> as core::future::future::Future>::poll::hc7b8ac6ba79c6c54
[INFO] [stdout]                                at /rustc/df4ca44d3fbc9301ee17f30f4d474e6ae4b05252/library/core/src/future/future.rs:123:9
[INFO] [stdout]   22:     0x628e71005c0d - <core::pin::Pin<P> as core::future::future::Future>::poll::h6320e0874021315b
[INFO] [stdout]                                at /rustc/df4ca44d3fbc9301ee17f30f4d474e6ae4b05252/library/core/src/future/future.rs:123:9
[INFO] [stdout]   23:     0x628e710012af - tokio::runtime::scheduler::current_thread::CoreGuard::block_on::{{closure}}::{{closure}}::{{closure}}::h1565c6d40ffc75a8
[INFO] [stdout]                                at /opt/rustwide/cargo-home/registry/src/index.crates.io-6f17d22bba15001f/tokio-1.41.0/src/runtime/scheduler/current_thread/mod.rs:729:57
[INFO] [stdout]   24:     0x628e71001035 - tokio::runtime::coop::with_budget::hb9ddce8f2af990cc
[INFO] [stdout]                                at /opt/rustwide/cargo-home/registry/src/index.crates.io-6f17d22bba15001f/tokio-1.41.0/src/runtime/coop.rs:107:5
[INFO] [stdout]   25:     0x628e71001035 - tokio::runtime::coop::budget::h1fb2f08066b44075
[INFO] [stdout]                                at /opt/rustwide/cargo-home/registry/src/index.crates.io-6f17d22bba15001f/tokio-1.41.0/src/runtime/coop.rs:73:5
[INFO] [stdout]   26:     0x628e71001035 - tokio::runtime::scheduler::current_thread::CoreGuard::block_on::{{closure}}::{{closure}}::h89b02e790aaf070f
[INFO] [stdout]                                at /opt/rustwide/cargo-home/registry/src/index.crates.io-6f17d22bba15001f/tokio-1.41.0/src/runtime/scheduler/current_thread/mod.rs:729:25
[INFO] [stdout]   27:     0x628e70ffee9c - tokio::runtime::scheduler::current_thread::Context::enter::h9ee3bf4e1d5098bc
[INFO] [stdout]                                at /opt/rustwide/cargo-home/registry/src/index.crates.io-6f17d22bba15001f/tokio-1.41.0/src/runtime/scheduler/current_thread/mod.rs:428:19
[INFO] [stdout]   28:     0x628e710008bb - tokio::runtime::scheduler::current_thread::CoreGuard::block_on::{{closure}}::h678bfbcad110848c
[INFO] [stdout]                                at /opt/rustwide/cargo-home/registry/src/index.crates.io-6f17d22bba15001f/tokio-1.41.0/src/runtime/scheduler/current_thread/mod.rs:728:36
[INFO] [stdout]   29:     0x628e70fffd34 - tokio::runtime::scheduler::current_thread::CoreGuard::enter::{{closure}}::hcd79099ca0f6282c
[INFO] [stdout]                                at /opt/rustwide/cargo-home/registry/src/index.crates.io-6f17d22bba15001f/tokio-1.41.0/src/runtime/scheduler/current_thread/mod.rs:807:68
[INFO] [stdout]   30:     0x628e70ffc37b - tokio::runtime::context::scoped::Scoped<T>::set::h1e86d1c46431a8d5
[INFO] [stdout]                                at /opt/rustwide/cargo-home/registry/src/index.crates.io-6f17d22bba15001f/tokio-1.41.0/src/runtime/context/scoped.rs:40:9
[INFO] [stdout]   31:     0x628e710053f5 - tokio::runtime::context::set_scheduler::{{closure}}::h0be3307a86459d1b
[INFO] [stdout]                                at /opt/rustwide/cargo-home/registry/src/index.crates.io-6f17d22bba15001f/tokio-1.41.0/src/runtime/context.rs:180:26
[INFO] [stdout]   32:     0x628e7100392d - std::thread::local::LocalKey<T>::try_with::h98d5f247df901161
[INFO] [stdout]                                at /rustc/df4ca44d3fbc9301ee17f30f4d474e6ae4b05252/library/std/src/thread/local.rs:283:12
[INFO] [stdout]   33:     0x628e71002e8a - std::thread::local::LocalKey<T>::with::h5558030d8f3469d9
[INFO] [stdout]                                at /rustc/df4ca44d3fbc9301ee17f30f4d474e6ae4b05252/library/std/src/thread/local.rs:260:9
[INFO] [stdout]   34:     0x628e710053ad - tokio::runtime::context::set_scheduler::hf94bb5318c19ccaa
[INFO] [stdout]                                at /opt/rustwide/cargo-home/registry/src/index.crates.io-6f17d22bba15001f/tokio-1.41.0/src/runtime/context.rs:180:9
[INFO] [stdout]   35:     0x628e70fffacc - tokio::runtime::scheduler::current_thread::CoreGuard::enter::ha7760950dab60110
[INFO] [stdout]                                at /opt/rustwide/cargo-home/registry/src/index.crates.io-6f17d22bba15001f/tokio-1.41.0/src/runtime/scheduler/current_thread/mod.rs:807:27
[INFO] [stdout]   36:     0x628e70fffdb3 - tokio::runtime::scheduler::current_thread::CoreGuard::block_on::heecdd3c4c6240a19
[INFO] [stdout]                                at /opt/rustwide/cargo-home/registry/src/index.crates.io-6f17d22bba15001f/tokio-1.41.0/src/runtime/scheduler/current_thread/mod.rs:716:19
[INFO] [stdout]   37:     0x628e70ffe01f - tokio::runtime::scheduler::current_thread::CurrentThread::block_on::{{closure}}::he298abfef2d11ffa
[INFO] [stdout]                                at /opt/rustwide/cargo-home/registry/src/index.crates.io-6f17d22bba15001f/tokio-1.41.0/src/runtime/scheduler/current_thread/mod.rs:196:28
[INFO] [stdout]   38:     0x628e70ffc806 - tokio::runtime::context::runtime::enter_runtime::h4f679097fad07461
[INFO] [stdout]                                at /opt/rustwide/cargo-home/registry/src/index.crates.io-6f17d22bba15001f/tokio-1.41.0/src/runtime/context/runtime.rs:65:16
[INFO] [stdout]   39:     0x628e70ffd861 - tokio::runtime::scheduler::current_thread::CurrentThread::block_on::h66091232677277b0
[INFO] [stdout]                                at /opt/rustwide/cargo-home/registry/src/index.crates.io-6f17d22bba15001f/tokio-1.41.0/src/runtime/scheduler/current_thread/mod.rs:184:9
[INFO] [stdout]   40:     0x628e70ffd433 - tokio::runtime::runtime::Runtime::block_on_inner::h23e09b33ed46ba5f
[INFO] [stdout]                                at /opt/rustwide/cargo-home/registry/src/index.crates.io-6f17d22bba15001f/tokio-1.41.0/src/runtime/runtime.rs:368:47
[INFO] [stdout]   41:     0x628e70ffd737 - tokio::runtime::runtime::Runtime::block_on::h5253cc04fb623d34
[INFO] [stdout]                                at /opt/rustwide/cargo-home/registry/src/index.crates.io-6f17d22bba15001f/tokio-1.41.0/src/runtime/runtime.rs:342:13
[INFO] [stdout]   42:     0x628e7100243f - panic_test::test_entry_page_not_found::{{closure}}::hff63eef9652d47c7
[INFO] [stdout]                                at /opt/rustwide/workdir/tests/panic_test.rs:21:5
[INFO] [stdout]   43:     0x628e7100401e - core::ops::function::FnOnce::call_once::h13c1394c9cf008aa
[INFO] [stdout]                                at /rustc/df4ca44d3fbc9301ee17f30f4d474e6ae4b05252/library/core/src/ops/function.rs:250:5
[INFO] [stdout]   44:     0x628e7116852f - serial_test::serial_code_lock::local_serial_core::h849400cb525ef5f7
[INFO] [stdout]                                at /opt/rustwide/cargo-home/registry/src/index.crates.io-6f17d22bba15001f/serial_test-1.0.0/src/serial_code_lock.rs:25:5
[INFO] [stdout]   45:     0x628e71002317 - panic_test::test_entry_page_not_found::hdabde700ed1f8fc4
[INFO] [stdout]                                at /opt/rustwide/workdir/tests/panic_test.rs:16:1
[INFO] [stdout]   46:     0x628e710022e7 - panic_test::test_entry_page_not_found::{{closure}}::h92954adadf3c8ab5
[INFO] [stdout]                                at /opt/rustwide/workdir/tests/panic_test.rs:16:10
[INFO] [stdout]   47:     0x628e71003fe6 - core::ops::function::FnOnce::call_once::h0d4debe092a7e4da
[INFO] [stdout]                                at /rustc/df4ca44d3fbc9301ee17f30f4d474e6ae4b05252/library/core/src/ops/function.rs:250:5
[INFO] [stdout]   48:     0x628e710445eb - core::ops::function::FnOnce::call_once::h22c3ba5715e93f05
[INFO] [stdout]                                at /rustc/df4ca44d3fbc9301ee17f30f4d474e6ae4b05252/library/core/src/ops/function.rs:250:5
[INFO] [stdout]   49:     0x628e710445eb - test::__rust_begin_short_backtrace::h8e82d8113d0da17f
[INFO] [stdout]                                at /rustc/df4ca44d3fbc9301ee17f30f4d474e6ae4b05252/library/test/src/lib.rs:621:18
[INFO] [stdout]   50:     0x628e71043f67 - test::run_test_in_process::{{closure}}::h33235f4f20b7b7c7
[INFO] [stdout]                                at /rustc/df4ca44d3fbc9301ee17f30f4d474e6ae4b05252/library/test/src/lib.rs:644:60
[INFO] [stdout]   51:     0x628e71043f67 - <core::panic::unwind_safe::AssertUnwindSafe<F> as core::ops::function::FnOnce<()>>::call_once::hb5043206310c586f
[INFO] [stdout]                                at /rustc/df4ca44d3fbc9301ee17f30f4d474e6ae4b05252/library/core/src/panic/unwind_safe.rs:272:9
[INFO] [stdout]   52:     0x628e71043f67 - std::panicking::try::do_call::h9ad4731a60ab23e2
[INFO] [stdout]                                at /rustc/df4ca44d3fbc9301ee17f30f4d474e6ae4b05252/library/std/src/panicking.rs:557:40
[INFO] [stdout]   53:     0x628e71043f67 - std::panicking::try::h3824d23db772a716
[INFO] [stdout]                                at /rustc/df4ca44d3fbc9301ee17f30f4d474e6ae4b05252/library/std/src/panicking.rs:520:19
[INFO] [stdout]   54:     0x628e71043f67 - std::panic::catch_unwind::h5afd514605fde46b
[INFO] [stdout]                                at /rustc/df4ca44d3fbc9301ee17f30f4d474e6ae4b05252/library/std/src/panic.rs:358:14
[INFO] [stdout]   55:     0x628e71043f67 - test::run_test_in_process::h0d5cbfa7067d1720
[INFO] [stdout]                                at /rustc/df4ca44d3fbc9301ee17f30f4d474e6ae4b05252/library/test/src/lib.rs:644:27
[INFO] [stdout]   56:     0x628e71043f67 - test::run_test::{{closure}}::h708eb8872708115d
[INFO] [stdout]                                at /rustc/df4ca44d3fbc9301ee17f30f4d474e6ae4b05252/library/test/src/lib.rs:565:43
[INFO] [stdout]   57:     0x628e71007684 - test::run_test::{{closure}}::h392c51cee94713ab
[INFO] [stdout]                                at /rustc/df4ca44d3fbc9301ee17f30f4d474e6ae4b05252/library/test/src/lib.rs:595:41
[INFO] [stdout]   58:     0x628e71007684 - std::sys::backtrace::__rust_begin_short_backtrace::h2f40290710935a8b
[INFO] [stdout]                                at /rustc/df4ca44d3fbc9301ee17f30f4d474e6ae4b05252/library/std/src/sys/backtrace.rs:154:18
[INFO] [stdout]   59:     0x628e7100ae2e - std::thread::Builder::spawn_unchecked_::{{closure}}::{{closure}}::h3fd968d89053a903
[INFO] [stdout]                                at /rustc/df4ca44d3fbc9301ee17f30f4d474e6ae4b05252/library/std/src/thread/mod.rs:541:17
[INFO] [stdout]   60:     0x628e7100ae2e - <core::panic::unwind_safe::AssertUnwindSafe<F> as core::ops::function::FnOnce<()>>::call_once::h743f637ba4229880
[INFO] [stdout]                                at /rustc/df4ca44d3fbc9301ee17f30f4d474e6ae4b05252/library/core/src/panic/unwind_safe.rs:272:9
[INFO] [stdout]   61:     0x628e7100ae2e - std::panicking::try::do_call::h07440897322525a6
[INFO] [stdout]                                at /rustc/df4ca44d3fbc9301ee17f30f4d474e6ae4b05252/library/std/src/panicking.rs:557:40
[INFO] [stdout]   62:     0x628e7100ae2e - std::panicking::try::he5a2e00188156637
[INFO] [stdout]                                at /rustc/df4ca44d3fbc9301ee17f30f4d474e6ae4b05252/library/std/src/panicking.rs:520:19
[INFO] [stdout]   63:     0x628e7100ae2e - std::panic::catch_unwind::hbaf3cae49b3c6433
[INFO] [stdout]                                at /rustc/df4ca44d3fbc9301ee17f30f4d474e6ae4b05252/library/std/src/panic.rs:358:14
[INFO] [stdout]   64:     0x628e7100ae2e - std::thread::Builder::spawn_unchecked_::{{closure}}::h8e141ea224820bce
[INFO] [stdout]                                at /rustc/df4ca44d3fbc9301ee17f30f4d474e6ae4b05252/library/std/src/thread/mod.rs:540:30
[INFO] [stdout]   65:     0x628e7100ae2e - core::ops::function::FnOnce::call_once{{vtable.shim}}::h90d312fedd7b8ea8
[INFO] [stdout]                                at /rustc/df4ca44d3fbc9301ee17f30f4d474e6ae4b05252/library/core/src/ops/function.rs:250:5
[INFO] [stdout]   66:     0x628e711d55cb - <alloc::boxed::Box<F,A> as core::ops::function::FnOnce<Args>>::call_once::h69aa08ddb6adb8b6
[INFO] [stdout]                                at /rustc/df4ca44d3fbc9301ee17f30f4d474e6ae4b05252/library/alloc/src/boxed.rs:2454:9
[INFO] [stdout]   67:     0x628e711d55cb - <alloc::boxed::Box<F,A> as core::ops::function::FnOnce<Args>>::call_once::h5aa36efdb79c806f
[INFO] [stdout]                                at /rustc/df4ca44d3fbc9301ee17f30f4d474e6ae4b05252/library/alloc/src/boxed.rs:2454:9
[INFO] [stdout]   68:     0x628e711d55cb - std::sys::pal::unix::thread::Thread::new::thread_start::h6cd80a1b4be5158d
[INFO] [stdout]                                at /rustc/df4ca44d3fbc9301ee17f30f4d474e6ae4b05252/library/std/src/sys/pal/unix/thread.rs:105:17
[INFO] [stdout]   69:     0x7a39ba94eac3 - <unknown>
[INFO] [stdout]   70:     0x7a39ba9dfa04 - clone
[INFO] [stdout]   71:                0x0 - <unknown>
[INFO] [stdout] 
[INFO] [stdout] ---- test_folder_not_found stdout ----
[INFO] [stdout] thread 'test_folder_not_found' panicked at /opt/rustwide/workdir/src/gemgui.rs:490:61:
[INFO] [stdout] Cannot read /opt/rustwide/workdir/tests/not_found: No such file or directory (os error 2)
[INFO] [stdout] stack backtrace:
[INFO] [stdout]    0:     0x628e711cf45a - std::backtrace_rs::backtrace::libunwind::trace::h207520d6e9873551
[INFO] [stdout]                                at /rustc/df4ca44d3fbc9301ee17f30f4d474e6ae4b05252/library/std/src/../../backtrace/src/backtrace/libunwind.rs:116:5
[INFO] [stdout]    1:     0x628e711cf45a - std::backtrace_rs::backtrace::trace_unsynchronized::h2ed7433f370e3eca
[INFO] [stdout]                                at /rustc/df4ca44d3fbc9301ee17f30f4d474e6ae4b05252/library/std/src/../../backtrace/src/backtrace/mod.rs:66:5
[INFO] [stdout]    2:     0x628e711cf45a - std::sys::backtrace::_print_fmt::h916fac51166b18d7
[INFO] [stdout]                                at /rustc/df4ca44d3fbc9301ee17f30f4d474e6ae4b05252/library/std/src/sys/backtrace.rs:66:9
[INFO] [stdout]    3:     0x628e711cf45a - <std::sys::backtrace::BacktraceLock::print::DisplayBacktrace as core::fmt::Display>::fmt::ha0a4c9b8ce3802e6
[INFO] [stdout]                                at /rustc/df4ca44d3fbc9301ee17f30f4d474e6ae4b05252/library/std/src/sys/backtrace.rs:39:26
[INFO] [stdout]    4:     0x628e711f7843 - core::fmt::rt::Argument::fmt::h4cfc8587d52b3eb5
[INFO] [stdout]                                at /rustc/df4ca44d3fbc9301ee17f30f4d474e6ae4b05252/library/core/src/fmt/rt.rs:177:76
[INFO] [stdout]    5:     0x628e711f7843 - core::fmt::write::h522cc39e5b36ae9f
[INFO] [stdout]                                at /rustc/df4ca44d3fbc9301ee17f30f4d474e6ae4b05252/library/core/src/fmt/mod.rs:1190:21
[INFO] [stdout]    6:     0x628e711cb653 - std::io::Write::write_fmt::h7d3c26752da97734
[INFO] [stdout]                                at /rustc/df4ca44d3fbc9301ee17f30f4d474e6ae4b05252/library/std/src/io/mod.rs:1839:15
[INFO] [stdout]    7:     0x628e711cf2a2 - std::sys::backtrace::BacktraceLock::print::h4b9e00b29e9c0942
[INFO] [stdout]                                at /rustc/df4ca44d3fbc9301ee17f30f4d474e6ae4b05252/library/std/src/sys/backtrace.rs:42:9
[INFO] [stdout]    8:     0x628e711d08ea - std::panicking::default_hook::{{closure}}::hb59b88280d0324d9
[INFO] [stdout]                                at /rustc/df4ca44d3fbc9301ee17f30f4d474e6ae4b05252/library/std/src/panicking.rs:268:22
[INFO] [stdout]    9:     0x628e711d06f4 - std::panicking::default_hook::he1dd496665be4a29
[INFO] [stdout]                                at /rustc/df4ca44d3fbc9301ee17f30f4d474e6ae4b05252/library/std/src/panicking.rs:292:9
[INFO] [stdout]   10:     0x628e7103fd19 - <alloc::boxed::Box<F,A> as core::ops::function::Fn<Args>>::call::h4ff71de18744e1dc
[INFO] [stdout]                                at /rustc/df4ca44d3fbc9301ee17f30f4d474e6ae4b05252/library/alloc/src/boxed.rs:2468:9
[INFO] [stdout]   11:     0x628e7103fd19 - test::test_main::{{closure}}::hcf7c055ce117aa81
[INFO] [stdout]                                at /rustc/df4ca44d3fbc9301ee17f30f4d474e6ae4b05252/library/test/src/lib.rs:133:21
[INFO] [stdout]   12:     0x628e711d0fe8 - <alloc::boxed::Box<F,A> as core::ops::function::Fn<Args>>::call::h1d66c6bbd60c9692
[INFO] [stdout]                                at /rustc/df4ca44d3fbc9301ee17f30f4d474e6ae4b05252/library/alloc/src/boxed.rs:2468:9
[INFO] [stdout]   13:     0x628e711d0fe8 - std::panicking::rust_panic_with_hook::h2ff17fe8f26dfcf8
[INFO] [stdout]                                at /rustc/df4ca44d3fbc9301ee17f30f4d474e6ae4b05252/library/std/src/panicking.rs:809:13
[INFO] [stdout]   14:     0x628e711d0daa - std::panicking::begin_panic_handler::{{closure}}::h4fad77951c07e101
[INFO] [stdout]                                at /rustc/df4ca44d3fbc9301ee17f30f4d474e6ae4b05252/library/std/src/panicking.rs:674:13
[INFO] [stdout]   15:     0x628e711cf939 - std::sys::backtrace::__rust_end_short_backtrace::hb1a25b3da5d0ea08
[INFO] [stdout]                                at /rustc/df4ca44d3fbc9301ee17f30f4d474e6ae4b05252/library/std/src/sys/backtrace.rs:170:18
[INFO] [stdout]   16:     0x628e711d0a3c - rust_begin_unwind
[INFO] [stdout]                                at /rustc/df4ca44d3fbc9301ee17f30f4d474e6ae4b05252/library/std/src/panicking.rs:665:5
[INFO] [stdout]   17:     0x628e711f61e0 - core::panicking::panic_fmt::ha9db07b529f9b256
[INFO] [stdout]                                at /rustc/df4ca44d3fbc9301ee17f30f4d474e6ae4b05252/library/core/src/panicking.rs:75:14
[INFO] [stdout]   18:     0x628e71001edb - gemgui::filemap_from_dir::{{closure}}::h37c074a03f76d2ec
[INFO] [stdout]                                at /opt/rustwide/workdir/src/gemgui.rs:490:61
[INFO] [stdout]   19:     0x628e71004aa5 - core::result::Result<T,E>::unwrap_or_else::h4d1fd81d1e55eb81
[INFO] [stdout]                                at /rustc/df4ca44d3fbc9301ee17f30f4d474e6ae4b05252/library/core/src/result.rs:1457:23
[INFO] [stdout]   20:     0x628e710014bd - gemgui::filemap_from_dir::h627699fcccaf2706
[INFO] [stdout]                                at /opt/rustwide/workdir/src/gemgui.rs:490:15
[INFO] [stdout]   21:     0x628e710021bc - panic_test::test_folder_not_found::{{closure}}::{{closure}}::h6be6932b6725788b
[INFO] [stdout]                                at /opt/rustwide/workdir/tests/panic_test.rs:11:5
[INFO] [stdout]   22:     0x628e71005c92 - <core::pin::Pin<P> as core::future::future::Future>::poll::hc7b8ac6ba79c6c54
[INFO] [stdout]                                at /rustc/df4ca44d3fbc9301ee17f30f4d474e6ae4b05252/library/core/src/future/future.rs:123:9
[INFO] [stdout]   23:     0x628e71005c0d - <core::pin::Pin<P> as core::future::future::Future>::poll::h6320e0874021315b
[INFO] [stdout]                                at /rustc/df4ca44d3fbc9301ee17f30f4d474e6ae4b05252/library/core/src/future/future.rs:123:9
[INFO] [stdout]   24:     0x628e710012af - tokio::runtime::scheduler::current_thread::CoreGuard::block_on::{{closure}}::{{closure}}::{{closure}}::h1565c6d40ffc75a8
[INFO] [stdout]                                at /opt/rustwide/cargo-home/registry/src/index.crates.io-6f17d22bba15001f/tokio-1.41.0/src/runtime/scheduler/current_thread/mod.rs:729:57
[INFO] [stdout]   25:     0x628e71001035 - tokio::runtime::coop::with_budget::hb9ddce8f2af990cc
[INFO] [stdout]                                at /opt/rustwide/cargo-home/registry/src/index.crates.io-6f17d22bba15001f/tokio-1.41.0/src/runtime/coop.rs:107:5
[INFO] [stdout]   26:     0x628e71001035 - tokio::runtime::coop::budget::h1fb2f08066b44075
[INFO] [stdout]                                at /opt/rustwide/cargo-home/registry/src/index.crates.io-6f17d22bba15001f/tokio-1.41.0/src/runtime/coop.rs:73:5
[INFO] [stdout]   27:     0x628e71001035 - tokio::runtime::scheduler::current_thread::CoreGuard::block_on::{{closure}}::{{closure}}::h89b02e790aaf070f
[INFO] [stdout]                                at /opt/rustwide/cargo-home/registry/src/index.crates.io-6f17d22bba15001f/tokio-1.41.0/src/runtime/scheduler/current_thread/mod.rs:729:25
[INFO] [stdout]   28:     0x628e70ffee9c - tokio::runtime::scheduler::current_thread::Context::enter::h9ee3bf4e1d5098bc
[INFO] [stdout]                                at /opt/rustwide/cargo-home/registry/src/index.crates.io-6f17d22bba15001f/tokio-1.41.0/src/runtime/scheduler/current_thread/mod.rs:428:19
[INFO] [stdout]   29:     0x628e710008bb - tokio::runtime::scheduler::current_thread::CoreGuard::block_on::{{closure}}::h678bfbcad110848c
[INFO] [stdout]                                at /opt/rustwide/cargo-home/registry/src/index.crates.io-6f17d22bba15001f/tokio-1.41.0/src/runtime/scheduler/current_thread/mod.rs:728:36
[INFO] [stdout]   30:     0x628e70fffd34 - tokio::runtime::scheduler::current_thread::CoreGuard::enter::{{closure}}::hcd79099ca0f6282c
[INFO] [stdout]                                at /opt/rustwide/cargo-home/registry/src/index.crates.io-6f17d22bba15001f/tokio-1.41.0/src/runtime/scheduler/current_thread/mod.rs:807:68
[INFO] [stdout]   31:     0x628e70ffc37b - tokio::runtime::context::scoped::Scoped<T>::set::h1e86d1c46431a8d5
[INFO] [stdout]                                at /opt/rustwide/cargo-home/registry/src/index.crates.io-6f17d22bba15001f/tokio-1.41.0/src/runtime/context/scoped.rs:40:9
[INFO] [stdout]   32:     0x628e710053f5 - tokio::runtime::context::set_scheduler::{{closure}}::h0be3307a86459d1b
[INFO] [stdout]                                at /opt/rustwide/cargo-home/registry/src/index.crates.io-6f17d22bba15001f/tokio-1.41.0/src/runtime/context.rs:180:26
[INFO] [stdout]   33:     0x628e7100392d - std::thread::local::LocalKey<T>::try_with::h98d5f247df901161
[INFO] [stdout]                                at /rustc/df4ca44d3fbc9301ee17f30f4d474e6ae4b05252/library/std/src/thread/local.rs:283:12
[INFO] [stdout]   34:     0x628e71002e8a - std::thread::local::LocalKey<T>::with::h5558030d8f3469d9
[INFO] [stdout]                                at /rustc/df4ca44d3fbc9301ee17f30f4d474e6ae4b05252/library/std/src/thread/local.rs:260:9
[INFO] [stdout]   35:     0x628e710053ad - tokio::runtime::context::set_scheduler::hf94bb5318c19ccaa
[INFO] [stdout]                                at /opt/rustwide/cargo-home/registry/src/index.crates.io-6f17d22bba15001f/tokio-1.41.0/src/runtime/context.rs:180:9
[INFO] [stdout]   36:     0x628e70fffacc - tokio::runtime::scheduler::current_thread::CoreGuard::enter::ha7760950dab60110
[INFO] [stdout]                                at /opt/rustwide/cargo-home/registry/src/index.crates.io-6f17d22bba15001f/tokio-1.41.0/src/runtime/scheduler/current_thread/mod.rs:807:27
[INFO] [stdout]   37:     0x628e70fffdb3 - tokio::runtime::scheduler::current_thread::CoreGuard::block_on::heecdd3c4c6240a19
[INFO] [stdout]                                at /opt/rustwide/cargo-home/registry/src/index.crates.io-6f17d22bba15001f/tokio-1.41.0/src/runtime/scheduler/current_thread/mod.rs:716:19
[INFO] [stdout]   38:     0x628e70ffe01f - tokio::runtime::scheduler::current_thread::CurrentThread::block_on::{{closure}}::he298abfef2d11ffa
[INFO] [stdout]                                at /opt/rustwide/cargo-home/registry/src/index.crates.io-6f17d22bba15001f/tokio-1.41.0/src/runtime/scheduler/current_thread/mod.rs:196:28
[INFO] [stdout]   39:     0x628e70ffc806 - tokio::runtime::context::runtime::enter_runtime::h4f679097fad07461
[INFO] [stdout]                                at /opt/rustwide/cargo-home/registry/src/index.crates.io-6f17d22bba15001f/tokio-1.41.0/src/runtime/context/runtime.rs:65:16
[INFO] [stdout]   40:     0x628e70ffd861 - tokio::runtime::scheduler::current_thread::CurrentThread::block_on::h66091232677277b0
[INFO] [stdout]                                at /opt/rustwide/cargo-home/registry/src/index.crates.io-6f17d22bba15001f/tokio-1.41.0/src/runtime/scheduler/current_thread/mod.rs:184:9
[INFO] [stdout]   41:     0x628e70ffd433 - tokio::runtime::runtime::Runtime::block_on_inner::h23e09b33ed46ba5f
[INFO] [stdout]                                at /opt/rustwide/cargo-home/registry/src/index.crates.io-6f17d22bba15001f/tokio-1.41.0/src/runtime/runtime.rs:368:47
[INFO] [stdout]   42:     0x628e70ffd737 - tokio::runtime::runtime::Runtime::block_on::h5253cc04fb623d34
[INFO] [stdout]                                at /opt/rustwide/cargo-home/registry/src/index.crates.io-6f17d22bba15001f/tokio-1.41.0/src/runtime/runtime.rs:342:13
[INFO] [stdout]   43:     0x628e7100206f - panic_test::test_folder_not_found::{{closure}}::h4ff2c07aeb50bf4b
[INFO] [stdout]                                at /opt/rustwide/workdir/tests/panic_test.rs:11:5
[INFO] [stdout]   44:     0x628e710040ce - core::ops::function::FnOnce::call_once::hb4269b0fe9ec17fc
[INFO] [stdout]                                at /rustc/df4ca44d3fbc9301ee17f30f4d474e6ae4b05252/library/core/src/ops/function.rs:250:5
[INFO] [stdout]   45:     0x628e7116852f - serial_test::serial_code_lock::local_serial_core::h849400cb525ef5f7
[INFO] [stdout]                                at /opt/rustwide/cargo-home/registry/src/index.crates.io-6f17d22bba15001f/serial_test-1.0.0/src/serial_code_lock.rs:25:5
[INFO] [stdout]   46:     0x628e71001f47 - panic_test::test_folder_not_found::h19d61ecfc249d486
[INFO] [stdout]                                at /opt/rustwide/workdir/tests/panic_test.rs:8:1
[INFO] [stdout]   47:     0x628e71001f17 - panic_test::test_folder_not_found::{{closure}}::h82549367cf2c24ae
[INFO] [stdout]                                at /opt/rustwide/workdir/tests/panic_test.rs:8:10
[INFO] [stdout]   48:     0x628e71004156 - core::ops::function::FnOnce::call_once::hc5d221e184e64070
[INFO] [stdout]                                at /rustc/df4ca44d3fbc9301ee17f30f4d474e6ae4b05252/library/core/src/ops/function.rs:250:5
[INFO] [stdout]   49:     0x628e710445eb - core::ops::function::FnOnce::call_once::h22c3ba5715e93f05
[INFO] [stdout]                                at /rustc/df4ca44d3fbc9301ee17f30f4d474e6ae4b05252/library/core/src/ops/function.rs:250:5
[INFO] [stdout]   50:     0x628e710445eb - test::__rust_begin_short_backtrace::h8e82d8113d0da17f
[INFO] [stdout]                                at /rustc/df4ca44d3fbc9301ee17f30f4d474e6ae4b05252/library/test/src/lib.rs:621:18
[INFO] [stdout]   51:     0x628e71043f67 - test::run_test_in_process::{{closure}}::h33235f4f20b7b7c7
[INFO] [stdout]                                at /rustc/df4ca44d3fbc9301ee17f30f4d474e6ae4b05252/library/test/src/lib.rs:644:60
[INFO] [stdout]   52:     0x628e71043f67 - <core::panic::unwind_safe::AssertUnwindSafe<F> as core::ops::function::FnOnce<()>>::call_once::hb5043206310c586f
[INFO] [stdout]                                at /rustc/df4ca44d3fbc9301ee17f30f4d474e6ae4b05252/library/core/src/panic/unwind_safe.rs:272:9
[INFO] [stdout]   53:     0x628e71043f67 - std::panicking::try::do_call::h9ad4731a60ab23e2
[INFO] [stdout]                                at /rustc/df4ca44d3fbc9301ee17f30f4d474e6ae4b05252/library/std/src/panicking.rs:557:40
[INFO] [stdout]   54:     0x628e71043f67 - std::panicking::try::h3824d23db772a716
[INFO] [stdout]                                at /rustc/df4ca44d3fbc9301ee17f30f4d474e6ae4b05252/library/std/src/panicking.rs:520:19
[INFO] [stdout]   55:     0x628e71043f67 - std::panic::catch_unwind::h5afd514605fde46b
[INFO] [stdout]                                at /rustc/df4ca44d3fbc9301ee17f30f4d474e6ae4b05252/library/std/src/panic.rs:358:14
[INFO] [stdout]   56:     0x628e71043f67 - test::run_test_in_process::h0d5cbfa7067d1720
[INFO] [stdout]                                at /rustc/df4ca44d3fbc9301ee17f30f4d474e6ae4b05252/library/test/src/lib.rs:644:27
[INFO] [stdout]   57:     0x628e71043f67 - test::run_test::{{closure}}::h708eb8872708115d
[INFO] [stdout]                                at /rustc/df4ca44d3fbc9301ee17f30f4d474e6ae4b05252/library/test/src/lib.rs:565:43
[INFO] [stdout]   58:     0x628e71007684 - test::run_test::{{closure}}::h392c51cee94713ab
[INFO] [stdout]                                at /rustc/df4ca44d3fbc9301ee17f30f4d474e6ae4b05252/library/test/src/lib.rs:595:41
[INFO] [stdout]   59:     0x628e71007684 - std::sys::backtrace::__rust_begin_short_backtrace::h2f40290710935a8b
[INFO] [stdout]                                at /rustc/df4ca44d3fbc9301ee17f30f4d474e6ae4b05252/library/std/src/sys/backtrace.rs:154:18
[INFO] [stdout]   60:     0x628e7100ae2e - std::thread::Builder::spawn_unchecked_::{{closure}}::{{closure}}::h3fd968d89053a903
[INFO] [stdout]                                at /rustc/df4ca44d3fbc9301ee17f30f4d474e6ae4b05252/library/std/src/thread/mod.rs:541:17
[INFO] [stdout]   61:     0x628e7100ae2e - <core::panic::unwind_safe::AssertUnwindSafe<F> as core::ops::function::FnOnce<()>>::call_once::h743f637ba4229880
[INFO] [stdout]                                at /rustc/df4ca44d3fbc9301ee17f30f4d474e6ae4b05252/library/core/src/panic/unwind_safe.rs:272:9
[INFO] [stdout]   62:     0x628e7100ae2e - std::panicking::try::do_call::h07440897322525a6
[INFO] [stdout]                                at /rustc/df4ca44d3fbc9301ee17f30f4d474e6ae4b05252/library/std/src/panicking.rs:557:40
[INFO] [stdout]   63:     0x628e7100ae2e - std::panicking::try::he5a2e00188156637
[INFO] [stdout]                                at /rustc/df4ca44d3fbc9301ee17f30f4d474e6ae4b05252/library/std/src/panicking.rs:520:19
[INFO] [stdout]   64:     0x628e7100ae2e - std::panic::catch_unwind::hbaf3cae49b3c6433
[INFO] [stdout]                                at /rustc/df4ca44d3fbc9301ee17f30f4d474e6ae4b05252/library/std/src/panic.rs:358:14
[INFO] [stdout]   65:     0x628e7100ae2e - std::thread::Builder::spawn_unchecked_::{{closure}}::h8e141ea224820bce
[INFO] [stdout]                                at /rustc/df4ca44d3fbc9301ee17f30f4d474e6ae4b05252/library/std/src/thread/mod.rs:540:30
[INFO] [stdout]   66:     0x628e7100ae2e - core::ops::function::FnOnce::call_once{{vtable.shim}}::h90d312fedd7b8ea8
[INFO] [stdout]                                at /rustc/df4ca44d3fbc9301ee17f30f4d474e6ae4b05252/library/core/src/ops/function.rs:250:5
[INFO] [stdout]   67:     0x628e711d55cb - <alloc::boxed::Box<F,A> as core::ops::function::FnOnce<Args>>::call_once::h69aa08ddb6adb8b6
[INFO] [stdout]                                at /rustc/df4ca44d3fbc9301ee17f30f4d474e6ae4b05252/library/alloc/src/boxed.rs:2454:9
[INFO] [stdout]   68:     0x628e711d55cb - <alloc::boxed::Box<F,A> as core::ops::function::FnOnce<Args>>::call_once::h5aa36efdb79c806f
[INFO] [stdout]                                at /rustc/df4ca44d3fbc9301ee17f30f4d474e6ae4b05252/library/alloc/src/boxed.rs:2454:9
[INFO] [stdout]   69:     0x628e711d55cb - std::sys::pal::unix::thread::Thread::new::thread_start::h6cd80a1b4be5158d
[INFO] [stdout]                                at /rustc/df4ca44d3fbc9301ee17f30f4d474e6ae4b05252/library/std/src/sys/pal/unix/thread.rs:105:17
[INFO] [stdout]   70:     0x7a39ba94eac3 - <unknown>
[INFO] [stdout]   71:     0x7a39ba9dfa04 - clone
[INFO] [stdout]   72:                0x0 - <unknown>
[INFO] [stdout] 
[INFO] [stdout] 
[INFO] [stdout] failures:
[INFO] [stdout]     test_entry_page_not_found
[INFO] [stdout]     test_folder_not_found
[INFO] [stdout] 
[INFO] [stdout] test result: FAILED. 0 passed; 2 failed; 0 ignored; 0 measured; 0 filtered out; finished in 0.13s
[INFO] [stdout] 
[INFO] [stderr] error: test failed, to rerun pass `--test panic_test`
[INFO] running `Command { std: "docker" "inspect" "07f6a51c99d26bb8db1d16df5b89a8f45c106e7ffdb3a713a1218c2c174d84fb", kill_on_drop: false }`
[INFO] running `Command { std: "docker" "rm" "-f" "07f6a51c99d26bb8db1d16df5b89a8f45c106e7ffdb3a713a1218c2c174d84fb", kill_on_drop: false }`
[INFO] [stdout] 07f6a51c99d26bb8db1d16df5b89a8f45c106e7ffdb3a713a1218c2c174d84fb
