[INFO] fetching crate geekorm-derive 0.6.10...
[INFO] testing geekorm-derive-0.6.10 against nightly-2024-10-28 for randomize-layout
[INFO] extracting crate geekorm-derive 0.6.10 into /workspace/builds/worker-2-tc1/source
[INFO] validating manifest of crates.io crate geekorm-derive 0.6.10 on toolchain nightly-2024-10-28
[INFO] running `Command { std: CARGO_HOME="/workspace/cargo-home" RUSTUP_HOME="/workspace/rustup-home" "/workspace/cargo-home/bin/cargo" "+nightly-2024-10-28" "metadata" "--manifest-path" "Cargo.toml" "--no-deps", kill_on_drop: false }`
[INFO] started tweaking crates.io crate geekorm-derive 0.6.10
[INFO] finished tweaking crates.io crate geekorm-derive 0.6.10
[INFO] tweaked toml for crates.io crate geekorm-derive 0.6.10 written to /workspace/builds/worker-2-tc1/source/Cargo.toml
[INFO] running `Command { std: CARGO_HOME="/workspace/cargo-home" RUSTUP_HOME="/workspace/rustup-home" "/workspace/cargo-home/bin/cargo" "+nightly-2024-10-28" "generate-lockfile" "--manifest-path" "Cargo.toml", kill_on_drop: false }`
[INFO] [stderr]     Updating crates.io index
[INFO] [stderr]      Locking 223 packages to latest compatible versions
[INFO] running `Command { std: CARGO_HOME="/workspace/cargo-home" RUSTUP_HOME="/workspace/rustup-home" "/workspace/cargo-home/bin/cargo" "+nightly-2024-10-28" "fetch" "--manifest-path" "Cargo.toml", kill_on_drop: false }`
[INFO] [stderr]  Downloading crates ...
[INFO] [stderr]   Downloaded geekorm-core v0.6.10
[INFO] [stderr]   Downloaded libsql-hrana v0.2.0
[INFO] [stderr]   Downloaded sha-crypt v0.5.0
[INFO] [stderr]   Downloaded libsql-sys v0.8.0
[INFO] [stderr]   Downloaded hyper-rustls v0.25.0
[INFO] [stderr]   Downloaded libsql_replication v0.6.0
[INFO] [stderr]   Downloaded rusqlite v0.32.1
[INFO] [stderr]   Downloaded serde_rusqlite v0.36.0
[INFO] [stderr]   Downloaded libsql-sqlite3-parser v0.13.0
[INFO] [stderr]   Downloaded libsql v0.6.0
[INFO] [stderr]   Downloaded libsql-rusqlite v0.33.0
[INFO] [stderr]   Downloaded tonic-web v0.11.0
[INFO] [stderr]   Downloaded libsql-ffi v0.5.0
[INFO] running `Command { std: "docker" "create" "-v" "/var/lib/crater-agent-workspace/builds/worker-2-tc1/target:/opt/rustwide/target:rw,Z" "-v" "/var/lib/crater-agent-workspace/builds/worker-2-tc1/source:/opt/rustwide/workdir:ro,Z" "-v" "/var/lib/crater-agent-workspace/cargo-home:/opt/rustwide/cargo-home:ro,Z" "-v" "/var/lib/crater-agent-workspace/rustup-home:/opt/rustwide/rustup-home:ro,Z" "-e" "SOURCE_DIR=/opt/rustwide/workdir" "-e" "CARGO_TARGET_DIR=/opt/rustwide/target" "-e" "CARGO_HOME=/opt/rustwide/cargo-home" "-e" "RUSTUP_HOME=/opt/rustwide/rustup-home" "-w" "/opt/rustwide/workdir" "-m" "1610612736" "--user" "0:0" "--network" "none" "ghcr.io/rust-lang/crates-build-env/linux@sha256:4a844ea9eb2546a2d2c7022eacef16ef2e8229c7fbb2c7d4d55a9ceca922f72d" "/opt/rustwide/cargo-home/bin/cargo" "+nightly-2024-10-28" "metadata" "--no-deps" "--format-version=1", kill_on_drop: false }`
[INFO] [stdout] 9a20ba096a033b343b99f5de589e7d22aad469e5b8e038e0013c6c79ac341974
[INFO] running `Command { std: "docker" "start" "-a" "9a20ba096a033b343b99f5de589e7d22aad469e5b8e038e0013c6c79ac341974", kill_on_drop: false }`
[INFO] running `Command { std: "docker" "inspect" "9a20ba096a033b343b99f5de589e7d22aad469e5b8e038e0013c6c79ac341974", kill_on_drop: false }`
[INFO] running `Command { std: "docker" "rm" "-f" "9a20ba096a033b343b99f5de589e7d22aad469e5b8e038e0013c6c79ac341974", kill_on_drop: false }`
[INFO] [stdout] 9a20ba096a033b343b99f5de589e7d22aad469e5b8e038e0013c6c79ac341974
[INFO] running `Command { std: "docker" "create" "-v" "/var/lib/crater-agent-workspace/builds/worker-2-tc1/target:/opt/rustwide/target:rw,Z" "-v" "/var/lib/crater-agent-workspace/builds/worker-2-tc1/source:/opt/rustwide/workdir:ro,Z" "-v" "/var/lib/crater-agent-workspace/cargo-home:/opt/rustwide/cargo-home:ro,Z" "-v" "/var/lib/crater-agent-workspace/rustup-home:/opt/rustwide/rustup-home:ro,Z" "-e" "SOURCE_DIR=/opt/rustwide/workdir" "-e" "CARGO_TARGET_DIR=/opt/rustwide/target" "-e" "CARGO_INCREMENTAL=0" "-e" "RUST_BACKTRACE=full" "-e" "RUSTFLAGS=--cap-lints=forbid" "-e" "RUSTDOCFLAGS=--cap-lints=forbid" "-e" "CARGO_HOME=/opt/rustwide/cargo-home" "-e" "RUSTUP_HOME=/opt/rustwide/rustup-home" "-w" "/opt/rustwide/workdir" "-m" "1610612736" "--user" "0:0" "--network" "none" "ghcr.io/rust-lang/crates-build-env/linux@sha256:4a844ea9eb2546a2d2c7022eacef16ef2e8229c7fbb2c7d4d55a9ceca922f72d" "/opt/rustwide/cargo-home/bin/cargo" "+nightly-2024-10-28" "build" "--frozen" "--message-format=json", kill_on_drop: false }`
[INFO] [stdout] f92217e710fcd144e07127763462e90e117fcdfc1af8e485cfbd3d563107bafb
[INFO] running `Command { std: "docker" "start" "-a" "f92217e710fcd144e07127763462e90e117fcdfc1af8e485cfbd3d563107bafb", kill_on_drop: false }`
[INFO] [stderr]    Compiling autocfg v1.4.0
[INFO] [stderr]    Compiling serde v1.0.214
[INFO] [stderr]    Compiling ryu v1.0.18
[INFO] [stderr]    Compiling memchr v2.7.4
[INFO] [stderr]    Compiling itoa v1.0.11
[INFO] [stderr]    Compiling iana-time-zone v0.1.61
[INFO] [stderr]    Compiling geekorm-derive v0.6.10 (/opt/rustwide/workdir)
[INFO] [stderr]    Compiling thiserror v1.0.66
[INFO] [stderr]    Compiling serde_json v1.0.132
[INFO] [stderr]    Compiling syn v2.0.86
[INFO] [stderr]    Compiling num-traits v0.2.19
[INFO] [stderr]    Compiling serde_derive v1.0.214
[INFO] [stderr]    Compiling thiserror-impl v1.0.66
[INFO] [stderr]    Compiling chrono v0.4.38
[INFO] [stderr]    Compiling geekorm-core v0.6.10
[INFO] [stderr]     Finished `dev` profile [unoptimized + debuginfo] target(s) in 6.30s
[INFO] running `Command { std: "docker" "inspect" "f92217e710fcd144e07127763462e90e117fcdfc1af8e485cfbd3d563107bafb", kill_on_drop: false }`
[INFO] running `Command { std: "docker" "rm" "-f" "f92217e710fcd144e07127763462e90e117fcdfc1af8e485cfbd3d563107bafb", kill_on_drop: false }`
[INFO] [stdout] f92217e710fcd144e07127763462e90e117fcdfc1af8e485cfbd3d563107bafb
[INFO] running `Command { std: "docker" "create" "-v" "/var/lib/crater-agent-workspace/builds/worker-2-tc1/target:/opt/rustwide/target:rw,Z" "-v" "/var/lib/crater-agent-workspace/builds/worker-2-tc1/source:/opt/rustwide/workdir:ro,Z" "-v" "/var/lib/crater-agent-workspace/cargo-home:/opt/rustwide/cargo-home:ro,Z" "-v" "/var/lib/crater-agent-workspace/rustup-home:/opt/rustwide/rustup-home:ro,Z" "-e" "SOURCE_DIR=/opt/rustwide/workdir" "-e" "CARGO_TARGET_DIR=/opt/rustwide/target" "-e" "CARGO_INCREMENTAL=0" "-e" "RUST_BACKTRACE=full" "-e" "RUSTFLAGS=--cap-lints=forbid" "-e" "RUSTDOCFLAGS=--cap-lints=forbid" "-e" "CARGO_HOME=/opt/rustwide/cargo-home" "-e" "RUSTUP_HOME=/opt/rustwide/rustup-home" "-w" "/opt/rustwide/workdir" "-m" "1610612736" "--user" "0:0" "--network" "none" "ghcr.io/rust-lang/crates-build-env/linux@sha256:4a844ea9eb2546a2d2c7022eacef16ef2e8229c7fbb2c7d4d55a9ceca922f72d" "/opt/rustwide/cargo-home/bin/cargo" "+nightly-2024-10-28" "test" "--frozen" "--no-run" "--message-format=json", kill_on_drop: false }`
[INFO] [stdout] 13c48ed026d9db90aa5673cca8f4df1978a7ddb9575a5b078eba20705265d76c
[INFO] running `Command { std: "docker" "start" "-a" "13c48ed026d9db90aa5673cca8f4df1978a7ddb9575a5b078eba20705265d76c", kill_on_drop: false }`
[INFO] [stderr]    Compiling geekorm-derive v0.6.10 (/opt/rustwide/workdir)
[INFO] [stderr]     Finished `test` profile [unoptimized + debuginfo] target(s) in 0.57s
[INFO] running `Command { std: "docker" "inspect" "13c48ed026d9db90aa5673cca8f4df1978a7ddb9575a5b078eba20705265d76c", kill_on_drop: false }`
[INFO] running `Command { std: "docker" "rm" "-f" "13c48ed026d9db90aa5673cca8f4df1978a7ddb9575a5b078eba20705265d76c", kill_on_drop: false }`
[INFO] [stdout] 13c48ed026d9db90aa5673cca8f4df1978a7ddb9575a5b078eba20705265d76c
[INFO] running `Command { std: "docker" "create" "-v" "/var/lib/crater-agent-workspace/builds/worker-2-tc1/target:/opt/rustwide/target:rw,Z" "-v" "/var/lib/crater-agent-workspace/builds/worker-2-tc1/source:/opt/rustwide/workdir:ro,Z" "-v" "/var/lib/crater-agent-workspace/cargo-home:/opt/rustwide/cargo-home:ro,Z" "-v" "/var/lib/crater-agent-workspace/rustup-home:/opt/rustwide/rustup-home:ro,Z" "-e" "SOURCE_DIR=/opt/rustwide/workdir" "-e" "CARGO_TARGET_DIR=/opt/rustwide/target" "-e" "CARGO_INCREMENTAL=0" "-e" "RUST_BACKTRACE=full" "-e" "RUSTFLAGS=--cap-lints=forbid" "-e" "RUSTDOCFLAGS=--cap-lints=forbid" "-e" "CARGO_HOME=/opt/rustwide/cargo-home" "-e" "RUSTUP_HOME=/opt/rustwide/rustup-home" "-w" "/opt/rustwide/workdir" "-m" "1610612736" "--user" "0:0" "--network" "none" "ghcr.io/rust-lang/crates-build-env/linux@sha256:4a844ea9eb2546a2d2c7022eacef16ef2e8229c7fbb2c7d4d55a9ceca922f72d" "/opt/rustwide/cargo-home/bin/cargo" "+nightly-2024-10-28" "test" "--frozen", kill_on_drop: false }`
[INFO] [stdout] ee930d7b7f97640b880b837fdee1bb32d13fb589d13f025e06546c8006745ad6
[INFO] running `Command { std: "docker" "start" "-a" "ee930d7b7f97640b880b837fdee1bb32d13fb589d13f025e06546c8006745ad6", kill_on_drop: false }`
[INFO] [stderr]     Finished `test` profile [unoptimized + debuginfo] target(s) in 0.06s
[INFO] [stderr]      Running unittests src/lib.rs (/opt/rustwide/target/debug/deps/geekorm_derive-11302ee08b878359)
[INFO] [stdout] 
[INFO] [stdout] running 1 test
[INFO] [stdout] test derive::column::tests::test_primary_key ... ok
[INFO] [stdout] 
[INFO] [stdout] test result: ok. 1 passed; 0 failed; 0 ignored; 0 measured; 0 filtered out; finished in 0.01s
[INFO] [stdout] 
[INFO] [stderr]    Doc-tests geekorm_derive
[INFO] [stdout] 
[INFO] [stdout] running 13 tests
[INFO] [stdout] test src/../README.md - (line 143) ... ok
[INFO] [stdout] test src/parsers/helpers.rs - parsers::helpers::generate_helpers (line 48) ... FAILED
[INFO] [stdout] test src/lib.rs - table_derive (line 36) ... FAILED
[INFO] [stdout] test src/parsers/helpers.rs - parsers::helpers::generate_new (line 8) ... FAILED
[INFO] [stdout] test src/../README.md - (line 84) ... FAILED
[INFO] [stdout] test src/parsers/tablebuilder.rs - parsers::tablebuilder::generate_table_builder (line 15) ... FAILED
[INFO] [stdout] test src/../README.md - (line 59) ... FAILED
[INFO] [stdout] test src/../README.md - (line 20) ... FAILED
[INFO] [stdout] test src/parsers/tablebuilder.rs - parsers::tablebuilder::generate_table_primary_key (line 158) ... FAILED
[INFO] [stdout] test src/parsers/tablebuilder.rs - parsers::tablebuilder::generate_query_builder (line 60) ... FAILED
[INFO] [stdout] test src/attr.rs - attr (line 5) ... FAILED
[INFO] [stdout] test src/lib.rs - data_derive (line 69) ... FAILED
[INFO] [stdout] test src/../README.md - (line 108) ... ok
[INFO] [stdout] 
[INFO] [stdout] failures:
[INFO] [stdout] 
[INFO] [stdout] ---- src/parsers/helpers.rs - parsers::helpers::generate_helpers (line 48) stdout ----
[INFO] [stdout] error[E0433]: failed to resolve: use of undeclared crate or module `geekorm`
[INFO] [stdout]  --> src/parsers/helpers.rs:49:5
[INFO] [stdout]   |
[INFO] [stdout] 3 | use geekorm::prelude::*;
[INFO] [stdout]   |     ^^^^^^^ use of undeclared crate or module `geekorm`
[INFO] [stdout] 
[INFO] [stdout] error: cannot find derive macro `Table` in this scope
[INFO] [stdout]  --> src/parsers/helpers.rs:51:10
[INFO] [stdout]   |
[INFO] [stdout] 5 | #[derive(Table, Clone, Default, serde::Serialize, serde::Deserialize)]
[INFO] [stdout]   |          ^^^^^
[INFO] [stdout]   |
[INFO] [stdout] help: consider importing this derive macro
[INFO] [stdout]   |
[INFO] [stdout] 2 + use geekorm_derive::Table;
[INFO] [stdout]   |
[INFO] [stdout] 
[INFO] [stdout] error[E0412]: cannot find type `PrimaryKeyInteger` in this scope
[INFO] [stdout]  --> src/parsers/helpers.rs:53:9
[INFO] [stdout]   |
[INFO] [stdout] 7 |     id: PrimaryKeyInteger,
[INFO] [stdout]   |         ^^^^^^^^^^^^^^^^^ not found in this scope
[INFO] [stdout]   |
[INFO] [stdout] help: consider importing this type alias
[INFO] [stdout]   |
[INFO] [stdout] 2 + use geekorm_core::builder::keys::primary::PrimaryKeyInteger;
[INFO] [stdout]   |
[INFO] [stdout] 
[INFO] [stdout] error[E0599]: no function or associated item named `query_select_by_id` found for struct `Users` in the current scope
[INFO] [stdout]   --> src/parsers/helpers.rs:58:22
[INFO] [stdout]    |
[INFO] [stdout] 6  | struct Users {
[INFO] [stdout]    | ------------ function or associated item `query_select_by_id` not found for this struct
[INFO] [stdout] ...
[INFO] [stdout] 12 | let user_id = Users::query_select_by_id(1);
[INFO] [stdout]    |                      ^^^^^^^^^^^^^^^^^^ function or associated item not found in `Users`
[INFO] [stdout] 
[INFO] [stdout] error[E0599]: no function or associated item named `query_select_by_name` found for struct `Users` in the current scope
[INFO] [stdout]   --> src/parsers/helpers.rs:59:24
[INFO] [stdout]    |
[INFO] [stdout] 6  | struct Users {
[INFO] [stdout]    | ------------ function or associated item `query_select_by_name` not found for this struct
[INFO] [stdout] ...
[INFO] [stdout] 13 | let user_name = Users::query_select_by_name("geekmasher");
[INFO] [stdout]    |                        ^^^^^^^^^^^^^^^^^^^^ function or associated item not found in `Users`
[INFO] [stdout] 
[INFO] [stdout] error[E0599]: no function or associated item named `query_select_by_age` found for struct `Users` in the current scope
[INFO] [stdout]   --> src/parsers/helpers.rs:60:23
[INFO] [stdout]    |
[INFO] [stdout] 6  | struct Users {
[INFO] [stdout]    | ------------ function or associated item `query_select_by_age` not found for this struct
[INFO] [stdout] ...
[INFO] [stdout] 14 | let user_age = Users::query_select_by_age(42);
[INFO] [stdout]    |                       ^^^^^^^^^^^^^^^^^^^ function or associated item not found in `Users`
[INFO] [stdout] 
[INFO] [stdout] error: aborting due to 6 previous errors
[INFO] [stdout] 
[INFO] [stdout] Some errors have detailed explanations: E0412, E0433, E0599.
[INFO] [stdout] For more information about an error, try `rustc --explain E0412`.
[INFO] [stdout] Couldn't compile the test.
[INFO] [stdout] ---- src/lib.rs - table_derive (line 36) stdout ----
[INFO] [stdout] error[E0433]: failed to resolve: use of undeclared crate or module `geekorm`
[INFO] [stdout]  --> src/lib.rs:37:5
[INFO] [stdout]   |
[INFO] [stdout] 3 | use geekorm::prelude::*;
[INFO] [stdout]   |     ^^^^^^^ use of undeclared crate or module `geekorm`
[INFO] [stdout] 
[INFO] [stdout] error: cannot find derive macro `Table` in this scope
[INFO] [stdout]  --> src/lib.rs:39:10
[INFO] [stdout]   |
[INFO] [stdout] 5 | #[derive(Table, Default, serde::Serialize, serde::Deserialize)]
[INFO] [stdout]   |          ^^^^^
[INFO] [stdout]   |
[INFO] [stdout] help: consider importing this derive macro
[INFO] [stdout]   |
[INFO] [stdout] 2 + use geekorm_derive::Table;
[INFO] [stdout]   |
[INFO] [stdout] 
[INFO] [stdout] error[E0412]: cannot find type `PrimaryKeyInteger` in this scope
[INFO] [stdout]  --> src/lib.rs:41:9
[INFO] [stdout]   |
[INFO] [stdout] 7 |     id: PrimaryKeyInteger,
[INFO] [stdout]   |         ^^^^^^^^^^^^^^^^^ not found in this scope
[INFO] [stdout]   |
[INFO] [stdout] help: consider importing this type alias
[INFO] [stdout]   |
[INFO] [stdout] 2 + use geekorm_core::builder::keys::primary::PrimaryKeyInteger;
[INFO] [stdout]   |
[INFO] [stdout] 
[INFO] [stdout] error[E0599]: no function or associated item named `table` found for struct `Users` in the current scope
[INFO] [stdout]   --> src/lib.rs:48:20
[INFO] [stdout]    |
[INFO] [stdout] 6  | struct Users {
[INFO] [stdout]    | ------------ function or associated item `table` not found for this struct
[INFO] [stdout] ...
[INFO] [stdout] 14 | let table = Users::table();
[INFO] [stdout]    |                    ^^^^^ function or associated item not found in `Users`
[INFO] [stdout]    |
[INFO] [stdout]    = help: items from traits can only be used if the trait is implemented and in scope
[INFO] [stdout]    = note: the following trait defines an item `table`, perhaps you need to implement it:
[INFO] [stdout]            candidate #1: `geekorm_core::TableBuilder`
[INFO] [stdout] 
[INFO] [stdout] error[E0599]: no function or associated item named `table_name` found for struct `Users` in the current scope
[INFO] [stdout]   --> src/lib.rs:49:19
[INFO] [stdout]    |
[INFO] [stdout] 6  | struct Users {
[INFO] [stdout]    | ------------ function or associated item `table_name` not found for this struct
[INFO] [stdout] ...
[INFO] [stdout] 15 | assert_eq!(Users::table_name(), "Users");
[INFO] [stdout]    |                   ^^^^^^^^^^ function or associated item not found in `Users`
[INFO] [stdout]    |
[INFO] [stdout]    = help: items from traits can only be used if the trait is implemented and in scope
[INFO] [stdout]    = note: the following trait defines an item `table_name`, perhaps you need to implement it:
[INFO] [stdout]            candidate #1: `geekorm_core::TableBuilder`
[INFO] [stdout] 
[INFO] [stdout] error: aborting due to 5 previous errors
[INFO] [stdout] 
[INFO] [stdout] Some errors have detailed explanations: E0412, E0433, E0599.
[INFO] [stdout] For more information about an error, try `rustc --explain E0412`.
[INFO] [stdout] Couldn't compile the test.
[INFO] [stdout] ---- src/parsers/helpers.rs - parsers::helpers::generate_new (line 8) stdout ----
[INFO] [stdout] error[E0433]: failed to resolve: use of undeclared crate or module `geekorm`
[INFO] [stdout]  --> src/parsers/helpers.rs:9:5
[INFO] [stdout]   |
[INFO] [stdout] 3 | use geekorm::prelude::*;
[INFO] [stdout]   |     ^^^^^^^ use of undeclared crate or module `geekorm`
[INFO] [stdout] 
[INFO] [stdout] error: cannot find derive macro `Table` in this scope
[INFO] [stdout]  --> src/parsers/helpers.rs:11:10
[INFO] [stdout]   |
[INFO] [stdout] 5 | #[derive(Table, Clone, Default, serde::Serialize, serde::Deserialize)]
[INFO] [stdout]   |          ^^^^^
[INFO] [stdout]   |
[INFO] [stdout] help: consider importing this derive macro
[INFO] [stdout]   |
[INFO] [stdout] 2 + use geekorm_derive::Table;
[INFO] [stdout]   |
[INFO] [stdout] 
[INFO] [stdout] error[E0412]: cannot find type `PrimaryKeyInteger` in this scope
[INFO] [stdout]  --> src/parsers/helpers.rs:13:9
[INFO] [stdout]   |
[INFO] [stdout] 7 |     id: PrimaryKeyInteger,
[INFO] [stdout]   |         ^^^^^^^^^^^^^^^^^ not found in this scope
[INFO] [stdout]   |
[INFO] [stdout] help: consider importing this type alias
[INFO] [stdout]   |
[INFO] [stdout] 2 + use geekorm_core::builder::keys::primary::PrimaryKeyInteger;
[INFO] [stdout]   |
[INFO] [stdout] 
[INFO] [stdout] error[E0599]: no function or associated item named `new` found for struct `Users` in the current scope
[INFO] [stdout]   --> src/parsers/helpers.rs:20:19
[INFO] [stdout]    |
[INFO] [stdout] 6  | struct Users {
[INFO] [stdout]    | ------------ function or associated item `new` not found for this struct
[INFO] [stdout] ...
[INFO] [stdout] 14 | let user = Users::new(
[INFO] [stdout]    |                   ^^^ function or associated item not found in `Users`
[INFO] [stdout] 
[INFO] [stdout] error: aborting due to 4 previous errors
[INFO] [stdout] 
[INFO] [stdout] Some errors have detailed explanations: E0412, E0433, E0599.
[INFO] [stdout] For more information about an error, try `rustc --explain E0412`.
[INFO] [stdout] Couldn't compile the test.
[INFO] [stdout] ---- src/../README.md - (line 84) stdout ----
[INFO] [stdout] error[E0433]: failed to resolve: use of undeclared crate or module `geekorm`
[INFO] [stdout]  --> src/../README.md:85:5
[INFO] [stdout]   |
[INFO] [stdout] 3 | use geekorm::prelude::*;
[INFO] [stdout]   |     ^^^^^^^ use of undeclared crate or module `geekorm`
[INFO] [stdout] 
[INFO] [stdout] error: cannot find derive macro `Table` in this scope
[INFO] [stdout]  --> src/../README.md:87:10
[INFO] [stdout]   |
[INFO] [stdout] 5 | #[derive(Table, Default, serde::Serialize, serde::Deserialize)]
[INFO] [stdout]   |          ^^^^^
[INFO] [stdout]   |
[INFO] [stdout] help: consider importing this derive macro
[INFO] [stdout]   |
[INFO] [stdout] 2 + use geekorm_derive::Table;
[INFO] [stdout]   |
[INFO] [stdout] 
[INFO] [stdout] error[E0412]: cannot find type `PrimaryKeyInteger` in this scope
[INFO] [stdout]  --> src/../README.md:89:9
[INFO] [stdout]   |
[INFO] [stdout] 7 |     id: PrimaryKeyInteger,
[INFO] [stdout]   |         ^^^^^^^^^^^^^^^^^ not found in this scope
[INFO] [stdout]   |
[INFO] [stdout] help: consider importing this type alias
[INFO] [stdout]   |
[INFO] [stdout] 2 + use geekorm_core::builder::keys::primary::PrimaryKeyInteger;
[INFO] [stdout]   |
[INFO] [stdout] 
[INFO] [stdout] error[E0599]: no function or associated item named `query_select_by_name` found for struct `Users` in the current scope
[INFO] [stdout]   --> src/../README.md:96:19
[INFO] [stdout]    |
[INFO] [stdout] 6  | struct Users {
[INFO] [stdout]    | ------------ function or associated item `query_select_by_name` not found for this struct
[INFO] [stdout] ...
[INFO] [stdout] 14 | let user = Users::query_select_by_name("geekmasher");
[INFO] [stdout]    |                   ^^^^^^^^^^^^^^^^^^^^ function or associated item not found in `Users`
[INFO] [stdout] 
[INFO] [stdout] error[E0599]: no function or associated item named `query_select_by_age` found for struct `Users` in the current scope
[INFO] [stdout]   --> src/../README.md:98:19
[INFO] [stdout]    |
[INFO] [stdout] 6  | struct Users {
[INFO] [stdout]    | ------------ function or associated item `query_select_by_age` not found for this struct
[INFO] [stdout] ...
[INFO] [stdout] 16 | let user = Users::query_select_by_age(42);
[INFO] [stdout]    |                   ^^^^^^^^^^^^^^^^^^^ function or associated item not found in `Users`
[INFO] [stdout] 
[INFO] [stdout] error[E0599]: no function or associated item named `query_select_by_occupation` found for struct `Users` in the current scope
[INFO] [stdout]   --> src/../README.md:100:19
[INFO] [stdout]    |
[INFO] [stdout] 6  | struct Users {
[INFO] [stdout]    | ------------ function or associated item `query_select_by_occupation` not found for this struct
[INFO] [stdout] ...
[INFO] [stdout] 18 | let user = Users::query_select_by_occupation("Software Developer");
[INFO] [stdout]    |                   ^^^^^^^^^^^^^^^^^^^^^^^^^^ function or associated item not found in `Users`
[INFO] [stdout] 
[INFO] [stdout] error: aborting due to 6 previous errors
[INFO] [stdout] 
[INFO] [stdout] Some errors have detailed explanations: E0412, E0433, E0599.
[INFO] [stdout] For more information about an error, try `rustc --explain E0412`.
[INFO] [stdout] Couldn't compile the test.
[INFO] [stdout] ---- src/parsers/tablebuilder.rs - parsers::tablebuilder::generate_table_builder (line 15) stdout ----
[INFO] [stdout] error[E0433]: failed to resolve: use of undeclared crate or module `geekorm`
[INFO] [stdout]  --> src/parsers/tablebuilder.rs:16:5
[INFO] [stdout]   |
[INFO] [stdout] 3 | use geekorm::prelude::*;
[INFO] [stdout]   |     ^^^^^^^ use of undeclared crate or module `geekorm`
[INFO] [stdout] 
[INFO] [stdout] error: cannot find derive macro `Table` in this scope
[INFO] [stdout]  --> src/parsers/tablebuilder.rs:18:10
[INFO] [stdout]   |
[INFO] [stdout] 5 | #[derive(Table, Default, Clone, serde::Serialize, serde::Deserialize)]
[INFO] [stdout]   |          ^^^^^
[INFO] [stdout]   |
[INFO] [stdout] help: consider importing this derive macro
[INFO] [stdout]   |
[INFO] [stdout] 2 + use geekorm_derive::Table;
[INFO] [stdout]   |
[INFO] [stdout] 
[INFO] [stdout] error[E0412]: cannot find type `PrimaryKeyInteger` in this scope
[INFO] [stdout]  --> src/parsers/tablebuilder.rs:20:9
[INFO] [stdout]   |
[INFO] [stdout] 7 |     id: PrimaryKeyInteger,
[INFO] [stdout]   |         ^^^^^^^^^^^^^^^^^ not found in this scope
[INFO] [stdout]   |
[INFO] [stdout] help: consider importing this type alias
[INFO] [stdout]   |
[INFO] [stdout] 2 + use geekorm_core::builder::keys::primary::PrimaryKeyInteger;
[INFO] [stdout]   |
[INFO] [stdout] 
[INFO] [stdout] error[E0599]: no function or associated item named `table` found for struct `Users` in the current scope
[INFO] [stdout]   --> src/parsers/tablebuilder.rs:26:25
[INFO] [stdout]    |
[INFO] [stdout] 6  | struct Users {
[INFO] [stdout]    | ------------ function or associated item `table` not found for this struct
[INFO] [stdout] ...
[INFO] [stdout] 13 | let user_table = Users::table();
[INFO] [stdout]    |                         ^^^^^ function or associated item not found in `Users`
[INFO] [stdout]    |
[INFO] [stdout]    = help: items from traits can only be used if the trait is implemented and in scope
[INFO] [stdout]    = note: the following trait defines an item `table`, perhaps you need to implement it:
[INFO] [stdout]            candidate #1: `geekorm_core::TableBuilder`
[INFO] [stdout] 
[INFO] [stdout] error[E0599]: no function or associated item named `table_name` found for struct `Users` in the current scope
[INFO] [stdout]   --> src/parsers/tablebuilder.rs:27:30
[INFO] [stdout]    |
[INFO] [stdout] 6  | struct Users {
[INFO] [stdout]    | ------------ function or associated item `table_name` not found for this struct
[INFO] [stdout] ...
[INFO] [stdout] 14 | let user_table_name = Users::table_name();
[INFO] [stdout]    |                              ^^^^^^^^^^ function or associated item not found in `Users`
[INFO] [stdout]    |
[INFO] [stdout]    = help: items from traits can only be used if the trait is implemented and in scope
[INFO] [stdout]    = note: the following trait defines an item `table_name`, perhaps you need to implement it:
[INFO] [stdout]            candidate #1: `geekorm_core::TableBuilder`
[INFO] [stdout] 
[INFO] [stdout] error[E0599]: no method named `get_table` found for struct `Users` in the current scope
[INFO] [stdout]   --> src/parsers/tablebuilder.rs:30:24
[INFO] [stdout]    |
[INFO] [stdout] 6  | struct Users {
[INFO] [stdout]    | ------------ method `get_table` not found for this struct
[INFO] [stdout] ...
[INFO] [stdout] 17 | let user_table2 = user.get_table();
[INFO] [stdout]    |                        ^^^^^^^^^ method not found in `Users`
[INFO] [stdout]    |
[INFO] [stdout]    = help: items from traits can only be used if the trait is implemented and in scope
[INFO] [stdout]    = note: the following trait defines an item `get_table`, perhaps you need to implement it:
[INFO] [stdout]            candidate #1: `geekorm_core::TableBuilder`
[INFO] [stdout] 
[INFO] [stdout] error: aborting due to 6 previous errors
[INFO] [stdout] 
[INFO] [stdout] Some errors have detailed explanations: E0412, E0433, E0599.
[INFO] [stdout] For more information about an error, try `rustc --explain E0412`.
[INFO] [stdout] Couldn't compile the test.
[INFO] [stdout] ---- src/../README.md - (line 59) stdout ----
[INFO] [stdout] error[E0433]: failed to resolve: use of undeclared crate or module `geekorm`
[INFO] [stdout]  --> src/../README.md:60:5
[INFO] [stdout]   |
[INFO] [stdout] 3 | use geekorm::prelude::*;
[INFO] [stdout]   |     ^^^^^^^ use of undeclared crate or module `geekorm`
[INFO] [stdout] 
[INFO] [stdout] error: cannot find derive macro `Table` in this scope
[INFO] [stdout]  --> src/../README.md:62:10
[INFO] [stdout]   |
[INFO] [stdout] 5 | #[derive(Table, Default, serde::Serialize, serde::Deserialize)]
[INFO] [stdout]   |          ^^^^^
[INFO] [stdout]   |
[INFO] [stdout] help: consider importing this derive macro
[INFO] [stdout]   |
[INFO] [stdout] 2 + use geekorm_derive::Table;
[INFO] [stdout]   |
[INFO] [stdout] 
[INFO] [stdout] error[E0412]: cannot find type `PrimaryKeyInteger` in this scope
[INFO] [stdout]  --> src/../README.md:64:9
[INFO] [stdout]   |
[INFO] [stdout] 7 |     id: PrimaryKeyInteger,
[INFO] [stdout]   |         ^^^^^^^^^^^^^^^^^ not found in this scope
[INFO] [stdout]   |
[INFO] [stdout] help: consider importing this type alias
[INFO] [stdout]   |
[INFO] [stdout] 2 + use geekorm_core::builder::keys::primary::PrimaryKeyInteger;
[INFO] [stdout]   |
[INFO] [stdout] 
[INFO] [stdout] error[E0599]: no function or associated item named `new` found for struct `Users` in the current scope
[INFO] [stdout]   --> src/../README.md:71:19
[INFO] [stdout]    |
[INFO] [stdout] 6  | struct Users {
[INFO] [stdout]    | ------------ function or associated item `new` not found for this struct
[INFO] [stdout] ...
[INFO] [stdout] 14 | let user = Users::new(
[INFO] [stdout]    |                   ^^^ function or associated item not found in `Users`
[INFO] [stdout] 
[INFO] [stdout] error: aborting due to 4 previous errors
[INFO] [stdout] 
[INFO] [stdout] Some errors have detailed explanations: E0412, E0433, E0599.
[INFO] [stdout] For more information about an error, try `rustc --explain E0412`.
[INFO] [stdout] Couldn't compile the test.
[INFO] [stdout] ---- src/../README.md - (line 20) stdout ----
[INFO] [stdout] error[E0433]: failed to resolve: use of undeclared crate or module `geekorm`
[INFO] [stdout]  --> src/../README.md:21:5
[INFO] [stdout]   |
[INFO] [stdout] 3 | use geekorm::prelude::*;
[INFO] [stdout]   |     ^^^^^^^ use of undeclared crate or module `geekorm`
[INFO] [stdout] 
[INFO] [stdout] error: cannot find derive macro `Table` in this scope
[INFO] [stdout]  --> src/../README.md:23:10
[INFO] [stdout]   |
[INFO] [stdout] 5 | #[derive(Table, Default, serde::Serialize, serde::Deserialize)]
[INFO] [stdout]   |          ^^^^^
[INFO] [stdout]   |
[INFO] [stdout] help: consider importing this derive macro
[INFO] [stdout]   |
[INFO] [stdout] 2 + use geekorm_derive::Table;
[INFO] [stdout]   |
[INFO] [stdout] 
[INFO] [stdout] error[E0412]: cannot find type `PrimaryKeyInteger` in this scope
[INFO] [stdout]  --> src/../README.md:25:9
[INFO] [stdout]   |
[INFO] [stdout] 7 |     id: PrimaryKeyInteger,
[INFO] [stdout]   |         ^^^^^^^^^^^^^^^^^ not found in this scope
[INFO] [stdout]   |
[INFO] [stdout] help: consider importing this type alias
[INFO] [stdout]   |
[INFO] [stdout] 2 + use geekorm_core::builder::keys::primary::PrimaryKeyInteger;
[INFO] [stdout]   |
[INFO] [stdout] 
[INFO] [stdout] error[E0599]: no function or associated item named `query_create` found for struct `Users` in the current scope
[INFO] [stdout]   --> src/../README.md:32:21
[INFO] [stdout]    |
[INFO] [stdout] 6  | struct Users {
[INFO] [stdout]    | ------------ function or associated item `query_create` not found for this struct
[INFO] [stdout] ...
[INFO] [stdout] 14 | let create = Users::query_create().build()
[INFO] [stdout]    |                     ^^^^^^^^^^^^ function or associated item not found in `Users`
[INFO] [stdout]    |
[INFO] [stdout]    = help: items from traits can only be used if the trait is implemented and in scope
[INFO] [stdout]    = note: the following trait defines an item `query_create`, perhaps you need to implement it:
[INFO] [stdout]            candidate #1: `geekorm_core::QueryBuilderTrait`
[INFO] [stdout] 
[INFO] [stdout] error[E0599]: no function or associated item named `query_select` found for struct `Users` in the current scope
[INFO] [stdout]   --> src/../README.md:36:21
[INFO] [stdout]    |
[INFO] [stdout] 6  | struct Users {
[INFO] [stdout]    | ------------ function or associated item `query_select` not found for this struct
[INFO] [stdout] ...
[INFO] [stdout] 18 | let select = Users::query_select()
[INFO] [stdout]    |                     ^^^^^^^^^^^^ function or associated item not found in `Users`
[INFO] [stdout]    |
[INFO] [stdout]    = help: items from traits can only be used if the trait is implemented and in scope
[INFO] [stdout]    = note: the following trait defines an item `query_select`, perhaps you need to implement it:
[INFO] [stdout]            candidate #1: `geekorm_core::QueryBuilderTrait`
[INFO] [stdout] 
[INFO] [stdout] error[E0599]: no function or associated item named `query_insert` found for struct `Users` in the current scope
[INFO] [stdout]   --> src/../README.md:45:21
[INFO] [stdout]    |
[INFO] [stdout] 6  | struct Users {
[INFO] [stdout]    | ------------ function or associated item `query_insert` not found for this struct
[INFO] [stdout] ...
[INFO] [stdout] 27 | let insert = Users::query_insert(&user);
[INFO] [stdout]    |                     ^^^^^^^^^^^^ function or associated item not found in `Users`
[INFO] [stdout]    |
[INFO] [stdout]    = help: items from traits can only be used if the trait is implemented and in scope
[INFO] [stdout]    = note: the following trait defines an item `query_insert`, perhaps you need to implement it:
[INFO] [stdout]            candidate #1: `geekorm_core::QueryBuilderTrait`
[INFO] [stdout] 
[INFO] [stdout] error[E0599]: no function or associated item named `query_update` found for struct `Users` in the current scope
[INFO] [stdout]   --> src/../README.md:49:21
[INFO] [stdout]    |
[INFO] [stdout] 6  | struct Users {
[INFO] [stdout]    | ------------ function or associated item `query_update` not found for this struct
[INFO] [stdout] ...
[INFO] [stdout] 31 | let update = Users::query_update(&user);
[INFO] [stdout]    |                     ^^^^^^^^^^^^ function or associated item not found in `Users`
[INFO] [stdout]    |
[INFO] [stdout]    = help: items from traits can only be used if the trait is implemented and in scope
[INFO] [stdout]    = note: the following trait defines an item `query_update`, perhaps you need to implement it:
[INFO] [stdout]            candidate #1: `geekorm_core::QueryBuilderTrait`
[INFO] [stdout] 
[INFO] [stdout] error: aborting due to 7 previous errors
[INFO] [stdout] 
[INFO] [stdout] Some errors have detailed explanations: E0412, E0433, E0599.
[INFO] [stdout] For more information about an error, try `rustc --explain E0412`.
[INFO] [stdout] Couldn't compile the test.
[INFO] [stdout] ---- src/parsers/tablebuilder.rs - parsers::tablebuilder::generate_table_primary_key (line 158) stdout ----
[INFO] [stdout] error[E0433]: failed to resolve: use of undeclared crate or module `geekorm`
[INFO] [stdout]  --> src/parsers/tablebuilder.rs:159:5
[INFO] [stdout]   |
[INFO] [stdout] 3 | use geekorm::prelude::*;
[INFO] [stdout]   |     ^^^^^^^ use of undeclared crate or module `geekorm`
[INFO] [stdout] 
[INFO] [stdout] error: cannot find derive macro `Table` in this scope
[INFO] [stdout]  --> src/parsers/tablebuilder.rs:161:10
[INFO] [stdout]   |
[INFO] [stdout] 5 | #[derive(Table, Default, Clone, serde::Serialize, serde::Deserialize)]
[INFO] [stdout]   |          ^^^^^
[INFO] [stdout]   |
[INFO] [stdout] help: consider importing this derive macro
[INFO] [stdout]   |
[INFO] [stdout] 2 + use geekorm_derive::Table;
[INFO] [stdout]   |
[INFO] [stdout] 
[INFO] [stdout] error[E0412]: cannot find type `PrimaryKeyInteger` in this scope
[INFO] [stdout]  --> src/parsers/tablebuilder.rs:163:12
[INFO] [stdout]   |
[INFO] [stdout] 7 |    pub id: PrimaryKeyInteger,
[INFO] [stdout]   |            ^^^^^^^^^^^^^^^^^ not found in this scope
[INFO] [stdout]   |
[INFO] [stdout] help: consider importing this type alias
[INFO] [stdout]   |
[INFO] [stdout] 2 + use geekorm_core::builder::keys::primary::PrimaryKeyInteger;
[INFO] [stdout]   |
[INFO] [stdout] 
[INFO] [stdout] error[E0433]: failed to resolve: use of undeclared type `Value`
[INFO] [stdout]   --> src/parsers/tablebuilder.rs:171:45
[INFO] [stdout]    |
[INFO] [stdout] 15 | assert_eq!(Users::primary_key_value(&user), Value::from(0));
[INFO] [stdout]    |                                             ^^^^^ use of undeclared type `Value`
[INFO] [stdout]    |
[INFO] [stdout] help: consider importing one of these enums
[INFO] [stdout]    |
[INFO] [stdout] 2  + use geekorm_core::Value;
[INFO] [stdout]    |
[INFO] [stdout] 2  + use serde_json::Value;
[INFO] [stdout]    |
[INFO] [stdout] 
[INFO] [stdout] error[E0599]: no function or associated item named `new` found for struct `Users` in the current scope
[INFO] [stdout]   --> src/parsers/tablebuilder.rs:168:19
[INFO] [stdout]    |
[INFO] [stdout] 6  | pub struct Users {
[INFO] [stdout]    | ---------------- function or associated item `new` not found for this struct
[INFO] [stdout] ...
[INFO] [stdout] 12 | let user = Users::new(String::from("John Doe"), 30);
[INFO] [stdout]    |                   ^^^ function or associated item not found in `Users`
[INFO] [stdout] 
[INFO] [stdout] error[E0599]: no function or associated item named `primary_key` found for struct `Users` in the current scope
[INFO] [stdout]   --> src/parsers/tablebuilder.rs:170:19
[INFO] [stdout]    |
[INFO] [stdout] 6  | pub struct Users {
[INFO] [stdout]    | ---------------- function or associated item `primary_key` not found for this struct
[INFO] [stdout] ...
[INFO] [stdout] 14 | assert_eq!(Users::primary_key(), "id");
[INFO] [stdout]    |                   ^^^^^^^^^^^ function or associated item not found in `Users`
[INFO] [stdout]    |
[INFO] [stdout]    = help: items from traits can only be used if the trait is implemented and in scope
[INFO] [stdout]    = note: the following trait defines an item `primary_key`, perhaps you need to implement it:
[INFO] [stdout]            candidate #1: `geekorm_core::TablePrimaryKey`
[INFO] [stdout] 
[INFO] [stdout] error[E0599]: no function or associated item named `primary_key_value` found for struct `Users` in the current scope
[INFO] [stdout]   --> src/parsers/tablebuilder.rs:171:19
[INFO] [stdout]    |
[INFO] [stdout] 6  | pub struct Users {
[INFO] [stdout]    | ---------------- function or associated item `primary_key_value` not found for this struct
[INFO] [stdout] ...
[INFO] [stdout] 15 | assert_eq!(Users::primary_key_value(&user), Value::from(0));
[INFO] [stdout]    |                   ^^^^^^^^^^^^^^^^^ function or associated item not found in `Users`
[INFO] [stdout]    |
[INFO] [stdout]    = help: items from traits can only be used if the trait is implemented and in scope
[INFO] [stdout]    = note: the following trait defines an item `primary_key_value`, perhaps you need to implement it:
[INFO] [stdout]            candidate #1: `geekorm_core::TablePrimaryKey`
[INFO] [stdout] 
[INFO] [stdout] error: aborting due to 7 previous errors
[INFO] [stdout] 
[INFO] [stdout] Some errors have detailed explanations: E0412, E0433, E0599.
[INFO] [stdout] For more information about an error, try `rustc --explain E0412`.
[INFO] [stdout] Couldn't compile the test.
[INFO] [stdout] ---- src/parsers/tablebuilder.rs - parsers::tablebuilder::generate_query_builder (line 60) stdout ----
[INFO] [stdout] error[E0433]: failed to resolve: use of undeclared crate or module `geekorm`
[INFO] [stdout]  --> src/parsers/tablebuilder.rs:61:5
[INFO] [stdout]   |
[INFO] [stdout] 2 | use geekorm::prelude::*;
[INFO] [stdout]   |     ^^^^^^^ use of undeclared crate or module `geekorm`
[INFO] [stdout] 
[INFO] [stdout] error: cannot find derive macro `Table` in this scope
[INFO] [stdout]  --> src/parsers/tablebuilder.rs:63:10
[INFO] [stdout]   |
[INFO] [stdout] 4 | #[derive(Table, Default, Clone, serde::Serialize, serde::Deserialize)]
[INFO] [stdout]   |          ^^^^^
[INFO] [stdout]   |
[INFO] [stdout] help: consider importing this derive macro
[INFO] [stdout]   |
[INFO] [stdout] 2 + use geekorm_derive::Table;
[INFO] [stdout]   |
[INFO] [stdout] 
[INFO] [stdout] error[E0412]: cannot find type `PrimaryKeyInteger` in this scope
[INFO] [stdout]  --> src/parsers/tablebuilder.rs:65:13
[INFO] [stdout]   |
[INFO] [stdout] 6 |     pub id: PrimaryKeyInteger,
[INFO] [stdout]   |             ^^^^^^^^^^^^^^^^^ not found in this scope
[INFO] [stdout]   |
[INFO] [stdout] help: consider importing this type alias
[INFO] [stdout]   |
[INFO] [stdout] 2 + use geekorm_core::builder::keys::primary::PrimaryKeyInteger;
[INFO] [stdout]   |
[INFO] [stdout] 
[INFO] [stdout] error[E0599]: no function or associated item named `query_create` found for struct `Users` in the current scope
[INFO] [stdout]   --> src/parsers/tablebuilder.rs:71:21
[INFO] [stdout]    |
[INFO] [stdout] 5  | pub struct Users {
[INFO] [stdout]    | ---------------- function or associated item `query_create` not found for this struct
[INFO] [stdout] ...
[INFO] [stdout] 12 | let create = Users::query_create().build()
[INFO] [stdout]    |                     ^^^^^^^^^^^^ function or associated item not found in `Users`
[INFO] [stdout]    |
[INFO] [stdout]    = help: items from traits can only be used if the trait is implemented and in scope
[INFO] [stdout]    = note: the following trait defines an item `query_create`, perhaps you need to implement it:
[INFO] [stdout]            candidate #1: `geekorm_core::QueryBuilderTrait`
[INFO] [stdout] 
[INFO] [stdout] error[E0599]: no function or associated item named `query_select` found for struct `Users` in the current scope
[INFO] [stdout]   --> src/parsers/tablebuilder.rs:75:21
[INFO] [stdout]    |
[INFO] [stdout] 5  | pub struct Users {
[INFO] [stdout]    | ---------------- function or associated item `query_select` not found for this struct
[INFO] [stdout] ...
[INFO] [stdout] 16 | let select = Users::query_select().build()
[INFO] [stdout]    |                     ^^^^^^^^^^^^ function or associated item not found in `Users`
[INFO] [stdout]    |
[INFO] [stdout]    = help: items from traits can only be used if the trait is implemented and in scope
[INFO] [stdout]    = note: the following trait defines an item `query_select`, perhaps you need to implement it:
[INFO] [stdout]            candidate #1: `geekorm_core::QueryBuilderTrait`
[INFO] [stdout] 
[INFO] [stdout] error[E0599]: no function or associated item named `query_insert` found for struct `Users` in the current scope
[INFO] [stdout]   --> src/parsers/tablebuilder.rs:80:21
[INFO] [stdout]    |
[INFO] [stdout] 5  | pub struct Users {
[INFO] [stdout]    | ---------------- function or associated item `query_insert` not found for this struct
[INFO] [stdout] ...
[INFO] [stdout] 21 | let insert = Users::query_insert(&user);
[INFO] [stdout]    |                     ^^^^^^^^^^^^ function or associated item not found in `Users`
[INFO] [stdout]    |
[INFO] [stdout]    = help: items from traits can only be used if the trait is implemented and in scope
[INFO] [stdout]    = note: the following trait defines an item `query_insert`, perhaps you need to implement it:
[INFO] [stdout]            candidate #1: `geekorm_core::QueryBuilderTrait`
[INFO] [stdout] 
[INFO] [stdout] error[E0599]: no function or associated item named `query_update` found for struct `Users` in the current scope
[INFO] [stdout]   --> src/parsers/tablebuilder.rs:83:21
[INFO] [stdout]    |
[INFO] [stdout] 5  | pub struct Users {
[INFO] [stdout]    | ---------------- function or associated item `query_update` not found for this struct
[INFO] [stdout] ...
[INFO] [stdout] 24 | let update = Users::query_update(&user);
[INFO] [stdout]    |                     ^^^^^^^^^^^^ function or associated item not found in `Users`
[INFO] [stdout]    |
[INFO] [stdout]    = help: items from traits can only be used if the trait is implemented and in scope
[INFO] [stdout]    = note: the following trait defines an item `query_update`, perhaps you need to implement it:
[INFO] [stdout]            candidate #1: `geekorm_core::QueryBuilderTrait`
[INFO] [stdout] 
[INFO] [stdout] error[E0599]: no function or associated item named `query_count` found for struct `Users` in the current scope
[INFO] [stdout]   --> src/parsers/tablebuilder.rs:86:20
[INFO] [stdout]    |
[INFO] [stdout] 5  | pub struct Users {
[INFO] [stdout]    | ---------------- function or associated item `query_count` not found for this struct
[INFO] [stdout] ...
[INFO] [stdout] 27 | let count = Users::query_count().build()
[INFO] [stdout]    |                    ^^^^^^^^^^^ function or associated item not found in `Users`
[INFO] [stdout]    |
[INFO] [stdout]    = help: items from traits can only be used if the trait is implemented and in scope
[INFO] [stdout]    = note: the following trait defines an item `query_count`, perhaps you need to implement it:
[INFO] [stdout]            candidate #1: `geekorm_core::QueryBuilderTrait`
[INFO] [stdout] 
[INFO] [stdout] error: aborting due to 8 previous errors
[INFO] [stdout] 
[INFO] [stdout] Some errors have detailed explanations: E0412, E0433, E0599.
[INFO] [stdout] For more information about an error, try `rustc --explain E0412`.
[INFO] [stdout] Couldn't compile the test.
[INFO] [stdout] ---- src/attr.rs - attr (line 5) stdout ----
[INFO] [stdout] error[E0433]: failed to resolve: use of undeclared crate or module `geekorm`
[INFO] [stdout]  --> src/attr.rs:6:5
[INFO] [stdout]   |
[INFO] [stdout] 2 | use geekorm::prelude::*;
[INFO] [stdout]   |     ^^^^^^^ use of undeclared crate or module `geekorm`
[INFO] [stdout] 
[INFO] [stdout] error: cannot find derive macro `Table` in this scope
[INFO] [stdout]   --> src/attr.rs:29:10
[INFO] [stdout]    |
[INFO] [stdout] 25 | #[derive(Table, Debug, Clone, serde::Serialize, serde::Deserialize)]
[INFO] [stdout]    |          ^^^^^
[INFO] [stdout]    |
[INFO] [stdout] help: consider importing this derive macro
[INFO] [stdout]    |
[INFO] [stdout] 2  + use geekorm_derive::Table;
[INFO] [stdout]    |
[INFO] [stdout] 
[INFO] [stdout] error: cannot find attribute `geekorm` in this scope
[INFO] [stdout]   --> src/attr.rs:31:7
[INFO] [stdout]    |
[INFO] [stdout] 27 |     #[geekorm(primary_key, auto_increment)]
[INFO] [stdout]    |       ^^^^^^^
[INFO] [stdout] 
[INFO] [stdout] error: cannot find attribute `geekorm` in this scope
[INFO] [stdout]   --> src/attr.rs:33:7
[INFO] [stdout]    |
[INFO] [stdout] 29 |     #[geekorm(not_null)]
[INFO] [stdout]    |       ^^^^^^^
[INFO] [stdout] 
[INFO] [stdout] error: cannot find attribute `geekorm` in this scope
[INFO] [stdout]   --> src/attr.rs:35:7
[INFO] [stdout]    |
[INFO] [stdout] 31 |     #[geekorm(foreign_key = "Users.id")]
[INFO] [stdout]    |       ^^^^^^^
[INFO] [stdout] 
[INFO] [stdout] error: cannot find derive macro `Table` in this scope
[INFO] [stdout]  --> src/attr.rs:8:10
[INFO] [stdout]   |
[INFO] [stdout] 4 | #[derive(Table, Debug, Default, Clone, serde::Serialize, serde::Deserialize)]
[INFO] [stdout]   |          ^^^^^
[INFO] [stdout]   |
[INFO] [stdout] help: consider importing this derive macro
[INFO] [stdout]   |
[INFO] [stdout] 2 + use geekorm_derive::Table;
[INFO] [stdout]   |
[INFO] [stdout] 
[INFO] [stdout] error: cannot find attribute `geekorm` in this scope
[INFO] [stdout]  --> src/attr.rs:10:7
[INFO] [stdout]   |
[INFO] [stdout] 6 |     #[geekorm(primary_key, auto_increment)]
[INFO] [stdout]   |       ^^^^^^^
[INFO] [stdout] 
[INFO] [stdout] error: cannot find attribute `geekorm` in this scope
[INFO] [stdout]  --> src/attr.rs:13:7
[INFO] [stdout]   |
[INFO] [stdout] 9 |     #[geekorm(rename = "full_name")]
[INFO] [stdout]   |       ^^^^^^^
[INFO] [stdout] 
[INFO] [stdout] error[E0412]: cannot find type `PrimaryKey` in this scope
[INFO] [stdout]  --> src/attr.rs:11:9
[INFO] [stdout]   |
[INFO] [stdout] 7 |     id: PrimaryKey<i32>,
[INFO] [stdout]   |         ^^^^^^^^^^ not found in this scope
[INFO] [stdout]   |
[INFO] [stdout] help: consider importing this struct
[INFO] [stdout]   |
[INFO] [stdout] 2 + use geekorm_core::PrimaryKey;
[INFO] [stdout]   |
[INFO] [stdout] 
[INFO] [stdout] error[E0412]: cannot find type `PrimaryKeyInteger` in this scope
[INFO] [stdout]   --> src/attr.rs:32:9
[INFO] [stdout]    |
[INFO] [stdout] 28 |     id: PrimaryKeyInteger,
[INFO] [stdout]    |         ^^^^^^^^^^^^^^^^^ not found in this scope
[INFO] [stdout]    |
[INFO] [stdout] help: consider importing this type alias
[INFO] [stdout]    |
[INFO] [stdout] 2  + use geekorm_core::builder::keys::primary::PrimaryKeyInteger;
[INFO] [stdout]    |
[INFO] [stdout] 
[INFO] [stdout] error[E0412]: cannot find type `ForeignKey` in this scope
[INFO] [stdout]   --> src/attr.rs:36:13
[INFO] [stdout]    |
[INFO] [stdout] 32 |     author: ForeignKey<i32, Users>,
[INFO] [stdout]    |             ^^^^^^^^^^ not found in this scope
[INFO] [stdout]    |
[INFO] [stdout] help: consider importing this struct
[INFO] [stdout]    |
[INFO] [stdout] 2  + use geekorm_core::ForeignKey;
[INFO] [stdout]    |
[INFO] [stdout] 
[INFO] [stdout] error[E0599]: no function or associated item named `new` found for struct `Users` in the current scope
[INFO] [stdout]   --> src/attr.rs:40:23
[INFO] [stdout]    |
[INFO] [stdout] 5  | struct Users {
[INFO] [stdout]    | ------------ function or associated item `new` not found for this struct
[INFO] [stdout] ...
[INFO] [stdout] 36 |     let user = Users::new(
[INFO] [stdout]    |                       ^^^ function or associated item not found in `Users`
[INFO] [stdout] 
[INFO] [stdout] error[E0599]: no function or associated item named `new` found for struct `Posts` in the current scope
[INFO] [stdout]   --> src/attr.rs:45:23
[INFO] [stdout]    |
[INFO] [stdout] 26 | struct Posts {
[INFO] [stdout]    | ------------ function or associated item `new` not found for this struct
[INFO] [stdout] ...
[INFO] [stdout] 41 |     let post = Posts::new(
[INFO] [stdout]    |                       ^^^ function or associated item not found in `Posts`
[INFO] [stdout] 
[INFO] [stdout] error: aborting due to 13 previous errors
[INFO] [stdout] 
[INFO] [stdout] Some errors have detailed explanations: E0412, E0433, E0599.
[INFO] [stdout] For more information about an error, try `rustc --explain E0412`.
[INFO] [stdout] Couldn't compile the test.
[INFO] [stdout] ---- src/lib.rs - data_derive (line 69) stdout ----
[INFO] [stdout] error[E0433]: failed to resolve: use of undeclared crate or module `geekorm`
[INFO] [stdout]  --> src/lib.rs:70:5
[INFO] [stdout]   |
[INFO] [stdout] 3 | use geekorm::prelude::*;
[INFO] [stdout]   |     ^^^^^^^ use of undeclared crate or module `geekorm`
[INFO] [stdout] 
[INFO] [stdout] error: cannot find derive macro `Data` in this scope
[INFO] [stdout]  --> src/lib.rs:73:10
[INFO] [stdout]   |
[INFO] [stdout] 6 | #[derive(Data, Default, Clone)]
[INFO] [stdout]   |          ^^^^
[INFO] [stdout]   |
[INFO] [stdout] help: consider importing this derive macro
[INFO] [stdout]   |
[INFO] [stdout] 2 + use geekorm_derive::Data;
[INFO] [stdout]   |
[INFO] [stdout] 
[INFO] [stdout] error: cannot find derive macro `Table` in this scope
[INFO] [stdout]   --> src/lib.rs:82:10
[INFO] [stdout]    |
[INFO] [stdout] 15 | #[derive(Table, Default, serde::Serialize, serde::Deserialize)]
[INFO] [stdout]    |          ^^^^^
[INFO] [stdout]    |
[INFO] [stdout] help: consider importing this derive macro
[INFO] [stdout]    |
[INFO] [stdout] 2  + use geekorm_derive::Table;
[INFO] [stdout]    |
[INFO] [stdout] 
[INFO] [stdout] error: cannot find attribute `geekorm` in this scope
[INFO] [stdout]   --> src/lib.rs:84:7
[INFO] [stdout]    |
[INFO] [stdout] 17 |     #[geekorm(primary_key, auto_increment)]
[INFO] [stdout]    |       ^^^^^^^
[INFO] [stdout] 
[INFO] [stdout] error[E0412]: cannot find type `PrimaryKeyInteger` in this scope
[INFO] [stdout]   --> src/lib.rs:85:9
[INFO] [stdout]    |
[INFO] [stdout] 18 |     id: PrimaryKeyInteger,
[INFO] [stdout]    |         ^^^^^^^^^^^^^^^^^ not found in this scope
[INFO] [stdout]    |
[INFO] [stdout] help: consider importing this type alias
[INFO] [stdout]    |
[INFO] [stdout] 2  + use geekorm_core::builder::keys::primary::PrimaryKeyInteger;
[INFO] [stdout]    |
[INFO] [stdout] 
[INFO] [stdout] error[E0433]: failed to resolve: use of undeclared type `Value`
[INFO] [stdout]   --> src/lib.rs:93:12
[INFO] [stdout]    |
[INFO] [stdout] 26 | assert_eq!(Value::from(geekmasher.role), Value::Text("Admin".to_string()));
[INFO] [stdout]    |            ^^^^^ use of undeclared type `Value`
[INFO] [stdout]    |
[INFO] [stdout] help: consider importing one of these enums
[INFO] [stdout]    |
[INFO] [stdout] 2  + use geekorm_core::Value;
[INFO] [stdout]    |
[INFO] [stdout] 2  + use serde_json::Value;
[INFO] [stdout]    |
[INFO] [stdout] 
[INFO] [stdout] error[E0433]: failed to resolve: use of undeclared type `Value`
[INFO] [stdout]   --> src/lib.rs:93:42
[INFO] [stdout]    |
[INFO] [stdout] 26 | assert_eq!(Value::from(geekmasher.role), Value::Text("Admin".to_string()));
[INFO] [stdout]    |                                          ^^^^^ use of undeclared type `Value`
[INFO] [stdout]    |
[INFO] [stdout] help: consider importing one of these enums
[INFO] [stdout]    |
[INFO] [stdout] 2  + use geekorm_core::Value;
[INFO] [stdout]    |
[INFO] [stdout] 2  + use serde_json::Value;
[INFO] [stdout]    |
[INFO] [stdout] 
[INFO] [stdout] error[E0433]: failed to resolve: use of undeclared type `Value`
[INFO] [stdout]   --> src/lib.rs:94:23
[INFO] [stdout]    |
[INFO] [stdout] 27 | assert_eq!(Role::from(Value::Text("Admin".to_string())), Role::Admin);
[INFO] [stdout]    |                       ^^^^^ use of undeclared type `Value`
[INFO] [stdout]    |
[INFO] [stdout] help: consider importing one of these enums
[INFO] [stdout]    |
[INFO] [stdout] 2  + use geekorm_core::Value;
[INFO] [stdout]    |
[INFO] [stdout] 2  + use serde_json::Value;
[INFO] [stdout]    |
[INFO] [stdout] 
[INFO] [stdout] error[E0599]: no function or associated item named `new` found for struct `Users` in the current scope
[INFO] [stdout]   --> src/lib.rs:90:25
[INFO] [stdout]    |
[INFO] [stdout] 16 | struct Users {
[INFO] [stdout]    | ------------ function or associated item `new` not found for this struct
[INFO] [stdout] ...
[INFO] [stdout] 23 | let geekmasher = Users::new("geekmasher", Role::Admin);
[INFO] [stdout]    |                         ^^^ function or associated item not found in `Users`
[INFO] [stdout] 
[INFO] [stdout] error[E0277]: the trait bound `Role: Serialize` is not satisfied
[INFO] [stdout]     --> src/lib.rs:82:26
[INFO] [stdout]      |
[INFO] [stdout] 15   | #[derive(Table, Default, serde::Serialize, serde::Deserialize)]
[INFO] [stdout]      |                          ^^^^^^^^^^^^^^^^ the trait `Serialize` is not implemented for `Role`
[INFO] [stdout] ...
[INFO] [stdout] 20   |     role: Role,
[INFO] [stdout]      |     ---------- required by a bound introduced by this call
[INFO] [stdout]      |
[INFO] [stdout]      = note: for local types consider adding `#[derive(serde::Serialize)]` to your `Role` type
[INFO] [stdout]      = note: for types from other crates check whether the crate offers a `serde` feature flag
[INFO] [stdout]      = help: the following other types implement trait `Serialize`:
[INFO] [stdout]                &'a T
[INFO] [stdout]                &'a mut T
[INFO] [stdout]                ()
[INFO] [stdout]                (T,)
[INFO] [stdout]                (T0, T1)
[INFO] [stdout]                (T0, T1, T2)
[INFO] [stdout]                (T0, T1, T2, T3)
[INFO] [stdout]                (T0, T1, T2, T3, T4)
[INFO] [stdout]              and 147 others
[INFO] [stdout] note: required by a bound in `_doctest_main_src_lib_rs_69_0::_::_serde::ser::SerializeStruct::serialize_field`
[INFO] [stdout]     --> /opt/rustwide/cargo-home/registry/src/index.crates.io-6f17d22bba15001f/serde-1.0.214/src/ser/mod.rs:1867:21
[INFO] [stdout]      |
[INFO] [stdout] 1865 |     fn serialize_field<T>(&mut self, key: &'static str, value: &T) -> Result<(), Self::Error>
[INFO] [stdout]      |        --------------- required by a bound in this associated function
[INFO] [stdout] 1866 |     where
[INFO] [stdout] 1867 |         T: ?Sized + Serialize;
[INFO] [stdout]      |                     ^^^^^^^^^ required by this bound in `SerializeStruct::serialize_field`
[INFO] [stdout]      = note: this error originates in the derive macro `serde::Serialize` (in Nightly builds, run with -Z macro-backtrace for more info)
[INFO] [stdout] 
[INFO] [stdout] error[E0277]: the trait bound `Role: Deserialize<'_>` is not satisfied
[INFO] [stdout]     --> src/lib.rs:87:11
[INFO] [stdout]      |
[INFO] [stdout] 20   |     role: Role,
[INFO] [stdout]      |           ^^^^ the trait `Deserialize<'_>` is not implemented for `Role`
[INFO] [stdout]      |
[INFO] [stdout]      = note: for local types consider adding `#[derive(serde::Deserialize)]` to your `Role` type
[INFO] [stdout]      = note: for types from other crates check whether the crate offers a `serde` feature flag
[INFO] [stdout]      = help: the following other types implement trait `Deserialize<'de>`:
[INFO] [stdout]                &'a Path
[INFO] [stdout]                &'a [u8]
[INFO] [stdout]                &'a str
[INFO] [stdout]                ()
[INFO] [stdout]                (T,)
[INFO] [stdout]                (T0, T1)
[INFO] [stdout]                (T0, T1, T2)
[INFO] [stdout]                (T0, T1, T2, T3)
[INFO] [stdout]              and 161 others
[INFO] [stdout] note: required by a bound in `next_element`
[INFO] [stdout]     --> /opt/rustwide/cargo-home/registry/src/index.crates.io-6f17d22bba15001f/serde-1.0.214/src/de/mod.rs:1732:12
[INFO] [stdout]      |
[INFO] [stdout] 1730 |     fn next_element<T>(&mut self) -> Result<Option<T>, Self::Error>
[INFO] [stdout]      |        ------------ required by a bound in this associated function
[INFO] [stdout] 1731 |     where
[INFO] [stdout] 1732 |         T: Deserialize<'de>,
[INFO] [stdout]      |            ^^^^^^^^^^^^^^^^ required by this bound in `SeqAccess::next_element`
[INFO] [stdout] 
[INFO] [stdout] error[E0277]: the trait bound `Role: Deserialize<'_>` is not satisfied
[INFO] [stdout]     --> src/lib.rs:87:11
[INFO] [stdout]      |
[INFO] [stdout] 20   |     role: Role,
[INFO] [stdout]      |           ^^^^ the trait `Deserialize<'_>` is not implemented for `Role`
[INFO] [stdout]      |
[INFO] [stdout]      = note: for local types consider adding `#[derive(serde::Deserialize)]` to your `Role` type
[INFO] [stdout]      = note: for types from other crates check whether the crate offers a `serde` feature flag
[INFO] [stdout]      = help: the following other types implement trait `Deserialize<'de>`:
[INFO] [stdout]                &'a Path
[INFO] [stdout]                &'a [u8]
[INFO] [stdout]                &'a str
[INFO] [stdout]                ()
[INFO] [stdout]                (T,)
[INFO] [stdout]                (T0, T1)
[INFO] [stdout]                (T0, T1, T2)
[INFO] [stdout]                (T0, T1, T2, T3)
[INFO] [stdout]              and 161 others
[INFO] [stdout] note: required by a bound in `next_value`
[INFO] [stdout]     --> /opt/rustwide/cargo-home/registry/src/index.crates.io-6f17d22bba15001f/serde-1.0.214/src/de/mod.rs:1871:12
[INFO] [stdout]      |
[INFO] [stdout] 1869 |     fn next_value<V>(&mut self) -> Result<V, Self::Error>
[INFO] [stdout]      |        ---------- required by a bound in this associated function
[INFO] [stdout] 1870 |     where
[INFO] [stdout] 1871 |         V: Deserialize<'de>,
[INFO] [stdout]      |            ^^^^^^^^^^^^^^^^ required by this bound in `MapAccess::next_value`
[INFO] [stdout] 
[INFO] [stdout] error[E0277]: the trait bound `Role: Deserialize<'_>` is not satisfied
[INFO] [stdout]   --> src/lib.rs:82:44
[INFO] [stdout]    |
[INFO] [stdout] 15 | #[derive(Table, Default, serde::Serialize, serde::Deserialize)]
[INFO] [stdout]    |                                            ^^^^^^^^^^^^^^^^^^ the trait `Deserialize<'_>` is not implemented for `Role`
[INFO] [stdout]    |
[INFO] [stdout]    = note: for local types consider adding `#[derive(serde::Deserialize)]` to your `Role` type
[INFO] [stdout]    = note: for types from other crates check whether the crate offers a `serde` feature flag
[INFO] [stdout]    = help: the following other types implement trait `Deserialize<'de>`:
[INFO] [stdout]              &'a Path
[INFO] [stdout]              &'a [u8]
[INFO] [stdout]              &'a str
[INFO] [stdout]              ()
[INFO] [stdout]              (T,)
[INFO] [stdout]              (T0, T1)
[INFO] [stdout]              (T0, T1, T2)
[INFO] [stdout]              (T0, T1, T2, T3)
[INFO] [stdout]            and 161 others
[INFO] [stdout] note: required by a bound in `_doctest_main_src_lib_rs_69_0::_::_serde::__private::de::missing_field`
[INFO] [stdout]   --> /opt/rustwide/cargo-home/registry/src/index.crates.io-6f17d22bba15001f/serde-1.0.214/src/private/de.rs:25:8
[INFO] [stdout]    |
[INFO] [stdout] 23 | pub fn missing_field<'de, V, E>(field: &'static str) -> Result<V, E>
[INFO] [stdout]    |        ------------- required by a bound in this function
[INFO] [stdout] 24 | where
[INFO] [stdout] 25 |     V: Deserialize<'de>,
[INFO] [stdout]    |        ^^^^^^^^^^^^^^^^ required by this bound in `missing_field`
[INFO] [stdout]    = note: this error originates in the derive macro `serde::Deserialize` (in Nightly builds, run with -Z macro-backtrace for more info)
[INFO] [stdout] 
[INFO] [stdout] error: aborting due to 13 previous errors
[INFO] [stdout] 
[INFO] [stdout] Some errors have detailed explanations: E0277, E0412, E0433, E0599.
[INFO] [stdout] For more information about an error, try `rustc --explain E0277`.
[INFO] [stdout] Couldn't compile the test.
[INFO] [stdout] 
[INFO] [stdout] failures:
[INFO] [stdout]     src/../README.md - (line 20)
[INFO] [stdout]     src/../README.md - (line 59)
[INFO] [stdout]     src/../README.md - (line 84)
[INFO] [stdout]     src/attr.rs - attr (line 5)
[INFO] [stdout]     src/lib.rs - data_derive (line 69)
[INFO] [stdout]     src/lib.rs - table_derive (line 36)
[INFO] [stdout]     src/parsers/helpers.rs - parsers::helpers::generate_helpers (line 48)
[INFO] [stdout]     src/parsers/helpers.rs - parsers::helpers::generate_new (line 8)
[INFO] [stdout]     src/parsers/tablebuilder.rs - parsers::tablebuilder::generate_query_builder (line 60)
[INFO] [stdout]     src/parsers/tablebuilder.rs - parsers::tablebuilder::generate_table_builder (line 15)
[INFO] [stdout]     src/parsers/tablebuilder.rs - parsers::tablebuilder::generate_table_primary_key (line 158)
[INFO] [stdout] 
[INFO] [stdout] test result: FAILED. 2 passed; 11 failed; 0 ignored; 0 measured; 0 filtered out; finished in 0.19s
[INFO] [stdout] 
[INFO] [stderr] error: doctest failed, to rerun pass `--doc`
[INFO] running `Command { std: "docker" "inspect" "ee930d7b7f97640b880b837fdee1bb32d13fb589d13f025e06546c8006745ad6", kill_on_drop: false }`
[INFO] running `Command { std: "docker" "rm" "-f" "ee930d7b7f97640b880b837fdee1bb32d13fb589d13f025e06546c8006745ad6", kill_on_drop: false }`
[INFO] [stdout] ee930d7b7f97640b880b837fdee1bb32d13fb589d13f025e06546c8006745ad6
