[INFO] fetching crate geekorm-core 0.6.10...
[INFO] testing geekorm-core-0.6.10 against nightly-2024-10-28 for randomize-layout
[INFO] extracting crate geekorm-core 0.6.10 into /workspace/builds/worker-6-tc1/source
[INFO] validating manifest of crates.io crate geekorm-core 0.6.10 on toolchain nightly-2024-10-28
[INFO] running `Command { std: CARGO_HOME="/workspace/cargo-home" RUSTUP_HOME="/workspace/rustup-home" "/workspace/cargo-home/bin/cargo" "+nightly-2024-10-28" "metadata" "--manifest-path" "Cargo.toml" "--no-deps", kill_on_drop: false }`
[INFO] started tweaking crates.io crate geekorm-core 0.6.10
[INFO] finished tweaking crates.io crate geekorm-core 0.6.10
[INFO] tweaked toml for crates.io crate geekorm-core 0.6.10 written to /workspace/builds/worker-6-tc1/source/Cargo.toml
[INFO] running `Command { std: CARGO_HOME="/workspace/cargo-home" RUSTUP_HOME="/workspace/rustup-home" "/workspace/cargo-home/bin/cargo" "+nightly-2024-10-28" "generate-lockfile" "--manifest-path" "Cargo.toml", kill_on_drop: false }`
[INFO] [stderr]     Updating crates.io index
[INFO] [stderr]      Locking 245 packages to latest compatible versions
[INFO] running `Command { std: CARGO_HOME="/workspace/cargo-home" RUSTUP_HOME="/workspace/rustup-home" "/workspace/cargo-home/bin/cargo" "+nightly-2024-10-28" "fetch" "--manifest-path" "Cargo.toml", kill_on_drop: false }`
[INFO] [stderr]  Downloading crates ...
[INFO] [stderr]   Downloaded urlencoding v2.1.3
[INFO] [stderr]   Downloaded sha2 v0.10.8
[INFO] [stderr]   Downloaded byteorder-lite v0.1.0
[INFO] [stderr]   Downloaded constant_time_eq v0.2.6
[INFO] [stderr]   Downloaded qrcodegen v1.8.0
[INFO] [stderr]   Downloaded qrcodegen-image v1.5.0
[INFO] [stderr]   Downloaded libsql-hrana v0.2.0
[INFO] [stderr]   Downloaded async-stream-impl v0.3.6
[INFO] [stderr]   Downloaded tokio-io-timeout v1.2.0
[INFO] [stderr]   Downloaded tower-layer v0.3.3
[INFO] [stderr]   Downloaded fallible-streaming-iterator v0.1.9
[INFO] [stderr]   Downloaded prost v0.12.6
[INFO] [stderr]   Downloaded phf_generator v0.11.2
[INFO] [stderr]   Downloaded phf_codegen v0.11.2
[INFO] [stderr]   Downloaded matchit v0.7.3
[INFO] [stderr]   Downloaded argon2 v0.5.3
[INFO] [stderr]   Downloaded blake2 v0.10.6
[INFO] [stderr]   Downloaded tokio-stream v0.1.16
[INFO] [stderr]   Downloaded hyper-rustls v0.25.0
[INFO] [stderr]   Downloaded libsql-sqlite3-parser v0.13.0
[INFO] [stderr]   Downloaded tower-http v0.4.4
[INFO] [stderr]   Downloaded libsql-rusqlite v0.33.0
[INFO] [stderr]   Downloaded axum v0.6.20
[INFO] [stderr]   Downloaded rusqlite v0.32.1
[INFO] [stderr]   Downloaded tonic v0.11.0
[INFO] [stderr]   Downloaded libsql v0.6.0
[INFO] [stderr]   Downloaded bindgen v0.66.1
[INFO] [stderr]   Downloaded image v0.25.4
[INFO] [stderr]   Downloaded libsql_replication v0.6.0
[INFO] [stderr]   Downloaded axum-core v0.3.4
[INFO] [stderr]   Downloaded prost-derive v0.12.6
[INFO] [stderr]   Downloaded password-hash v0.5.0
[INFO] [stderr]   Downloaded rustls v0.22.4
[INFO] [stderr]   Downloaded base64ct v1.6.0
[INFO] [stderr]   Downloaded rustls-native-certs v0.7.3
[INFO] [stderr]   Downloaded tokio-rustls v0.25.0
[INFO] [stderr]   Downloaded phf v0.11.2
[INFO] [stderr]   Downloaded phf_shared v0.11.2
[INFO] [stderr]   Downloaded cbc v0.1.2
[INFO] [stderr]   Downloaded libsql-sys v0.8.0
[INFO] [stderr]   Downloaded http-range-header v0.3.1
[INFO] [stderr]   Downloaded sha-crypt v0.5.0
[INFO] [stderr]   Downloaded uncased v0.9.10
[INFO] [stderr]   Downloaded block-padding v0.3.3
[INFO] [stderr]   Downloaded fallible-iterator v0.2.0
[INFO] [stderr]   Downloaded hashlink v0.8.4
[INFO] [stderr]   Downloaded async-stream v0.3.6
[INFO] [stderr]   Downloaded hyper-timeout v0.4.1
[INFO] [stderr]   Downloaded fallible-iterator v0.3.0
[INFO] [stderr]   Downloaded hashlink v0.9.1
[INFO] [stderr]   Downloaded serde_rusqlite v0.36.0
[INFO] [stderr]   Downloaded base32 v0.4.0
[INFO] [stderr]   Downloaded totp-rs v5.6.0
[INFO] [stderr]   Downloaded tonic-web v0.11.0
[INFO] [stderr]   Downloaded libsqlite3-sys v0.30.1
[INFO] [stderr]   Downloaded libsql-ffi v0.5.0
[INFO] running `Command { std: "docker" "create" "-v" "/var/lib/crater-agent-workspace/builds/worker-6-tc1/target:/opt/rustwide/target:rw,Z" "-v" "/var/lib/crater-agent-workspace/builds/worker-6-tc1/source:/opt/rustwide/workdir:ro,Z" "-v" "/var/lib/crater-agent-workspace/cargo-home:/opt/rustwide/cargo-home:ro,Z" "-v" "/var/lib/crater-agent-workspace/rustup-home:/opt/rustwide/rustup-home:ro,Z" "-e" "SOURCE_DIR=/opt/rustwide/workdir" "-e" "CARGO_TARGET_DIR=/opt/rustwide/target" "-e" "CARGO_HOME=/opt/rustwide/cargo-home" "-e" "RUSTUP_HOME=/opt/rustwide/rustup-home" "-w" "/opt/rustwide/workdir" "-m" "1610612736" "--user" "0:0" "--network" "none" "ghcr.io/rust-lang/crates-build-env/linux@sha256:4a844ea9eb2546a2d2c7022eacef16ef2e8229c7fbb2c7d4d55a9ceca922f72d" "/opt/rustwide/cargo-home/bin/cargo" "+nightly-2024-10-28" "metadata" "--no-deps" "--format-version=1", kill_on_drop: false }`
[INFO] [stdout] cb6d314d520db34830ebd65f4ee029e219327e939c1cc203bd3da36d4048a6d8
[INFO] running `Command { std: "docker" "start" "-a" "cb6d314d520db34830ebd65f4ee029e219327e939c1cc203bd3da36d4048a6d8", kill_on_drop: false }`
[INFO] running `Command { std: "docker" "inspect" "cb6d314d520db34830ebd65f4ee029e219327e939c1cc203bd3da36d4048a6d8", kill_on_drop: false }`
[INFO] running `Command { std: "docker" "rm" "-f" "cb6d314d520db34830ebd65f4ee029e219327e939c1cc203bd3da36d4048a6d8", kill_on_drop: false }`
[INFO] [stdout] cb6d314d520db34830ebd65f4ee029e219327e939c1cc203bd3da36d4048a6d8
[INFO] running `Command { std: "docker" "create" "-v" "/var/lib/crater-agent-workspace/builds/worker-6-tc1/target:/opt/rustwide/target:rw,Z" "-v" "/var/lib/crater-agent-workspace/builds/worker-6-tc1/source:/opt/rustwide/workdir:ro,Z" "-v" "/var/lib/crater-agent-workspace/cargo-home:/opt/rustwide/cargo-home:ro,Z" "-v" "/var/lib/crater-agent-workspace/rustup-home:/opt/rustwide/rustup-home:ro,Z" "-e" "SOURCE_DIR=/opt/rustwide/workdir" "-e" "CARGO_TARGET_DIR=/opt/rustwide/target" "-e" "CARGO_INCREMENTAL=0" "-e" "RUST_BACKTRACE=full" "-e" "RUSTFLAGS=--cap-lints=forbid" "-e" "RUSTDOCFLAGS=--cap-lints=forbid" "-e" "CARGO_HOME=/opt/rustwide/cargo-home" "-e" "RUSTUP_HOME=/opt/rustwide/rustup-home" "-w" "/opt/rustwide/workdir" "-m" "1610612736" "--user" "0:0" "--network" "none" "ghcr.io/rust-lang/crates-build-env/linux@sha256:4a844ea9eb2546a2d2c7022eacef16ef2e8229c7fbb2c7d4d55a9ceca922f72d" "/opt/rustwide/cargo-home/bin/cargo" "+nightly-2024-10-28" "build" "--frozen" "--message-format=json", kill_on_drop: false }`
[INFO] [stdout] 07e806e33ee1e739f5a898a0f707031e32a70996a3ec79dccb26f3d99668a203
[INFO] running `Command { std: "docker" "start" "-a" "07e806e33ee1e739f5a898a0f707031e32a70996a3ec79dccb26f3d99668a203", kill_on_drop: false }`
[INFO] [stderr]    Compiling serde v1.0.214
[INFO] [stderr]    Compiling serde_json v1.0.132
[INFO] [stderr]    Compiling thiserror v1.0.66
[INFO] [stderr]    Compiling ryu v1.0.18
[INFO] [stderr]    Compiling memchr v2.7.4
[INFO] [stderr]    Compiling itoa v1.0.11
[INFO] [stderr]    Compiling syn v2.0.86
[INFO] [stderr]    Compiling serde_derive v1.0.214
[INFO] [stderr]    Compiling thiserror-impl v1.0.66
[INFO] [stderr]    Compiling geekorm-core v0.6.10 (/opt/rustwide/workdir)
[INFO] [stderr]     Finished `dev` profile [unoptimized + debuginfo] target(s) in 7.05s
[INFO] running `Command { std: "docker" "inspect" "07e806e33ee1e739f5a898a0f707031e32a70996a3ec79dccb26f3d99668a203", kill_on_drop: false }`
[INFO] running `Command { std: "docker" "rm" "-f" "07e806e33ee1e739f5a898a0f707031e32a70996a3ec79dccb26f3d99668a203", kill_on_drop: false }`
[INFO] [stdout] 07e806e33ee1e739f5a898a0f707031e32a70996a3ec79dccb26f3d99668a203
[INFO] running `Command { std: "docker" "create" "-v" "/var/lib/crater-agent-workspace/builds/worker-6-tc1/target:/opt/rustwide/target:rw,Z" "-v" "/var/lib/crater-agent-workspace/builds/worker-6-tc1/source:/opt/rustwide/workdir:ro,Z" "-v" "/var/lib/crater-agent-workspace/cargo-home:/opt/rustwide/cargo-home:ro,Z" "-v" "/var/lib/crater-agent-workspace/rustup-home:/opt/rustwide/rustup-home:ro,Z" "-e" "SOURCE_DIR=/opt/rustwide/workdir" "-e" "CARGO_TARGET_DIR=/opt/rustwide/target" "-e" "CARGO_INCREMENTAL=0" "-e" "RUST_BACKTRACE=full" "-e" "RUSTFLAGS=--cap-lints=forbid" "-e" "RUSTDOCFLAGS=--cap-lints=forbid" "-e" "CARGO_HOME=/opt/rustwide/cargo-home" "-e" "RUSTUP_HOME=/opt/rustwide/rustup-home" "-w" "/opt/rustwide/workdir" "-m" "1610612736" "--user" "0:0" "--network" "none" "ghcr.io/rust-lang/crates-build-env/linux@sha256:4a844ea9eb2546a2d2c7022eacef16ef2e8229c7fbb2c7d4d55a9ceca922f72d" "/opt/rustwide/cargo-home/bin/cargo" "+nightly-2024-10-28" "test" "--frozen" "--no-run" "--message-format=json", kill_on_drop: false }`
[INFO] [stdout] 0a4a1705247c249757f417728c0177d5e1b2bf4e4d6bc4283a2a7026d7bda0b4
[INFO] running `Command { std: "docker" "start" "-a" "0a4a1705247c249757f417728c0177d5e1b2bf4e4d6bc4283a2a7026d7bda0b4", kill_on_drop: false }`
[INFO] [stderr]    Compiling autocfg v1.4.0
[INFO] [stderr]    Compiling parking_lot_core v0.9.10
[INFO] [stderr]    Compiling smallvec v1.13.2
[INFO] [stderr]    Compiling scopeguard v1.2.0
[INFO] [stderr]    Compiling anyhow v1.0.92
[INFO] [stderr]    Compiling bytes v1.8.0
[INFO] [stderr]    Compiling pin-project-lite v0.2.15
[INFO] [stderr]    Compiling syn v2.0.86
[INFO] [stderr]    Compiling socket2 v0.5.7
[INFO] [stderr]    Compiling mio v1.0.2
[INFO] [stderr]    Compiling signal-hook-registry v1.4.2
[INFO] [stderr]    Compiling lock_api v0.4.12
[INFO] [stderr]    Compiling parking_lot v0.12.3
[INFO] [stderr]    Compiling serde_derive v1.0.214
[INFO] [stderr]    Compiling thiserror-impl v1.0.66
[INFO] [stderr]    Compiling tokio-macros v2.4.0
[INFO] [stderr]    Compiling tokio v1.41.0
[INFO] [stderr]    Compiling thiserror v1.0.66
[INFO] [stderr]    Compiling serde v1.0.214
[INFO] [stderr]    Compiling serde_json v1.0.132
[INFO] [stderr]    Compiling geekorm-core v0.6.10 (/opt/rustwide/workdir)
[INFO] [stderr]     Finished `test` profile [unoptimized + debuginfo] target(s) in 12.48s
[INFO] running `Command { std: "docker" "inspect" "0a4a1705247c249757f417728c0177d5e1b2bf4e4d6bc4283a2a7026d7bda0b4", kill_on_drop: false }`
[INFO] running `Command { std: "docker" "rm" "-f" "0a4a1705247c249757f417728c0177d5e1b2bf4e4d6bc4283a2a7026d7bda0b4", kill_on_drop: false }`
[INFO] [stdout] 0a4a1705247c249757f417728c0177d5e1b2bf4e4d6bc4283a2a7026d7bda0b4
[INFO] running `Command { std: "docker" "create" "-v" "/var/lib/crater-agent-workspace/builds/worker-6-tc1/target:/opt/rustwide/target:rw,Z" "-v" "/var/lib/crater-agent-workspace/builds/worker-6-tc1/source:/opt/rustwide/workdir:ro,Z" "-v" "/var/lib/crater-agent-workspace/cargo-home:/opt/rustwide/cargo-home:ro,Z" "-v" "/var/lib/crater-agent-workspace/rustup-home:/opt/rustwide/rustup-home:ro,Z" "-e" "SOURCE_DIR=/opt/rustwide/workdir" "-e" "CARGO_TARGET_DIR=/opt/rustwide/target" "-e" "CARGO_INCREMENTAL=0" "-e" "RUST_BACKTRACE=full" "-e" "RUSTFLAGS=--cap-lints=forbid" "-e" "RUSTDOCFLAGS=--cap-lints=forbid" "-e" "CARGO_HOME=/opt/rustwide/cargo-home" "-e" "RUSTUP_HOME=/opt/rustwide/rustup-home" "-w" "/opt/rustwide/workdir" "-m" "1610612736" "--user" "0:0" "--network" "none" "ghcr.io/rust-lang/crates-build-env/linux@sha256:4a844ea9eb2546a2d2c7022eacef16ef2e8229c7fbb2c7d4d55a9ceca922f72d" "/opt/rustwide/cargo-home/bin/cargo" "+nightly-2024-10-28" "test" "--frozen", kill_on_drop: false }`
[INFO] [stdout] b502bb03bb1852e671c4be9d4eca2c24e3ed29d3c990fc924562eeabe451a813
[INFO] running `Command { std: "docker" "start" "-a" "b502bb03bb1852e671c4be9d4eca2c24e3ed29d3c990fc924562eeabe451a813", kill_on_drop: false }`
[INFO] [stderr]     Finished `test` profile [unoptimized + debuginfo] target(s) in 0.10s
[INFO] [stderr]      Running unittests src/lib.rs (/opt/rustwide/target/debug/deps/geekorm_core-b34650c9b4668e38)
[INFO] [stdout] 
[INFO] [stdout] running 15 tests
[INFO] [stdout] test builder::columntypes::tests::test_column_type_options_to_sql ... ok
[INFO] [stdout] test builder::columns::tests::test_column_to_sql ... ok
[INFO] [stdout] test builder::columns::tests::test_foreign_key_to_sql ... ok
[INFO] [stdout] test builder::columntypes::tests::test_column_type_boolean ... ok
[INFO] [stdout] test builder::joins::tests::test_join_options ... ok
[INFO] [stdout] test builder::joins::tests::test_table_join_on_select ... ok
[INFO] [stdout] test builder::keys::primary::tests::test_primary_key_string ... ok
[INFO] [stdout] test builder::table::tests::test_count ... ok
[INFO] [stdout] test builder::keys::primary::tests::test_primary_key_i32 ... ok
[INFO] [stdout] test builder::table::tests::test_row_delete ... ok
[INFO] [stdout] test builder::values::tests::test_values ... ok
[INFO] [stdout] test builder::table::tests::test_table_to_sql ... ok
[INFO] [stdout] test queries::builder::tests::test_where ... ok
[INFO] [stdout] test queries::builder::tests::test_simple_select ... ok
[INFO] [stdout] test builder::columntypes::tests::test_column_type_to_sql ... ok
[INFO] [stdout] 
[INFO] [stdout] test result: ok. 15 passed; 0 failed; 0 ignored; 0 measured; 0 filtered out; finished in 0.01s
[INFO] [stdout] 
[INFO] [stderr]    Doc-tests geekorm_core
[INFO] [stdout] 
[INFO] [stdout] running 7 tests
[INFO] [stdout] test src/backends/mod.rs - backends (line 7) - compile ... ok
[INFO] [stdout] test src/builder/keys/primary.rs - builder::keys::primary::PrimaryKeyInteger (line 99) ... FAILED
[INFO] [stdout] test src/builder/keys/primary.rs - builder::keys::primary::PrimaryKey (line 40) ... FAILED
[INFO] [stdout] test src/builder/keys/primary.rs - builder::keys::primary::PrimaryKeyString (line 125) ... FAILED
[INFO] [stdout] test src/builder/keys/primary.rs - builder::keys::primary::PrimaryKey (line 20) ... FAILED
[INFO] [stdout] test src/queries/builder.rs - queries::builder::QueryBuilder (line 31) ... FAILED
[INFO] [stdout] test src/builder/keys/foreign.rs - builder::keys::foreign::ForeignKey (line 10) ... FAILED
[INFO] [stdout] 
[INFO] [stdout] failures:
[INFO] [stdout] 
[INFO] [stdout] ---- src/builder/keys/primary.rs - builder::keys::primary::PrimaryKeyInteger (line 99) stdout ----
[INFO] [stdout] error[E0433]: failed to resolve: use of undeclared crate or module `geekorm`
[INFO] [stdout]  --> src/builder/keys/primary.rs:100:5
[INFO] [stdout]   |
[INFO] [stdout] 3 | use geekorm::prelude::*;
[INFO] [stdout]   |     ^^^^^^^ use of undeclared crate or module `geekorm`
[INFO] [stdout] 
[INFO] [stdout] error: cannot find derive macro `Table` in this scope
[INFO] [stdout]  --> src/builder/keys/primary.rs:102:10
[INFO] [stdout]   |
[INFO] [stdout] 5 | #[derive(Table, Clone, Default, serde::Serialize, serde::Deserialize)]
[INFO] [stdout]   |          ^^^^^
[INFO] [stdout] 
[INFO] [stdout] error[E0412]: cannot find type `PrimaryKeyInteger` in this scope
[INFO] [stdout]  --> src/builder/keys/primary.rs:104:13
[INFO] [stdout]   |
[INFO] [stdout] 7 |     pub id: PrimaryKeyInteger,
[INFO] [stdout]   |             ^^^^^^^^^^^^^^^^^ not found in this scope
[INFO] [stdout]   |
[INFO] [stdout] help: consider importing this type alias
[INFO] [stdout]   |
[INFO] [stdout] 2 + use geekorm_core::builder::keys::primary::PrimaryKeyInteger;
[INFO] [stdout]   |
[INFO] [stdout] 
[INFO] [stdout] error[E0433]: failed to resolve: use of undeclared type `PrimaryKeyInteger`
[INFO] [stdout]   --> src/builder/keys/primary.rs:109:9
[INFO] [stdout]    |
[INFO] [stdout] 12 |     id: PrimaryKeyInteger::from(1),
[INFO] [stdout]    |         ^^^^^^^^^^^^^^^^^ use of undeclared type `PrimaryKeyInteger`
[INFO] [stdout]    |
[INFO] [stdout] help: consider importing this type alias
[INFO] [stdout]    |
[INFO] [stdout] 2  + use geekorm_core::builder::keys::primary::PrimaryKeyInteger;
[INFO] [stdout]    |
[INFO] [stdout] 
[INFO] [stdout] error[E0433]: failed to resolve: use of undeclared type `PrimaryKeyInteger`
[INFO] [stdout]   --> src/builder/keys/primary.rs:112:29
[INFO] [stdout]    |
[INFO] [stdout] 15 | assert_eq!(user.id.clone(), PrimaryKeyInteger::from(1));
[INFO] [stdout]    |                             ^^^^^^^^^^^^^^^^^ use of undeclared type `PrimaryKeyInteger`
[INFO] [stdout]    |
[INFO] [stdout] help: consider importing this type alias
[INFO] [stdout]    |
[INFO] [stdout] 2  + use geekorm_core::builder::keys::primary::PrimaryKeyInteger;
[INFO] [stdout]    |
[INFO] [stdout] 
[INFO] [stdout] error: aborting due to 5 previous errors
[INFO] [stdout] 
[INFO] [stdout] Some errors have detailed explanations: E0412, E0433.
[INFO] [stdout] For more information about an error, try `rustc --explain E0412`.
[INFO] [stdout] Couldn't compile the test.
[INFO] [stdout] ---- src/builder/keys/primary.rs - builder::keys::primary::PrimaryKey (line 40) stdout ----
[INFO] [stdout] error[E0433]: failed to resolve: use of undeclared crate or module `geekorm`
[INFO] [stdout]  --> src/builder/keys/primary.rs:41:5
[INFO] [stdout]   |
[INFO] [stdout] 3 | use geekorm::prelude::*;
[INFO] [stdout]   |     ^^^^^^^ use of undeclared crate or module `geekorm`
[INFO] [stdout] 
[INFO] [stdout] error: cannot find derive macro `Table` in this scope
[INFO] [stdout]  --> src/builder/keys/primary.rs:43:10
[INFO] [stdout]   |
[INFO] [stdout] 5 | #[derive(Table, Clone, Default, serde::Serialize, serde::Deserialize)]
[INFO] [stdout]   |          ^^^^^
[INFO] [stdout] 
[INFO] [stdout] error[E0412]: cannot find type `PrimaryKey` in this scope
[INFO] [stdout]  --> src/builder/keys/primary.rs:45:13
[INFO] [stdout]   |
[INFO] [stdout] 7 |     pub id: PrimaryKey<String>,
[INFO] [stdout]   |             ^^^^^^^^^^ not found in this scope
[INFO] [stdout]   |
[INFO] [stdout] help: consider importing this struct
[INFO] [stdout]   |
[INFO] [stdout] 2 + use geekorm_core::PrimaryKey;
[INFO] [stdout]   |
[INFO] [stdout] 
[INFO] [stdout] error[E0433]: failed to resolve: use of undeclared type `PrimaryKey`
[INFO] [stdout]   --> src/builder/keys/primary.rs:50:9
[INFO] [stdout]    |
[INFO] [stdout] 12 |     id: PrimaryKey::from("1"),
[INFO] [stdout]    |         ^^^^^^^^^^ use of undeclared type `PrimaryKey`
[INFO] [stdout]    |
[INFO] [stdout] help: consider importing this struct
[INFO] [stdout]    |
[INFO] [stdout] 2  + use geekorm_core::PrimaryKey;
[INFO] [stdout]    |
[INFO] [stdout] 
[INFO] [stdout] error[E0433]: failed to resolve: use of undeclared type `PrimaryKey`
[INFO] [stdout]   --> src/builder/keys/primary.rs:53:29
[INFO] [stdout]    |
[INFO] [stdout] 15 | assert_eq!(user.id.clone(), PrimaryKey::from("1"));
[INFO] [stdout]    |                             ^^^^^^^^^^ use of undeclared type `PrimaryKey`
[INFO] [stdout]    |
[INFO] [stdout] help: consider importing this struct
[INFO] [stdout]    |
[INFO] [stdout] 2  + use geekorm_core::PrimaryKey;
[INFO] [stdout]    |
[INFO] [stdout] 
[INFO] [stdout] error: aborting due to 5 previous errors
[INFO] [stdout] 
[INFO] [stdout] Some errors have detailed explanations: E0412, E0433.
[INFO] [stdout] For more information about an error, try `rustc --explain E0412`.
[INFO] [stdout] Couldn't compile the test.
[INFO] [stdout] ---- src/builder/keys/primary.rs - builder::keys::primary::PrimaryKeyString (line 125) stdout ----
[INFO] [stdout] error[E0433]: failed to resolve: use of undeclared crate or module `geekorm`
[INFO] [stdout]  --> src/builder/keys/primary.rs:126:5
[INFO] [stdout]   |
[INFO] [stdout] 3 | use geekorm::prelude::*;
[INFO] [stdout]   |     ^^^^^^^ use of undeclared crate or module `geekorm`
[INFO] [stdout] 
[INFO] [stdout] error: cannot find derive macro `Table` in this scope
[INFO] [stdout]  --> src/builder/keys/primary.rs:128:10
[INFO] [stdout]   |
[INFO] [stdout] 5 | #[derive(Table, Clone, Default, serde::Serialize, serde::Deserialize)]
[INFO] [stdout]   |          ^^^^^
[INFO] [stdout] 
[INFO] [stdout] error[E0412]: cannot find type `PrimaryKeyString` in this scope
[INFO] [stdout]  --> src/builder/keys/primary.rs:130:13
[INFO] [stdout]   |
[INFO] [stdout] 7 |     pub id: PrimaryKeyString,
[INFO] [stdout]   |             ^^^^^^^^^^^^^^^^ not found in this scope
[INFO] [stdout]   |
[INFO] [stdout] help: consider importing this type alias
[INFO] [stdout]   |
[INFO] [stdout] 2 + use geekorm_core::builder::keys::primary::PrimaryKeyString;
[INFO] [stdout]   |
[INFO] [stdout] 
[INFO] [stdout] error[E0433]: failed to resolve: use of undeclared type `PrimaryKeyString`
[INFO] [stdout]   --> src/builder/keys/primary.rs:135:9
[INFO] [stdout]    |
[INFO] [stdout] 12 |     id: PrimaryKeyString::from("1"),
[INFO] [stdout]    |         ^^^^^^^^^^^^^^^^ use of undeclared type `PrimaryKeyString`
[INFO] [stdout]    |
[INFO] [stdout] help: consider importing this type alias
[INFO] [stdout]    |
[INFO] [stdout] 2  + use geekorm_core::builder::keys::primary::PrimaryKeyString;
[INFO] [stdout]    |
[INFO] [stdout] 
[INFO] [stdout] error[E0433]: failed to resolve: use of undeclared type `PrimaryKeyString`
[INFO] [stdout]   --> src/builder/keys/primary.rs:138:29
[INFO] [stdout]    |
[INFO] [stdout] 15 | assert_eq!(user.id.clone(), PrimaryKeyString::from("1"));
[INFO] [stdout]    |                             ^^^^^^^^^^^^^^^^ use of undeclared type `PrimaryKeyString`
[INFO] [stdout]    |
[INFO] [stdout] help: consider importing this type alias
[INFO] [stdout]    |
[INFO] [stdout] 2  + use geekorm_core::builder::keys::primary::PrimaryKeyString;
[INFO] [stdout]    |
[INFO] [stdout] 
[INFO] [stdout] error: aborting due to 5 previous errors
[INFO] [stdout] 
[INFO] [stdout] Some errors have detailed explanations: E0412, E0433.
[INFO] [stdout] For more information about an error, try `rustc --explain E0412`.
[INFO] [stdout] Couldn't compile the test.
[INFO] [stdout] ---- src/builder/keys/primary.rs - builder::keys::primary::PrimaryKey (line 20) stdout ----
[INFO] [stdout] error[E0433]: failed to resolve: use of undeclared crate or module `geekorm`
[INFO] [stdout]  --> src/builder/keys/primary.rs:21:5
[INFO] [stdout]   |
[INFO] [stdout] 3 | use geekorm::prelude::*;
[INFO] [stdout]   |     ^^^^^^^ use of undeclared crate or module `geekorm`
[INFO] [stdout] 
[INFO] [stdout] error: cannot find derive macro `Table` in this scope
[INFO] [stdout]  --> src/builder/keys/primary.rs:23:10
[INFO] [stdout]   |
[INFO] [stdout] 5 | #[derive(Table, Clone, Default, serde::Serialize, serde::Deserialize)]
[INFO] [stdout]   |          ^^^^^
[INFO] [stdout] 
[INFO] [stdout] error[E0412]: cannot find type `PrimaryKey` in this scope
[INFO] [stdout]  --> src/builder/keys/primary.rs:25:12
[INFO] [stdout]   |
[INFO] [stdout] 7 |    pub id: PrimaryKey<i32>,
[INFO] [stdout]   |            ^^^^^^^^^^ not found in this scope
[INFO] [stdout]   |
[INFO] [stdout] help: consider importing this struct
[INFO] [stdout]   |
[INFO] [stdout] 2 + use geekorm_core::PrimaryKey;
[INFO] [stdout]   |
[INFO] [stdout] 
[INFO] [stdout] error[E0433]: failed to resolve: use of undeclared type `PrimaryKey`
[INFO] [stdout]   --> src/builder/keys/primary.rs:30:9
[INFO] [stdout]    |
[INFO] [stdout] 12 |     id: PrimaryKey::from(1),
[INFO] [stdout]    |         ^^^^^^^^^^ use of undeclared type `PrimaryKey`
[INFO] [stdout]    |
[INFO] [stdout] help: consider importing this struct
[INFO] [stdout]    |
[INFO] [stdout] 2  + use geekorm_core::PrimaryKey;
[INFO] [stdout]    |
[INFO] [stdout] 
[INFO] [stdout] error[E0433]: failed to resolve: use of undeclared type `PrimaryKey`
[INFO] [stdout]   --> src/builder/keys/primary.rs:34:29
[INFO] [stdout]    |
[INFO] [stdout] 16 | assert_eq!(user.id.clone(), PrimaryKey::from(1));
[INFO] [stdout]    |                             ^^^^^^^^^^ use of undeclared type `PrimaryKey`
[INFO] [stdout]    |
[INFO] [stdout] help: consider importing this struct
[INFO] [stdout]    |
[INFO] [stdout] 2  + use geekorm_core::PrimaryKey;
[INFO] [stdout]    |
[INFO] [stdout] 
[INFO] [stdout] error[E0599]: no function or associated item named `primary_key` found for struct `Users` in the current scope
[INFO] [stdout]   --> src/builder/keys/primary.rs:33:19
[INFO] [stdout]    |
[INFO] [stdout] 6  | pub struct Users {
[INFO] [stdout]    | ---------------- function or associated item `primary_key` not found for this struct
[INFO] [stdout] ...
[INFO] [stdout] 15 | assert_eq!(Users::primary_key(), "id");
[INFO] [stdout]    |                   ^^^^^^^^^^^ function or associated item not found in `Users`
[INFO] [stdout]    |
[INFO] [stdout]    = help: items from traits can only be used if the trait is implemented and in scope
[INFO] [stdout]    = note: the following trait defines an item `primary_key`, perhaps you need to implement it:
[INFO] [stdout]            candidate #1: `geekorm_core::TablePrimaryKey`
[INFO] [stdout] 
[INFO] [stdout] error: aborting due to 6 previous errors
[INFO] [stdout] 
[INFO] [stdout] Some errors have detailed explanations: E0412, E0433, E0599.
[INFO] [stdout] For more information about an error, try `rustc --explain E0412`.
[INFO] [stdout] Couldn't compile the test.
[INFO] [stdout] ---- src/queries/builder.rs - queries::builder::QueryBuilder (line 31) stdout ----
[INFO] [stdout] error[E0433]: failed to resolve: use of undeclared crate or module `geekorm`
[INFO] [stdout]  --> src/queries/builder.rs:32:5
[INFO] [stdout]   |
[INFO] [stdout] 2 | use geekorm::prelude::*;
[INFO] [stdout]   |     ^^^^^^^ use of undeclared crate or module `geekorm`
[INFO] [stdout] 
[INFO] [stdout] error: cannot find derive macro `Table` in this scope
[INFO] [stdout]  --> src/queries/builder.rs:34:10
[INFO] [stdout]   |
[INFO] [stdout] 4 | #[derive(Table, Debug, Default, Clone, serde::Serialize, serde::Deserialize)]
[INFO] [stdout]   |          ^^^^^
[INFO] [stdout] 
[INFO] [stdout] error[E0412]: cannot find type `PrimaryKeyInteger` in this scope
[INFO] [stdout]  --> src/queries/builder.rs:36:13
[INFO] [stdout]   |
[INFO] [stdout] 6 |     pub id: PrimaryKeyInteger,
[INFO] [stdout]   |             ^^^^^^^^^^^^^^^^^ not found in this scope
[INFO] [stdout]   |
[INFO] [stdout] help: consider importing this type alias
[INFO] [stdout]   |
[INFO] [stdout] 2 + use geekorm_core::builder::keys::primary::PrimaryKeyInteger;
[INFO] [stdout]   |
[INFO] [stdout] 
[INFO] [stdout] error[E0433]: failed to resolve: use of undeclared type `QueryOrder`
[INFO] [stdout]   --> src/queries/builder.rs:51:22
[INFO] [stdout]    |
[INFO] [stdout] 21 |     .order_by("age", QueryOrder::Asc)
[INFO] [stdout]    |                      ^^^^^^^^^^ use of undeclared type `QueryOrder`
[INFO] [stdout]    |
[INFO] [stdout] help: consider importing this enum
[INFO] [stdout]    |
[INFO] [stdout] 2  + use geekorm_core::builder::models::QueryOrder;
[INFO] [stdout]    |
[INFO] [stdout] 
[INFO] [stdout] error[E0599]: no function or associated item named `query_create` found for struct `Users` in the current scope
[INFO] [stdout]   --> src/queries/builder.rs:44:27
[INFO] [stdout]    |
[INFO] [stdout] 5  | pub struct Users {
[INFO] [stdout]    | ---------------- function or associated item `query_create` not found for this struct
[INFO] [stdout] ...
[INFO] [stdout] 14 | let create_query = Users::query_create().build()
[INFO] [stdout]    |                           ^^^^^^^^^^^^ function or associated item not found in `Users`
[INFO] [stdout]    |
[INFO] [stdout]    = help: items from traits can only be used if the trait is implemented and in scope
[INFO] [stdout]    = note: the following trait defines an item `query_create`, perhaps you need to implement it:
[INFO] [stdout]            candidate #1: `geekorm_core::QueryBuilderTrait`
[INFO] [stdout] 
[INFO] [stdout] error[E0599]: no function or associated item named `query_select` found for struct `Users` in the current scope
[INFO] [stdout]   --> src/queries/builder.rs:49:27
[INFO] [stdout]    |
[INFO] [stdout] 5  | pub struct Users {
[INFO] [stdout]    | ---------------- function or associated item `query_select` not found for this struct
[INFO] [stdout] ...
[INFO] [stdout] 19 | let select_query = Users::query_select()
[INFO] [stdout]    |                           ^^^^^^^^^^^^ function or associated item not found in `Users`
[INFO] [stdout]    |
[INFO] [stdout]    = help: items from traits can only be used if the trait is implemented and in scope
[INFO] [stdout]    = note: the following trait defines an item `query_select`, perhaps you need to implement it:
[INFO] [stdout]            candidate #1: `geekorm_core::QueryBuilderTrait`
[INFO] [stdout] 
[INFO] [stdout] error: aborting due to 6 previous errors
[INFO] [stdout] 
[INFO] [stdout] Some errors have detailed explanations: E0412, E0433, E0599.
[INFO] [stdout] For more information about an error, try `rustc --explain E0412`.
[INFO] [stdout] Couldn't compile the test.
[INFO] [stdout] ---- src/builder/keys/foreign.rs - builder::keys::foreign::ForeignKey (line 10) stdout ----
[INFO] [stdout] error[E0433]: failed to resolve: use of undeclared crate or module `geekorm`
[INFO] [stdout]  --> src/builder/keys/foreign.rs:11:5
[INFO] [stdout]   |
[INFO] [stdout] 3 | use geekorm::prelude::*;
[INFO] [stdout]   |     ^^^^^^^ use of undeclared crate or module `geekorm`
[INFO] [stdout] 
[INFO] [stdout] error: cannot find derive macro `Table` in this scope
[INFO] [stdout]  --> src/builder/keys/foreign.rs:13:10
[INFO] [stdout]   |
[INFO] [stdout] 5 | #[derive(Table, Clone, Default, serde::Serialize, serde::Deserialize)]
[INFO] [stdout]   |          ^^^^^
[INFO] [stdout] 
[INFO] [stdout] error: cannot find derive macro `Table` in this scope
[INFO] [stdout]   --> src/builder/keys/foreign.rs:19:10
[INFO] [stdout]    |
[INFO] [stdout] 11 | #[derive(Table, Clone, Default, serde::Serialize, serde::Deserialize)]
[INFO] [stdout]    |          ^^^^^
[INFO] [stdout] 
[INFO] [stdout] error: cannot find attribute `geekorm` in this scope
[INFO] [stdout]   --> src/builder/keys/foreign.rs:25:7
[INFO] [stdout]    |
[INFO] [stdout] 17 |     #[geekorm(foreign_key = "Users.id")]
[INFO] [stdout]    |       ^^^^^^^
[INFO] [stdout] 
[INFO] [stdout] error[E0412]: cannot find type `PrimaryKeyInteger` in this scope
[INFO] [stdout]  --> src/builder/keys/foreign.rs:15:9
[INFO] [stdout]   |
[INFO] [stdout] 7 |     id: PrimaryKeyInteger,
[INFO] [stdout]   |         ^^^^^^^^^^^^^^^^^ not found in this scope
[INFO] [stdout]   |
[INFO] [stdout] help: consider importing this type alias
[INFO] [stdout]   |
[INFO] [stdout] 2 + use geekorm_core::builder::keys::primary::PrimaryKeyInteger;
[INFO] [stdout]   |
[INFO] [stdout] 
[INFO] [stdout] error[E0412]: cannot find type `PrimaryKeyInteger` in this scope
[INFO] [stdout]   --> src/builder/keys/foreign.rs:21:9
[INFO] [stdout]    |
[INFO] [stdout] 13 |     id: PrimaryKeyInteger,
[INFO] [stdout]    |         ^^^^^^^^^^^^^^^^^ not found in this scope
[INFO] [stdout]    |
[INFO] [stdout] help: consider importing this type alias
[INFO] [stdout]    |
[INFO] [stdout] 2  + use geekorm_core::builder::keys::primary::PrimaryKeyInteger;
[INFO] [stdout]    |
[INFO] [stdout] 
[INFO] [stdout] error[E0412]: cannot find type `ForeignKey` in this scope
[INFO] [stdout]   --> src/builder/keys/foreign.rs:26:11
[INFO] [stdout]    |
[INFO] [stdout] 18 |     user: ForeignKey<i32, Users>,
[INFO] [stdout]    |           ^^^^^^^^^^ not found in this scope
[INFO] [stdout]    |
[INFO] [stdout] help: consider importing this struct
[INFO] [stdout]    |
[INFO] [stdout] 2  + use geekorm_core::ForeignKey;
[INFO] [stdout]    |
[INFO] [stdout] 
[INFO] [stdout] error[E0433]: failed to resolve: use of undeclared crate or module `geekorm`
[INFO] [stdout]   --> src/builder/keys/foreign.rs:40:23
[INFO] [stdout]    |
[INFO] [stdout] 32 |     .order_by("name", geekorm::QueryOrder::Asc)
[INFO] [stdout]    |                       ^^^^^^^ use of undeclared crate or module `geekorm`
[INFO] [stdout]    |
[INFO] [stdout] help: consider importing this enum
[INFO] [stdout]    |
[INFO] [stdout] 2  + use geekorm_core::builder::models::QueryOrder;
[INFO] [stdout]    |
[INFO] [stdout] help: if you import `QueryOrder`, refer to it directly
[INFO] [stdout]    |
[INFO] [stdout] 32 -     .order_by("name", geekorm::QueryOrder::Asc)
[INFO] [stdout] 32 +     .order_by("name", QueryOrder::Asc)
[INFO] [stdout]    |
[INFO] [stdout] 
[INFO] [stdout] error[E0599]: no function or associated item named `query_create` found for struct `Posts` in the current scope
[INFO] [stdout]   --> src/builder/keys/foreign.rs:30:33
[INFO] [stdout]    |
[INFO] [stdout] 12 | struct Posts {
[INFO] [stdout]    | ------------ function or associated item `query_create` not found for this struct
[INFO] [stdout] ...
[INFO] [stdout] 22 | let create_posts_query = Posts::query_create().build()
[INFO] [stdout]    |                                 ^^^^^^^^^^^^ function or associated item not found in `Posts`
[INFO] [stdout]    |
[INFO] [stdout]    = help: items from traits can only be used if the trait is implemented and in scope
[INFO] [stdout]    = note: the following trait defines an item `query_create`, perhaps you need to implement it:
[INFO] [stdout]            candidate #1: `geekorm_core::QueryBuilderTrait`
[INFO] [stdout] 
[INFO] [stdout] error[E0599]: no function or associated item named `query_select` found for struct `Users` in the current scope
[INFO] [stdout]   --> src/builder/keys/foreign.rs:39:25
[INFO] [stdout]    |
[INFO] [stdout] 6  | struct Users {
[INFO] [stdout]    | ------------ function or associated item `query_select` not found for this struct
[INFO] [stdout] ...
[INFO] [stdout] 31 | let user_posts = Users::query_select()
[INFO] [stdout]    |                         ^^^^^^^^^^^^ function or associated item not found in `Users`
[INFO] [stdout]    |
[INFO] [stdout]    = help: items from traits can only be used if the trait is implemented and in scope
[INFO] [stdout]    = note: the following trait defines an item `query_select`, perhaps you need to implement it:
[INFO] [stdout]            candidate #1: `geekorm_core::QueryBuilderTrait`
[INFO] [stdout] 
[INFO] [stdout] error: aborting due to 10 previous errors
[INFO] [stdout] 
[INFO] [stdout] Some errors have detailed explanations: E0412, E0433, E0599.
[INFO] [stdout] For more information about an error, try `rustc --explain E0412`.
[INFO] [stdout] Couldn't compile the test.
[INFO] [stdout] 
[INFO] [stdout] failures:
[INFO] [stdout]     src/builder/keys/foreign.rs - builder::keys::foreign::ForeignKey (line 10)
[INFO] [stdout]     src/builder/keys/primary.rs - builder::keys::primary::PrimaryKey (line 20)
[INFO] [stdout]     src/builder/keys/primary.rs - builder::keys::primary::PrimaryKey (line 40)
[INFO] [stdout]     src/builder/keys/primary.rs - builder::keys::primary::PrimaryKeyInteger (line 99)
[INFO] [stdout]     src/builder/keys/primary.rs - builder::keys::primary::PrimaryKeyString (line 125)
[INFO] [stdout]     src/queries/builder.rs - queries::builder::QueryBuilder (line 31)
[INFO] [stdout] 
[INFO] [stdout] test result: FAILED. 1 passed; 6 failed; 0 ignored; 0 measured; 0 filtered out; finished in 0.26s
[INFO] [stdout] 
[INFO] [stderr] error: doctest failed, to rerun pass `--doc`
[INFO] running `Command { std: "docker" "inspect" "b502bb03bb1852e671c4be9d4eca2c24e3ed29d3c990fc924562eeabe451a813", kill_on_drop: false }`
[INFO] running `Command { std: "docker" "rm" "-f" "b502bb03bb1852e671c4be9d4eca2c24e3ed29d3c990fc924562eeabe451a813", kill_on_drop: false }`
[INFO] [stdout] b502bb03bb1852e671c4be9d4eca2c24e3ed29d3c990fc924562eeabe451a813
