[INFO] fetching crate gedent 0.1.0...
[INFO] testing gedent-0.1.0 against nightly-2024-10-28 for randomize-layout
[INFO] extracting crate gedent 0.1.0 into /workspace/builds/worker-1-tc1/source
[INFO] validating manifest of crates.io crate gedent 0.1.0 on toolchain nightly-2024-10-28
[INFO] running `Command { std: CARGO_HOME="/workspace/cargo-home" RUSTUP_HOME="/workspace/rustup-home" "/workspace/cargo-home/bin/cargo" "+nightly-2024-10-28" "metadata" "--manifest-path" "Cargo.toml" "--no-deps", kill_on_drop: false }`
[INFO] started tweaking crates.io crate gedent 0.1.0
[INFO] finished tweaking crates.io crate gedent 0.1.0
[INFO] tweaked toml for crates.io crate gedent 0.1.0 written to /workspace/builds/worker-1-tc1/source/Cargo.toml
[INFO] crate crates.io crate gedent 0.1.0 already has a lockfile, it will not be regenerated
[INFO] running `Command { std: CARGO_HOME="/workspace/cargo-home" RUSTUP_HOME="/workspace/rustup-home" "/workspace/cargo-home/bin/cargo" "+nightly-2024-10-28" "fetch" "--manifest-path" "Cargo.toml", kill_on_drop: false }`
[INFO] [stderr]     Updating crates.io index
[INFO] [stderr]  Downloading crates ...
[INFO] [stderr]   Downloaded pest_derive v2.7.5
[INFO] [stderr]   Downloaded serde_derive v1.0.194
[INFO] [stderr]   Downloaded slug v0.1.5
[INFO] [stderr]   Downloaded chrono-tz-build v0.2.1
[INFO] [stderr]   Downloaded edit v0.1.5
[INFO] [stderr]   Downloaded clap_complete v4.4.10
[INFO] [stderr]   Downloaded ignore v0.4.21
[INFO] [stderr]   Downloaded pest_meta v2.7.5
[INFO] [stderr]   Downloaded serde v1.0.194
[INFO] [stderr]   Downloaded proc-macro2 v1.0.75
[INFO] [stderr]   Downloaded pest v2.7.5
[INFO] [stderr]   Downloaded deunicode v1.4.2
[INFO] [stderr]   Downloaded winnow v0.5.30
[INFO] [stderr]   Downloaded pest_generator v2.7.5
[INFO] [stderr]   Downloaded thiserror-impl v1.0.52
[INFO] [stderr]   Downloaded thiserror v1.0.52
[INFO] [stderr]   Downloaded syn v2.0.47
[INFO] [stderr]   Downloaded rustix v0.38.28
[INFO] [stderr]   Downloaded bstr v1.8.0
[INFO] [stderr]   Downloaded chrono-tz v0.8.4
[INFO] running `Command { std: "docker" "create" "-v" "/var/lib/crater-agent-workspace/builds/worker-1-tc1/target:/opt/rustwide/target:rw,Z" "-v" "/var/lib/crater-agent-workspace/builds/worker-1-tc1/source:/opt/rustwide/workdir:ro,Z" "-v" "/var/lib/crater-agent-workspace/cargo-home:/opt/rustwide/cargo-home:ro,Z" "-v" "/var/lib/crater-agent-workspace/rustup-home:/opt/rustwide/rustup-home:ro,Z" "-e" "SOURCE_DIR=/opt/rustwide/workdir" "-e" "CARGO_TARGET_DIR=/opt/rustwide/target" "-e" "CARGO_HOME=/opt/rustwide/cargo-home" "-e" "RUSTUP_HOME=/opt/rustwide/rustup-home" "-w" "/opt/rustwide/workdir" "-m" "1610612736" "--user" "0:0" "--network" "none" "ghcr.io/rust-lang/crates-build-env/linux@sha256:4a844ea9eb2546a2d2c7022eacef16ef2e8229c7fbb2c7d4d55a9ceca922f72d" "/opt/rustwide/cargo-home/bin/cargo" "+nightly-2024-10-28" "metadata" "--no-deps" "--format-version=1", kill_on_drop: false }`
[INFO] [stdout] f4f0be9dfc32e53e8cf8ec1aeda5ba625b3c7917fb1f63aed6356f97e283dbd8
[INFO] running `Command { std: "docker" "start" "-a" "f4f0be9dfc32e53e8cf8ec1aeda5ba625b3c7917fb1f63aed6356f97e283dbd8", kill_on_drop: false }`
[INFO] running `Command { std: "docker" "inspect" "f4f0be9dfc32e53e8cf8ec1aeda5ba625b3c7917fb1f63aed6356f97e283dbd8", kill_on_drop: false }`
[INFO] running `Command { std: "docker" "rm" "-f" "f4f0be9dfc32e53e8cf8ec1aeda5ba625b3c7917fb1f63aed6356f97e283dbd8", kill_on_drop: false }`
[INFO] [stdout] f4f0be9dfc32e53e8cf8ec1aeda5ba625b3c7917fb1f63aed6356f97e283dbd8
[INFO] running `Command { std: "docker" "create" "-v" "/var/lib/crater-agent-workspace/builds/worker-1-tc1/target:/opt/rustwide/target:rw,Z" "-v" "/var/lib/crater-agent-workspace/builds/worker-1-tc1/source:/opt/rustwide/workdir:ro,Z" "-v" "/var/lib/crater-agent-workspace/cargo-home:/opt/rustwide/cargo-home:ro,Z" "-v" "/var/lib/crater-agent-workspace/rustup-home:/opt/rustwide/rustup-home:ro,Z" "-e" "SOURCE_DIR=/opt/rustwide/workdir" "-e" "CARGO_TARGET_DIR=/opt/rustwide/target" "-e" "CARGO_INCREMENTAL=0" "-e" "RUST_BACKTRACE=full" "-e" "RUSTFLAGS=--cap-lints=forbid" "-e" "RUSTDOCFLAGS=--cap-lints=forbid" "-e" "CARGO_HOME=/opt/rustwide/cargo-home" "-e" "RUSTUP_HOME=/opt/rustwide/rustup-home" "-w" "/opt/rustwide/workdir" "-m" "1610612736" "--user" "0:0" "--network" "none" "ghcr.io/rust-lang/crates-build-env/linux@sha256:4a844ea9eb2546a2d2c7022eacef16ef2e8229c7fbb2c7d4d55a9ceca922f72d" "/opt/rustwide/cargo-home/bin/cargo" "+nightly-2024-10-28" "build" "--frozen" "--message-format=json", kill_on_drop: false }`
[INFO] [stdout] c61179a15d37c6b6aaee9d00c3fa56a2b4cb87e1002025d479af669890302874
[INFO] running `Command { std: "docker" "start" "-a" "c61179a15d37c6b6aaee9d00c3fa56a2b4cb87e1002025d479af669890302874", kill_on_drop: false }`
[INFO] [stderr]    Compiling proc-macro2 v1.0.75
[INFO] [stderr]    Compiling memchr v2.6.4
[INFO] [stderr]    Compiling libc v0.2.151
[INFO] [stderr]    Compiling regex-syntax v0.8.2
[INFO] [stderr]    Compiling thiserror v1.0.52
[INFO] [stderr]    Compiling phf_shared v0.11.2
[INFO] [stderr]    Compiling serde v1.0.194
[INFO] [stderr]    Compiling rand_core v0.6.4
[INFO] [stderr]    Compiling rand v0.8.5
[INFO] [stderr]    Compiling crossbeam-utils v0.8.18
[INFO] [stderr]    Compiling rustix v0.38.28
[INFO] [stderr]    Compiling quote v1.0.35
[INFO] [stderr]    Compiling phf_generator v0.11.2
[INFO] [stderr]    Compiling aho-corasick v1.1.2
[INFO] [stderr]    Compiling phf_codegen v0.11.2
[INFO] [stderr]    Compiling syn v2.0.47
[INFO] [stderr]    Compiling num-traits v0.2.17
[INFO] [stderr]    Compiling phf v0.11.2
[INFO] [stderr]    Compiling utf8parse v0.2.1
[INFO] [stderr]    Compiling ucd-trie v0.1.6
[INFO] [stderr]    Compiling bitflags v2.4.1
[INFO] [stderr]    Compiling linux-raw-sys v0.4.12
[INFO] [stderr]    Compiling anstyle-parse v0.2.3
[INFO] [stderr]    Compiling crossbeam-epoch v0.9.17
[INFO] [stderr]    Compiling getrandom v0.2.11
[INFO] [stderr]    Compiling regex-automata v0.4.3
[INFO] [stderr]    Compiling bstr v1.8.0
[INFO] [stderr]    Compiling anstyle-query v1.0.2
[INFO] [stderr]    Compiling colorchoice v1.0.0
[INFO] [stderr]    Compiling unic-common v0.9.0
[INFO] [stderr]    Compiling anstyle v1.0.4
[INFO] [stderr]    Compiling log v0.4.20
[INFO] [stderr]    Compiling libm v0.2.8
[INFO] [stderr]    Compiling unic-char-range v0.9.0
[INFO] [stderr]    Compiling anstream v0.6.5
[INFO] [stderr]    Compiling unic-char-property v0.9.0
[INFO] [stderr]    Compiling unic-ucd-version v0.9.0
[INFO] [stderr]    Compiling walkdir v2.4.0
[INFO] [stderr]    Compiling regex v1.10.2
[INFO] [stderr]    Compiling parse-zoneinfo v0.3.0
[INFO] [stderr]    Compiling crossbeam-deque v0.8.4
[INFO] [stderr]    Compiling chrono-tz-build v0.2.1
[INFO] [stderr]    Compiling strsim v0.10.0
[INFO] [stderr]    Compiling lazy_static v1.4.0
[INFO] [stderr]    Compiling clap_lex v0.6.0
[INFO] [stderr]    Compiling ppv-lite86 v0.2.17
[INFO] [stderr]    Compiling serde_json v1.0.111
[INFO] [stderr]    Compiling hashbrown v0.14.3
[INFO] [stderr]    Compiling fastrand v2.0.1
[INFO] [stderr]    Compiling chrono-tz v0.8.4
[INFO] [stderr]    Compiling iana-time-zone v0.1.58
[INFO] [stderr]    Compiling chrono v0.4.31
[INFO] [stderr]    Compiling tempfile v3.8.1
[INFO] [stderr]    Compiling rand_chacha v0.3.1
[INFO] [stderr]    Compiling clap_builder v4.4.11
[INFO] [stderr]    Compiling indexmap v2.1.0
[INFO] [stderr]    Compiling unic-ucd-segment v0.9.0
[INFO] [stderr]    Compiling serde_derive v1.0.194
[INFO] [stderr]    Compiling thiserror-impl v1.0.52
[INFO] [stderr]    Compiling clap_derive v4.4.7
[INFO] [stderr]    Compiling globset v0.4.14
[INFO] [stderr]    Compiling ignore v0.4.21
[INFO] [stderr]    Compiling thread_local v1.1.7
[INFO] [stderr]    Compiling pest v2.7.5
[INFO] [stderr]    Compiling deunicode v1.4.2
[INFO] [stderr]    Compiling itoa v1.0.10
[INFO] [stderr]    Compiling home v0.5.9
[INFO] [stderr]    Compiling anyhow v1.0.76
[INFO] [stderr]    Compiling ryu v1.0.16
[INFO] [stderr]    Compiling winnow v0.5.30
[INFO] [stderr]    Compiling unicode-width v0.1.11
[INFO] [stderr]    Compiling option-ext v0.2.0
[INFO] [stderr]    Compiling either v1.9.0
[INFO] [stderr]    Compiling console v0.15.8
[INFO] [stderr]    Compiling which v4.4.2
[INFO] [stderr]    Compiling dirs-sys v0.4.1
[INFO] [stderr]    Compiling pest_meta v2.7.5
[INFO] [stderr]    Compiling clap v4.4.11
[INFO] [stderr]    Compiling globwalk v0.8.1
[INFO] [stderr]    Compiling slug v0.1.5
[INFO] [stderr]    Compiling fuzzy-matcher v0.3.7
[INFO] [stderr]    Compiling pest_generator v2.7.5
[INFO] [stderr]    Compiling humansize v2.1.3
[INFO] [stderr]    Compiling unic-segment v0.9.0
[INFO] [stderr]    Compiling include_dir_macros v0.7.3
[INFO] [stderr]    Compiling zeroize v1.7.0
[INFO] [stderr]    Compiling shell-words v1.1.0
[INFO] [stderr]    Compiling dialoguer v0.11.0
[INFO] [stderr]    Compiling include_dir v0.7.3
[INFO] [stderr]    Compiling pest_derive v2.7.5
[INFO] [stderr]    Compiling clap_complete v4.4.10
[INFO] [stderr]    Compiling dirs v5.0.1
[INFO] [stderr]    Compiling edit v0.1.5
[INFO] [stderr]    Compiling serde_spanned v0.6.5
[INFO] [stderr]    Compiling toml_datetime v0.6.5
[INFO] [stderr]    Compiling toml_edit v0.21.0
[INFO] [stderr]    Compiling tera v1.19.1
[INFO] [stderr]    Compiling toml v0.8.8
[INFO] [stderr]    Compiling gedent v0.1.0 (/opt/rustwide/workdir)
[INFO] [stderr]     Finished `dev` profile [unoptimized + debuginfo] target(s) in 39.62s
[INFO] running `Command { std: "docker" "inspect" "c61179a15d37c6b6aaee9d00c3fa56a2b4cb87e1002025d479af669890302874", kill_on_drop: false }`
[INFO] running `Command { std: "docker" "rm" "-f" "c61179a15d37c6b6aaee9d00c3fa56a2b4cb87e1002025d479af669890302874", kill_on_drop: false }`
[INFO] [stdout] c61179a15d37c6b6aaee9d00c3fa56a2b4cb87e1002025d479af669890302874
[INFO] running `Command { std: "docker" "create" "-v" "/var/lib/crater-agent-workspace/builds/worker-1-tc1/target:/opt/rustwide/target:rw,Z" "-v" "/var/lib/crater-agent-workspace/builds/worker-1-tc1/source:/opt/rustwide/workdir:ro,Z" "-v" "/var/lib/crater-agent-workspace/cargo-home:/opt/rustwide/cargo-home:ro,Z" "-v" "/var/lib/crater-agent-workspace/rustup-home:/opt/rustwide/rustup-home:ro,Z" "-e" "SOURCE_DIR=/opt/rustwide/workdir" "-e" "CARGO_TARGET_DIR=/opt/rustwide/target" "-e" "CARGO_INCREMENTAL=0" "-e" "RUST_BACKTRACE=full" "-e" "RUSTFLAGS=--cap-lints=forbid" "-e" "RUSTDOCFLAGS=--cap-lints=forbid" "-e" "CARGO_HOME=/opt/rustwide/cargo-home" "-e" "RUSTUP_HOME=/opt/rustwide/rustup-home" "-w" "/opt/rustwide/workdir" "-m" "1610612736" "--user" "0:0" "--network" "none" "ghcr.io/rust-lang/crates-build-env/linux@sha256:4a844ea9eb2546a2d2c7022eacef16ef2e8229c7fbb2c7d4d55a9ceca922f72d" "/opt/rustwide/cargo-home/bin/cargo" "+nightly-2024-10-28" "test" "--frozen" "--no-run" "--message-format=json", kill_on_drop: false }`
[INFO] [stdout] 1755776af5b9bf1535348c2dd85f3af5e88fa521fad74924acafb37987c07102
[INFO] running `Command { std: "docker" "start" "-a" "1755776af5b9bf1535348c2dd85f3af5e88fa521fad74924acafb37987c07102", kill_on_drop: false }`
[INFO] [stderr]    Compiling gedent v0.1.0 (/opt/rustwide/workdir)
[INFO] [stderr]     Finished `test` profile [unoptimized + debuginfo] target(s) in 2.22s
[INFO] running `Command { std: "docker" "inspect" "1755776af5b9bf1535348c2dd85f3af5e88fa521fad74924acafb37987c07102", kill_on_drop: false }`
[INFO] running `Command { std: "docker" "rm" "-f" "1755776af5b9bf1535348c2dd85f3af5e88fa521fad74924acafb37987c07102", kill_on_drop: false }`
[INFO] [stdout] 1755776af5b9bf1535348c2dd85f3af5e88fa521fad74924acafb37987c07102
[INFO] running `Command { std: "docker" "create" "-v" "/var/lib/crater-agent-workspace/builds/worker-1-tc1/target:/opt/rustwide/target:rw,Z" "-v" "/var/lib/crater-agent-workspace/builds/worker-1-tc1/source:/opt/rustwide/workdir:ro,Z" "-v" "/var/lib/crater-agent-workspace/cargo-home:/opt/rustwide/cargo-home:ro,Z" "-v" "/var/lib/crater-agent-workspace/rustup-home:/opt/rustwide/rustup-home:ro,Z" "-e" "SOURCE_DIR=/opt/rustwide/workdir" "-e" "CARGO_TARGET_DIR=/opt/rustwide/target" "-e" "CARGO_INCREMENTAL=0" "-e" "RUST_BACKTRACE=full" "-e" "RUSTFLAGS=--cap-lints=forbid" "-e" "RUSTDOCFLAGS=--cap-lints=forbid" "-e" "CARGO_HOME=/opt/rustwide/cargo-home" "-e" "RUSTUP_HOME=/opt/rustwide/rustup-home" "-w" "/opt/rustwide/workdir" "-m" "1610612736" "--user" "0:0" "--network" "none" "ghcr.io/rust-lang/crates-build-env/linux@sha256:4a844ea9eb2546a2d2c7022eacef16ef2e8229c7fbb2c7d4d55a9ceca922f72d" "/opt/rustwide/cargo-home/bin/cargo" "+nightly-2024-10-28" "test" "--frozen", kill_on_drop: false }`
[INFO] [stdout] 6e6eebe8a9b618c01e9d40ff4c05cdcdd4d25de5a7e7e15e4cb047c78e656683
[INFO] running `Command { std: "docker" "start" "-a" "6e6eebe8a9b618c01e9d40ff4c05cdcdd4d25de5a7e7e15e4cb047c78e656683", kill_on_drop: false }`
[INFO] [stderr]     Finished `test` profile [unoptimized + debuginfo] target(s) in 0.11s
[INFO] [stderr]      Running unittests src/main.rs (/opt/rustwide/target/debug/deps/gedent-e5b272b82f9fe1ed)
[INFO] [stdout] 
[INFO] [stdout] running 8 tests
[INFO] [stdout] test config::tests::config_add_works ... ok
[INFO] [stdout] test config::tests::config_del_works ... ok
[INFO] [stdout] test molecule::tests::molecule_split_works ... ok
[INFO] [stdout] test template::tests::parse_template_works ... ok
[INFO] [stdout] test tests::verify_cli ... ok
[INFO] [stdout] test template::tests::render_template_works ... ok
[INFO] [stdout] test config::tests::config_set_works ... ok
[INFO] [stdout] test molecule::tests::xyz_parse_works ... FAILED
[INFO] [stdout] 
[INFO] [stdout] failures:
[INFO] [stdout] 
[INFO] [stdout] ---- molecule::tests::xyz_parse_works stdout ----
[INFO] [stdout] thread 'molecule::tests::xyz_parse_works' panicked at src/molecule.rs:133:47:
[INFO] [stdout] called `Result::unwrap()` on an `Err` value: Os { code: 30, kind: ReadOnlyFilesystem, message: "Read-only file system" }
[INFO] [stdout] stack backtrace:
[INFO] [stdout]    0:     0x573f121a204a - std::backtrace_rs::backtrace::libunwind::trace::h207520d6e9873551
[INFO] [stdout]                                at /rustc/df4ca44d3fbc9301ee17f30f4d474e6ae4b05252/library/std/src/../../backtrace/src/backtrace/libunwind.rs:116:5
[INFO] [stdout]    1:     0x573f121a204a - std::backtrace_rs::backtrace::trace_unsynchronized::h2ed7433f370e3eca
[INFO] [stdout]                                at /rustc/df4ca44d3fbc9301ee17f30f4d474e6ae4b05252/library/std/src/../../backtrace/src/backtrace/mod.rs:66:5
[INFO] [stdout]    2:     0x573f121a204a - std::sys::backtrace::_print_fmt::h916fac51166b18d7
[INFO] [stdout]                                at /rustc/df4ca44d3fbc9301ee17f30f4d474e6ae4b05252/library/std/src/sys/backtrace.rs:66:9
[INFO] [stdout]    3:     0x573f121a204a - <std::sys::backtrace::BacktraceLock::print::DisplayBacktrace as core::fmt::Display>::fmt::ha0a4c9b8ce3802e6
[INFO] [stdout]                                at /rustc/df4ca44d3fbc9301ee17f30f4d474e6ae4b05252/library/std/src/sys/backtrace.rs:39:26
[INFO] [stdout]    4:     0x573f121cc193 - core::fmt::rt::Argument::fmt::h4cfc8587d52b3eb5
[INFO] [stdout]                                at /rustc/df4ca44d3fbc9301ee17f30f4d474e6ae4b05252/library/core/src/fmt/rt.rs:177:76
[INFO] [stdout]    5:     0x573f121cc193 - core::fmt::write::h522cc39e5b36ae9f
[INFO] [stdout]                                at /rustc/df4ca44d3fbc9301ee17f30f4d474e6ae4b05252/library/core/src/fmt/mod.rs:1190:21
[INFO] [stdout]    6:     0x573f1219e7b3 - std::io::Write::write_fmt::h7d3c26752da97734
[INFO] [stdout]                                at /rustc/df4ca44d3fbc9301ee17f30f4d474e6ae4b05252/library/std/src/io/mod.rs:1839:15
[INFO] [stdout]    7:     0x573f121a1e92 - std::sys::backtrace::BacktraceLock::print::h4b9e00b29e9c0942
[INFO] [stdout]                                at /rustc/df4ca44d3fbc9301ee17f30f4d474e6ae4b05252/library/std/src/sys/backtrace.rs:42:9
[INFO] [stdout]    8:     0x573f121a34da - std::panicking::default_hook::{{closure}}::hb59b88280d0324d9
[INFO] [stdout]                                at /rustc/df4ca44d3fbc9301ee17f30f4d474e6ae4b05252/library/std/src/panicking.rs:268:22
[INFO] [stdout]    9:     0x573f121a32e4 - std::panicking::default_hook::he1dd496665be4a29
[INFO] [stdout]                                at /rustc/df4ca44d3fbc9301ee17f30f4d474e6ae4b05252/library/std/src/panicking.rs:292:9
[INFO] [stdout]   10:     0x573f11ad6e89 - <alloc::boxed::Box<F,A> as core::ops::function::Fn<Args>>::call::h4ff71de18744e1dc
[INFO] [stdout]                                at /rustc/df4ca44d3fbc9301ee17f30f4d474e6ae4b05252/library/alloc/src/boxed.rs:2468:9
[INFO] [stdout]   11:     0x573f11ad6e89 - test::test_main::{{closure}}::hcf7c055ce117aa81
[INFO] [stdout]                                at /rustc/df4ca44d3fbc9301ee17f30f4d474e6ae4b05252/library/test/src/lib.rs:133:21
[INFO] [stdout]   12:     0x573f121a3bd8 - <alloc::boxed::Box<F,A> as core::ops::function::Fn<Args>>::call::h1d66c6bbd60c9692
[INFO] [stdout]                                at /rustc/df4ca44d3fbc9301ee17f30f4d474e6ae4b05252/library/alloc/src/boxed.rs:2468:9
[INFO] [stdout]   13:     0x573f121a3bd8 - std::panicking::rust_panic_with_hook::h2ff17fe8f26dfcf8
[INFO] [stdout]                                at /rustc/df4ca44d3fbc9301ee17f30f4d474e6ae4b05252/library/std/src/panicking.rs:809:13
[INFO] [stdout]   14:     0x573f121a399a - std::panicking::begin_panic_handler::{{closure}}::h4fad77951c07e101
[INFO] [stdout]                                at /rustc/df4ca44d3fbc9301ee17f30f4d474e6ae4b05252/library/std/src/panicking.rs:674:13
[INFO] [stdout]   15:     0x573f121a2529 - std::sys::backtrace::__rust_end_short_backtrace::hb1a25b3da5d0ea08
[INFO] [stdout]                                at /rustc/df4ca44d3fbc9301ee17f30f4d474e6ae4b05252/library/std/src/sys/backtrace.rs:170:18
[INFO] [stdout]   16:     0x573f121a362c - rust_begin_unwind
[INFO] [stdout]                                at /rustc/df4ca44d3fbc9301ee17f30f4d474e6ae4b05252/library/std/src/panicking.rs:665:5
[INFO] [stdout]   17:     0x573f121ca4a0 - core::panicking::panic_fmt::ha9db07b529f9b256
[INFO] [stdout]                                at /rustc/df4ca44d3fbc9301ee17f30f4d474e6ae4b05252/library/core/src/panicking.rs:75:14
[INFO] [stdout]   18:     0x573f121ca986 - core::result::unwrap_failed::h5e8218e4d4338b8a
[INFO] [stdout]                                at /rustc/df4ca44d3fbc9301ee17f30f4d474e6ae4b05252/library/core/src/result.rs:1698:5
[INFO] [stdout]   19:     0x573f11a87eb4 - core::result::Result<T,E>::unwrap::h6d53428f03191bdf
[INFO] [stdout]                                at /rustc/df4ca44d3fbc9301ee17f30f4d474e6ae4b05252/library/core/src/result.rs:1103:23
[INFO] [stdout]   20:     0x573f11a87eb4 - gedent::molecule::tests::xyz_parse_works::h3caae4485c7f20ee
[INFO] [stdout]                                at /opt/rustwide/workdir/src/molecule.rs:133:9
[INFO] [stdout]   21:     0x573f11a87ce7 - gedent::molecule::tests::xyz_parse_works::{{closure}}::hb7da1d9f2c942eec
[INFO] [stdout]                                at /opt/rustwide/workdir/src/molecule.rs:109:25
[INFO] [stdout]   22:     0x573f11a7eec6 - core::ops::function::FnOnce::call_once::hdaed98d5daf33987
[INFO] [stdout]                                at /rustc/df4ca44d3fbc9301ee17f30f4d474e6ae4b05252/library/core/src/ops/function.rs:250:5
[INFO] [stdout]   23:     0x573f11adb75b - core::ops::function::FnOnce::call_once::h22c3ba5715e93f05
[INFO] [stdout]                                at /rustc/df4ca44d3fbc9301ee17f30f4d474e6ae4b05252/library/core/src/ops/function.rs:250:5
[INFO] [stdout]   24:     0x573f11adb75b - test::__rust_begin_short_backtrace::h8e82d8113d0da17f
[INFO] [stdout]                                at /rustc/df4ca44d3fbc9301ee17f30f4d474e6ae4b05252/library/test/src/lib.rs:621:18
[INFO] [stdout]   25:     0x573f11adb0d7 - test::run_test_in_process::{{closure}}::h33235f4f20b7b7c7
[INFO] [stdout]                                at /rustc/df4ca44d3fbc9301ee17f30f4d474e6ae4b05252/library/test/src/lib.rs:644:60
[INFO] [stdout]   26:     0x573f11adb0d7 - <core::panic::unwind_safe::AssertUnwindSafe<F> as core::ops::function::FnOnce<()>>::call_once::hb5043206310c586f
[INFO] [stdout]                                at /rustc/df4ca44d3fbc9301ee17f30f4d474e6ae4b05252/library/core/src/panic/unwind_safe.rs:272:9
[INFO] [stdout]   27:     0x573f11adb0d7 - std::panicking::try::do_call::h9ad4731a60ab23e2
[INFO] [stdout]                                at /rustc/df4ca44d3fbc9301ee17f30f4d474e6ae4b05252/library/std/src/panicking.rs:557:40
[INFO] [stdout]   28:     0x573f11adb0d7 - std::panicking::try::h3824d23db772a716
[INFO] [stdout]                                at /rustc/df4ca44d3fbc9301ee17f30f4d474e6ae4b05252/library/std/src/panicking.rs:520:19
[INFO] [stdout]   29:     0x573f11adb0d7 - std::panic::catch_unwind::h5afd514605fde46b
[INFO] [stdout]                                at /rustc/df4ca44d3fbc9301ee17f30f4d474e6ae4b05252/library/std/src/panic.rs:358:14
[INFO] [stdout]   30:     0x573f11adb0d7 - test::run_test_in_process::h0d5cbfa7067d1720
[INFO] [stdout]                                at /rustc/df4ca44d3fbc9301ee17f30f4d474e6ae4b05252/library/test/src/lib.rs:644:27
[INFO] [stdout]   31:     0x573f11adb0d7 - test::run_test::{{closure}}::h708eb8872708115d
[INFO] [stdout]                                at /rustc/df4ca44d3fbc9301ee17f30f4d474e6ae4b05252/library/test/src/lib.rs:565:43
[INFO] [stdout]   32:     0x573f11a9e7f4 - test::run_test::{{closure}}::h392c51cee94713ab
[INFO] [stdout]                                at /rustc/df4ca44d3fbc9301ee17f30f4d474e6ae4b05252/library/test/src/lib.rs:595:41
[INFO] [stdout]   33:     0x573f11a9e7f4 - std::sys::backtrace::__rust_begin_short_backtrace::h2f40290710935a8b
[INFO] [stdout]                                at /rustc/df4ca44d3fbc9301ee17f30f4d474e6ae4b05252/library/std/src/sys/backtrace.rs:154:18
[INFO] [stdout]   34:     0x573f11aa1f9e - std::thread::Builder::spawn_unchecked_::{{closure}}::{{closure}}::h3fd968d89053a903
[INFO] [stdout]                                at /rustc/df4ca44d3fbc9301ee17f30f4d474e6ae4b05252/library/std/src/thread/mod.rs:541:17
[INFO] [stdout]   35:     0x573f11aa1f9e - <core::panic::unwind_safe::AssertUnwindSafe<F> as core::ops::function::FnOnce<()>>::call_once::h743f637ba4229880
[INFO] [stdout]                                at /rustc/df4ca44d3fbc9301ee17f30f4d474e6ae4b05252/library/core/src/panic/unwind_safe.rs:272:9
[INFO] [stdout]   36:     0x573f11aa1f9e - std::panicking::try::do_call::h07440897322525a6
[INFO] [stdout]                                at /rustc/df4ca44d3fbc9301ee17f30f4d474e6ae4b05252/library/std/src/panicking.rs:557:40
[INFO] [stdout]   37:     0x573f11aa1f9e - std::panicking::try::he5a2e00188156637
[INFO] [stdout]                                at /rustc/df4ca44d3fbc9301ee17f30f4d474e6ae4b05252/library/std/src/panicking.rs:520:19
[INFO] [stdout]   38:     0x573f11aa1f9e - std::panic::catch_unwind::hbaf3cae49b3c6433
[INFO] [stdout]                                at /rustc/df4ca44d3fbc9301ee17f30f4d474e6ae4b05252/library/std/src/panic.rs:358:14
[INFO] [stdout]   39:     0x573f11aa1f9e - std::thread::Builder::spawn_unchecked_::{{closure}}::h8e141ea224820bce
[INFO] [stdout]                                at /rustc/df4ca44d3fbc9301ee17f30f4d474e6ae4b05252/library/std/src/thread/mod.rs:540:30
[INFO] [stdout]   40:     0x573f11aa1f9e - core::ops::function::FnOnce::call_once{{vtable.shim}}::h90d312fedd7b8ea8
[INFO] [stdout]                                at /rustc/df4ca44d3fbc9301ee17f30f4d474e6ae4b05252/library/core/src/ops/function.rs:250:5
[INFO] [stdout]   41:     0x573f121a7d8b - <alloc::boxed::Box<F,A> as core::ops::function::FnOnce<Args>>::call_once::h69aa08ddb6adb8b6
[INFO] [stdout]                                at /rustc/df4ca44d3fbc9301ee17f30f4d474e6ae4b05252/library/alloc/src/boxed.rs:2454:9
[INFO] [stdout]   42:     0x573f121a7d8b - <alloc::boxed::Box<F,A> as core::ops::function::FnOnce<Args>>::call_once::h5aa36efdb79c806f
[INFO] [stdout]                                at /rustc/df4ca44d3fbc9301ee17f30f4d474e6ae4b05252/library/alloc/src/boxed.rs:2454:9
[INFO] [stdout]   43:     0x573f121a7d8b - std::sys::pal::unix::thread::Thread::new::thread_start::h6cd80a1b4be5158d
[INFO] [stdout]                                at /rustc/df4ca44d3fbc9301ee17f30f4d474e6ae4b05252/library/std/src/sys/pal/unix/thread.rs:105:17
[INFO] [stdout]   44:     0x727f69c92ac3 - <unknown>
[INFO] [stdout]   45:     0x727f69d23a04 - clone
[INFO] [stdout]   46:                0x0 - <unknown>
[INFO] [stdout] 
[INFO] [stdout] 
[INFO] [stdout] failures:
[INFO] [stdout]     molecule::tests::xyz_parse_works
[INFO] [stdout] 
[INFO] [stdout] test result: FAILED. 7 passed; 1 failed; 0 ignored; 0 measured; 0 filtered out; finished in 0.05s
[INFO] [stdout] 
[INFO] [stderr] error: test failed, to rerun pass `--bin gedent`
[INFO] running `Command { std: "docker" "inspect" "6e6eebe8a9b618c01e9d40ff4c05cdcdd4d25de5a7e7e15e4cb047c78e656683", kill_on_drop: false }`
[INFO] running `Command { std: "docker" "rm" "-f" "6e6eebe8a9b618c01e9d40ff4c05cdcdd4d25de5a7e7e15e4cb047c78e656683", kill_on_drop: false }`
[INFO] [stdout] 6e6eebe8a9b618c01e9d40ff4c05cdcdd4d25de5a7e7e15e4cb047c78e656683
