[INFO] fetching crate gedcom 0.2.2...
[INFO] testing gedcom-0.2.2 against nightly-2024-10-28 for randomize-layout
[INFO] extracting crate gedcom 0.2.2 into /workspace/builds/worker-0-tc1/source
[INFO] validating manifest of crates.io crate gedcom 0.2.2 on toolchain nightly-2024-10-28
[INFO] running `Command { std: CARGO_HOME="/workspace/cargo-home" RUSTUP_HOME="/workspace/rustup-home" "/workspace/cargo-home/bin/cargo" "+nightly-2024-10-28" "metadata" "--manifest-path" "Cargo.toml" "--no-deps", kill_on_drop: false }`
[INFO] started tweaking crates.io crate gedcom 0.2.2
[INFO] finished tweaking crates.io crate gedcom 0.2.2
[INFO] tweaked toml for crates.io crate gedcom 0.2.2 written to /workspace/builds/worker-0-tc1/source/Cargo.toml
[INFO] crate crates.io crate gedcom 0.2.2 already has a lockfile, it will not be regenerated
[INFO] running `Command { std: CARGO_HOME="/workspace/cargo-home" RUSTUP_HOME="/workspace/rustup-home" "/workspace/cargo-home/bin/cargo" "+nightly-2024-10-28" "fetch" "--manifest-path" "Cargo.toml", kill_on_drop: false }`
[INFO] [stderr]  Downloading crates ...
[INFO] [stderr]   Downloaded serde_test v1.0.123
[INFO] running `Command { std: "docker" "create" "-v" "/var/lib/crater-agent-workspace/builds/worker-0-tc1/target:/opt/rustwide/target:rw,Z" "-v" "/var/lib/crater-agent-workspace/builds/worker-0-tc1/source:/opt/rustwide/workdir:ro,Z" "-v" "/var/lib/crater-agent-workspace/cargo-home:/opt/rustwide/cargo-home:ro,Z" "-v" "/var/lib/crater-agent-workspace/rustup-home:/opt/rustwide/rustup-home:ro,Z" "-e" "SOURCE_DIR=/opt/rustwide/workdir" "-e" "CARGO_TARGET_DIR=/opt/rustwide/target" "-e" "CARGO_HOME=/opt/rustwide/cargo-home" "-e" "RUSTUP_HOME=/opt/rustwide/rustup-home" "-w" "/opt/rustwide/workdir" "-m" "1610612736" "--user" "0:0" "--network" "none" "ghcr.io/rust-lang/crates-build-env/linux@sha256:4a844ea9eb2546a2d2c7022eacef16ef2e8229c7fbb2c7d4d55a9ceca922f72d" "/opt/rustwide/cargo-home/bin/cargo" "+nightly-2024-10-28" "metadata" "--no-deps" "--format-version=1", kill_on_drop: false }`
[INFO] [stdout] 8628d098117d9d49b932c21e9521c7aa04e21deb13b05c5182ba062a9cf477c9
[INFO] running `Command { std: "docker" "start" "-a" "8628d098117d9d49b932c21e9521c7aa04e21deb13b05c5182ba062a9cf477c9", kill_on_drop: false }`
[INFO] running `Command { std: "docker" "inspect" "8628d098117d9d49b932c21e9521c7aa04e21deb13b05c5182ba062a9cf477c9", kill_on_drop: false }`
[INFO] running `Command { std: "docker" "rm" "-f" "8628d098117d9d49b932c21e9521c7aa04e21deb13b05c5182ba062a9cf477c9", kill_on_drop: false }`
[INFO] [stdout] 8628d098117d9d49b932c21e9521c7aa04e21deb13b05c5182ba062a9cf477c9
[INFO] running `Command { std: "docker" "create" "-v" "/var/lib/crater-agent-workspace/builds/worker-0-tc1/target:/opt/rustwide/target:rw,Z" "-v" "/var/lib/crater-agent-workspace/builds/worker-0-tc1/source:/opt/rustwide/workdir:ro,Z" "-v" "/var/lib/crater-agent-workspace/cargo-home:/opt/rustwide/cargo-home:ro,Z" "-v" "/var/lib/crater-agent-workspace/rustup-home:/opt/rustwide/rustup-home:ro,Z" "-e" "SOURCE_DIR=/opt/rustwide/workdir" "-e" "CARGO_TARGET_DIR=/opt/rustwide/target" "-e" "CARGO_INCREMENTAL=0" "-e" "RUST_BACKTRACE=full" "-e" "RUSTFLAGS=--cap-lints=forbid" "-e" "RUSTDOCFLAGS=--cap-lints=forbid" "-e" "CARGO_HOME=/opt/rustwide/cargo-home" "-e" "RUSTUP_HOME=/opt/rustwide/rustup-home" "-w" "/opt/rustwide/workdir" "-m" "1610612736" "--user" "0:0" "--network" "none" "ghcr.io/rust-lang/crates-build-env/linux@sha256:4a844ea9eb2546a2d2c7022eacef16ef2e8229c7fbb2c7d4d55a9ceca922f72d" "/opt/rustwide/cargo-home/bin/cargo" "+nightly-2024-10-28" "build" "--frozen" "--message-format=json", kill_on_drop: false }`
[INFO] [stdout] 64ffa24e9885580e6a43f47040d851f032bd3073cb9cd279e1636487edd878f1
[INFO] running `Command { std: "docker" "start" "-a" "64ffa24e9885580e6a43f47040d851f032bd3073cb9cd279e1636487edd878f1", kill_on_drop: false }`
[INFO] [stderr]    Compiling gedcom v0.2.2 (/opt/rustwide/workdir)
[INFO] [stdout] warning: elided lifetime has a name
[INFO] [stdout]   --> src/parser.rs:19:37
[INFO] [stdout]    |
[INFO] [stdout] 16 | impl<'a> Parser<'a> {
[INFO] [stdout]    |      -- lifetime `'a` declared here
[INFO] [stdout] ...
[INFO] [stdout] 19 |     pub fn new(chars: Chars<'a>) -> Parser {
[INFO] [stdout]    |                                     ^^^^^^ this elided lifetime gets resolved as `'a`
[INFO] [stdout]    |
[INFO] [stdout]    = note: `#[warn(elided_named_lifetimes)]` on by default
[INFO] [stdout] 
[INFO] [stdout] 
[INFO] [stdout] warning: elided lifetime has a name
[INFO] [stdout]   --> src/tokenizer.rs:41:37
[INFO] [stdout]    |
[INFO] [stdout] 38 | impl<'a> Tokenizer<'a> {
[INFO] [stdout]    |      -- lifetime `'a` declared here
[INFO] [stdout] ...
[INFO] [stdout] 41 |     pub fn new(chars: Chars<'a>) -> Tokenizer {
[INFO] [stdout]    |                                     ^^^^^^^^^ this elided lifetime gets resolved as `'a`
[INFO] [stdout] 
[INFO] [stdout] 
[INFO] [stdout] warning: field `1` is never read
[INFO] [stdout]   --> src/types/individual.rs:90:29
[INFO] [stdout]    |
[INFO] [stdout] 90 | pub struct FamilyLink(Xref, FamilyLinkType, Option<Pedigree>);
[INFO] [stdout]    |            ----------       ^^^^^^^^^^^^^^
[INFO] [stdout]    |            |
[INFO] [stdout]    |            field in this struct
[INFO] [stdout]    |
[INFO] [stdout]    = note: `FamilyLink` has a derived impl for the trait `Debug`, but this is intentionally ignored during dead code analysis
[INFO] [stdout]    = note: `#[warn(dead_code)]` on by default
[INFO] [stdout] help: consider changing the field to be of unit type to suppress this warning while preserving the field numbering, or remove the field
[INFO] [stdout]    |
[INFO] [stdout] 90 | pub struct FamilyLink(Xref, (), Option<Pedigree>);
[INFO] [stdout]    |                             ~~
[INFO] [stdout] 
[INFO] [stdout] 
[INFO] [stderr]     Finished `dev` profile [unoptimized + debuginfo] target(s) in 0.85s
[INFO] running `Command { std: "docker" "inspect" "64ffa24e9885580e6a43f47040d851f032bd3073cb9cd279e1636487edd878f1", kill_on_drop: false }`
[INFO] running `Command { std: "docker" "rm" "-f" "64ffa24e9885580e6a43f47040d851f032bd3073cb9cd279e1636487edd878f1", kill_on_drop: false }`
[INFO] [stdout] 64ffa24e9885580e6a43f47040d851f032bd3073cb9cd279e1636487edd878f1
[INFO] running `Command { std: "docker" "create" "-v" "/var/lib/crater-agent-workspace/builds/worker-0-tc1/target:/opt/rustwide/target:rw,Z" "-v" "/var/lib/crater-agent-workspace/builds/worker-0-tc1/source:/opt/rustwide/workdir:ro,Z" "-v" "/var/lib/crater-agent-workspace/cargo-home:/opt/rustwide/cargo-home:ro,Z" "-v" "/var/lib/crater-agent-workspace/rustup-home:/opt/rustwide/rustup-home:ro,Z" "-e" "SOURCE_DIR=/opt/rustwide/workdir" "-e" "CARGO_TARGET_DIR=/opt/rustwide/target" "-e" "CARGO_INCREMENTAL=0" "-e" "RUST_BACKTRACE=full" "-e" "RUSTFLAGS=--cap-lints=forbid" "-e" "RUSTDOCFLAGS=--cap-lints=forbid" "-e" "CARGO_HOME=/opt/rustwide/cargo-home" "-e" "RUSTUP_HOME=/opt/rustwide/rustup-home" "-w" "/opt/rustwide/workdir" "-m" "1610612736" "--user" "0:0" "--network" "none" "ghcr.io/rust-lang/crates-build-env/linux@sha256:4a844ea9eb2546a2d2c7022eacef16ef2e8229c7fbb2c7d4d55a9ceca922f72d" "/opt/rustwide/cargo-home/bin/cargo" "+nightly-2024-10-28" "test" "--frozen" "--no-run" "--message-format=json", kill_on_drop: false }`
[INFO] [stdout] eb19690193b35e296ebd2916131b2200a3645ff80137b42e4af1b61a942672ab
[INFO] running `Command { std: "docker" "start" "-a" "eb19690193b35e296ebd2916131b2200a3645ff80137b42e4af1b61a942672ab", kill_on_drop: false }`
[INFO] [stderr]    Compiling serde v1.0.123
[INFO] [stdout] warning: elided lifetime has a name
[INFO] [stdout]   --> src/parser.rs:19:37
[INFO] [stdout]    |
[INFO] [stdout] 16 | impl<'a> Parser<'a> {
[INFO] [stdout]    |      -- lifetime `'a` declared here
[INFO] [stdout] ...
[INFO] [stdout] 19 |     pub fn new(chars: Chars<'a>) -> Parser {
[INFO] [stdout]    |                                     ^^^^^^ this elided lifetime gets resolved as `'a`
[INFO] [stdout]    |
[INFO] [stdout]    = note: `#[warn(elided_named_lifetimes)]` on by default
[INFO] [stdout] 
[INFO] [stdout] 
[INFO] [stdout] warning: elided lifetime has a name
[INFO] [stdout]   --> src/tokenizer.rs:41:37
[INFO] [stdout]    |
[INFO] [stdout] 38 | impl<'a> Tokenizer<'a> {
[INFO] [stdout]    |      -- lifetime `'a` declared here
[INFO] [stdout] ...
[INFO] [stdout] 41 |     pub fn new(chars: Chars<'a>) -> Tokenizer {
[INFO] [stdout]    |                                     ^^^^^^^^^ this elided lifetime gets resolved as `'a`
[INFO] [stdout] 
[INFO] [stdout] 
[INFO] [stdout] warning: field `1` is never read
[INFO] [stdout]   --> src/types/individual.rs:90:29
[INFO] [stdout]    |
[INFO] [stdout] 90 | pub struct FamilyLink(Xref, FamilyLinkType, Option<Pedigree>);
[INFO] [stdout]    |            ----------       ^^^^^^^^^^^^^^
[INFO] [stdout]    |            |
[INFO] [stdout]    |            field in this struct
[INFO] [stdout]    |
[INFO] [stdout]    = note: `FamilyLink` has a derived impl for the trait `Debug`, but this is intentionally ignored during dead code analysis
[INFO] [stdout]    = note: `#[warn(dead_code)]` on by default
[INFO] [stdout] help: consider changing the field to be of unit type to suppress this warning while preserving the field numbering, or remove the field
[INFO] [stdout]    |
[INFO] [stdout] 90 | pub struct FamilyLink(Xref, (), Option<Pedigree>);
[INFO] [stdout]    |                             ~~
[INFO] [stdout] 
[INFO] [stdout] 
[INFO] [stderr]    Compiling serde_test v1.0.123
[INFO] [stderr]    Compiling gedcom v0.2.2 (/opt/rustwide/workdir)
[INFO] [stdout] warning: elided lifetime has a name
[INFO] [stdout]   --> src/parser.rs:19:37
[INFO] [stdout]    |
[INFO] [stdout] 16 | impl<'a> Parser<'a> {
[INFO] [stdout]    |      -- lifetime `'a` declared here
[INFO] [stdout] ...
[INFO] [stdout] 19 |     pub fn new(chars: Chars<'a>) -> Parser {
[INFO] [stdout]    |                                     ^^^^^^ this elided lifetime gets resolved as `'a`
[INFO] [stdout]    |
[INFO] [stdout]    = note: `#[warn(elided_named_lifetimes)]` on by default
[INFO] [stdout] 
[INFO] [stdout] 
[INFO] [stdout] warning: elided lifetime has a name
[INFO] [stdout]   --> src/tokenizer.rs:41:37
[INFO] [stdout]    |
[INFO] [stdout] 38 | impl<'a> Tokenizer<'a> {
[INFO] [stdout]    |      -- lifetime `'a` declared here
[INFO] [stdout] ...
[INFO] [stdout] 41 |     pub fn new(chars: Chars<'a>) -> Tokenizer {
[INFO] [stdout]    |                                     ^^^^^^^^^ this elided lifetime gets resolved as `'a`
[INFO] [stdout] 
[INFO] [stdout] 
[INFO] [stdout] warning: field `1` is never read
[INFO] [stdout]   --> src/types/individual.rs:90:29
[INFO] [stdout]    |
[INFO] [stdout] 90 | pub struct FamilyLink(Xref, FamilyLinkType, Option<Pedigree>);
[INFO] [stdout]    |            ----------       ^^^^^^^^^^^^^^
[INFO] [stdout]    |            |
[INFO] [stdout]    |            field in this struct
[INFO] [stdout]    |
[INFO] [stdout]    = note: `FamilyLink` has a derived impl for the trait `Debug`, but this is intentionally ignored during dead code analysis
[INFO] [stdout]    = note: `#[warn(dead_code)]` on by default
[INFO] [stdout] help: consider changing the field to be of unit type to suppress this warning while preserving the field numbering, or remove the field
[INFO] [stdout]    |
[INFO] [stdout] 90 | pub struct FamilyLink(Xref, (), Option<Pedigree>);
[INFO] [stdout]    |                             ~~
[INFO] [stdout] 
[INFO] [stdout] 
[INFO] [stderr]     Finished `test` profile [unoptimized + debuginfo] target(s) in 4.56s
[INFO] [stderr] warning: the following packages contain code that will be rejected by a future version of Rust: serde_test v1.0.123
[INFO] [stderr] note: to see what the problems were, use the option `--future-incompat-report`, or run `cargo report future-incompatibilities --id 1`
[INFO] running `Command { std: "docker" "inspect" "eb19690193b35e296ebd2916131b2200a3645ff80137b42e4af1b61a942672ab", kill_on_drop: false }`
[INFO] running `Command { std: "docker" "rm" "-f" "eb19690193b35e296ebd2916131b2200a3645ff80137b42e4af1b61a942672ab", kill_on_drop: false }`
[INFO] [stdout] eb19690193b35e296ebd2916131b2200a3645ff80137b42e4af1b61a942672ab
[INFO] running `Command { std: "docker" "create" "-v" "/var/lib/crater-agent-workspace/builds/worker-0-tc1/target:/opt/rustwide/target:rw,Z" "-v" "/var/lib/crater-agent-workspace/builds/worker-0-tc1/source:/opt/rustwide/workdir:ro,Z" "-v" "/var/lib/crater-agent-workspace/cargo-home:/opt/rustwide/cargo-home:ro,Z" "-v" "/var/lib/crater-agent-workspace/rustup-home:/opt/rustwide/rustup-home:ro,Z" "-e" "SOURCE_DIR=/opt/rustwide/workdir" "-e" "CARGO_TARGET_DIR=/opt/rustwide/target" "-e" "CARGO_INCREMENTAL=0" "-e" "RUST_BACKTRACE=full" "-e" "RUSTFLAGS=--cap-lints=forbid" "-e" "RUSTDOCFLAGS=--cap-lints=forbid" "-e" "CARGO_HOME=/opt/rustwide/cargo-home" "-e" "RUSTUP_HOME=/opt/rustwide/rustup-home" "-w" "/opt/rustwide/workdir" "-m" "1610612736" "--user" "0:0" "--network" "none" "ghcr.io/rust-lang/crates-build-env/linux@sha256:4a844ea9eb2546a2d2c7022eacef16ef2e8229c7fbb2c7d4d55a9ceca922f72d" "/opt/rustwide/cargo-home/bin/cargo" "+nightly-2024-10-28" "test" "--frozen", kill_on_drop: false }`
[INFO] [stdout] 7cfc61e8e6be7da855d33ba3044f6ada43f33afef2cbe83f28e004038bd25f3d
[INFO] running `Command { std: "docker" "start" "-a" "7cfc61e8e6be7da855d33ba3044f6ada43f33afef2cbe83f28e004038bd25f3d", kill_on_drop: false }`
[INFO] [stderr] warning: elided lifetime has a name
[INFO] [stderr]   --> src/parser.rs:19:37
[INFO] [stderr]    |
[INFO] [stderr] 16 | impl<'a> Parser<'a> {
[INFO] [stderr]    |      -- lifetime `'a` declared here
[INFO] [stderr] ...
[INFO] [stderr] 19 |     pub fn new(chars: Chars<'a>) -> Parser {
[INFO] [stderr]    |                                     ^^^^^^ this elided lifetime gets resolved as `'a`
[INFO] [stderr]    |
[INFO] [stderr]    = note: `#[warn(elided_named_lifetimes)]` on by default
[INFO] [stderr] 
[INFO] [stderr] warning: elided lifetime has a name
[INFO] [stderr]   --> src/tokenizer.rs:41:37
[INFO] [stderr]    |
[INFO] [stderr] 38 | impl<'a> Tokenizer<'a> {
[INFO] [stderr]    |      -- lifetime `'a` declared here
[INFO] [stderr] ...
[INFO] [stderr] 41 |     pub fn new(chars: Chars<'a>) -> Tokenizer {
[INFO] [stderr]    |                                     ^^^^^^^^^ this elided lifetime gets resolved as `'a`
[INFO] [stderr] 
[INFO] [stderr] warning: field `1` is never read
[INFO] [stderr]   --> src/types/individual.rs:90:29
[INFO] [stderr]    |
[INFO] [stderr] 90 | pub struct FamilyLink(Xref, FamilyLinkType, Option<Pedigree>);
[INFO] [stderr]    |            ----------       ^^^^^^^^^^^^^^
[INFO] [stderr]    |            |
[INFO] [stderr]    |            field in this struct
[INFO] [stderr]    |
[INFO] [stderr]    = note: `FamilyLink` has a derived impl for the trait `Debug`, but this is intentionally ignored during dead code analysis
[INFO] [stderr]    = note: `#[warn(dead_code)]` on by default
[INFO] [stderr] help: consider changing the field to be of unit type to suppress this warning while preserving the field numbering, or remove the field
[INFO] [stderr]    |
[INFO] [stderr] 90 | pub struct FamilyLink(Xref, (), Option<Pedigree>);
[INFO] [stderr]    |                             ~~
[INFO] [stderr] 
[INFO] [stderr] warning: `gedcom` (lib) generated 3 warnings
[INFO] [stderr] warning: `gedcom` (lib test) generated 3 warnings (3 duplicates)
[INFO] [stderr]     Finished `test` profile [unoptimized + debuginfo] target(s) in 0.02s
[INFO] [stderr] warning: the following packages contain code that will be rejected by a future version of Rust: serde_test v1.0.123
[INFO] [stderr] note: to see what the problems were, use the option `--future-incompat-report`, or run `cargo report future-incompatibilities --id 1`
[INFO] [stderr]      Running unittests src/lib.rs (/opt/rustwide/target/debug/deps/gedcom-98a9f14a313f671f)
[INFO] [stdout] 
[INFO] [stdout] running 0 tests
[INFO] [stdout] 
[INFO] [stdout] test result: ok. 0 passed; 0 failed; 0 ignored; 0 measured; 0 filtered out; finished in 0.00s
[INFO] [stdout] 
[INFO] [stderr]      Running unittests src/bin.rs (/opt/rustwide/target/debug/deps/parse_gedcom-d0d82faf767c85de)
[INFO] [stdout] 
[INFO] [stdout] running 0 tests
[INFO] [stdout] 
[INFO] [stderr]    Doc-tests gedcom
[INFO] [stdout] test result: ok. 0 passed; 0 failed; 0 ignored; 0 measured; 0 filtered out; finished in 0.00s
[INFO] [stdout] 
[INFO] [stdout] 
[INFO] [stdout] running 1 test
[INFO] [stdout] test src/lib.rs - (line 3) ... FAILED
[INFO] [stdout] 
[INFO] [stdout] failures:
[INFO] [stdout] 
[INFO] [stdout] ---- src/lib.rs - (line 3) stdout ----
[INFO] [stdout] Test executable failed (exit status: 101).
[INFO] [stdout] 
[INFO] [stdout] stderr:
[INFO] [stdout] thread 'main' panicked at src/lib.rs:8:76:
[INFO] [stdout] called `Result::unwrap()` on an `Err` value: Os { code: 2, kind: NotFound, message: "No such file or directory" }
[INFO] [stdout] stack backtrace:
[INFO] [stdout]    0:     0x5996f6649f5a - std::backtrace_rs::backtrace::libunwind::trace::h207520d6e9873551
[INFO] [stdout]                                at /rustc/df4ca44d3fbc9301ee17f30f4d474e6ae4b05252/library/std/src/../../backtrace/src/backtrace/libunwind.rs:116:5
[INFO] [stdout]    1:     0x5996f6649f5a - std::backtrace_rs::backtrace::trace_unsynchronized::h2ed7433f370e3eca
[INFO] [stdout]                                at /rustc/df4ca44d3fbc9301ee17f30f4d474e6ae4b05252/library/std/src/../../backtrace/src/backtrace/mod.rs:66:5
[INFO] [stdout]    2:     0x5996f6649f5a - std::sys::backtrace::_print_fmt::h916fac51166b18d7
[INFO] [stdout]                                at /rustc/df4ca44d3fbc9301ee17f30f4d474e6ae4b05252/library/std/src/sys/backtrace.rs:66:9
[INFO] [stdout]    3:     0x5996f6649f5a - <std::sys::backtrace::BacktraceLock::print::DisplayBacktrace as core::fmt::Display>::fmt::ha0a4c9b8ce3802e6
[INFO] [stdout]                                at /rustc/df4ca44d3fbc9301ee17f30f4d474e6ae4b05252/library/std/src/sys/backtrace.rs:39:26
[INFO] [stdout]    4:     0x5996f6667ce3 - core::fmt::rt::Argument::fmt::h4cfc8587d52b3eb5
[INFO] [stdout]                                at /rustc/df4ca44d3fbc9301ee17f30f4d474e6ae4b05252/library/core/src/fmt/rt.rs:177:76
[INFO] [stdout]    5:     0x5996f6667ce3 - core::fmt::write::h522cc39e5b36ae9f
[INFO] [stdout]                                at /rustc/df4ca44d3fbc9301ee17f30f4d474e6ae4b05252/library/core/src/fmt/mod.rs:1190:21
[INFO] [stdout]    6:     0x5996f6647893 - std::io::Write::write_fmt::hf1c1dcc8cc1287f0
[INFO] [stdout]                                at /rustc/df4ca44d3fbc9301ee17f30f4d474e6ae4b05252/library/std/src/io/mod.rs:1839:15
[INFO] [stdout]    7:     0x5996f6649da2 - std::sys::backtrace::BacktraceLock::print::h4b9e00b29e9c0942
[INFO] [stdout]                                at /rustc/df4ca44d3fbc9301ee17f30f4d474e6ae4b05252/library/std/src/sys/backtrace.rs:42:9
[INFO] [stdout]    8:     0x5996f664ad6c - std::panicking::default_hook::{{closure}}::hb59b88280d0324d9
[INFO] [stdout]                                at /rustc/df4ca44d3fbc9301ee17f30f4d474e6ae4b05252/library/std/src/panicking.rs:268:22
[INFO] [stdout]    9:     0x5996f664abb2 - std::panicking::default_hook::he1dd496665be4a29
[INFO] [stdout]                                at /rustc/df4ca44d3fbc9301ee17f30f4d474e6ae4b05252/library/std/src/panicking.rs:295:9
[INFO] [stdout]   10:     0x5996f664b367 - std::panicking::rust_panic_with_hook::h2ff17fe8f26dfcf8
[INFO] [stdout]                                at /rustc/df4ca44d3fbc9301ee17f30f4d474e6ae4b05252/library/std/src/panicking.rs:801:13
[INFO] [stdout]   11:     0x5996f664b1fa - std::panicking::begin_panic_handler::{{closure}}::h4fad77951c07e101
[INFO] [stdout]                                at /rustc/df4ca44d3fbc9301ee17f30f4d474e6ae4b05252/library/std/src/panicking.rs:674:13
[INFO] [stdout]   12:     0x5996f664a439 - std::sys::backtrace::__rust_end_short_backtrace::hb1a25b3da5d0ea08
[INFO] [stdout]                                at /rustc/df4ca44d3fbc9301ee17f30f4d474e6ae4b05252/library/std/src/sys/backtrace.rs:170:18
[INFO] [stdout]   13:     0x5996f664ae8c - rust_begin_unwind
[INFO] [stdout]                                at /rustc/df4ca44d3fbc9301ee17f30f4d474e6ae4b05252/library/std/src/panicking.rs:665:5
[INFO] [stdout]   14:     0x5996f6666f30 - core::panicking::panic_fmt::ha9db07b529f9b256
[INFO] [stdout]                                at /rustc/df4ca44d3fbc9301ee17f30f4d474e6ae4b05252/library/core/src/panicking.rs:75:14
[INFO] [stdout]   15:     0x5996f66672a6 - core::result::unwrap_failed::h5e8218e4d4338b8a
[INFO] [stdout]                                at /rustc/df4ca44d3fbc9301ee17f30f4d474e6ae4b05252/library/core/src/result.rs:1698:5
[INFO] [stdout]   16:     0x5996f66157b5 - rust_out::main::_doctest_main_src_lib_rs_3_0::h7c4f42bc097440a7
[INFO] [stdout]   17:     0x5996f6615736 - rust_out::main::ha213a30daa5df4da
[INFO] [stdout]   18:     0x5996f66151a3 - core::ops::function::FnOnce::call_once::hf7edf7132571051c
[INFO] [stdout]   19:     0x5996f6615136 - std::sys::backtrace::__rust_begin_short_backtrace::h32fd822fd2ba4079
[INFO] [stdout]   20:     0x5996f6615119 - std::rt::lang_start::{{closure}}::h4039a1c394ed4f7c
[INFO] [stdout]   21:     0x5996f6644a07 - core::ops::function::impls::<impl core::ops::function::FnOnce<A> for &F>::call_once::hd87d66b906e0ccaf
[INFO] [stdout]                                at /rustc/df4ca44d3fbc9301ee17f30f4d474e6ae4b05252/library/core/src/ops/function.rs:284:13
[INFO] [stdout]   22:     0x5996f6644a07 - std::panicking::try::do_call::hae3703de71fc9e3a
[INFO] [stdout]                                at /rustc/df4ca44d3fbc9301ee17f30f4d474e6ae4b05252/library/std/src/panicking.rs:557:40
[INFO] [stdout]   23:     0x5996f6644a07 - std::panicking::try::h1178330e9a2b2645
[INFO] [stdout]                                at /rustc/df4ca44d3fbc9301ee17f30f4d474e6ae4b05252/library/std/src/panicking.rs:520:19
[INFO] [stdout]   24:     0x5996f6644a07 - std::panic::catch_unwind::h0acf49d2305d32ad
[INFO] [stdout]                                at /rustc/df4ca44d3fbc9301ee17f30f4d474e6ae4b05252/library/std/src/panic.rs:358:14
[INFO] [stdout]   25:     0x5996f6644a07 - std::rt::lang_start_internal::{{closure}}::h2d95182d798177be
[INFO] [stdout]                                at /rustc/df4ca44d3fbc9301ee17f30f4d474e6ae4b05252/library/std/src/rt.rs:174:48
[INFO] [stdout]   26:     0x5996f6644a07 - std::panicking::try::do_call::hb506f5bfe11fd30c
[INFO] [stdout]                                at /rustc/df4ca44d3fbc9301ee17f30f4d474e6ae4b05252/library/std/src/panicking.rs:557:40
[INFO] [stdout]   27:     0x5996f6644a07 - std::panicking::try::h54d825c46bd0fa95
[INFO] [stdout]                                at /rustc/df4ca44d3fbc9301ee17f30f4d474e6ae4b05252/library/std/src/panicking.rs:520:19
[INFO] [stdout]   28:     0x5996f6644a07 - std::panic::catch_unwind::hffbb0ad20c4e9fac
[INFO] [stdout]                                at /rustc/df4ca44d3fbc9301ee17f30f4d474e6ae4b05252/library/std/src/panic.rs:358:14
[INFO] [stdout]   29:     0x5996f6644a07 - std::rt::lang_start_internal::h52c291ef1962c925
[INFO] [stdout]                                at /rustc/df4ca44d3fbc9301ee17f30f4d474e6ae4b05252/library/std/src/rt.rs:174:20
[INFO] [stdout]   30:     0x5996f66150f7 - std::rt::lang_start::h8c6075cd6f225ba1
[INFO] [stdout]   31:     0x5996f6615975 - main
[INFO] [stdout]   32:     0x7c2343e81d90 - <unknown>
[INFO] [stdout]   33:     0x7c2343e81e40 - __libc_start_main
[INFO] [stdout]   34:     0x5996f6614b85 - _start
[INFO] [stdout]   35:                0x0 - <unknown>
[INFO] [stdout] 
[INFO] [stdout] 
[INFO] [stdout] 
[INFO] [stdout] failures:
[INFO] [stdout]     src/lib.rs - (line 3)
[INFO] [stdout] 
[INFO] [stdout] test result: FAILED. 0 passed; 1 failed; 0 ignored; 0 measured; 0 filtered out; finished in 0.26s
[INFO] [stdout] 
[INFO] [stderr] error: doctest failed, to rerun pass `--doc`
[INFO] running `Command { std: "docker" "inspect" "7cfc61e8e6be7da855d33ba3044f6ada43f33afef2cbe83f28e004038bd25f3d", kill_on_drop: false }`
[INFO] running `Command { std: "docker" "rm" "-f" "7cfc61e8e6be7da855d33ba3044f6ada43f33afef2cbe83f28e004038bd25f3d", kill_on_drop: false }`
[INFO] [stdout] 7cfc61e8e6be7da855d33ba3044f6ada43f33afef2cbe83f28e004038bd25f3d
