[INFO] fetching crate gear-core 1.6.2...
[INFO] testing gear-core-1.6.2 against nightly-2024-10-28 for randomize-layout
[INFO] extracting crate gear-core 1.6.2 into /workspace/builds/worker-3-tc1/source
[INFO] validating manifest of crates.io crate gear-core 1.6.2 on toolchain nightly-2024-10-28
[INFO] running `Command { std: CARGO_HOME="/workspace/cargo-home" RUSTUP_HOME="/workspace/rustup-home" "/workspace/cargo-home/bin/cargo" "+nightly-2024-10-28" "metadata" "--manifest-path" "Cargo.toml" "--no-deps", kill_on_drop: false }`
[INFO] started tweaking crates.io crate gear-core 1.6.2
[INFO] finished tweaking crates.io crate gear-core 1.6.2
[INFO] tweaked toml for crates.io crate gear-core 1.6.2 written to /workspace/builds/worker-3-tc1/source/Cargo.toml
[INFO] running `Command { std: CARGO_HOME="/workspace/cargo-home" RUSTUP_HOME="/workspace/rustup-home" "/workspace/cargo-home/bin/cargo" "+nightly-2024-10-28" "generate-lockfile" "--manifest-path" "Cargo.toml", kill_on_drop: false }`
[INFO] [stderr]     Updating crates.io index
[INFO] [stderr]      Locking 124 packages to latest compatible versions
[INFO] [stderr]       Adding derive_more v0.99.18 (available: v1.0.0)
[INFO] [stderr]       Adding enum-iterator v1.5.0 (available: v2.1.0)
[INFO] [stderr]       Adding env_logger v0.10.2 (available: v0.11.5)
[INFO] [stderr]       Adding hashbrown v0.14.5 (available: v0.15.0)
[INFO] [stderr]       Adding impl-serde v0.4.0 (available: v0.5.0)
[INFO] [stderr]       Adding primitive-types v0.12.2 (available: v0.13.1)
[INFO] running `Command { std: CARGO_HOME="/workspace/cargo-home" RUSTUP_HOME="/workspace/rustup-home" "/workspace/cargo-home/bin/cargo" "+nightly-2024-10-28" "fetch" "--manifest-path" "Cargo.toml", kill_on_drop: false }`
[INFO] [stderr]  Downloading crates ...
[INFO] [stderr]   Downloaded gsys v1.6.2
[INFO] [stderr]   Downloaded indexmap-nostd v0.4.0
[INFO] [stderr]   Downloaded gear-ss58 v1.6.2
[INFO] [stderr]   Downloaded numerated v1.6.2
[INFO] [stderr]   Downloaded gear-wasm v0.45.1
[INFO] [stderr]   Downloaded gprimitives v1.6.2
[INFO] [stderr]   Downloaded gear-core-errors v1.6.2
[INFO] [stderr]   Downloaded gwasm-instrument v0.3.0
[INFO] [stderr]   Downloaded gear-wasm-instrument v1.6.2
[INFO] [stderr]   Downloaded wabt v0.10.0
[INFO] [stderr]   Downloaded wasmparser-nostd v0.100.2
[INFO] [stderr]   Downloaded wabt-sys v0.8.0
[INFO] running `Command { std: "docker" "create" "-v" "/var/lib/crater-agent-workspace/builds/worker-3-tc1/target:/opt/rustwide/target:rw,Z" "-v" "/var/lib/crater-agent-workspace/builds/worker-3-tc1/source:/opt/rustwide/workdir:ro,Z" "-v" "/var/lib/crater-agent-workspace/cargo-home:/opt/rustwide/cargo-home:ro,Z" "-v" "/var/lib/crater-agent-workspace/rustup-home:/opt/rustwide/rustup-home:ro,Z" "-e" "SOURCE_DIR=/opt/rustwide/workdir" "-e" "CARGO_TARGET_DIR=/opt/rustwide/target" "-e" "CARGO_HOME=/opt/rustwide/cargo-home" "-e" "RUSTUP_HOME=/opt/rustwide/rustup-home" "-w" "/opt/rustwide/workdir" "-m" "1610612736" "--user" "0:0" "--network" "none" "ghcr.io/rust-lang/crates-build-env/linux@sha256:4a844ea9eb2546a2d2c7022eacef16ef2e8229c7fbb2c7d4d55a9ceca922f72d" "/opt/rustwide/cargo-home/bin/cargo" "+nightly-2024-10-28" "metadata" "--no-deps" "--format-version=1", kill_on_drop: false }`
[INFO] [stdout] dcd9e001a8f41ea1ce46da55cad840941c049ae5479edd2e8aea9786ce283dfd
[INFO] running `Command { std: "docker" "start" "-a" "dcd9e001a8f41ea1ce46da55cad840941c049ae5479edd2e8aea9786ce283dfd", kill_on_drop: false }`
[INFO] running `Command { std: "docker" "inspect" "dcd9e001a8f41ea1ce46da55cad840941c049ae5479edd2e8aea9786ce283dfd", kill_on_drop: false }`
[INFO] running `Command { std: "docker" "rm" "-f" "dcd9e001a8f41ea1ce46da55cad840941c049ae5479edd2e8aea9786ce283dfd", kill_on_drop: false }`
[INFO] [stdout] dcd9e001a8f41ea1ce46da55cad840941c049ae5479edd2e8aea9786ce283dfd
[INFO] running `Command { std: "docker" "create" "-v" "/var/lib/crater-agent-workspace/builds/worker-3-tc1/target:/opt/rustwide/target:rw,Z" "-v" "/var/lib/crater-agent-workspace/builds/worker-3-tc1/source:/opt/rustwide/workdir:ro,Z" "-v" "/var/lib/crater-agent-workspace/cargo-home:/opt/rustwide/cargo-home:ro,Z" "-v" "/var/lib/crater-agent-workspace/rustup-home:/opt/rustwide/rustup-home:ro,Z" "-e" "SOURCE_DIR=/opt/rustwide/workdir" "-e" "CARGO_TARGET_DIR=/opt/rustwide/target" "-e" "CARGO_INCREMENTAL=0" "-e" "RUST_BACKTRACE=full" "-e" "RUSTFLAGS=--cap-lints=forbid" "-e" "RUSTDOCFLAGS=--cap-lints=forbid" "-e" "CARGO_HOME=/opt/rustwide/cargo-home" "-e" "RUSTUP_HOME=/opt/rustwide/rustup-home" "-w" "/opt/rustwide/workdir" "-m" "1610612736" "--user" "0:0" "--network" "none" "ghcr.io/rust-lang/crates-build-env/linux@sha256:4a844ea9eb2546a2d2c7022eacef16ef2e8229c7fbb2c7d4d55a9ceca922f72d" "/opt/rustwide/cargo-home/bin/cargo" "+nightly-2024-10-28" "build" "--frozen" "--message-format=json", kill_on_drop: false }`
[INFO] [stdout] a22728901b921f2c344782c5ff2b83dec00d93e2d3b007f5197c54632b828ba2
[INFO] running `Command { std: "docker" "start" "-a" "a22728901b921f2c344782c5ff2b83dec00d93e2d3b007f5197c54632b828ba2", kill_on_drop: false }`
[INFO] [stderr]    Compiling syn v1.0.109
[INFO] [stderr]    Compiling byte-slice-cast v1.2.2
[INFO] [stderr]    Compiling arrayvec v0.7.6
[INFO] [stderr]    Compiling syn v2.0.86
[INFO] [stderr]    Compiling subtle v2.6.1
[INFO] [stderr]    Compiling hex v0.4.3
[INFO] [stderr]    Compiling num-traits v0.2.19
[INFO] [stderr]    Compiling rustc-hex v2.1.0
[INFO] [stderr]    Compiling digest v0.10.7
[INFO] [stderr]    Compiling fixed-hash v0.8.0
[INFO] [stderr]    Compiling once_cell v1.20.2
[INFO] [stderr]    Compiling bs58 v0.5.1
[INFO] [stderr]    Compiling zerocopy v0.7.35
[INFO] [stderr]    Compiling gear-wasm v0.45.1
[INFO] [stderr]    Compiling blake2 v0.10.6
[INFO] [stderr]    Compiling uint v0.9.5
[INFO] [stderr]    Compiling indexmap-nostd v0.4.0
[INFO] [stderr]    Compiling gsys v1.6.2
[INFO] [stderr]    Compiling ahash v0.8.11
[INFO] [stderr]    Compiling gear-ss58 v1.6.2
[INFO] [stderr]    Compiling wasmparser-nostd v0.100.2
[INFO] [stderr]    Compiling hashbrown v0.14.5
[INFO] [stderr]    Compiling gwasm-instrument v0.3.0
[INFO] [stderr]    Compiling derive_more-impl v1.0.0
[INFO] [stderr]    Compiling scale-info-derive v2.11.5
[INFO] [stderr]    Compiling derive_more v0.99.18
[INFO] [stderr]    Compiling enum-iterator-derive v1.4.0
[INFO] [stderr]    Compiling enum-iterator v1.5.0
[INFO] [stderr]    Compiling derive_more v1.0.0
[INFO] [stderr]    Compiling gear-wasm-instrument v1.6.2
[INFO] [stderr]    Compiling impl-trait-for-tuples v0.2.2
[INFO] [stderr]    Compiling parity-scale-codec-derive v3.6.12
[INFO] [stderr]    Compiling parity-scale-codec v3.6.12
[INFO] [stderr]    Compiling scale-info v2.11.5
[INFO] [stderr]    Compiling impl-codec v0.6.0
[INFO] [stderr]    Compiling primitive-types v0.12.2
[INFO] [stderr]    Compiling gear-core-errors v1.6.2
[INFO] [stderr]    Compiling numerated v1.6.2
[INFO] [stderr]    Compiling gprimitives v1.6.2
[INFO] [stderr]    Compiling gear-core v1.6.2 (/opt/rustwide/workdir)
[INFO] [stderr]     Finished `dev` profile [unoptimized + debuginfo] target(s) in 7.74s
[INFO] running `Command { std: "docker" "inspect" "a22728901b921f2c344782c5ff2b83dec00d93e2d3b007f5197c54632b828ba2", kill_on_drop: false }`
[INFO] running `Command { std: "docker" "rm" "-f" "a22728901b921f2c344782c5ff2b83dec00d93e2d3b007f5197c54632b828ba2", kill_on_drop: false }`
[INFO] [stdout] a22728901b921f2c344782c5ff2b83dec00d93e2d3b007f5197c54632b828ba2
[INFO] running `Command { std: "docker" "create" "-v" "/var/lib/crater-agent-workspace/builds/worker-3-tc1/target:/opt/rustwide/target:rw,Z" "-v" "/var/lib/crater-agent-workspace/builds/worker-3-tc1/source:/opt/rustwide/workdir:ro,Z" "-v" "/var/lib/crater-agent-workspace/cargo-home:/opt/rustwide/cargo-home:ro,Z" "-v" "/var/lib/crater-agent-workspace/rustup-home:/opt/rustwide/rustup-home:ro,Z" "-e" "SOURCE_DIR=/opt/rustwide/workdir" "-e" "CARGO_TARGET_DIR=/opt/rustwide/target" "-e" "CARGO_INCREMENTAL=0" "-e" "RUST_BACKTRACE=full" "-e" "RUSTFLAGS=--cap-lints=forbid" "-e" "RUSTDOCFLAGS=--cap-lints=forbid" "-e" "CARGO_HOME=/opt/rustwide/cargo-home" "-e" "RUSTUP_HOME=/opt/rustwide/rustup-home" "-w" "/opt/rustwide/workdir" "-m" "1610612736" "--user" "0:0" "--network" "none" "ghcr.io/rust-lang/crates-build-env/linux@sha256:4a844ea9eb2546a2d2c7022eacef16ef2e8229c7fbb2c7d4d55a9ceca922f72d" "/opt/rustwide/cargo-home/bin/cargo" "+nightly-2024-10-28" "test" "--frozen" "--no-run" "--message-format=json", kill_on_drop: false }`
[INFO] [stdout] 57b71be5ed2dbf2b3cd2313ff4f264d3fa263631903cc5e2292e9ed6f0e3b860
[INFO] running `Command { std: "docker" "start" "-a" "57b71be5ed2dbf2b3cd2313ff4f264d3fa263631903cc5e2292e9ed6f0e3b860", kill_on_drop: false }`
[INFO] [stderr]    Compiling once_cell v1.20.2
[INFO] [stderr]    Compiling rustix v0.38.38
[INFO] [stderr]    Compiling bitflags v2.6.0
[INFO] [stderr]    Compiling zerocopy-derive v0.7.35
[INFO] [stderr]    Compiling libm v0.2.11
[INFO] [stderr]    Compiling linux-raw-sys v0.4.14
[INFO] [stderr]    Compiling regex-syntax v0.8.5
[INFO] [stderr]    Compiling cc v1.1.31
[INFO] [stderr]    Compiling num-traits v0.2.19
[INFO] [stderr]    Compiling fastrand v2.1.1
[INFO] [stderr]    Compiling wait-timeout v0.2.0
[INFO] [stderr]    Compiling bit-vec v0.6.3
[INFO] [stderr]    Compiling serde v1.0.214
[INFO] [stderr]    Compiling quick-error v1.2.3
[INFO] [stderr]    Compiling bit-set v0.5.3
[INFO] [stderr]    Compiling cmake v0.1.51
[INFO] [stderr]    Compiling aho-corasick v1.1.3
[INFO] [stderr]    Compiling rand_xorshift v0.3.0
[INFO] [stderr]    Compiling zerocopy v0.7.35
[INFO] [stderr]    Compiling unarray v0.1.4
[INFO] [stderr]    Compiling serde_derive v1.0.214
[INFO] [stderr]    Compiling wabt-sys v0.8.0
[INFO] [stderr]    Compiling ppv-lite86 v0.2.20
[INFO] [stderr]    Compiling ahash v0.8.11
[INFO] [stderr]    Compiling rand_chacha v0.3.1
[INFO] [stderr]    Compiling hashbrown v0.14.5
[INFO] [stderr]    Compiling tempfile v3.13.0
[INFO] [stderr]    Compiling rand v0.8.5
[INFO] [stderr]    Compiling rusty-fork v0.3.0
[INFO] [stderr]    Compiling regex-automata v0.4.8
[INFO] [stderr]    Compiling proptest v1.5.0
[INFO] [stderr]    Compiling humantime v2.1.0
[INFO] [stderr]    Compiling termcolor v1.4.1
[INFO] [stderr]    Compiling serde_json v1.0.132
[INFO] [stderr]    Compiling regex v1.11.1
[INFO] [stderr]    Compiling env_logger v0.10.2
[INFO] [stderr]    Compiling numerated v1.6.2
[INFO] [stderr]    Compiling gear-core v1.6.2 (/opt/rustwide/workdir)
[INFO] [stderr]    Compiling wabt v0.10.0
[INFO] [stderr]     Finished `test` profile [unoptimized + debuginfo] target(s) in 34.75s
[INFO] running `Command { std: "docker" "inspect" "57b71be5ed2dbf2b3cd2313ff4f264d3fa263631903cc5e2292e9ed6f0e3b860", kill_on_drop: false }`
[INFO] running `Command { std: "docker" "rm" "-f" "57b71be5ed2dbf2b3cd2313ff4f264d3fa263631903cc5e2292e9ed6f0e3b860", kill_on_drop: false }`
[INFO] [stdout] 57b71be5ed2dbf2b3cd2313ff4f264d3fa263631903cc5e2292e9ed6f0e3b860
[INFO] running `Command { std: "docker" "create" "-v" "/var/lib/crater-agent-workspace/builds/worker-3-tc1/target:/opt/rustwide/target:rw,Z" "-v" "/var/lib/crater-agent-workspace/builds/worker-3-tc1/source:/opt/rustwide/workdir:ro,Z" "-v" "/var/lib/crater-agent-workspace/cargo-home:/opt/rustwide/cargo-home:ro,Z" "-v" "/var/lib/crater-agent-workspace/rustup-home:/opt/rustwide/rustup-home:ro,Z" "-e" "SOURCE_DIR=/opt/rustwide/workdir" "-e" "CARGO_TARGET_DIR=/opt/rustwide/target" "-e" "CARGO_INCREMENTAL=0" "-e" "RUST_BACKTRACE=full" "-e" "RUSTFLAGS=--cap-lints=forbid" "-e" "RUSTDOCFLAGS=--cap-lints=forbid" "-e" "CARGO_HOME=/opt/rustwide/cargo-home" "-e" "RUSTUP_HOME=/opt/rustwide/rustup-home" "-w" "/opt/rustwide/workdir" "-m" "1610612736" "--user" "0:0" "--network" "none" "ghcr.io/rust-lang/crates-build-env/linux@sha256:4a844ea9eb2546a2d2c7022eacef16ef2e8229c7fbb2c7d4d55a9ceca922f72d" "/opt/rustwide/cargo-home/bin/cargo" "+nightly-2024-10-28" "test" "--frozen", kill_on_drop: false }`
[INFO] [stdout] fc30011cd70a4ff3c3166da657ecc101a8f306cdf7fe120278f8ceb4b0bd3abe
[INFO] running `Command { std: "docker" "start" "-a" "fc30011cd70a4ff3c3166da657ecc101a8f306cdf7fe120278f8ceb4b0bd3abe", kill_on_drop: false }`
[INFO] [stderr]     Finished `test` profile [unoptimized + debuginfo] target(s) in 0.18s
[INFO] [stderr]      Running unittests src/lib.rs (/opt/rustwide/target/debug/deps/gear_core-cfae9d97ce2a2752)
[INFO] [stdout] 
[INFO] [stdout] running 81 tests
[INFO] [stdout] test buffer::test::test_full ... ok
[INFO] [stdout] test buffer::test::formatting_test ... ok
[INFO] [stdout] test buffer::test::test_new_default ... ok
[INFO] [stdout] test buffer::test::test_prepend_works ... ok
[INFO] [stdout] test buffer::test::test_try_from ... ok
[INFO] [stdout] test code::tests::check_mutable_global_exports_restriction ... ok
[INFO] [stdout] test code::tests::data_section ... ok
[INFO] [stdout] test code::tests::code_section_bytes ... ok
[INFO] [stdout] test code::tests::data_segment_out_of_static_memory ... ok
[INFO] [stdout] test code::tests::export_to_imported_global ... ok
[INFO] [stdout] test code::tests::data_segment_stack_overlaps ... ok
[INFO] [stdout] test code::tests::global_import ... ok
[INFO] [stdout] test code::tests::data_segment_out_of_u32 ... ok
[INFO] [stdout] test code::tests::export_to_imported_function ... ok
[INFO] [stdout] test code::tests::multi_memory_import ... ok
[INFO] [stdout] test code::tests::global_section_bytes ... ok
[INFO] [stdout] test code::tests::element_section_bytes ... ok
[INFO] [stdout] test code::tests::reject_unknown_exports ... ok
[INFO] [stdout] test code::tests::stack_end ... ok
[INFO] [stdout] test code::tests::stack_end_alignment ... ok
[INFO] [stdout] test code::tests::stack_end_out_of_static_memory ... ok
[INFO] [stdout] test code::tests::required_fn_not_found ... ok
[INFO] [stdout] test code::tests::stack_end_initialization ... ok
[INFO] [stdout] test code::tests::stack_limit_injection_works ... ok
[INFO] [stdout] test code::tests::table_import ... ok
[INFO] [stdout] test code::tests::type_section_bytes ... ok
[INFO] [stdout] test gas::tests::charge_fails ... ok
[INFO] [stdout] test gas::tests::charge_allowance_token_fails ... ok
[INFO] [stdout] test gas::tests::charge_token_fails ... ok
[INFO] [stdout] test gas::tests::limited_gas_counter_charging ... ok
[INFO] [stdout] test memory::tests::free_fails ... ok
[INFO] [stdout] test memory::tests::alloc ... ok
[INFO] [stdout] test memory::tests::page_buf ... ok
[INFO] [stdout] test memory::tests::memory_params_validation ... ok
[INFO] [stdout] test code::tests::unsupported_instruction ... ok
[INFO] [stdout] test message::context::tests::create_wrong_context ... ok
[INFO] [stdout] test message::context::tests::double_reply ... ok
[INFO] [stdout] test code::tests::data_section_bytes ... ok
[INFO] [stdout] test message::context::tests::inexistent_reply_deposit ... ok
[INFO] [stdout] test message::context::tests::duplicate_reply_deposit ... ok
[INFO] [stdout] test message::context::tests::duplicate_waking ... ok
[INFO] [stdout] test message::context::tests::invalid_out_of_bounds ... ok
[INFO] [stdout] test message::context::tests::duplicated_init ... ok
[INFO] [stdout] test message::context::tests::message_context_api ... ok
[INFO] [stdout] test message::context::tests::send_commit_bytes_exceeded ... ok
[INFO] [stdout] test message::context::tests::send_push_bytes_exceeded ... ok
[INFO] [stdout] test message::context::tests::outgoing_limit_exceeded ... ok
[INFO] [stdout] test message::context::tests::send_push_input_bytes_exceeded ... ok
[INFO] [stdout] test code::tests::data_segments_amount_limit ... ok
[INFO] [stdout] test message::context::tests::reply_commit_message_size_limit ... ok
[INFO] [stdout] test pages::property_tests::gear_page_numerated ... ok
[INFO] [stdout] test message::context::tests::send_commit_message_size_limit ... ok
[INFO] [stdout] test code::tests::table_section_bytes ... FAILED
[INFO] [stdout] test code::tests::table_number_limit ... FAILED
[INFO] [stdout] test pages::tests::test_page_end_offset ... ok
[INFO] [stdout] test pages::tests::test_page_from_offset ... ok
[INFO] [stdout] test pages::tests::test_page_inc ... ok
[INFO] [stdout] test pages::tests::test_page_offset ... ok
[INFO] [stdout] test pages::tests::test_page_to_iter ... ok
[INFO] [stdout] test pages::tests::test_page_to_page ... ok
[INFO] [stdout] test pages::tests::test_pages_amount_add ... ok
[INFO] [stdout] test pages::tests::test_pages_amount_offset ... ok
[INFO] [stdout] test pages::tests::test_pages_amount_to_page_number ... ok
[INFO] [stdout] test pages::tests::test_pages_amount_to_pages_amount ... ok
[INFO] [stdout] test reservation::tests::existing_reserve_unreserve ... ok
[INFO] [stdout] test reservation::tests::fresh_reserve_unreserve ... ok
[INFO] [stdout] test reservation::tests::mark_used_for_unreserved_fails ... ok
[INFO] [stdout] test reservation::tests::mark_used_twice_fails ... ok
[INFO] [stdout] test reservation::tests::remove_non_existing_reservation_fails ... ok
[INFO] [stdout] test reservation::tests::remove_reservation_twice_fails ... ok
[INFO] [stdout] test reservation::tests::unreserving_unreserved ... ok
[INFO] [stdout] test str::tests::truncate_test ... ok
[INFO] [stdout] test pages::property_tests::gear_page_interval ... ok
[INFO] [stdout] test tasks::task_encoded_size ... ok
[INFO] [stdout] test pages::property_tests::wasm_page_numerated ... ok
[INFO] [stdout] test pages::property_tests::wasm_page_interval ... ok
[INFO] [stdout] test reservation::tests::max_reservations_limit_works ... ok
[INFO] [stdout] test str::tests::truncate_test_fuzz ... ok
[INFO] [stdout] test memory::tests::property_tests::alloc ... ok
[INFO] [stdout] test pages::property_tests::gear_page_tree ... ok
[INFO] [stdout] test pages::property_tests::wasm_page_tree ... ok
[INFO] [stdout] 
[INFO] [stdout] failures:
[INFO] [stdout] 
[INFO] [stdout] ---- code::tests::table_section_bytes stdout ----
[INFO] [stdout] thread 'code::tests::table_section_bytes' panicked at src/code/mod.rs:449:14:
[INFO] [stdout] called `Result::unwrap()` on an `Err` value: Error(Validate("test.wast:7:18: error: only one table allowed\n                (table 10 10 funcref)\n                 ^^^^^\ntest.wast:8:18: error: only one table allowed\n                (table 10 10 funcref)\n                 ^^^^^\ntest.wast:9:18: error: only one table allowed\n                (table 10 10 funcref)\n                 ^^^^^\n"))
[INFO] [stdout] stack backtrace:
[INFO] [stdout]    0:     0x58fbb47a0bda - std::backtrace_rs::backtrace::libunwind::trace::h207520d6e9873551
[INFO] [stdout]                                at /rustc/df4ca44d3fbc9301ee17f30f4d474e6ae4b05252/library/std/src/../../backtrace/src/backtrace/libunwind.rs:116:5
[INFO] [stdout]    1:     0x58fbb47a0bda - std::backtrace_rs::backtrace::trace_unsynchronized::h2ed7433f370e3eca
[INFO] [stdout]                                at /rustc/df4ca44d3fbc9301ee17f30f4d474e6ae4b05252/library/std/src/../../backtrace/src/backtrace/mod.rs:66:5
[INFO] [stdout]    2:     0x58fbb47a0bda - std::sys::backtrace::_print_fmt::h916fac51166b18d7
[INFO] [stdout]                                at /rustc/df4ca44d3fbc9301ee17f30f4d474e6ae4b05252/library/std/src/sys/backtrace.rs:66:9
[INFO] [stdout]    3:     0x58fbb47a0bda - <std::sys::backtrace::BacktraceLock::print::DisplayBacktrace as core::fmt::Display>::fmt::ha0a4c9b8ce3802e6
[INFO] [stdout]                                at /rustc/df4ca44d3fbc9301ee17f30f4d474e6ae4b05252/library/std/src/sys/backtrace.rs:39:26
[INFO] [stdout]    4:     0x58fbb49bb8e3 - core::fmt::rt::Argument::fmt::h4cfc8587d52b3eb5
[INFO] [stdout]                                at /rustc/df4ca44d3fbc9301ee17f30f4d474e6ae4b05252/library/core/src/fmt/rt.rs:177:76
[INFO] [stdout]    5:     0x58fbb49bb8e3 - core::fmt::write::h522cc39e5b36ae9f
[INFO] [stdout]                                at /rustc/df4ca44d3fbc9301ee17f30f4d474e6ae4b05252/library/core/src/fmt/mod.rs:1190:21
[INFO] [stdout]    6:     0x58fbb479d243 - std::io::Write::write_fmt::h7d3c26752da97734
[INFO] [stdout]                                at /rustc/df4ca44d3fbc9301ee17f30f4d474e6ae4b05252/library/std/src/io/mod.rs:1839:15
[INFO] [stdout]    7:     0x58fbb47a0a22 - std::sys::backtrace::BacktraceLock::print::h4b9e00b29e9c0942
[INFO] [stdout]                                at /rustc/df4ca44d3fbc9301ee17f30f4d474e6ae4b05252/library/std/src/sys/backtrace.rs:42:9
[INFO] [stdout]    8:     0x58fbb47a206a - std::panicking::default_hook::{{closure}}::hb59b88280d0324d9
[INFO] [stdout]                                at /rustc/df4ca44d3fbc9301ee17f30f4d474e6ae4b05252/library/std/src/panicking.rs:268:22
[INFO] [stdout]    9:     0x58fbb47a1e74 - std::panicking::default_hook::he1dd496665be4a29
[INFO] [stdout]                                at /rustc/df4ca44d3fbc9301ee17f30f4d474e6ae4b05252/library/std/src/panicking.rs:292:9
[INFO] [stdout]   10:     0x58fbb4642969 - <alloc::boxed::Box<F,A> as core::ops::function::Fn<Args>>::call::h4ff71de18744e1dc
[INFO] [stdout]                                at /rustc/df4ca44d3fbc9301ee17f30f4d474e6ae4b05252/library/alloc/src/boxed.rs:2468:9
[INFO] [stdout]   11:     0x58fbb4642969 - test::test_main::{{closure}}::hcf7c055ce117aa81
[INFO] [stdout]                                at /rustc/df4ca44d3fbc9301ee17f30f4d474e6ae4b05252/library/test/src/lib.rs:133:21
[INFO] [stdout]   12:     0x58fbb47a2768 - <alloc::boxed::Box<F,A> as core::ops::function::Fn<Args>>::call::h1d66c6bbd60c9692
[INFO] [stdout]                                at /rustc/df4ca44d3fbc9301ee17f30f4d474e6ae4b05252/library/alloc/src/boxed.rs:2468:9
[INFO] [stdout]   13:     0x58fbb47a2768 - std::panicking::rust_panic_with_hook::h2ff17fe8f26dfcf8
[INFO] [stdout]                                at /rustc/df4ca44d3fbc9301ee17f30f4d474e6ae4b05252/library/std/src/panicking.rs:809:13
[INFO] [stdout]   14:     0x58fbb47a252a - std::panicking::begin_panic_handler::{{closure}}::h4fad77951c07e101
[INFO] [stdout]                                at /rustc/df4ca44d3fbc9301ee17f30f4d474e6ae4b05252/library/std/src/panicking.rs:674:13
[INFO] [stdout]   15:     0x58fbb47a10b9 - std::sys::backtrace::__rust_end_short_backtrace::hb1a25b3da5d0ea08
[INFO] [stdout]                                at /rustc/df4ca44d3fbc9301ee17f30f4d474e6ae4b05252/library/std/src/sys/backtrace.rs:170:18
[INFO] [stdout]   16:     0x58fbb47a21bc - rust_begin_unwind
[INFO] [stdout]                                at /rustc/df4ca44d3fbc9301ee17f30f4d474e6ae4b05252/library/std/src/panicking.rs:665:5
[INFO] [stdout]   17:     0x58fbb49b99d0 - core::panicking::panic_fmt::ha9db07b529f9b256
[INFO] [stdout]                                at /rustc/df4ca44d3fbc9301ee17f30f4d474e6ae4b05252/library/core/src/panicking.rs:75:14
[INFO] [stdout]   18:     0x58fbb49b9e56 - core::result::unwrap_failed::h5e8218e4d4338b8a
[INFO] [stdout]                                at /rustc/df4ca44d3fbc9301ee17f30f4d474e6ae4b05252/library/core/src/result.rs:1698:5
[INFO] [stdout]   19:     0x58fbb41e187c - core::result::Result<T,E>::unwrap::h1a1eac4797c22ef2
[INFO] [stdout]                                at /rustc/df4ca44d3fbc9301ee17f30f4d474e6ae4b05252/library/core/src/result.rs:1103:23
[INFO] [stdout]   20:     0x58fbb41e187c - gear_core::code::tests::wat2wasm_with_validate::hebcba268c5ed9037
[INFO] [stdout]                                at /opt/rustwide/workdir/src/code/mod.rs:446:9
[INFO] [stdout]   21:     0x58fbb41e19af - gear_core::code::tests::wat2wasm::h106c780289e486b6
[INFO] [stdout]                                at /opt/rustwide/workdir/src/code/mod.rs:455:9
[INFO] [stdout]   22:     0x58fbb41e1a39 - gear_core::code::tests::try_new_code_from_wat_with_params::h1ff7853920598b1c
[INFO] [stdout]                                at /opt/rustwide/workdir/src/code/mod.rs:478:13
[INFO] [stdout]   23:     0x58fbb41e1b14 - gear_core::code::tests::try_new_code_from_wat::h6481b135662b757e
[INFO] [stdout]                                at /opt/rustwide/workdir/src/code/mod.rs:488:9
[INFO] [stdout]   24:     0x58fbb41e9840 - gear_core::code::tests::table_section_bytes::h2caa58beaaaf91da
[INFO] [stdout]                                at /opt/rustwide/workdir/src/code/mod.rs:1108:13
[INFO] [stdout]   25:     0x58fbb41e97c7 - gear_core::code::tests::table_section_bytes::{{closure}}::h2d4566bb11b27aa0
[INFO] [stdout]                                at /opt/rustwide/workdir/src/code/mod.rs:1094:29
[INFO] [stdout]   26:     0x58fbb42421b6 - core::ops::function::FnOnce::call_once::h2e8eedff3571cf29
[INFO] [stdout]                                at /rustc/df4ca44d3fbc9301ee17f30f4d474e6ae4b05252/library/core/src/ops/function.rs:250:5
[INFO] [stdout]   27:     0x58fbb464723b - core::ops::function::FnOnce::call_once::h22c3ba5715e93f05
[INFO] [stdout]                                at /rustc/df4ca44d3fbc9301ee17f30f4d474e6ae4b05252/library/core/src/ops/function.rs:250:5
[INFO] [stdout]   28:     0x58fbb464723b - test::__rust_begin_short_backtrace::h8e82d8113d0da17f
[INFO] [stdout]                                at /rustc/df4ca44d3fbc9301ee17f30f4d474e6ae4b05252/library/test/src/lib.rs:621:18
[INFO] [stdout]   29:     0x58fbb4646bb7 - test::run_test_in_process::{{closure}}::h33235f4f20b7b7c7
[INFO] [stdout]                                at /rustc/df4ca44d3fbc9301ee17f30f4d474e6ae4b05252/library/test/src/lib.rs:644:60
[INFO] [stdout]   30:     0x58fbb4646bb7 - <core::panic::unwind_safe::AssertUnwindSafe<F> as core::ops::function::FnOnce<()>>::call_once::hb5043206310c586f
[INFO] [stdout]                                at /rustc/df4ca44d3fbc9301ee17f30f4d474e6ae4b05252/library/core/src/panic/unwind_safe.rs:272:9
[INFO] [stdout]   31:     0x58fbb4646bb7 - std::panicking::try::do_call::h9ad4731a60ab23e2
[INFO] [stdout]                                at /rustc/df4ca44d3fbc9301ee17f30f4d474e6ae4b05252/library/std/src/panicking.rs:557:40
[INFO] [stdout]   32:     0x58fbb4646bb7 - std::panicking::try::h3824d23db772a716
[INFO] [stdout]                                at /rustc/df4ca44d3fbc9301ee17f30f4d474e6ae4b05252/library/std/src/panicking.rs:520:19
[INFO] [stdout]   33:     0x58fbb4646bb7 - std::panic::catch_unwind::h5afd514605fde46b
[INFO] [stdout]                                at /rustc/df4ca44d3fbc9301ee17f30f4d474e6ae4b05252/library/std/src/panic.rs:358:14
[INFO] [stdout]   34:     0x58fbb4646bb7 - test::run_test_in_process::h0d5cbfa7067d1720
[INFO] [stdout]                                at /rustc/df4ca44d3fbc9301ee17f30f4d474e6ae4b05252/library/test/src/lib.rs:644:27
[INFO] [stdout]   35:     0x58fbb4646bb7 - test::run_test::{{closure}}::h708eb8872708115d
[INFO] [stdout]                                at /rustc/df4ca44d3fbc9301ee17f30f4d474e6ae4b05252/library/test/src/lib.rs:565:43
[INFO] [stdout]   36:     0x58fbb460a2d4 - test::run_test::{{closure}}::h392c51cee94713ab
[INFO] [stdout]                                at /rustc/df4ca44d3fbc9301ee17f30f4d474e6ae4b05252/library/test/src/lib.rs:595:41
[INFO] [stdout]   37:     0x58fbb460a2d4 - std::sys::backtrace::__rust_begin_short_backtrace::h2f40290710935a8b
[INFO] [stdout]                                at /rustc/df4ca44d3fbc9301ee17f30f4d474e6ae4b05252/library/std/src/sys/backtrace.rs:154:18
[INFO] [stdout]   38:     0x58fbb460da7e - std::thread::Builder::spawn_unchecked_::{{closure}}::{{closure}}::h3fd968d89053a903
[INFO] [stdout]                                at /rustc/df4ca44d3fbc9301ee17f30f4d474e6ae4b05252/library/std/src/thread/mod.rs:541:17
[INFO] [stdout]   39:     0x58fbb460da7e - <core::panic::unwind_safe::AssertUnwindSafe<F> as core::ops::function::FnOnce<()>>::call_once::h743f637ba4229880
[INFO] [stdout]                                at /rustc/df4ca44d3fbc9301ee17f30f4d474e6ae4b05252/library/core/src/panic/unwind_safe.rs:272:9
[INFO] [stdout]   40:     0x58fbb460da7e - std::panicking::try::do_call::h07440897322525a6
[INFO] [stdout]                                at /rustc/df4ca44d3fbc9301ee17f30f4d474e6ae4b05252/library/std/src/panicking.rs:557:40
[INFO] [stdout]   41:     0x58fbb460da7e - std::panicking::try::he5a2e00188156637
[INFO] [stdout]                                at /rustc/df4ca44d3fbc9301ee17f30f4d474e6ae4b05252/library/std/src/panicking.rs:520:19
[INFO] [stdout]   42:     0x58fbb460da7e - std::panic::catch_unwind::hbaf3cae49b3c6433
[INFO] [stdout]                                at /rustc/df4ca44d3fbc9301ee17f30f4d474e6ae4b05252/library/std/src/panic.rs:358:14
[INFO] [stdout]   43:     0x58fbb460da7e - std::thread::Builder::spawn_unchecked_::{{closure}}::h8e141ea224820bce
[INFO] [stdout]                                at /rustc/df4ca44d3fbc9301ee17f30f4d474e6ae4b05252/library/std/src/thread/mod.rs:540:30
[INFO] [stdout]   44:     0x58fbb460da7e - core::ops::function::FnOnce::call_once{{vtable.shim}}::h90d312fedd7b8ea8
[INFO] [stdout]                                at /rustc/df4ca44d3fbc9301ee17f30f4d474e6ae4b05252/library/core/src/ops/function.rs:250:5
[INFO] [stdout]   45:     0x58fbb47a696b - <alloc::boxed::Box<F,A> as core::ops::function::FnOnce<Args>>::call_once::h69aa08ddb6adb8b6
[INFO] [stdout]                                at /rustc/df4ca44d3fbc9301ee17f30f4d474e6ae4b05252/library/alloc/src/boxed.rs:2454:9
[INFO] [stdout]   46:     0x58fbb47a696b - <alloc::boxed::Box<F,A> as core::ops::function::FnOnce<Args>>::call_once::h5aa36efdb79c806f
[INFO] [stdout]                                at /rustc/df4ca44d3fbc9301ee17f30f4d474e6ae4b05252/library/alloc/src/boxed.rs:2454:9
[INFO] [stdout]   47:     0x58fbb47a696b - std::sys::pal::unix::thread::Thread::new::thread_start::h6cd80a1b4be5158d
[INFO] [stdout]                                at /rustc/df4ca44d3fbc9301ee17f30f4d474e6ae4b05252/library/std/src/sys/pal/unix/thread.rs:105:17
[INFO] [stdout]   48:     0x7e30219c3ac3 - <unknown>
[INFO] [stdout]   49:     0x7e3021a54a04 - clone
[INFO] [stdout]   50:                0x0 - <unknown>
[INFO] [stdout] 
[INFO] [stdout] ---- code::tests::table_number_limit stdout ----
[INFO] [stdout] thread 'code::tests::table_number_limit' panicked at src/code/mod.rs:449:14:
[INFO] [stdout] called `Result::unwrap()` on an `Err` value: Error(Validate("test.wast:6:39: error: only one table allowed\n                (table 10 10 funcref)(table 10 10 funcref)(table 10 10 funcre...\n                                      ^^^^^\ntest.wast:6:60: error: only one table allowed\n...0 10 funcref)(table 10 10 funcref)(table 10 10 funcref)(table 10 10 funcre...\n                                      ^^^^^\ntest.wast:6:81: error: only one table allowed\n...0 10 funcref)(table 10 10 funcref)(table 10 10 funcref)(table 10 10 funcre...\n                                      ^^^^^\ntest.wast:6:102: error: only one table allowed\n...0 10 funcref)(table 10 10 funcref)(table 10 10 funcref)(table 10 10 funcre...\n                                      ^^^^^\ntest.wast:6:123: error: only one table allowed\n...0 10 funcref)(table 10 10 funcref)(table 10 10 funcref)(table 10 10 funcre...\n                                      ^^^^^\ntest.wast:6:144: error: only one table allowed\n...0 10 funcref)(table 10 10 funcref)(table 10 10 funcref)(table 10 10 funcre...\n                                      ^^^^^\ntest.wast:6:165: error: only one table allowed\n...0 10 funcref)(table 10 10 funcref)(table 10 10 funcref)(table 10 10 funcre...\n                                      ^^^^^\ntest.wast:6:186: error: only one table allowed\n...0 10 funcref)(table 10 10 funcref)(table 10 10 funcref)(table 10 10 funcre...\n                                      ^^^^^\ntest.wast:6:207: error: only one table allowed\n...0 10 funcref)(table 10 10 funcref)(table 10 10 funcref)(table 10 10 funcre...\n                                      ^^^^^\ntest.wast:6:228: error: only one table allowed\n...0 10 funcref)(table 10 10 funcref)(table 10 10 funcref)(table 10 10 funcre...\n                                      ^^^^^\ntest.wast:6:249: error: only one table allowed\n...0 10 funcref)(table 10 10 funcref)(table 10 10 funcref)(table 10 10 funcre...\n                                      ^^^^^\ntest.wast:6:270: error: only one table allowed\n...0 10 funcref)(table 10 10 funcref)(table 10 10 funcref)(table 10 10 funcre...\n                                      ^^^^^\ntest.wast:6:291: error: only one table allowed\n...0 10 funcref)(table 10 10 funcref)(table 10 10 funcref)(table 10 10 funcre...\n                                      ^^^^^\ntest.wast:6:312: error: only one table allowed\n...0 10 funcref)(table 10 10 funcref)(table 10 10 funcref)(table 10 10 funcre...\n                                      ^^^^^\ntest.wast:6:333: error: only one table allowed\n...0 10 funcref)(table 10 10 funcref)(table 10 10 funcref)(table 10 10 funcre...\n                                      ^^^^^\ntest.wast:6:354: error: only one table allowed\n...0 10 funcref)(table 10 10 funcref)(table 10 10 funcref)(table 10 10 funcre...\n                                      ^^^^^\ntest.wast:6:375: error: only one table allowed\n...0 10 funcref)(table 10 10 funcref)(table 10 10 funcref)(table 10 10 funcre...\n                                      ^^^^^\ntest.wast:6:396: error: only one table allowed\n...0 10 funcref)(table 10 10 funcref)(table 10 10 funcref)(table 10 10 funcre...\n                                      ^^^^^\ntest.wast:6:417: error: only one table allowed\n...0 10 funcref)(table 10 10 funcref)(table 10 10 funcref)(table 10 10 funcre...\n                                      ^^^^^\ntest.wast:6:438: error: only one table allowed\n...0 10 funcref)(table 10 10 funcref)(table 10 10 funcref)(table 10 10 funcre...\n                                      ^^^^^\ntest.wast:6:459: error: only one table allowed\n...0 10 funcref)(table 10 10 funcref)(table 10 10 funcref)(table 10 10 funcre...\n                                      ^^^^^\ntest.wast:6:480: error: only one table allowed\n...0 10 funcref)(table 10 10 funcref)(table 10 10 funcref)(table 10 10 funcre...\n                                      ^^^^^\ntest.wast:6:501: error: only one table allowed\n...0 10 funcref)(table 10 10 funcref)(table 10 10 funcref)(table 10 10 funcre...\n                                      ^^^^^\ntest.wast:6:522: error: only one table allowed\n...0 10 funcref)(table 10 10 funcref)(table 10 10 funcref)(table 10 10 funcre...\n                                      ^^^^^\ntest.wast:6:543: error: only one table allowed\n...0 10 funcref)(table 10 10 funcref)(table 10 10 funcref)(table 10 10 funcre...\n                                      ^^^^^\ntest.wast:6:564: error: only one table allowed\n...0 10 funcref)(table 10 10 funcref)(table 10 10 funcref)(table 10 10 funcre...\n                                      ^^^^^\ntest.wast:6:585: error: only one table allowed\n...0 10 funcref)(table 10 10 funcref)(table 10 10 funcref)(table 10 10 funcre...\n                                      ^^^^^\ntest.wast:6:606: error: only one table allowed\n...0 10 funcref)(table 10 10 funcref)(table 10 10 funcref)(table 10 10 funcre...\n                                      ^^^^^\ntest.wast:6:627: error: only one table allowed\n...0 10 funcref)(table 10 10 funcref)(table 10 10 funcref)(table 10 10 funcre...\n                                      ^^^^^\ntest.wast:6:648: error: only one table allowed\n...0 10 funcref)(table 10 10 funcref)(table 10 10 funcref)(table 10 10 funcre...\n                                      ^^^^^\ntest.wast:6:669: error: only one table allowed\n...0 10 funcref)(table 10 10 funcref)(table 10 10 funcref)(table 10 10 funcre...\n                                      ^^^^^\ntest.wast:6:690: error: only one table allowed\n...0 10 funcref)(table 10 10 funcref)(table 10 10 funcref)(table 10 10 funcre...\n                                      ^^^^^\ntest.wast:6:711: error: only one table allowed\n...0 10 funcref)(table 10 10 funcref)(table 10 10 funcref)(table 10 10 funcre...\n                                      ^^^^^\ntest.wast:6:732: error: only one table allowed\n...0 10 funcref)(table 10 10 funcref)(table 10 10 funcref)(table 10 10 funcre...\n                                      ^^^^^\ntest.wast:6:753: error: only one table allowed\n...0 10 funcref)(table 10 10 funcref)(table 10 10 funcref)(table 10 10 funcre...\n                                      ^^^^^\ntest.wast:6:774: error: only one table allowed\n...0 10 funcref)(table 10 10 funcref)(table 10 10 funcref)(table 10 10 funcre...\n                                      ^^^^^\ntest.wast:6:795: error: only one table allowed\n...0 10 funcref)(table 10 10 funcref)(table 10 10 funcref)(table 10 10 funcre...\n                                      ^^^^^\ntest.wast:6:816: error: only one table allowed\n...0 10 funcref)(table 10 10 funcref)(table 10 10 funcref)(table 10 10 funcre...\n                                      ^^^^^\ntest.wast:6:837: error: only one table allowed\n...0 10 funcref)(table 10 10 funcref)(table 10 10 funcref)(table 10 10 funcre...\n                                      ^^^^^\ntest.wast:6:858: error: only one table allowed\n...0 10 funcref)(table 10 10 funcref)(table 10 10 funcref)(table 10 10 funcre...\n                                      ^^^^^\ntest.wast:6:879: error: only one table allowed\n...0 10 funcref)(table 10 10 funcref)(table 10 10 funcref)(table 10 10 funcre...\n                                      ^^^^^\ntest.wast:6:900: error: only one table allowed\n...0 10 funcref)(table 10 10 funcref)(table 10 10 funcref)(table 10 10 funcre...\n                                      ^^^^^\ntest.wast:6:921: error: only one table allowed\n...0 10 funcref)(table 10 10 funcref)(table 10 10 funcref)(table 10 10 funcre...\n                                      ^^^^^\ntest.wast:6:942: error: only one table allowed\n...0 10 funcref)(table 10 10 funcref)(table 10 10 funcref)(table 10 10 funcre...\n                                      ^^^^^\ntest.wast:6:963: error: only one table allowed\n...0 10 funcref)(table 10 10 funcref)(table 10 10 funcref)(table 10 10 funcre...\n                                      ^^^^^\ntest.wast:6:984: error: only one table allowed\n...0 10 funcref)(table 10 10 funcref)(table 10 10 funcref)(table 10 10 funcre...\n                                      ^^^^^\ntest.wast:6:1005: error: only one table allowed\n...0 10 funcref)(table 10 10 funcref)(table 10 10 funcref)(table 10 10 funcre...\n                                      ^^^^^\ntest.wast:6:1026: error: only one table allowed\n...0 10 funcref)(table 10 10 funcref)(table 10 10 funcref)(table 10 10 funcre...\n                                      ^^^^^\ntest.wast:6:1047: error: only one table allowed\n...0 10 funcref)(table 10 10 funcref)(table 10 10 funcref)(table 10 10 funcre...\n                                      ^^^^^\ntest.wast:6:1068: error: only one table allowed\n...0 10 funcref)(table 10 10 funcref)(table 10 10 funcref)(table 10 10 funcre...\n                                      ^^^^^\ntest.wast:6:1089: error: only one table allowed\n...0 10 funcref)(table 10 10 funcref)(table 10 10 funcref)(table 10 10 funcre...\n                                      ^^^^^\ntest.wast:6:1110: error: only one table allowed\n...0 10 funcref)(table 10 10 funcref)(table 10 10 funcref)(table 10 10 funcre...\n                                      ^^^^^\ntest.wast:6:1131: error: only one table allowed\n...0 10 funcref)(table 10 10 funcref)(table 10 10 funcref)(table 10 10 funcre...\n                                      ^^^^^\ntest.wast:6:1152: error: only one table allowed\n...0 10 funcref)(table 10 10 funcref)(table 10 10 funcref)(table 10 10 funcre...\n                                      ^^^^^\ntest.wast:6:1173: error: only one table allowed\n...0 10 funcref)(table 10 10 funcref)(table 10 10 funcref)(table 10 10 funcre...\n                                      ^^^^^\ntest.wast:6:1194: error: only one table allowed\n...0 10 funcref)(table 10 10 funcref)(table 10 10 funcref)(table 10 10 funcre...\n                                      ^^^^^\ntest.wast:6:1215: error: only one table allowed\n...0 10 funcref)(table 10 10 funcref)(table 10 10 funcref)(table 10 10 funcre...\n                                      ^^^^^\ntest.wast:6:1236: error: only one table allowed\n...0 10 funcref)(table 10 10 funcref)(table 10 10 funcref)(table 10 10 funcre...\n                                      ^^^^^\ntest.wast:6:1257: error: only one table allowed\n...0 10 funcref)(table 10 10 funcref)(table 10 10 funcref)(table 10 10 funcre...\n                                      ^^^^^\ntest.wast:6:1278: error: only one table allowed\n...0 10 funcref)(table 10 10 funcref)(table 10 10 funcref)(table 10 10 funcre...\n                                      ^^^^^\ntest.wast:6:1299: error: only one table allowed\n...0 10 funcref)(table 10 10 funcref)(table 10 10 funcref)(table 10 10 funcre...\n                                      ^^^^^\ntest.wast:6:1320: error: only one table allowed\n...0 10 funcref)(table 10 10 funcref)(table 10 10 funcref)(table 10 10 funcre...\n                                      ^^^^^\ntest.wast:6:1341: error: only one table allowed\n...0 10 funcref)(table 10 10 funcref)(table 10 10 funcref)(table 10 10 funcre...\n                                      ^^^^^\ntest.wast:6:1362: error: only one table allowed\n...0 10 funcref)(table 10 10 funcref)(table 10 10 funcref)(table 10 10 funcre...\n                                      ^^^^^\ntest.wast:6:1383: error: only one table allowed\n...0 10 funcref)(table 10 10 funcref)(table 10 10 funcref)(table 10 10 funcre...\n                                      ^^^^^\ntest.wast:6:1404: error: only one table allowed\n...0 10 funcref)(table 10 10 funcref)(table 10 10 funcref)(table 10 10 funcre...\n                                      ^^^^^\ntest.wast:6:1425: error: only one table allowed\n...0 10 funcref)(table 10 10 funcref)(table 10 10 funcref)(table 10 10 funcre...\n                                      ^^^^^\ntest.wast:6:1446: error: only one table allowed\n...0 10 funcref)(table 10 10 funcref)(table 10 10 funcref)(table 10 10 funcre...\n                                      ^^^^^\ntest.wast:6:1467: error: only one table allowed\n...0 10 funcref)(table 10 10 funcref)(table 10 10 funcref)(table 10 10 funcre...\n                                      ^^^^^\ntest.wast:6:1488: error: only one table allowed\n...0 10 funcref)(table 10 10 funcref)(table 10 10 funcref)(table 10 10 funcre...\n                                      ^^^^^\ntest.wast:6:1509: error: only one table allowed\n...0 10 funcref)(table 10 10 funcref)(table 10 10 funcref)(table 10 10 funcre...\n                                      ^^^^^\ntest.wast:6:1530: error: only one table allowed\n...0 10 funcref)(table 10 10 funcref)(table 10 10 funcref)(table 10 10 funcre...\n                                      ^^^^^\ntest.wast:6:1551: error: only one table allowed\n...0 10 funcref)(table 10 10 funcref)(table 10 10 funcref)(table 10 10 funcre...\n                                      ^^^^^\ntest.wast:6:1572: error: only one table allowed\n...0 10 funcref)(table 10 10 funcref)(table 10 10 funcref)(table 10 10 funcre...\n                                      ^^^^^\ntest.wast:6:1593: error: only one table allowed\n...0 10 funcref)(table 10 10 funcref)(table 10 10 funcref)(table 10 10 funcre...\n                                      ^^^^^\ntest.wast:6:1614: error: only one table allowed\n...0 10 funcref)(table 10 10 funcref)(table 10 10 funcref)(table 10 10 funcre...\n                                      ^^^^^\ntest.wast:6:1635: error: only one table allowed\n...0 10 funcref)(table 10 10 funcref)(table 10 10 funcref)(table 10 10 funcre...\n                                      ^^^^^\ntest.wast:6:1656: error: only one table allowed\n...0 10 funcref)(table 10 10 funcref)(table 10 10 funcref)(table 10 10 funcre...\n                                      ^^^^^\ntest.wast:6:1677: error: only one table allowed\n...0 10 funcref)(table 10 10 funcref)(table 10 10 funcref)(table 10 10 funcre...\n                                      ^^^^^\ntest.wast:6:1698: error: only one table allowed\n...0 10 funcref)(table 10 10 funcref)(table 10 10 funcref)(table 10 10 funcre...\n                                      ^^^^^\ntest.wast:6:1719: error: only one table allowed\n...0 10 funcref)(table 10 10 funcref)(table 10 10 funcref)(table 10 10 funcre...\n                                      ^^^^^\ntest.wast:6:1740: error: only one table allowed\n...0 10 funcref)(table 10 10 funcref)(table 10 10 funcref)(table 10 10 funcre...\n                                      ^^^^^\ntest.wast:6:1761: error: only one table allowed\n...0 10 funcref)(table 10 10 funcref)(table 10 10 funcref)(table 10 10 funcre...\n                                      ^^^^^\ntest.wast:6:1782: error: only one table allowed\n...0 10 funcref)(table 10 10 funcref)(table 10 10 funcref)(table 10 10 funcre...\n                                      ^^^^^\ntest.wast:6:1803: error: only one table allowed\n...0 10 funcref)(table 10 10 funcref)(table 10 10 funcref)(table 10 10 funcre...\n                                      ^^^^^\ntest.wast:6:1824: error: only one table allowed\n...0 10 funcref)(table 10 10 funcref)(table 10 10 funcref)(table 10 10 funcre...\n                                      ^^^^^\ntest.wast:6:1845: error: only one table allowed\n...0 10 funcref)(table 10 10 funcref)(table 10 10 funcref)(table 10 10 funcre...\n                                      ^^^^^\ntest.wast:6:1866: error: only one table allowed\n...0 10 funcref)(table 10 10 funcref)(table 10 10 funcref)(table 10 10 funcre...\n                                      ^^^^^\ntest.wast:6:1887: error: only one table allowed\n...0 10 funcref)(table 10 10 funcref)(table 10 10 funcref)(table 10 10 funcre...\n                                      ^^^^^\ntest.wast:6:1908: error: only one table allowed\n...0 10 funcref)(table 10 10 funcref)(table 10 10 funcref)(table 10 10 funcre...\n                                      ^^^^^\ntest.wast:6:1929: error: only one table allowed\n...0 10 funcref)(table 10 10 funcref)(table 10 10 funcref)(table 10 10 funcre...\n                                      ^^^^^\ntest.wast:6:1950: error: only one table allowed\n...0 10 funcref)(table 10 10 funcref)(table 10 10 funcref)(table 10 10 funcre...\n                                      ^^^^^\ntest.wast:6:1971: error: only one table allowed\n...0 10 funcref)(table 10 10 funcref)(table 10 10 funcref)(table 10 10 funcre...\n                                      ^^^^^\ntest.wast:6:1992: error: only one table allowed\n...0 10 funcref)(table 10 10 funcref)(table 10 10 funcref)(table 10 10 funcre...\n                                      ^^^^^\ntest.wast:6:2013: error: only one table allowed\n...0 10 funcref)(table 10 10 funcref)(table 10 10 funcref)(table 10 10 funcre...\n                                      ^^^^^\ntest.wast:6:2034: error: only one table allowed\n...0 10 funcref)(table 10 10 funcref)(table 10 10 funcref)(table 10 10 funcre...\n                                      ^^^^^\ntest.wast:6:2055: error: only one table allowed\n...0 10 funcref)(table 10 10 funcref)(table 10 10 funcref)(table 10 10 funcre...\n                                      ^^^^^\ntest.wast:6:2076: error: only one table allowed\n...10 10 funcref)(table 10 10 funcref)(table 10 10 funcref)(table 10 10 funcref)\n                                       ^^^^^\ntest.wast:6:2097: error: only one table allowed\n...10 10 funcref)(table 10 10 funcref)(table 10 10 funcref)(table 10 10 funcref)\n                                                            ^^^^^\n"))
[INFO] [stdout] stack backtrace:
[INFO] [stdout]    0:     0x58fbb47a0bda - std::backtrace_rs::backtrace::libunwind::trace::h207520d6e9873551
[INFO] [stdout]                                at /rustc/df4ca44d3fbc9301ee17f30f4d474e6ae4b05252/library/std/src/../../backtrace/src/backtrace/libunwind.rs:116:5
[INFO] [stdout]    1:     0x58fbb47a0bda - std::backtrace_rs::backtrace::trace_unsynchronized::h2ed7433f370e3eca
[INFO] [stdout]                                at /rustc/df4ca44d3fbc9301ee17f30f4d474e6ae4b05252/library/std/src/../../backtrace/src/backtrace/mod.rs:66:5
[INFO] [stdout]    2:     0x58fbb47a0bda - std::sys::backtrace::_print_fmt::h916fac51166b18d7
[INFO] [stdout]                                at /rustc/df4ca44d3fbc9301ee17f30f4d474e6ae4b05252/library/std/src/sys/backtrace.rs:66:9
[INFO] [stdout]    3:     0x58fbb47a0bda - <std::sys::backtrace::BacktraceLock::print::DisplayBacktrace as core::fmt::Display>::fmt::ha0a4c9b8ce3802e6
[INFO] [stdout]                                at /rustc/df4ca44d3fbc9301ee17f30f4d474e6ae4b05252/library/std/src/sys/backtrace.rs:39:26
[INFO] [stdout]    4:     0x58fbb49bb8e3 - core::fmt::rt::Argument::fmt::h4cfc8587d52b3eb5
[INFO] [stdout]                                at /rustc/df4ca44d3fbc9301ee17f30f4d474e6ae4b05252/library/core/src/fmt/rt.rs:177:76
[INFO] [stdout]    5:     0x58fbb49bb8e3 - core::fmt::write::h522cc39e5b36ae9f
[INFO] [stdout]                                at /rustc/df4ca44d3fbc9301ee17f30f4d474e6ae4b05252/library/core/src/fmt/mod.rs:1190:21
[INFO] [stdout]    6:     0x58fbb479d243 - std::io::Write::write_fmt::h7d3c26752da97734
[INFO] [stdout]                                at /rustc/df4ca44d3fbc9301ee17f30f4d474e6ae4b05252/library/std/src/io/mod.rs:1839:15
[INFO] [stdout]    7:     0x58fbb47a0a22 - std::sys::backtrace::BacktraceLock::print::h4b9e00b29e9c0942
[INFO] [stdout]                                at /rustc/df4ca44d3fbc9301ee17f30f4d474e6ae4b05252/library/std/src/sys/backtrace.rs:42:9
[INFO] [stdout]    8:     0x58fbb47a206a - std::panicking::default_hook::{{closure}}::hb59b88280d0324d9
[INFO] [stdout]                                at /rustc/df4ca44d3fbc9301ee17f30f4d474e6ae4b05252/library/std/src/panicking.rs:268:22
[INFO] [stdout]    9:     0x58fbb47a1e74 - std::panicking::default_hook::he1dd496665be4a29
[INFO] [stdout]                                at /rustc/df4ca44d3fbc9301ee17f30f4d474e6ae4b05252/library/std/src/panicking.rs:292:9
[INFO] [stdout]   10:     0x58fbb4642969 - <alloc::boxed::Box<F,A> as core::ops::function::Fn<Args>>::call::h4ff71de18744e1dc
[INFO] [stdout]                                at /rustc/df4ca44d3fbc9301ee17f30f4d474e6ae4b05252/library/alloc/src/boxed.rs:2468:9
[INFO] [stdout]   11:     0x58fbb4642969 - test::test_main::{{closure}}::hcf7c055ce117aa81
[INFO] [stdout]                                at /rustc/df4ca44d3fbc9301ee17f30f4d474e6ae4b05252/library/test/src/lib.rs:133:21
[INFO] [stdout]   12:     0x58fbb47a2768 - <alloc::boxed::Box<F,A> as core::ops::function::Fn<Args>>::call::h1d66c6bbd60c9692
[INFO] [stdout]                                at /rustc/df4ca44d3fbc9301ee17f30f4d474e6ae4b05252/library/alloc/src/boxed.rs:2468:9
[INFO] [stdout]   13:     0x58fbb47a2768 - std::panicking::rust_panic_with_hook::h2ff17fe8f26dfcf8
[INFO] [stdout]                                at /rustc/df4ca44d3fbc9301ee17f30f4d474e6ae4b05252/library/std/src/panicking.rs:809:13
[INFO] [stdout]   14:     0x58fbb47a252a - std::panicking::begin_panic_handler::{{closure}}::h4fad77951c07e101
[INFO] [stdout]                                at /rustc/df4ca44d3fbc9301ee17f30f4d474e6ae4b05252/library/std/src/panicking.rs:674:13
[INFO] [stdout]   15:     0x58fbb47a10b9 - std::sys::backtrace::__rust_end_short_backtrace::hb1a25b3da5d0ea08
[INFO] [stdout]                                at /rustc/df4ca44d3fbc9301ee17f30f4d474e6ae4b05252/library/std/src/sys/backtrace.rs:170:18
[INFO] [stdout]   16:     0x58fbb47a21bc - rust_begin_unwind
[INFO] [stdout]                                at /rustc/df4ca44d3fbc9301ee17f30f4d474e6ae4b05252/library/std/src/panicking.rs:665:5
[INFO] [stdout]   17:     0x58fbb49b99d0 - core::panicking::panic_fmt::ha9db07b529f9b256
[INFO] [stdout]                                at /rustc/df4ca44d3fbc9301ee17f30f4d474e6ae4b05252/library/core/src/panicking.rs:75:14
[INFO] [stdout]   18:     0x58fbb49b9e56 - core::result::unwrap_failed::h5e8218e4d4338b8a
[INFO] [stdout]                                at /rustc/df4ca44d3fbc9301ee17f30f4d474e6ae4b05252/library/core/src/result.rs:1698:5
[INFO] [stdout]   19:     0x58fbb41e187c - core::result::Result<T,E>::unwrap::h1a1eac4797c22ef2
[INFO] [stdout]                                at /rustc/df4ca44d3fbc9301ee17f30f4d474e6ae4b05252/library/core/src/result.rs:1103:23
[INFO] [stdout]   20:     0x58fbb41e187c - gear_core::code::tests::wat2wasm_with_validate::hebcba268c5ed9037
[INFO] [stdout]                                at /opt/rustwide/workdir/src/code/mod.rs:446:9
[INFO] [stdout]   21:     0x58fbb41e19af - gear_core::code::tests::wat2wasm::h106c780289e486b6
[INFO] [stdout]                                at /opt/rustwide/workdir/src/code/mod.rs:455:9
[INFO] [stdout]   22:     0x58fbb41e1a39 - gear_core::code::tests::try_new_code_from_wat_with_params::h1ff7853920598b1c
[INFO] [stdout]                                at /opt/rustwide/workdir/src/code/mod.rs:478:13
[INFO] [stdout]   23:     0x58fbb41e76fa - gear_core::code::tests::table_number_limit::hcc6352a7414ded01
[INFO] [stdout]                                at /opt/rustwide/workdir/src/code/mod.rs:871:13
[INFO] [stdout]   24:     0x58fbb41e7487 - gear_core::code::tests::table_number_limit::{{closure}}::hbce336e86a5503d5
[INFO] [stdout]                                at /opt/rustwide/workdir/src/code/mod.rs:853:28
[INFO] [stdout]   25:     0x58fbb42432e6 - core::ops::function::FnOnce::call_once::hbf8ca85fa5891dc9
[INFO] [stdout]                                at /rustc/df4ca44d3fbc9301ee17f30f4d474e6ae4b05252/library/core/src/ops/function.rs:250:5
[INFO] [stdout]   26:     0x58fbb464723b - core::ops::function::FnOnce::call_once::h22c3ba5715e93f05
[INFO] [stdout]                                at /rustc/df4ca44d3fbc9301ee17f30f4d474e6ae4b05252/library/core/src/ops/function.rs:250:5
[INFO] [stdout]   27:     0x58fbb464723b - test::__rust_begin_short_backtrace::h8e82d8113d0da17f
[INFO] [stdout]                                at /rustc/df4ca44d3fbc9301ee17f30f4d474e6ae4b05252/library/test/src/lib.rs:621:18
[INFO] [stdout]   28:     0x58fbb4646bb7 - test::run_test_in_process::{{closure}}::h33235f4f20b7b7c7
[INFO] [stdout]                                at /rustc/df4ca44d3fbc9301ee17f30f4d474e6ae4b05252/library/test/src/lib.rs:644:60
[INFO] [stdout]   29:     0x58fbb4646bb7 - <core::panic::unwind_safe::AssertUnwindSafe<F> as core::ops::function::FnOnce<()>>::call_once::hb5043206310c586f
[INFO] [stdout]                                at /rustc/df4ca44d3fbc9301ee17f30f4d474e6ae4b05252/library/core/src/panic/unwind_safe.rs:272:9
[INFO] [stdout]   30:     0x58fbb4646bb7 - std::panicking::try::do_call::h9ad4731a60ab23e2
[INFO] [stdout]                                at /rustc/df4ca44d3fbc9301ee17f30f4d474e6ae4b05252/library/std/src/panicking.rs:557:40
[INFO] [stdout]   31:     0x58fbb4646bb7 - std::panicking::try::h3824d23db772a716
[INFO] [stdout]                                at /rustc/df4ca44d3fbc9301ee17f30f4d474e6ae4b05252/library/std/src/panicking.rs:520:19
[INFO] [stdout]   32:     0x58fbb4646bb7 - std::panic::catch_unwind::h5afd514605fde46b
[INFO] [stdout]                                at /rustc/df4ca44d3fbc9301ee17f30f4d474e6ae4b05252/library/std/src/panic.rs:358:14
[INFO] [stdout]   33:     0x58fbb4646bb7 - test::run_test_in_process::h0d5cbfa7067d1720
[INFO] [stdout]                                at /rustc/df4ca44d3fbc9301ee17f30f4d474e6ae4b05252/library/test/src/lib.rs:644:27
[INFO] [stdout]   34:     0x58fbb4646bb7 - test::run_test::{{closure}}::h708eb8872708115d
[INFO] [stdout]                                at /rustc/df4ca44d3fbc9301ee17f30f4d474e6ae4b05252/library/test/src/lib.rs:565:43
[INFO] [stdout]   35:     0x58fbb460a2d4 - test::run_test::{{closure}}::h392c51cee94713ab
[INFO] [stdout]                                at /rustc/df4ca44d3fbc9301ee17f30f4d474e6ae4b05252/library/test/src/lib.rs:595:41
[INFO] [stdout]   36:     0x58fbb460a2d4 - std::sys::backtrace::__rust_begin_short_backtrace::h2f40290710935a8b
[INFO] [stdout]                                at /rustc/df4ca44d3fbc9301ee17f30f4d474e6ae4b05252/library/std/src/sys/backtrace.rs:154:18
[INFO] [stdout]   37:     0x58fbb460da7e - std::thread::Builder::spawn_unchecked_::{{closure}}::{{closure}}::h3fd968d89053a903
[INFO] [stdout]                                at /rustc/df4ca44d3fbc9301ee17f30f4d474e6ae4b05252/library/std/src/thread/mod.rs:541:17
[INFO] [stdout]   38:     0x58fbb460da7e - <core::panic::unwind_safe::AssertUnwindSafe<F> as core::ops::function::FnOnce<()>>::call_once::h743f637ba4229880
[INFO] [stdout]                                at /rustc/df4ca44d3fbc9301ee17f30f4d474e6ae4b05252/library/core/src/panic/unwind_safe.rs:272:9
[INFO] [stdout]   39:     0x58fbb460da7e - std::panicking::try::do_call::h07440897322525a6
[INFO] [stdout]                                at /rustc/df4ca44d3fbc9301ee17f30f4d474e6ae4b05252/library/std/src/panicking.rs:557:40
[INFO] [stdout]   40:     0x58fbb460da7e - std::panicking::try::he5a2e00188156637
[INFO] [stdout]                                at /rustc/df4ca44d3fbc9301ee17f30f4d474e6ae4b05252/library/std/src/panicking.rs:520:19
[INFO] [stdout]   41:     0x58fbb460da7e - std::panic::catch_unwind::hbaf3cae49b3c6433
[INFO] [stdout]                                at /rustc/df4ca44d3fbc9301ee17f30f4d474e6ae4b05252/library/std/src/panic.rs:358:14
[INFO] [stdout]   42:     0x58fbb460da7e - std::thread::Builder::spawn_unchecked_::{{closure}}::h8e141ea224820bce
[INFO] [stdout]                                at /rustc/df4ca44d3fbc9301ee17f30f4d474e6ae4b05252/library/std/src/thread/mod.rs:540:30
[INFO] [stdout]   43:     0x58fbb460da7e - core::ops::function::FnOnce::call_once{{vtable.shim}}::h90d312fedd7b8ea8
[INFO] [stdout]                                at /rustc/df4ca44d3fbc9301ee17f30f4d474e6ae4b05252/library/core/src/ops/function.rs:250:5
[INFO] [stdout]   44:     0x58fbb47a696b - <alloc::boxed::Box<F,A> as core::ops::function::FnOnce<Args>>::call_once::h69aa08ddb6adb8b6
[INFO] [stdout]                                at /rustc/df4ca44d3fbc9301ee17f30f4d474e6ae4b05252/library/alloc/src/boxed.rs:2454:9
[INFO] [stdout]   45:     0x58fbb47a696b - <alloc::boxed::Box<F,A> as core::ops::function::FnOnce<Args>>::call_once::h5aa36efdb79c806f
[INFO] [stdout]                                at /rustc/df4ca44d3fbc9301ee17f30f4d474e6ae4b05252/library/alloc/src/boxed.rs:2454:9
[INFO] [stdout]   46:     0x58fbb47a696b - std::sys::pal::unix::thread::Thread::new::thread_start::h6cd80a1b4be5158d
[INFO] [stdout]                                at /rustc/df4ca44d3fbc9301ee17f30f4d474e6ae4b05252/library/std/src/sys/pal/unix/thread.rs:105:17
[INFO] [stdout]   47:     0x7e30219c3ac3 - <unknown>
[INFO] [stdout]   48:     0x7e3021a54a04 - clone
[INFO] [stdout]   49:                0x0 - <unknown>
[INFO] [stdout] 
[INFO] [stdout] 
[INFO] [stdout] failures:
[INFO] [stdout]     code::tests::table_number_limit
[INFO] [stdout]     code::tests::table_section_bytes
[INFO] [stdout] 
[INFO] [stdout] test result: FAILED. 79 passed; 2 failed; 0 ignored; 0 measured; 0 filtered out; finished in 24.47s
[INFO] [stdout] 
[INFO] [stderr] error: test failed, to rerun pass `--lib`
[INFO] running `Command { std: "docker" "inspect" "fc30011cd70a4ff3c3166da657ecc101a8f306cdf7fe120278f8ceb4b0bd3abe", kill_on_drop: false }`
[INFO] running `Command { std: "docker" "rm" "-f" "fc30011cd70a4ff3c3166da657ecc101a8f306cdf7fe120278f8ceb4b0bd3abe", kill_on_drop: false }`
[INFO] [stdout] fc30011cd70a4ff3c3166da657ecc101a8f306cdf7fe120278f8ceb4b0bd3abe
