[INFO] fetching crate gdtf 0.2.0...
[INFO] testing gdtf-0.2.0 against nightly-2024-10-28 for randomize-layout
[INFO] extracting crate gdtf 0.2.0 into /workspace/builds/worker-6-tc1/source
[INFO] validating manifest of crates.io crate gdtf 0.2.0 on toolchain nightly-2024-10-28
[INFO] running `Command { std: CARGO_HOME="/workspace/cargo-home" RUSTUP_HOME="/workspace/rustup-home" "/workspace/cargo-home/bin/cargo" "+nightly-2024-10-28" "metadata" "--manifest-path" "Cargo.toml" "--no-deps", kill_on_drop: false }`
[INFO] started tweaking crates.io crate gdtf 0.2.0
[INFO] finished tweaking crates.io crate gdtf 0.2.0
[INFO] tweaked toml for crates.io crate gdtf 0.2.0 written to /workspace/builds/worker-6-tc1/source/Cargo.toml
[INFO] crate crates.io crate gdtf 0.2.0 already has a lockfile, it will not be regenerated
[INFO] running `Command { std: CARGO_HOME="/workspace/cargo-home" RUSTUP_HOME="/workspace/rustup-home" "/workspace/cargo-home/bin/cargo" "+nightly-2024-10-28" "fetch" "--manifest-path" "Cargo.toml", kill_on_drop: false }`
[INFO] [stderr]  Downloading crates ...
[INFO] [stderr]   Downloaded cc v1.1.20
[INFO] [stderr]   Downloaded quick-xml v0.36.1
[INFO] running `Command { std: "docker" "create" "-v" "/var/lib/crater-agent-workspace/builds/worker-6-tc1/target:/opt/rustwide/target:rw,Z" "-v" "/var/lib/crater-agent-workspace/builds/worker-6-tc1/source:/opt/rustwide/workdir:ro,Z" "-v" "/var/lib/crater-agent-workspace/cargo-home:/opt/rustwide/cargo-home:ro,Z" "-v" "/var/lib/crater-agent-workspace/rustup-home:/opt/rustwide/rustup-home:ro,Z" "-e" "SOURCE_DIR=/opt/rustwide/workdir" "-e" "CARGO_TARGET_DIR=/opt/rustwide/target" "-e" "CARGO_HOME=/opt/rustwide/cargo-home" "-e" "RUSTUP_HOME=/opt/rustwide/rustup-home" "-w" "/opt/rustwide/workdir" "-m" "1610612736" "--user" "0:0" "--network" "none" "ghcr.io/rust-lang/crates-build-env/linux@sha256:4a844ea9eb2546a2d2c7022eacef16ef2e8229c7fbb2c7d4d55a9ceca922f72d" "/opt/rustwide/cargo-home/bin/cargo" "+nightly-2024-10-28" "metadata" "--no-deps" "--format-version=1", kill_on_drop: false }`
[INFO] [stdout] 3ecd1ca41542367723b69fe121c1158c016901c3dcfe03d1a162f8ee168d40f0
[INFO] running `Command { std: "docker" "start" "-a" "3ecd1ca41542367723b69fe121c1158c016901c3dcfe03d1a162f8ee168d40f0", kill_on_drop: false }`
[INFO] running `Command { std: "docker" "inspect" "3ecd1ca41542367723b69fe121c1158c016901c3dcfe03d1a162f8ee168d40f0", kill_on_drop: false }`
[INFO] running `Command { std: "docker" "rm" "-f" "3ecd1ca41542367723b69fe121c1158c016901c3dcfe03d1a162f8ee168d40f0", kill_on_drop: false }`
[INFO] [stdout] 3ecd1ca41542367723b69fe121c1158c016901c3dcfe03d1a162f8ee168d40f0
[INFO] running `Command { std: "docker" "create" "-v" "/var/lib/crater-agent-workspace/builds/worker-6-tc1/target:/opt/rustwide/target:rw,Z" "-v" "/var/lib/crater-agent-workspace/builds/worker-6-tc1/source:/opt/rustwide/workdir:ro,Z" "-v" "/var/lib/crater-agent-workspace/cargo-home:/opt/rustwide/cargo-home:ro,Z" "-v" "/var/lib/crater-agent-workspace/rustup-home:/opt/rustwide/rustup-home:ro,Z" "-e" "SOURCE_DIR=/opt/rustwide/workdir" "-e" "CARGO_TARGET_DIR=/opt/rustwide/target" "-e" "CARGO_INCREMENTAL=0" "-e" "RUST_BACKTRACE=full" "-e" "RUSTFLAGS=--cap-lints=forbid" "-e" "RUSTDOCFLAGS=--cap-lints=forbid" "-e" "CARGO_HOME=/opt/rustwide/cargo-home" "-e" "RUSTUP_HOME=/opt/rustwide/rustup-home" "-w" "/opt/rustwide/workdir" "-m" "1610612736" "--user" "0:0" "--network" "none" "ghcr.io/rust-lang/crates-build-env/linux@sha256:4a844ea9eb2546a2d2c7022eacef16ef2e8229c7fbb2c7d4d55a9ceca922f72d" "/opt/rustwide/cargo-home/bin/cargo" "+nightly-2024-10-28" "build" "--frozen" "--message-format=json", kill_on_drop: false }`
[INFO] [stdout] d092a8edc401e34f9ac5e9d8e5b9a7d73edba84941a57e7d8f1abba47f2d4f26
[INFO] running `Command { std: "docker" "start" "-a" "d092a8edc401e34f9ac5e9d8e5b9a7d73edba84941a57e7d8f1abba47f2d4f26", kill_on_drop: false }`
[INFO] [stderr]    Compiling proc-macro2 v1.0.86
[INFO] [stderr]    Compiling libc v0.2.158
[INFO] [stderr]    Compiling unicode-ident v1.0.13
[INFO] [stderr]    Compiling typenum v1.17.0
[INFO] [stderr]    Compiling version_check v0.9.5
[INFO] [stderr]    Compiling shlex v1.3.0
[INFO] [stderr]    Compiling pkg-config v0.3.30
[INFO] [stderr]    Compiling cfg-if v1.0.0
[INFO] [stderr]    Compiling byteorder v1.5.0
[INFO] [stderr]    Compiling serde v1.0.210
[INFO] [stderr]    Compiling subtle v2.6.1
[INFO] [stderr]    Compiling zstd-safe v7.2.1
[INFO] [stderr]    Compiling crc32fast v1.4.2
[INFO] [stderr]    Compiling generic-array v0.14.7
[INFO] [stderr]    Compiling powerfmt v0.2.0
[INFO] [stderr]    Compiling thiserror v1.0.63
[INFO] [stderr]    Compiling cpufeatures v0.2.14
[INFO] [stderr]    Compiling crc-catalog v2.4.0
[INFO] [stderr]    Compiling adler2 v2.0.0
[INFO] [stderr]    Compiling crc v3.2.1
[INFO] [stderr]    Compiling miniz_oxide v0.8.0
[INFO] [stderr]    Compiling time-core v0.1.2
[INFO] [stderr]    Compiling deranged v0.3.11
[INFO] [stderr]    Compiling once_cell v1.19.0
[INFO] [stderr]    Compiling simd-adler32 v0.3.7
[INFO] [stderr]    Compiling quote v1.0.37
[INFO] [stderr]    Compiling hashbrown v0.14.5
[INFO] [stderr]    Compiling jobserver v0.1.32
[INFO] [stderr]    Compiling getrandom v0.2.15
[INFO] [stderr]    Compiling syn v2.0.77
[INFO] [stderr]    Compiling cc v1.1.20
[INFO] [stderr]    Compiling rand_core v0.6.4
[INFO] [stderr]    Compiling lockfree-object-pool v0.1.6
[INFO] [stderr]    Compiling num-conv v0.1.0
[INFO] [stderr]    Compiling memchr v2.7.4
[INFO] [stderr]    Compiling zip v2.2.0
[INFO] [stderr]    Compiling equivalent v1.0.1
[INFO] [stderr]    Compiling log v0.4.22
[INFO] [stderr]    Compiling bumpalo v3.16.0
[INFO] [stderr]    Compiling indexmap v2.5.0
[INFO] [stderr]    Compiling time v0.3.36
[INFO] [stderr]    Compiling flate2 v1.0.33
[INFO] [stderr]    Compiling zopfli v0.8.1
[INFO] [stderr]    Compiling crypto-common v0.1.6
[INFO] [stderr]    Compiling block-buffer v0.10.4
[INFO] [stderr]    Compiling digest v0.10.7
[INFO] [stderr]    Compiling inout v0.1.3
[INFO] [stderr]    Compiling lzma-rs v0.3.0
[INFO] [stderr]    Compiling hmac v0.12.1
[INFO] [stderr]    Compiling cipher v0.4.4
[INFO] [stderr]    Compiling sha1 v0.10.6
[INFO] [stderr]    Compiling pbkdf2 v0.12.2
[INFO] [stderr]    Compiling deflate64 v0.1.9
[INFO] [stderr]    Compiling aes v0.8.4
[INFO] [stderr]    Compiling itoa v1.0.11
[INFO] [stderr]    Compiling constant_time_eq v0.3.1
[INFO] [stderr]    Compiling zstd-sys v2.0.13+zstd.1.5.6
[INFO] [stderr]    Compiling bzip2-sys v0.1.11+1.0.8
[INFO] [stderr]    Compiling bzip2 v0.4.4
[INFO] [stderr]    Compiling zerocopy-derive v0.7.35
[INFO] [stderr]    Compiling serde_derive v1.0.210
[INFO] [stderr]    Compiling zeroize_derive v1.4.2
[INFO] [stderr]    Compiling thiserror-impl v1.0.63
[INFO] [stderr]    Compiling displaydoc v0.2.5
[INFO] [stderr]    Compiling zeroize v1.8.1
[INFO] [stderr]    Compiling zerocopy v0.7.35
[INFO] [stderr]    Compiling ppv-lite86 v0.2.20
[INFO] [stderr]    Compiling rand_chacha v0.3.1
[INFO] [stderr]    Compiling rand v0.8.5
[INFO] [stderr]    Compiling zstd v0.13.2
[INFO] [stderr]    Compiling serde_path_to_error v0.1.16
[INFO] [stderr]    Compiling quick-xml v0.36.1
[INFO] [stderr]    Compiling uuid v1.10.0
[INFO] [stderr]    Compiling gdtf v0.2.0 (/opt/rustwide/workdir)
[INFO] [stderr]     Finished `dev` profile [unoptimized + debuginfo] target(s) in 34.18s
[INFO] running `Command { std: "docker" "inspect" "d092a8edc401e34f9ac5e9d8e5b9a7d73edba84941a57e7d8f1abba47f2d4f26", kill_on_drop: false }`
[INFO] running `Command { std: "docker" "rm" "-f" "d092a8edc401e34f9ac5e9d8e5b9a7d73edba84941a57e7d8f1abba47f2d4f26", kill_on_drop: false }`
[INFO] [stdout] d092a8edc401e34f9ac5e9d8e5b9a7d73edba84941a57e7d8f1abba47f2d4f26
[INFO] running `Command { std: "docker" "create" "-v" "/var/lib/crater-agent-workspace/builds/worker-6-tc1/target:/opt/rustwide/target:rw,Z" "-v" "/var/lib/crater-agent-workspace/builds/worker-6-tc1/source:/opt/rustwide/workdir:ro,Z" "-v" "/var/lib/crater-agent-workspace/cargo-home:/opt/rustwide/cargo-home:ro,Z" "-v" "/var/lib/crater-agent-workspace/rustup-home:/opt/rustwide/rustup-home:ro,Z" "-e" "SOURCE_DIR=/opt/rustwide/workdir" "-e" "CARGO_TARGET_DIR=/opt/rustwide/target" "-e" "CARGO_INCREMENTAL=0" "-e" "RUST_BACKTRACE=full" "-e" "RUSTFLAGS=--cap-lints=forbid" "-e" "RUSTDOCFLAGS=--cap-lints=forbid" "-e" "CARGO_HOME=/opt/rustwide/cargo-home" "-e" "RUSTUP_HOME=/opt/rustwide/rustup-home" "-w" "/opt/rustwide/workdir" "-m" "1610612736" "--user" "0:0" "--network" "none" "ghcr.io/rust-lang/crates-build-env/linux@sha256:4a844ea9eb2546a2d2c7022eacef16ef2e8229c7fbb2c7d4d55a9ceca922f72d" "/opt/rustwide/cargo-home/bin/cargo" "+nightly-2024-10-28" "test" "--frozen" "--no-run" "--message-format=json", kill_on_drop: false }`
[INFO] [stdout] 110780dbe4ea69c46a080e0f6d62492fd2b18125ec10ee2a5e49dfd3fb46e177
[INFO] running `Command { std: "docker" "start" "-a" "110780dbe4ea69c46a080e0f6d62492fd2b18125ec10ee2a5e49dfd3fb46e177", kill_on_drop: false }`
[INFO] [stderr]    Compiling gdtf v0.2.0 (/opt/rustwide/workdir)
[INFO] [stderr]     Finished `test` profile [unoptimized + debuginfo] target(s) in 3.84s
[INFO] running `Command { std: "docker" "inspect" "110780dbe4ea69c46a080e0f6d62492fd2b18125ec10ee2a5e49dfd3fb46e177", kill_on_drop: false }`
[INFO] running `Command { std: "docker" "rm" "-f" "110780dbe4ea69c46a080e0f6d62492fd2b18125ec10ee2a5e49dfd3fb46e177", kill_on_drop: false }`
[INFO] [stdout] 110780dbe4ea69c46a080e0f6d62492fd2b18125ec10ee2a5e49dfd3fb46e177
[INFO] running `Command { std: "docker" "create" "-v" "/var/lib/crater-agent-workspace/builds/worker-6-tc1/target:/opt/rustwide/target:rw,Z" "-v" "/var/lib/crater-agent-workspace/builds/worker-6-tc1/source:/opt/rustwide/workdir:ro,Z" "-v" "/var/lib/crater-agent-workspace/cargo-home:/opt/rustwide/cargo-home:ro,Z" "-v" "/var/lib/crater-agent-workspace/rustup-home:/opt/rustwide/rustup-home:ro,Z" "-e" "SOURCE_DIR=/opt/rustwide/workdir" "-e" "CARGO_TARGET_DIR=/opt/rustwide/target" "-e" "CARGO_INCREMENTAL=0" "-e" "RUST_BACKTRACE=full" "-e" "RUSTFLAGS=--cap-lints=forbid" "-e" "RUSTDOCFLAGS=--cap-lints=forbid" "-e" "CARGO_HOME=/opt/rustwide/cargo-home" "-e" "RUSTUP_HOME=/opt/rustwide/rustup-home" "-w" "/opt/rustwide/workdir" "-m" "1610612736" "--user" "0:0" "--network" "none" "ghcr.io/rust-lang/crates-build-env/linux@sha256:4a844ea9eb2546a2d2c7022eacef16ef2e8229c7fbb2c7d4d55a9ceca922f72d" "/opt/rustwide/cargo-home/bin/cargo" "+nightly-2024-10-28" "test" "--frozen", kill_on_drop: false }`
[INFO] [stdout] dff939cfad5858d9aa1317f61b217309306e8ff27715a88fc5faf17676f06126
[INFO] running `Command { std: "docker" "start" "-a" "dff939cfad5858d9aa1317f61b217309306e8ff27715a88fc5faf17676f06126", kill_on_drop: false }`
[INFO] [stderr]     Finished `test` profile [unoptimized + debuginfo] target(s) in 0.06s
[INFO] [stderr]      Running unittests src/lib.rs (/opt/rustwide/target/debug/deps/gdtf-a84b358b29905f67)
[INFO] [stdout] 
[INFO] [stderr]    Doc-tests gdtf
[INFO] [stdout] running 0 tests
[INFO] [stdout] 
[INFO] [stdout] test result: ok. 0 passed; 0 failed; 0 ignored; 0 measured; 0 filtered out; finished in 0.00s
[INFO] [stdout] 
[INFO] [stdout] 
[INFO] [stdout] running 4 tests
[INFO] [stdout] test src/lib.rs - (line 14) ... FAILED
[INFO] [stdout] test src/description/parse_helper.rs - description::parse_helper (line 24) - compile ... FAILED
[INFO] [stdout] test src/description/parse_helper.rs - description::parse_helper (line 9) - compile ... ok
[INFO] [stdout] test src/description/parse_helper.rs - description::parse_helper (line 42) - compile ... FAILED
[INFO] [stdout] 
[INFO] [stdout] failures:
[INFO] [stdout] 
[INFO] [stdout] ---- src/lib.rs - (line 14) stdout ----
[INFO] [stdout] error[E0432]: unresolved import `gdtf_rs`
[INFO] [stdout]  --> src/lib.rs:16:5
[INFO] [stdout]   |
[INFO] [stdout] 5 | use gdtf_rs::GdtfFile;
[INFO] [stdout]   |     ^^^^^^^ use of undeclared crate or module `gdtf_rs`
[INFO] [stdout] 
[INFO] [stdout] error: aborting due to 1 previous error
[INFO] [stdout] 
[INFO] [stdout] For more information about this error, try `rustc --explain E0432`.
[INFO] [stdout] Couldn't compile the test.
[INFO] [stdout] ---- src/description/parse_helper.rs - description::parse_helper (line 24) stdout ----
[INFO] [stdout] error[E0603]: module `description` is private
[INFO] [stdout]   --> src/description/parse_helper.rs:27:11
[INFO] [stdout]    |
[INFO] [stdout] 6  | use gdtf::description::parse_helper::Parse;
[INFO] [stdout]    |           ^^^^^^^^^^^ private module ----- trait `Parse` is not publicly re-exported
[INFO] [stdout]    |
[INFO] [stdout] note: the module `description` is defined here
[INFO] [stdout]   --> /opt/rustwide/workdir/src/lib.rs:30:1
[INFO] [stdout]    |
[INFO] [stdout] 30 | mod description;
[INFO] [stdout]    | ^^^^^^^^^^^^^^^
[INFO] [stdout] 
[INFO] [stdout] error: aborting due to 1 previous error
[INFO] [stdout] 
[INFO] [stdout] For more information about this error, try `rustc --explain E0603`.
[INFO] [stdout] Couldn't compile the test.
[INFO] [stdout] ---- src/description/parse_helper.rs - description::parse_helper (line 42) stdout ----
[INFO] [stdout] error[E0603]: module `description` is private
[INFO] [stdout]   --> src/description/parse_helper.rs:44:11
[INFO] [stdout]    |
[INFO] [stdout] 5  | use gdtf::description::parse_helper::CanParse;
[INFO] [stdout]    |           ^^^^^^^^^^^ private module -------- trait `CanParse` is not publicly re-exported
[INFO] [stdout]    |
[INFO] [stdout] note: the module `description` is defined here
[INFO] [stdout]   --> /opt/rustwide/workdir/src/lib.rs:30:1
[INFO] [stdout]    |
[INFO] [stdout] 30 | mod description;
[INFO] [stdout]    | ^^^^^^^^^^^^^^^
[INFO] [stdout] 
[INFO] [stdout] error: aborting due to 1 previous error
[INFO] [stdout] 
[INFO] [stdout] For more information about this error, try `rustc --explain E0603`.
[INFO] [stdout] Couldn't compile the test.
[INFO] [stdout] 
[INFO] [stdout] failures:
[INFO] [stdout]     src/description/parse_helper.rs - description::parse_helper (line 24)
[INFO] [stdout]     src/description/parse_helper.rs - description::parse_helper (line 42)
[INFO] [stdout]     src/lib.rs - (line 14)
[INFO] [stdout] 
[INFO] [stdout] test result: FAILED. 1 passed; 3 failed; 0 ignored; 0 measured; 0 filtered out; finished in 0.15s
[INFO] [stdout] 
[INFO] [stderr] error: doctest failed, to rerun pass `--doc`
[INFO] running `Command { std: "docker" "inspect" "dff939cfad5858d9aa1317f61b217309306e8ff27715a88fc5faf17676f06126", kill_on_drop: false }`
[INFO] running `Command { std: "docker" "rm" "-f" "dff939cfad5858d9aa1317f61b217309306e8ff27715a88fc5faf17676f06126", kill_on_drop: false }`
[INFO] [stdout] dff939cfad5858d9aa1317f61b217309306e8ff27715a88fc5faf17676f06126
